[INFO] fetching crate libmancala 1.1.0...
[INFO] testing libmancala-1.1.0 against 1.75.0 for beta-1.76-1
[INFO] extracting crate libmancala 1.1.0 into /workspace/builds/worker-5-tc1/source
[INFO] validating manifest of crates.io crate libmancala 1.1.0 on toolchain 1.75.0
[INFO] running `Command { std: CARGO_HOME="/workspace/cargo-home" RUSTUP_HOME="/workspace/rustup-home" "/workspace/cargo-home/bin/cargo" "+1.75.0" "metadata" "--manifest-path" "Cargo.toml" "--no-deps", kill_on_drop: false }`
[INFO] started tweaking crates.io crate libmancala 1.1.0
[INFO] finished tweaking crates.io crate libmancala 1.1.0
[INFO] tweaked toml for crates.io crate libmancala 1.1.0 written to /workspace/builds/worker-5-tc1/source/Cargo.toml
[INFO] running `Command { std: CARGO_HOME="/workspace/cargo-home" RUSTUP_HOME="/workspace/rustup-home" "/workspace/cargo-home/bin/cargo" "+1.75.0" "generate-lockfile" "--manifest-path" "Cargo.toml", kill_on_drop: false }`
[INFO] running `Command { std: CARGO_HOME="/workspace/cargo-home" RUSTUP_HOME="/workspace/rustup-home" "/workspace/cargo-home/bin/cargo" "+1.75.0" "fetch" "--manifest-path" "Cargo.toml", kill_on_drop: false }`
[INFO] running `Command { std: "docker" "create" "-v" "/var/lib/crater-agent-workspace/builds/worker-5-tc1/target:/opt/rustwide/target:rw,Z" "-v" "/var/lib/crater-agent-workspace/builds/worker-5-tc1/source:/opt/rustwide/workdir:ro,Z" "-v" "/var/lib/crater-agent-workspace/cargo-home:/opt/rustwide/cargo-home:ro,Z" "-v" "/var/lib/crater-agent-workspace/rustup-home:/opt/rustwide/rustup-home:ro,Z" "-e" "SOURCE_DIR=/opt/rustwide/workdir" "-e" "CARGO_TARGET_DIR=/opt/rustwide/target" "-e" "CARGO_HOME=/opt/rustwide/cargo-home" "-e" "RUSTUP_HOME=/opt/rustwide/rustup-home" "-w" "/opt/rustwide/workdir" "-m" "1610612736" "--user" "0:0" "--network" "none" "ghcr.io/rust-lang/crates-build-env/linux@sha256:2788e3201cd34a07e3172128adcd8b3090168a8e3bcc40d7c032b9dda1df7d1c" "/opt/rustwide/cargo-home/bin/cargo" "+1.75.0" "metadata" "--no-deps" "--format-version=1", kill_on_drop: false }`
[INFO] [stdout] 2f9bd36a704f72c3cc4b8820dadab0f571d9b7abc08f65c84ae96ad6af9e242d
[INFO] running `Command { std: "docker" "start" "-a" "2f9bd36a704f72c3cc4b8820dadab0f571d9b7abc08f65c84ae96ad6af9e242d", kill_on_drop: false }`
[INFO] running `Command { std: "docker" "inspect" "2f9bd36a704f72c3cc4b8820dadab0f571d9b7abc08f65c84ae96ad6af9e242d", kill_on_drop: false }`
[INFO] running `Command { std: "docker" "rm" "-f" "2f9bd36a704f72c3cc4b8820dadab0f571d9b7abc08f65c84ae96ad6af9e242d", kill_on_drop: false }`
[INFO] [stdout] 2f9bd36a704f72c3cc4b8820dadab0f571d9b7abc08f65c84ae96ad6af9e242d
[INFO] running `Command { std: "docker" "create" "-v" "/var/lib/crater-agent-workspace/builds/worker-5-tc1/target:/opt/rustwide/target:rw,Z" "-v" "/var/lib/crater-agent-workspace/builds/worker-5-tc1/source:/opt/rustwide/workdir:ro,Z" "-v" "/var/lib/crater-agent-workspace/cargo-home:/opt/rustwide/cargo-home:ro,Z" "-v" "/var/lib/crater-agent-workspace/rustup-home:/opt/rustwide/rustup-home:ro,Z" "-e" "SOURCE_DIR=/opt/rustwide/workdir" "-e" "CARGO_TARGET_DIR=/opt/rustwide/target" "-e" "CARGO_INCREMENTAL=0" "-e" "RUST_BACKTRACE=full" "-e" "RUSTFLAGS=--cap-lints=warn" "-e" "RUSTDOCFLAGS=--cap-lints=warn" "-e" "CARGO_HOME=/opt/rustwide/cargo-home" "-e" "RUSTUP_HOME=/opt/rustwide/rustup-home" "-w" "/opt/rustwide/workdir" "-m" "1610612736" "--user" "0:0" "--network" "none" "ghcr.io/rust-lang/crates-build-env/linux@sha256:2788e3201cd34a07e3172128adcd8b3090168a8e3bcc40d7c032b9dda1df7d1c" "/opt/rustwide/cargo-home/bin/cargo" "+1.75.0" "build" "--frozen" "--message-format=json", kill_on_drop: false }`
[INFO] [stdout] 6bfc6256e66269278db398af18cf5a866cb8a3b6d2a71564de5a42378f83c268
[INFO] running `Command { std: "docker" "start" "-a" "6bfc6256e66269278db398af18cf5a866cb8a3b6d2a71564de5a42378f83c268", kill_on_drop: false }`
[INFO] [stderr]    Compiling libmancala v1.1.0 (/opt/rustwide/workdir)
[INFO] [stderr]     Finished dev [unoptimized + debuginfo] target(s) in 0.11s
[INFO] running `Command { std: "docker" "inspect" "6bfc6256e66269278db398af18cf5a866cb8a3b6d2a71564de5a42378f83c268", kill_on_drop: false }`
[INFO] running `Command { std: "docker" "rm" "-f" "6bfc6256e66269278db398af18cf5a866cb8a3b6d2a71564de5a42378f83c268", kill_on_drop: false }`
[INFO] [stdout] 6bfc6256e66269278db398af18cf5a866cb8a3b6d2a71564de5a42378f83c268
[INFO] running `Command { std: "docker" "create" "-v" "/var/lib/crater-agent-workspace/builds/worker-5-tc1/target:/opt/rustwide/target:rw,Z" "-v" "/var/lib/crater-agent-workspace/builds/worker-5-tc1/source:/opt/rustwide/workdir:ro,Z" "-v" "/var/lib/crater-agent-workspace/cargo-home:/opt/rustwide/cargo-home:ro,Z" "-v" "/var/lib/crater-agent-workspace/rustup-home:/opt/rustwide/rustup-home:ro,Z" "-e" "SOURCE_DIR=/opt/rustwide/workdir" "-e" "CARGO_TARGET_DIR=/opt/rustwide/target" "-e" "CARGO_INCREMENTAL=0" "-e" "RUST_BACKTRACE=full" "-e" "RUSTFLAGS=--cap-lints=warn" "-e" "RUSTDOCFLAGS=--cap-lints=warn" "-e" "CARGO_HOME=/opt/rustwide/cargo-home" "-e" "RUSTUP_HOME=/opt/rustwide/rustup-home" "-w" "/opt/rustwide/workdir" "-m" "1610612736" "--user" "0:0" "--network" "none" "ghcr.io/rust-lang/crates-build-env/linux@sha256:2788e3201cd34a07e3172128adcd8b3090168a8e3bcc40d7c032b9dda1df7d1c" "/opt/rustwide/cargo-home/bin/cargo" "+1.75.0" "test" "--frozen" "--no-run" "--message-format=json", kill_on_drop: false }`
[INFO] [stdout] ed21d56084c775a9e9c85b9ebe483a4941905ad1d025ba3386a025d08dc0e6cf
[INFO] running `Command { std: "docker" "start" "-a" "ed21d56084c775a9e9c85b9ebe483a4941905ad1d025ba3386a025d08dc0e6cf", kill_on_drop: false }`
[INFO] [stderr]    Compiling libmancala v1.1.0 (/opt/rustwide/workdir)
[INFO] [stderr]     Finished test [unoptimized + debuginfo] target(s) in 0.27s
[INFO] running `Command { std: "docker" "inspect" "ed21d56084c775a9e9c85b9ebe483a4941905ad1d025ba3386a025d08dc0e6cf", kill_on_drop: false }`
[INFO] running `Command { std: "docker" "rm" "-f" "ed21d56084c775a9e9c85b9ebe483a4941905ad1d025ba3386a025d08dc0e6cf", kill_on_drop: false }`
[INFO] [stdout] ed21d56084c775a9e9c85b9ebe483a4941905ad1d025ba3386a025d08dc0e6cf
[INFO] running `Command { std: "docker" "create" "-v" "/var/lib/crater-agent-workspace/builds/worker-5-tc1/target:/opt/rustwide/target:rw,Z" "-v" "/var/lib/crater-agent-workspace/builds/worker-5-tc1/source:/opt/rustwide/workdir:ro,Z" "-v" "/var/lib/crater-agent-workspace/cargo-home:/opt/rustwide/cargo-home:ro,Z" "-v" "/var/lib/crater-agent-workspace/rustup-home:/opt/rustwide/rustup-home:ro,Z" "-e" "SOURCE_DIR=/opt/rustwide/workdir" "-e" "CARGO_TARGET_DIR=/opt/rustwide/target" "-e" "CARGO_INCREMENTAL=0" "-e" "RUST_BACKTRACE=full" "-e" "RUSTFLAGS=--cap-lints=warn" "-e" "RUSTDOCFLAGS=--cap-lints=warn" "-e" "CARGO_HOME=/opt/rustwide/cargo-home" "-e" "RUSTUP_HOME=/opt/rustwide/rustup-home" "-w" "/opt/rustwide/workdir" "-m" "1610612736" "--user" "0:0" "--network" "none" "ghcr.io/rust-lang/crates-build-env/linux@sha256:2788e3201cd34a07e3172128adcd8b3090168a8e3bcc40d7c032b9dda1df7d1c" "/opt/rustwide/cargo-home/bin/cargo" "+1.75.0" "test" "--frozen", kill_on_drop: false }`
[INFO] [stdout] 32cbad96f26b8008309fcce2cb32a437e4abfdd9b2833c8c650c68e5e9d21406
[INFO] running `Command { std: "docker" "start" "-a" "32cbad96f26b8008309fcce2cb32a437e4abfdd9b2833c8c650c68e5e9d21406", kill_on_drop: false }`
[INFO] [stderr]     Finished test [unoptimized + debuginfo] target(s) in 0.00s
[INFO] [stderr]      Running unittests src/lib.rs (/opt/rustwide/target/debug/deps/libmancala-6a1eb0b060235ef4)
[INFO] [stdout] 
[INFO] [stdout] running 0 tests
[INFO] [stdout] 
[INFO] [stdout] test result: ok. 0 passed; 0 failed; 0 ignored; 0 measured; 0 filtered out; finished in 0.00s
[INFO] [stdout] 
[INFO] [stderr]    Doc-tests libmancala
[INFO] [stdout] 
[INFO] [stdout] running 1 test
[INFO] [stdout] test src/lib.rs - (line 8) ... FAILED
[INFO] [stdout] 
[INFO] [stdout] failures:
[INFO] [stdout] 
[INFO] [stdout] ---- src/lib.rs - (line 8) stdout ----
[INFO] [stdout] error[E0425]: cannot find function `make_move` in this scope
[INFO] [stdout]   --> src/lib.rs:15:19
[INFO] [stdout]    |
[INFO] [stdout] 10 | let input: Move = make_move();
[INFO] [stdout]    |                   ^^^^^^^^^ not found in this scope
[INFO] [stdout] 
[INFO] [stdout] error: aborting due to previous error
[INFO] [stdout] 
[INFO] [stdout] For more information about this error, try `rustc --explain E0425`.
[INFO] [stdout] Couldn't compile the test.
[INFO] [stdout] 
[INFO] [stdout] failures:
[INFO] [stdout]     src/lib.rs - (line 8)
[INFO] [stdout] 
[INFO] [stdout] test result: FAILED. 0 passed; 1 failed; 0 ignored; 0 measured; 0 filtered out; finished in 0.06s
[INFO] [stdout] 
[INFO] [stderr] error: doctest failed, to rerun pass `--doc`
[INFO] running `Command { std: "docker" "inspect" "32cbad96f26b8008309fcce2cb32a437e4abfdd9b2833c8c650c68e5e9d21406", kill_on_drop: false }`
[INFO] running `Command { std: "docker" "rm" "-f" "32cbad96f26b8008309fcce2cb32a437e4abfdd9b2833c8c650c68e5e9d21406", kill_on_drop: false }`
[INFO] [stdout] 32cbad96f26b8008309fcce2cb32a437e4abfdd9b2833c8c650c68e5e9d21406
