[INFO] fetching crate libhaystack 1.0.13...
[INFO] testing libhaystack-1.0.13 against 1.75.0 for beta-1.76-1
[INFO] extracting crate libhaystack 1.0.13 into /workspace/builds/worker-3-tc1/source
[INFO] validating manifest of crates.io crate libhaystack 1.0.13 on toolchain 1.75.0
[INFO] running `Command { std: CARGO_HOME="/workspace/cargo-home" RUSTUP_HOME="/workspace/rustup-home" "/workspace/cargo-home/bin/cargo" "+1.75.0" "metadata" "--manifest-path" "Cargo.toml" "--no-deps", kill_on_drop: false }`
[INFO] started tweaking crates.io crate libhaystack 1.0.13
[INFO] finished tweaking crates.io crate libhaystack 1.0.13
[INFO] tweaked toml for crates.io crate libhaystack 1.0.13 written to /workspace/builds/worker-3-tc1/source/Cargo.toml
[INFO] running `Command { std: CARGO_HOME="/workspace/cargo-home" RUSTUP_HOME="/workspace/rustup-home" "/workspace/cargo-home/bin/cargo" "+1.75.0" "generate-lockfile" "--manifest-path" "Cargo.toml", kill_on_drop: false }`
[INFO] [stderr]     Updating crates.io index
[INFO] running `Command { std: CARGO_HOME="/workspace/cargo-home" RUSTUP_HOME="/workspace/rustup-home" "/workspace/cargo-home/bin/cargo" "+1.75.0" "fetch" "--manifest-path" "Cargo.toml", kill_on_drop: false }`
[INFO] running `Command { std: "docker" "create" "-v" "/var/lib/crater-agent-workspace/builds/worker-3-tc1/target:/opt/rustwide/target:rw,Z" "-v" "/var/lib/crater-agent-workspace/builds/worker-3-tc1/source:/opt/rustwide/workdir:ro,Z" "-v" "/var/lib/crater-agent-workspace/cargo-home:/opt/rustwide/cargo-home:ro,Z" "-v" "/var/lib/crater-agent-workspace/rustup-home:/opt/rustwide/rustup-home:ro,Z" "-e" "SOURCE_DIR=/opt/rustwide/workdir" "-e" "CARGO_TARGET_DIR=/opt/rustwide/target" "-e" "CARGO_HOME=/opt/rustwide/cargo-home" "-e" "RUSTUP_HOME=/opt/rustwide/rustup-home" "-w" "/opt/rustwide/workdir" "-m" "1610612736" "--user" "0:0" "--network" "none" "ghcr.io/rust-lang/crates-build-env/linux@sha256:2788e3201cd34a07e3172128adcd8b3090168a8e3bcc40d7c032b9dda1df7d1c" "/opt/rustwide/cargo-home/bin/cargo" "+1.75.0" "metadata" "--no-deps" "--format-version=1", kill_on_drop: false }`
[INFO] [stdout] 8b0b96a8d8e0017617c326e28ba57ea16e4df78e22ff2e7b903b6ee893002fb1
[INFO] running `Command { std: "docker" "start" "-a" "8b0b96a8d8e0017617c326e28ba57ea16e4df78e22ff2e7b903b6ee893002fb1", kill_on_drop: false }`
[INFO] running `Command { std: "docker" "inspect" "8b0b96a8d8e0017617c326e28ba57ea16e4df78e22ff2e7b903b6ee893002fb1", kill_on_drop: false }`
[INFO] running `Command { std: "docker" "rm" "-f" "8b0b96a8d8e0017617c326e28ba57ea16e4df78e22ff2e7b903b6ee893002fb1", kill_on_drop: false }`
[INFO] [stdout] 8b0b96a8d8e0017617c326e28ba57ea16e4df78e22ff2e7b903b6ee893002fb1
[INFO] running `Command { std: "docker" "create" "-v" "/var/lib/crater-agent-workspace/builds/worker-3-tc1/target:/opt/rustwide/target:rw,Z" "-v" "/var/lib/crater-agent-workspace/builds/worker-3-tc1/source:/opt/rustwide/workdir:ro,Z" "-v" "/var/lib/crater-agent-workspace/cargo-home:/opt/rustwide/cargo-home:ro,Z" "-v" "/var/lib/crater-agent-workspace/rustup-home:/opt/rustwide/rustup-home:ro,Z" "-e" "SOURCE_DIR=/opt/rustwide/workdir" "-e" "CARGO_TARGET_DIR=/opt/rustwide/target" "-e" "CARGO_INCREMENTAL=0" "-e" "RUST_BACKTRACE=full" "-e" "RUSTFLAGS=--cap-lints=warn" "-e" "RUSTDOCFLAGS=--cap-lints=warn" "-e" "CARGO_HOME=/opt/rustwide/cargo-home" "-e" "RUSTUP_HOME=/opt/rustwide/rustup-home" "-w" "/opt/rustwide/workdir" "-m" "1610612736" "--user" "0:0" "--network" "none" "ghcr.io/rust-lang/crates-build-env/linux@sha256:2788e3201cd34a07e3172128adcd8b3090168a8e3bcc40d7c032b9dda1df7d1c" "/opt/rustwide/cargo-home/bin/cargo" "+1.75.0" "build" "--frozen" "--message-format=json", kill_on_drop: false }`
[INFO] [stdout] 3b469867fd6dd2eb0aceb77aa53207058de1912c55126081b8b64c3efb2c4e5d
[INFO] running `Command { std: "docker" "start" "-a" "3b469867fd6dd2eb0aceb77aa53207058de1912c55126081b8b64c3efb2c4e5d", kill_on_drop: false }`
[INFO] [stderr]    Compiling version_check v0.9.4
[INFO] [stderr]    Compiling siphasher v0.3.11
[INFO] [stderr]    Compiling regex-syntax v0.8.2
[INFO] [stderr]    Compiling rand_core v0.6.4
[INFO] [stderr]    Compiling num-traits v0.2.17
[INFO] [stderr]    Compiling serde v1.0.194
[INFO] [stderr]    Compiling serde_json v1.0.111
[INFO] [stderr]    Compiling ryu v1.0.16
[INFO] [stderr]    Compiling itoa v1.0.10
[INFO] [stderr]    Compiling getrandom v0.2.11
[INFO] [stderr]    Compiling rand v0.8.5
[INFO] [stderr]    Compiling uuid v1.6.1
[INFO] [stderr]    Compiling uncased v0.9.9
[INFO] [stderr]    Compiling phf_shared v0.11.2
[INFO] [stderr]    Compiling phf v0.11.2
[INFO] [stderr]    Compiling phf_generator v0.11.2
[INFO] [stderr]    Compiling phf_codegen v0.11.2
[INFO] [stderr]    Compiling chrono v0.4.31
[INFO] [stderr]    Compiling regex-automata v0.4.3
[INFO] [stderr]    Compiling regex v1.10.2
[INFO] [stderr]    Compiling parse-zoneinfo v0.3.0
[INFO] [stderr]    Compiling chrono-tz-build v0.0.3
[INFO] [stderr]    Compiling chrono-tz v0.6.3
[INFO] [stderr]    Compiling libhaystack v1.0.13 (/opt/rustwide/workdir)
[INFO] [stdout] warning: unused import: `dict::*`
[INFO] [stdout]   --> src/haystack/filter/filtered/mod.rs:10:9
[INFO] [stdout]    |
[INFO] [stdout] 10 | pub use dict::*;
[INFO] [stdout]    |         ^^^^^^^
[INFO] [stdout]    |
[INFO] [stdout]    = note: `#[warn(unused_imports)]` on by default
[INFO] [stdout] 
[INFO] [stdout] 
[INFO] [stdout] warning: unused import: `grid::*`
[INFO] [stdout]   --> src/haystack/filter/filtered/mod.rs:11:9
[INFO] [stdout]    |
[INFO] [stdout] 11 | pub use grid::*;
[INFO] [stdout]    |         ^^^^^^^
[INFO] [stdout] 
[INFO] [stdout] 
[INFO] [stdout] warning: 2 warnings emitted
[INFO] [stdout] 
[INFO] [stdout] 
[INFO] [stderr]     Finished dev [unoptimized + debuginfo] target(s) in 8.31s
[INFO] running `Command { std: "docker" "inspect" "3b469867fd6dd2eb0aceb77aa53207058de1912c55126081b8b64c3efb2c4e5d", kill_on_drop: false }`
[INFO] running `Command { std: "docker" "rm" "-f" "3b469867fd6dd2eb0aceb77aa53207058de1912c55126081b8b64c3efb2c4e5d", kill_on_drop: false }`
[INFO] [stdout] 3b469867fd6dd2eb0aceb77aa53207058de1912c55126081b8b64c3efb2c4e5d
[INFO] running `Command { std: "docker" "create" "-v" "/var/lib/crater-agent-workspace/builds/worker-3-tc1/target:/opt/rustwide/target:rw,Z" "-v" "/var/lib/crater-agent-workspace/builds/worker-3-tc1/source:/opt/rustwide/workdir:ro,Z" "-v" "/var/lib/crater-agent-workspace/cargo-home:/opt/rustwide/cargo-home:ro,Z" "-v" "/var/lib/crater-agent-workspace/rustup-home:/opt/rustwide/rustup-home:ro,Z" "-e" "SOURCE_DIR=/opt/rustwide/workdir" "-e" "CARGO_TARGET_DIR=/opt/rustwide/target" "-e" "CARGO_INCREMENTAL=0" "-e" "RUST_BACKTRACE=full" "-e" "RUSTFLAGS=--cap-lints=warn" "-e" "RUSTDOCFLAGS=--cap-lints=warn" "-e" "CARGO_HOME=/opt/rustwide/cargo-home" "-e" "RUSTUP_HOME=/opt/rustwide/rustup-home" "-w" "/opt/rustwide/workdir" "-m" "1610612736" "--user" "0:0" "--network" "none" "ghcr.io/rust-lang/crates-build-env/linux@sha256:2788e3201cd34a07e3172128adcd8b3090168a8e3bcc40d7c032b9dda1df7d1c" "/opt/rustwide/cargo-home/bin/cargo" "+1.75.0" "test" "--frozen" "--no-run" "--message-format=json", kill_on_drop: false }`
[INFO] [stdout] b9c7ffd2f66163ccd15ded57c25a59ed16d85d9d416024d9f5258e7fc42d5a5b
[INFO] running `Command { std: "docker" "start" "-a" "b9c7ffd2f66163ccd15ded57c25a59ed16d85d9d416024d9f5258e7fc42d5a5b", kill_on_drop: false }`
[INFO] [stderr]    Compiling crossbeam-utils v0.8.18
[INFO] [stderr]    Compiling rayon-core v1.12.0
[INFO] [stderr]    Compiling num-traits v0.2.17
[INFO] [stderr]    Compiling unicode-width v0.1.11
[INFO] [stderr]    Compiling memchr v2.7.1
[INFO] [stderr]    Compiling plotters-backend v0.3.5
[INFO] [stderr]    Compiling regex-syntax v0.8.2
[INFO] [stderr]    Compiling syn v2.0.48
[INFO] [stderr]    Compiling cast v0.3.0
[INFO] [stderr]    Compiling half v1.8.2
[INFO] [stderr]    Compiling same-file v1.0.6
[INFO] [stderr]    Compiling tinytemplate v1.2.1
[INFO] [stderr]    Compiling atty v0.2.14
[INFO] [stderr]    Compiling oorandom v11.1.3
[INFO] [stderr]    Compiling textwrap v0.11.0
[INFO] [stderr]    Compiling walkdir v2.4.0
[INFO] [stderr]    Compiling criterion-plot v0.4.5
[INFO] [stderr]    Compiling clap v2.34.0
[INFO] [stderr]    Compiling plotters-svg v0.3.5
[INFO] [stderr]    Compiling serde_cbor v0.11.2
[INFO] [stderr]    Compiling csv-core v0.1.11
[INFO] [stderr]    Compiling csv v1.3.0
[INFO] [stderr]    Compiling crossbeam-epoch v0.9.17
[INFO] [stderr]    Compiling crossbeam-deque v0.8.4
[INFO] [stderr]    Compiling regex-automata v0.4.3
[INFO] [stderr]    Compiling chrono v0.4.31
[INFO] [stderr]    Compiling plotters v0.3.5
[INFO] [stderr]    Compiling rayon v1.8.0
[INFO] [stderr]    Compiling serde_derive v1.0.194
[INFO] [stderr]    Compiling regex v1.10.2
[INFO] [stderr]    Compiling chrono-tz v0.6.3
[INFO] [stderr]    Compiling criterion v0.3.6
[INFO] [stderr]    Compiling libhaystack v1.0.13 (/opt/rustwide/workdir)
[INFO] [stdout] warning: unused import: `dict::*`
[INFO] [stdout]   --> src/haystack/filter/filtered/mod.rs:10:9
[INFO] [stdout]    |
[INFO] [stdout] 10 | pub use dict::*;
[INFO] [stdout]    |         ^^^^^^^
[INFO] [stdout]    |
[INFO] [stdout]    = note: `#[warn(unused_imports)]` on by default
[INFO] [stdout] 
[INFO] [stdout] 
[INFO] [stdout] warning: unused import: `grid::*`
[INFO] [stdout]   --> src/haystack/filter/filtered/mod.rs:11:9
[INFO] [stdout]    |
[INFO] [stdout] 11 | pub use grid::*;
[INFO] [stdout]    |         ^^^^^^^
[INFO] [stdout] 
[INFO] [stdout] 
[INFO] [stdout] warning: unused import: `dict::*`
[INFO] [stdout]   --> src/haystack/filter/filtered/mod.rs:10:9
[INFO] [stdout]    |
[INFO] [stdout] 10 | pub use dict::*;
[INFO] [stdout]    |         ^^^^^^^
[INFO] [stdout]    |
[INFO] [stdout]    = note: `#[warn(unused_imports)]` on by default
[INFO] [stdout] 
[INFO] [stdout] 
[INFO] [stdout] warning: unused import: `grid::*`
[INFO] [stdout]   --> src/haystack/filter/filtered/mod.rs:11:9
[INFO] [stdout]    |
[INFO] [stdout] 11 | pub use grid::*;
[INFO] [stdout]    |         ^^^^^^^
[INFO] [stdout] 
[INFO] [stdout] 
[INFO] [stdout] warning: 2 warnings emitted
[INFO] [stdout] 
[INFO] [stdout] 
[INFO] [stdout] warning: 2 warnings emitted
[INFO] [stdout] 
[INFO] [stdout] 
[INFO] [stderr]     Finished test [unoptimized + debuginfo] target(s) in 20.02s
[INFO] running `Command { std: "docker" "inspect" "b9c7ffd2f66163ccd15ded57c25a59ed16d85d9d416024d9f5258e7fc42d5a5b", kill_on_drop: false }`
[INFO] running `Command { std: "docker" "rm" "-f" "b9c7ffd2f66163ccd15ded57c25a59ed16d85d9d416024d9f5258e7fc42d5a5b", kill_on_drop: false }`
[INFO] [stdout] b9c7ffd2f66163ccd15ded57c25a59ed16d85d9d416024d9f5258e7fc42d5a5b
[INFO] running `Command { std: "docker" "create" "-v" "/var/lib/crater-agent-workspace/builds/worker-3-tc1/target:/opt/rustwide/target:rw,Z" "-v" "/var/lib/crater-agent-workspace/builds/worker-3-tc1/source:/opt/rustwide/workdir:ro,Z" "-v" "/var/lib/crater-agent-workspace/cargo-home:/opt/rustwide/cargo-home:ro,Z" "-v" "/var/lib/crater-agent-workspace/rustup-home:/opt/rustwide/rustup-home:ro,Z" "-e" "SOURCE_DIR=/opt/rustwide/workdir" "-e" "CARGO_TARGET_DIR=/opt/rustwide/target" "-e" "CARGO_INCREMENTAL=0" "-e" "RUST_BACKTRACE=full" "-e" "RUSTFLAGS=--cap-lints=warn" "-e" "RUSTDOCFLAGS=--cap-lints=warn" "-e" "CARGO_HOME=/opt/rustwide/cargo-home" "-e" "RUSTUP_HOME=/opt/rustwide/rustup-home" "-w" "/opt/rustwide/workdir" "-m" "1610612736" "--user" "0:0" "--network" "none" "ghcr.io/rust-lang/crates-build-env/linux@sha256:2788e3201cd34a07e3172128adcd8b3090168a8e3bcc40d7c032b9dda1df7d1c" "/opt/rustwide/cargo-home/bin/cargo" "+1.75.0" "test" "--frozen", kill_on_drop: false }`
[INFO] [stdout] 8ce7cdc745ebc0dace8901700bdc524794886e8810fa3c48852dff4600078f67
[INFO] running `Command { std: "docker" "start" "-a" "8ce7cdc745ebc0dace8901700bdc524794886e8810fa3c48852dff4600078f67", kill_on_drop: false }`
[INFO] [stderr] warning: unused import: `dict::*`
[INFO] [stderr]   --> src/haystack/filter/filtered/mod.rs:10:9
[INFO] [stderr]    |
[INFO] [stderr] 10 | pub use dict::*;
[INFO] [stderr]    |         ^^^^^^^
[INFO] [stderr]    |
[INFO] [stderr]    = note: `#[warn(unused_imports)]` on by default
[INFO] [stderr] 
[INFO] [stderr] warning: unused import: `grid::*`
[INFO] [stderr]   --> src/haystack/filter/filtered/mod.rs:11:9
[INFO] [stderr]    |
[INFO] [stderr] 11 | pub use grid::*;
[INFO] [stderr]    |         ^^^^^^^
[INFO] [stderr] 
[INFO] [stderr] warning: `libhaystack` (lib) generated 2 warnings (run `cargo fix --lib -p libhaystack` to apply 2 suggestions)
[INFO] [stderr] warning: `libhaystack` (lib test) generated 2 warnings (2 duplicates)
[INFO] [stderr]     Finished test [unoptimized + debuginfo] target(s) in 0.05s
[INFO] [stderr]      Running unittests src/lib.rs (/opt/rustwide/target/debug/deps/libhaystack-01077c5554919f59)
[INFO] [stdout] 
[INFO] [stdout] running 88 tests
[INFO] [stdout] test haystack::encoding::zinc::decode::complex::grid::test::test_zinc_parse_grid_meta ... ok
[INFO] [stdout] test haystack::encoding::zinc::decode::complex::dict::test::test_zinc_parse_dict ... ok
[INFO] [stdout] test haystack::encoding::zinc::decode::complex::grid::test::test_zinc_parse_grid ... ok
[INFO] [stdout] test haystack::encoding::zinc::decode::complex::grid::test::test_zinc_parse_grid_columns ... ok
[INFO] [stdout] test haystack::encoding::zinc::decode::complex::grid::test::test_zinc_parse_grid_embedded ... ok
[INFO] [stdout] test haystack::encoding::zinc::decode::complex::grid::test::test_zinc_parse_grid_ver ... ok
[INFO] [stdout] test haystack::encoding::zinc::decode::complex::grid::test::test_zinc_parse_grid_null_values ... ok
[INFO] [stdout] test haystack::encoding::zinc::decode::complex::list::test::test_zinc_parse_list ... ok
[INFO] [stdout] test haystack::encoding::zinc::decode::id::test::test_zinc_parse_id ... ok
[INFO] [stdout] test haystack::encoding::zinc::decode::id::test::test_zinc_parse_id_invalid ... ok
[INFO] [stdout] test haystack::encoding::zinc::decode::id::test::test_zinc_parse_literal ... ok
[INFO] [stdout] test haystack::encoding::zinc::decode::complex::grid::test::test_zinc_parse_nested_grid ... ok
[INFO] [stdout] test haystack::encoding::zinc::decode::id::test::test_zinc_parse_literal_invalid ... ok
[INFO] [stdout] test haystack::encoding::zinc::decode::lexer::test::test_zinc_lexer_iterator ... ok
[INFO] [stdout] test haystack::encoding::zinc::decode::lexer::test::test_zinc_lexer_make ... ok
[INFO] [stdout] test haystack::encoding::zinc::decode::lexer::test::test_zinc_lexer_read_value ... ok
[INFO] [stdout] test haystack::encoding::zinc::decode::parser::test::test_zinc_parser_err ... ok
[INFO] [stdout] test haystack::encoding::zinc::decode::parser::test::test_zinc_parser_ok ... ok
[INFO] [stdout] test haystack::encoding::zinc::decode::scalar::coord::test::test_zinc_parse_coord ... ok
[INFO] [stdout] test haystack::encoding::zinc::decode::scalar::coord::test::test_zinc_parse_decimal_bad ... ok
[INFO] [stdout] test haystack::encoding::zinc::decode::scalar::date_time::test::test_zinc_parse_date ... ok
[INFO] [stdout] test haystack::encoding::zinc::decode::scalar::date_time::test::test_zinc_parse_time ... ok
[INFO] [stdout] test haystack::encoding::zinc::decode::scalar::number::test::test_zinc_parse_decimal ... ok
[INFO] [stdout] test haystack::encoding::zinc::decode::scalar::number::test::test_zinc_parse_decimal_bad ... ok
[INFO] [stdout] test haystack::encoding::zinc::decode::scalar::date_time::test::test_zinc_parse_datetime ... ok
[INFO] [stdout] test haystack::encoding::zinc::decode::scalar::number::test::test_zinc_parse_number_bad ... ok
[INFO] [stdout] test haystack::encoding::zinc::decode::scalar::number::test::test_zinc_parse_number_neg_inf ... ok
[INFO] [stdout] test haystack::encoding::zinc::decode::scalar::reference::test::test_zinc_parse_ref ... ok
[INFO] [stdout] test haystack::encoding::zinc::decode::scalar::str::test::test_zinc_parse_str ... ok
[INFO] [stdout] test haystack::encoding::zinc::decode::scalar::str::test::test_zinc_parse_str_bad ... ok
[INFO] [stdout] test haystack::encoding::zinc::decode::scalar::str::test::test_zinc_parse_utf8_str ... ok
[INFO] [stdout] test haystack::encoding::zinc::decode::scalar::uri::test::test_zinc_parse_uri ... ok
[INFO] [stdout] test haystack::encoding::zinc::decode::scalar::symbol::test::test_zinc_parse_symbol_bad ... ok
[INFO] [stdout] test haystack::encoding::zinc::decode::scalar::uri::test::test_zinc_parse_uri_bad ... ok
[INFO] [stdout] test haystack::encoding::zinc::decode::scanner::test::test_zinc_scanner_consume_spaces ... ok
[INFO] [stdout] test haystack::encoding::zinc::decode::scanner::test::test_zinc_scanner_empty ... ok
[INFO] [stdout] test haystack::encoding::zinc::decode::scalar::xstr::test::test_zinc_parse_xstr ... ok
[INFO] [stdout] test haystack::encoding::zinc::decode::scanner::test::test_zinc_scanner_expect_seq ... ok
[INFO] [stdout] test haystack::encoding::zinc::decode::scalar::xstr::test::test_zinc_parse_xstr_bad ... ok
[INFO] [stdout] test haystack::encoding::zinc::decode::scanner::test::test_zinc_scanner_is_any_of ... ok
[INFO] [stdout] test haystack::encoding::zinc::decode::scanner::test::test_zinc_scanner_peek ... ok
[INFO] [stdout] test haystack::encoding::zinc::decode::scanner::test::test_zinc_scanner_alpha_num_hex_space ... ok
[INFO] [stdout] test haystack::encoding::zinc::decode::scalar::reference::test::test_zinc_parse_ref_bad ... ok
[INFO] [stdout] test haystack::filter::lexer::test::test_filter_lexer_date ... ok
[INFO] [stdout] test haystack::encoding::zinc::decode::scalar::symbol::test::test_zinc_parse_symbol ... ok
[INFO] [stdout] test haystack::filter::lexer::test::test_filter_lexer_equals ... ok
[INFO] [stdout] test haystack::filter::lexer::test::test_filter_lexer_great ... ok
[INFO] [stdout] test haystack::filter::lexer::test::test_filter_lexer_make ... ok
[INFO] [stdout] test haystack::filter::lexer::test::test_filter_lexer_less ... ok
[INFO] [stdout] test haystack::filter::lexer::test::test_filter_lexer_parens ... ok
[INFO] [stdout] test haystack::filter::lexer::test::test_filter_lexer_ref ... ok
[INFO] [stdout] test haystack::filter::lexer::test::test_filter_lexer_datetime ... ok
[INFO] [stdout] test haystack::filter::lexer::test::test_filter_lexer_not_equals ... ok
[INFO] [stdout] test haystack::filter::lexer::test::test_filter_lexer_uri ... ok
[INFO] [stdout] test haystack::filter::parser::test::test_filter_parser_and ... ok
[INFO] [stdout] test haystack::filter::lexer::test::test_filter_lexer_path ... ok
[INFO] [stdout] test haystack::filter::lexer::test::test_filter_lexer_number ... ok
[INFO] [stdout] test haystack::filter::lexer::test::test_filter_lexer_time ... ok
[INFO] [stdout] test haystack::filter::lexer::test::test_filter_lexer_wildcard_eq ... ok
[INFO] [stdout] test haystack::filter::lexer::test::test_filter_lexer_string ... ok
[INFO] [stdout] test haystack::filter::lexer::test::test_filter_lexer_symbol ... ok
[INFO] [stdout] test haystack::filter::parser::test::test_filter_parser_great_eq ... ok
[INFO] [stdout] test haystack::filter::parser::test::test_filter_parser_great ... ok
[INFO] [stdout] test haystack::filter::lexer::test::test_filter_lexer_rel ... ok
[INFO] [stdout] test haystack::filter::parser::test::test_filter_parser_not_eq ... ok
[INFO] [stdout] test haystack::filter::parser::test::test_filter_parser_or ... ok
[INFO] [stdout] test haystack::filter::parser::test::test_filter_parser_parens ... ok
[INFO] [stdout] test haystack::filter::parser::test::test_filter_parser_has ... ok
[INFO] [stdout] test haystack::filter::parser::test::test_filter_parser_isa ... ok
[INFO] [stdout] test haystack::filter::parser::test::test_filter_parser_eq ... ok
[INFO] [stdout] test haystack::filter::parser::test::test_filter_parser_make ... ok
[INFO] [stdout] test haystack::filter::parser::test::test_filter_parser_less_eq ... ok
[INFO] [stdout] test haystack::filter::lexer::test::test_filter_lexer_iterator ... ok
[INFO] [stdout] test haystack::filter::parser::test::test_filter_parser_not ... ok
[INFO] [stdout] test haystack::filter::parser::test::test_filter_parser_wildcard_eq ... ok
[INFO] [stdout] test haystack::filter::parser::test::test_filter_parser_rel ... ok
[INFO] [stdout] test haystack::units::unit_dimension::test::test_add ... ok
[INFO] [stdout] test haystack::units::unit_dimension::test::test_sub ... ok
[INFO] [stdout] test haystack::encoding::zinc::decode::scalar::number::test::test_zinc_parse_number_utf8_unit ... ok
[INFO] [stdout] test haystack::filter::parser::test::test_filter_parser_less ... ok
[INFO] [stdout] test haystack::units::unit::test::test_unit_convert ... ok
[INFO] [stdout] test haystack::encoding::zinc::decode::scalar::number::test::test_zinc_parse_number ... ok
[INFO] [stdout] test haystack::units::unit::test::test_unit_from_str ... ok
[INFO] [stdout] test haystack::units::unit::test::test_unit_convert_bad_dimensions ... ok
[INFO] [stdout] test haystack::units::unit::test::test_unit_multiply_different ... ok
[INFO] [stdout] test haystack::units::unit::test::test_unit_divide ... ok
[INFO] [stdout] test haystack::units::unit::test::test_unit_divide_different ... ok
[INFO] [stdout] test haystack::units::unit::test::test_unit_multiply ... ok
[INFO] [stdout] 
[INFO] [stdout] test result: ok. 88 passed; 0 failed; 0 ignored; 0 measured; 0 filtered out; finished in 0.01s
[INFO] [stdout] 
[INFO] [stderr]      Running tests/tests.rs (/opt/rustwide/target/debug/deps/tests-55c8ab5367c1182e)
[INFO] [stdout] 
[INFO] [stdout] running 245 tests
[INFO] [stdout] test defs::namespace::test_namespace_empty ... ok
[INFO] [stdout] test defs::namespace::test_namespace_conjuncts ... ok
[INFO] [stdout] test defs::namespace::test_namespace_all_supertypes_of ... ok
[INFO] [stdout] test defs::namespace::test_namespace_fits_val ... ok
[INFO] [stdout] test defs::namespace::test_namespace_fits_entity ... ok
[INFO] [stdout] test defs::namespace::test_namespace_fits_choice ... ok
[INFO] [stdout] test defs::namespace::test_namespace_containment_relationship ... ok
[INFO] [stdout] test defs::namespace::test_namespace_associations ... ok
[INFO] [stdout] test defs::namespace::test_namespace_inheritance ... ok
[INFO] [stdout] test defs::namespace::test_namespace_is ... ok
[INFO] [stdout] test defs::namespace::test_namespace_fits_implementation ... ok
[INFO] [stdout] test defs::namespace::test_namespace_is_feature ... ok
[INFO] [stdout] test defs::namespace::test_namespace_fits_maker ... ok
[INFO] [stdout] test defs::namespace::test_namespace_is_conjunct ... ok
[INFO] [stdout] test defs::namespace::test_namespace_fits ... ok
[INFO] [stdout] test defs::namespace::test_namespace_choices ... ok
[INFO] [stdout] test defs::namespace::test_namespace_feature_names ... ok
[INFO] [stdout] test defs::namespace::test_namespace_conjuncts_defs ... ok
[INFO] [stdout] test defs::namespace::test_namespace_all_subtypes_of ... ok
[INFO] [stdout] test defs::namespace::test_namespace_features ... ok
[INFO] [stdout] test defs::namespace::test_namespace_supertypes_of ... ok
[INFO] [stdout] test defs::namespace::test_namespace_reflect ... ok
[INFO] [stdout] test defs::namespace::test_namespace_tag_on ... ok
[INFO] [stdout] test defs::namespace::test_namespace_tags ... ok
[INFO] [stdout] test defs::namespace::test_namespace_get_all_by_name ... ok
[INFO] [stdout] test defs::namespace::test_namespace_choices_for ... ok
[INFO] [stdout] test defs::namespace::test_namespace_fits_protos ... ok
[INFO] [stdout] test filter::test_haystack_filter::test_filter_or_and ... ok
[INFO] [stdout] test filter::test_haystack_filter::test_filter_parse_cpm_eq_bool ... ok
[INFO] [stdout] test defs::namespace::test_namespace_transitive_relationship ... ok
[INFO] [stdout] test filter::test_haystack_filter::test_filter_parse_cpm_eq_num ... ok
[INFO] [stdout] test filter::test_haystack_filter::test_filter_parse_cpm_eq_date ... ok
[INFO] [stdout] test defs::namespace::test_namespace_subtypes_of ... ok
[INFO] [stdout] test filter::test_haystack_filter::test_filter_parse_cpm_eq_ref ... ok
[INFO] [stdout] test defs::namespace::test_namespace_tag_on_defs ... ok
[INFO] [stdout] test filter::test_haystack_filter::test_filter_parse_cpm_eq_string ... ok
[INFO] [stdout] test filter::test_haystack_filter::test_filter_parse_cpm_noteq ... ok
[INFO] [stdout] test filter::test_haystack_filter::test_filter_parse_err ... ok
[INFO] [stdout] test filter::test_haystack_filter::test_filter_parse_gt_bool ... ok
[INFO] [stdout] test filter::test_haystack_filter::test_filter_parse_cpm_eq_uri ... ok
[INFO] [stdout] test filter::test_haystack_filter::test_filter_parse_gt_date ... ok
[INFO] [stdout] test defs::namespace::test_namespace_tag_on_names ... ok
[INFO] [stdout] test filter::test_haystack_filter::test_filter_parse_cpm_eq_time ... ok
[INFO] [stdout] test filter::test_haystack_filter::test_filter_parse_gte_num ... ok
[INFO] [stdout] test filter::test_haystack_filter::test_filter_parse_gt_num ... ok
[INFO] [stdout] test filter::test_haystack_filter::test_filter_parse_lte_num ... ok
[INFO] [stdout] test filter::test_haystack_filter::test_filter_parse_parens ... ok
[INFO] [stdout] test filter::test_haystack_filter::test_filter_parse_lt_num ... ok
[INFO] [stdout] test filter::test_haystack_filter::test_filter_parse_path_nested ... ok
[INFO] [stdout] test filter::test_haystack_filter::test_filter_parse_simple_and_not ... ok
[INFO] [stdout] test filter::test_haystack_filter::test_filter_parse_path ... ok
[INFO] [stdout] test filter::test_haystack_filter::test_filter_parse_simple_and ... ok
[INFO] [stdout] test filter::test_haystack_filter::test_filter_parse_simple_or ... ok
[INFO] [stdout] test filter::test_haystack_filter::test_filter_parse_simple_path ... ok
[INFO] [stdout] test json::test_bool::test_json_bool_decode ... ok
[INFO] [stdout] test defs::namespace::test_namespace_reciprocal_relationship ... ok
[INFO] [stdout] test defs::namespace::test_namespace_relationship ... ok
[INFO] [stdout] test filter::test_haystack_filter_visitor::test_filter_count_nodes ... ok
[INFO] [stdout] test json::test_bool::test_json_bool_encode ... ok
[INFO] [stdout] test json::test_coord::test_json_decode_malformed_coord ... ok
[INFO] [stdout] test json::test_date::test_json_date_encode ... ok
[INFO] [stdout] test json::test_date::test_json_decode_malformed_date ... ok
[INFO] [stdout] test json::test_datetime::test_json_datetime_decode ... ok
[INFO] [stdout] test json::test_coord::test_json_coord_encode ... ok
[INFO] [stdout] test json::test_datetime::test_json_datetime_encode ... ok
[INFO] [stdout] test json::test_coord::test_json_coord_decode ... ok
[INFO] [stdout] test json::test_bool::test_json_decode_malformed_bool ... ok
[INFO] [stdout] test json::test_datetime::test_json_datetime_tz_decode ... ok
[INFO] [stdout] test json::test_datetime::test_json_decode_malformed_datetime ... ok
[INFO] [stdout] test json::test_date::test_json_date_decode ... ok
[INFO] [stdout] test json::test_dict::test_json_dict_encode ... ok
[INFO] [stdout] test json::test_grid::test_json_decode_malformed_grid ... ok
[INFO] [stdout] test json::test_dict::test_json_decode_malformed_dict ... ok
[INFO] [stdout] test json::test_dict::test_json_dict_decode ... ok
[INFO] [stdout] test json::test_list::test_json_decode_malformed_list ... ok
[INFO] [stdout] test json::test_grid::test_json_grid_empty_encode ... ok
[INFO] [stdout] test json::test_list::test_json_list_decode ... ok
[INFO] [stdout] test json::test_marker::test_json_marker_decode ... ok
[INFO] [stdout] test json::test_list::test_json_list_encode ... ok
[INFO] [stdout] test json::test_na::test_json_na_encode ... ok
[INFO] [stdout] test json::test_number::test_json_decode_malformed_number ... ok
[INFO] [stdout] test json::test_marker::test_json_marker_encode ... ok
[INFO] [stdout] test json::test_na::test_json_na_decode ... ok
[INFO] [stdout] test json::test_grid::test_json_grid_decode ... ok
[INFO] [stdout] test json::test_reference::test_json_ref_decode ... ok
[INFO] [stdout] test json::test_number::test_json_decode_number ... ok
[INFO] [stdout] test json::test_number::test_json_serialize_num ... ok
[INFO] [stdout] test json::test_grid::test_json_grid_with_ver ... ok
[INFO] [stdout] test json::test_remove::test_json_remove_decode ... ok
[INFO] [stdout] test json::test_reference::test_json_decode_malformed_ref ... ok
[INFO] [stdout] test json::test_string::test_json_str_decode ... ok
[INFO] [stdout] test json::test_remove::test_json_remove_encode ... ok
[INFO] [stdout] test json::test_symbol::test_json_symbol_encode ... ok
[INFO] [stdout] test json::test_time::test_json_decode_malformed_time ... ok
[INFO] [stdout] test json::test_string::test_json_str_encode ... ok
[INFO] [stdout] test json::test_time::test_json_time_decode ... ok
[INFO] [stdout] test json::test_symbol::test_json_decode_malformed_symbol ... ok
[INFO] [stdout] test json::test_symbol::test_json_symbol_decode ... ok
[INFO] [stdout] test json::test_reference::test_json_ref_encode ... ok
[INFO] [stdout] test json::test_uri::test_json_decode_malformed_uri ... ok
[INFO] [stdout] test json::test_value::test_json_null_decode ... ok
[INFO] [stdout] test json::test_value::test_json_decode_malformed_kind ... ok
[INFO] [stdout] test json::test_xstr::test_json_decode_malformed_xstr ... ok
[INFO] [stdout] test json::test_uri::test_json_uri_decode ... ok
[INFO] [stdout] test json::test_value::test_json_null_encode ... ok
[INFO] [stdout] test json::test_uri::test_json_uri_encode ... ok
[INFO] [stdout] test json::test_value::test_json_decode_malformed_null ... ok
[INFO] [stdout] test json::test_time::test_json_time_encode ... ok
[INFO] [stdout] test json::test_xstr::test_json_xstr_encode ... ok
[INFO] [stdout] test values::test_coord::test_coord_cmp ... ok
[INFO] [stdout] test json::test_xstr::test_json_xstr_decode ... ok
[INFO] [stdout] test values::test_datetime::test_datetime_from_str_value ... ok
[INFO] [stdout] test values::test_coord::test_coord_make_invalid_value ... ok
[INFO] [stdout] test values::test_date::test_date_from_str_value ... ok
[INFO] [stdout] test values::test_coord::test_coord_make_value ... ok
[INFO] [stdout] test values::test_datetime::test_datetime_make_value ... ok
[INFO] [stdout] test values::test_dict::test_dict_make_value ... ok
[INFO] [stdout] test values::test_dict::test_dict_accessors ... ok
[INFO] [stdout] test values::test_dict::test_dict_make ... ok
[INFO] [stdout] test values::test_dict::test_dict_make_filtered ... ok
[INFO] [stdout] test values::test_date::test_date_make_value ... ok
[INFO] [stdout] test values::test_bool::test_bool_from_value ... ok
[INFO] [stdout] test values::test_list::test_list_make_value ... ok
[INFO] [stdout] test values::test_grid::test_grid_make_rows ... ok
[INFO] [stdout] test values::test_grid::test_grid_make_value ... ok
[INFO] [stdout] test values::test_grid::test_grid_make_err ... ok
[INFO] [stdout] test values::test_grid::test_grid_iterator ... ok
[INFO] [stdout] test values::test_marker::test_marker_from_value ... ok
[INFO] [stdout] test values::test_number::test_number_division ... ok
[INFO] [stdout] test filter::test_filter_defs::test_filter_path ... ok
[INFO] [stdout] test filter::test_filter_defs::test_filter_ref_list_path ... ok
[INFO] [stdout] test filter::test_filter_defs::test_filter_defs_containment ... ok
[INFO] [stdout] test filter::test_filter_defs::test_filter_defs_isa ... ok
[INFO] [stdout] test values::test_number::test_number_make_value ... ok
[INFO] [stdout] test values::test_number::test_number_make ... ok
[INFO] [stdout] test values::test_number::test_number_subtraction ... ok
[INFO] [stdout] test values::test_reference::test_ref_cmp ... ok
[INFO] [stdout] test values::test_number::test_number_from ... ok
[INFO] [stdout] test values::test_number::test_number_multiplication ... ok
[INFO] [stdout] test values::test_reference::test_ref_make ... ok
[INFO] [stdout] test values::test_na::test_na_value ... ok
[INFO] [stdout] test values::test_number::test_number_addition ... ok
[INFO] [stdout] test values::test_number::test_number_cmp ... ok
[INFO] [stdout] test values::test_na::test_na_from_value ... ok
[INFO] [stdout] test values::test_number::test_number_eq ... ok
[INFO] [stdout] test values::test_marker::test_marker_value ... ok
[INFO] [stdout] test values::test_symbol::test_symbol_from ... ok
[INFO] [stdout] test values::test_remove::test_remove_value ... ok
[INFO] [stdout] test values::test_string::test_ref_from ... ok
[INFO] [stdout] test values::test_string::test_str_make_value ... ok
[INFO] [stdout] test values::test_remove::test_remove_from_value ... ok
[INFO] [stdout] test values::test_time::test_time_from_str_value ... ok
[INFO] [stdout] test values::test_reference::test_ref_make_value ... ok
[INFO] [stdout] test values::test_symbol::test_symbol_make_value ... ok
[INFO] [stdout] test values::test_time::test_time_make_value ... ok
[INFO] [stdout] test values::test_uri::test_uri_make_value ... ok
[INFO] [stdout] test values::test_value::test_value_bool ... ok
[INFO] [stdout] test values::test_value::test_value_coord ... ok
[INFO] [stdout] test values::test_uri::test_uri_from ... ok
[INFO] [stdout] test values::test_value::test_value_null_hash ... ok
[INFO] [stdout] test values::test_value::test_value_num ... ok
[INFO] [stdout] test values::test_value::test_value_null ... ok
[INFO] [stdout] test values::test_value::test_value_marker ... ok
[INFO] [stdout] test values::test_value::test_value_remove ... ok
[INFO] [stdout] test values::test_value::test_value_dict ... ok
[INFO] [stdout] test values::test_value::test_value_ref ... ok
[INFO] [stdout] test values::test_value::test_value_dict_value ... ok
[INFO] [stdout] test values::test_value::test_value_list ... ok
[INFO] [stdout] test values::test_value::test_value_date ... ok
[INFO] [stdout] test values::test_value::test_value_na ... ok
[INFO] [stdout] test values::test_value::test_value_grid ... ok
[INFO] [stdout] test values::test_value::test_value_datetime ... ok
[INFO] [stdout] test values::test_value::test_value_str ... ok
[INFO] [stdout] test values::test_value::test_value_symbol ... ok
[INFO] [stdout] test values::test_xstr::test_xstr_make_value ... ok
[INFO] [stdout] test zinc::test_bool::test_zinc_bool_encode ... ok
[INFO] [stdout] test zinc::test_bool::test_zinc_bool_decode ... ok
[INFO] [stdout] test zinc::test_coord::test_zinc_coord_decode_bad ... ok
[INFO] [stdout] test values::test_value::test_value_uri ... ok
[INFO] [stdout] test zinc::test_datetime::test_zinc_datetime_encode ... ok
[INFO] [stdout] test zinc::test_date::test_zinc_date_encode ... ok
[INFO] [stdout] test zinc::test_date::test_zinc_date_decode_bad ... ok
[INFO] [stdout] test zinc::test_datetime::test_zinc_datetime_tz_decode ... ok
[INFO] [stdout] test zinc::test_datetime::test_zinc_datetime_tz_decode_bad ... ok
[INFO] [stdout] test zinc::test_coord::test_zinc_coord_decode ... ok
[INFO] [stdout] test zinc::test_coord::test_zinc_coord_encode ... ok
[INFO] [stdout] test zinc::test_date::test_zinc_date_decode ... ok
[INFO] [stdout] test zinc::test_dict::test_zinc_dict_encode ... ok
[INFO] [stdout] test values::test_value::test_value_time ... ok
[INFO] [stdout] test zinc::test_dict::test_zinc_dict_comma_decode ... ok
[INFO] [stdout] test values::test_value::test_value_xstr ... ok
[INFO] [stdout] test zinc::test_datetime::test_zinc_datetime_utc_decode_tz ... ok
[INFO] [stdout] test zinc::test_datetime::test_zinc_datetime_utc_decode_bad ... ok
[INFO] [stdout] test zinc::test_datetime::test_zinc_datetime_utc_decode ... ok
[INFO] [stdout] test zinc::test_grid::test_zinc_grid_bug_decode ... ok
[INFO] [stdout] test zinc::test_grid::test_zinc_grid_inner_encode ... ok
[INFO] [stdout] test zinc::test_dict::test_zinc_dict_decode ... ok
[INFO] [stdout] test zinc::test_grid::test_zinc_grid_meta_decode ... ok
[INFO] [stdout] test zinc::test_list::test_zinc_list_encode ... ok
[INFO] [stdout] test zinc::test_datetime::test_zinc_datetime_utc_decode_millis ... ok
[INFO] [stdout] test zinc::test_na::test_zinc_na_bad ... ok
[INFO] [stdout] test zinc::test_grid::test_zinc_grid_version_decode ... ok
[INFO] [stdout] test zinc::test_na::test_zinc_na_decode ... ok
[INFO] [stdout] test zinc::test_grid::test_zinc_grid_encode ... ok
[INFO] [stdout] test zinc::test_marker::test_zinc_marker_decode ... ok
[INFO] [stdout] test zinc::test_na::test_zinc_na_encode ... ok
[INFO] [stdout] test zinc::test_number::test_zinc_decode_num_euro ... ok
[INFO] [stdout] test zinc::test_number::test_zinc_de_serialize_number ... ok
[INFO] [stdout] test zinc::test_marker::test_zinc_marker_encode ... ok
[INFO] [stdout] test zinc::test_grid::test_zinc_grid_empty_encode ... ok
[INFO] [stdout] test zinc::test_reference::test_zinc_ref_bad ... ok
[INFO] [stdout] test zinc::test_number::test_zinc_serialize_num ... ok
[INFO] [stdout] test zinc::test_grid::test_zinc_grid_decode ... ok
[INFO] [stdout] test zinc::test_reference::test_zinc_ref_decode ... ok
[INFO] [stdout] test zinc::test_reference::test_zinc_ref_encode ... ok
[INFO] [stdout] test zinc::test_list::test_zinc_list_decode ... ok
[INFO] [stdout] test zinc::test_grid::test_zinc_grid_empty_decode ... ok
[INFO] [stdout] test zinc::test_number::test_zinc_decode_num_exp ... ok
[INFO] [stdout] test zinc::test_remove::test_zinc_remove_decode ... ok
[INFO] [stdout] test zinc::test_string::test_zinc_str_decode ... ok
[INFO] [stdout] test zinc::test_string::test_zinc_str_encode ... ok
[INFO] [stdout] test zinc::test_string::test_zinc_str_decode_bad ... ok
[INFO] [stdout] test zinc::test_string::test_zinc_serialize_str_ecapse ... ok
[INFO] [stdout] test zinc::test_remove::test_zinc_remove_encode ... ok
[INFO] [stdout] test zinc::test_symbol::test_zinc_symbol_decode ... ok
[INFO] [stdout] test zinc::test_symbol::test_zinc_symbol_decode_bad ... ok
[INFO] [stdout] test zinc::test_time::test_zinc_time_millis_decode ... ok
[INFO] [stdout] test zinc::test_value::test_zinc_null_decode ... ok
[INFO] [stdout] test zinc::test_time::test_zinc_time_decode_bad ... ok
[INFO] [stdout] test zinc::test_value::test_zinc_null_encode ... ok
[INFO] [stdout] test zinc::test_uri::test_zinc_uri_encode ... ok
[INFO] [stdout] test zinc::test_xstr::test_zinc_xstr_decode ... ok
[INFO] [stdout] test zinc::test_uri::test_zinc_uri_decode ... ok
[INFO] [stdout] test zinc::test_time::test_zinc_time_decode ... ok
[INFO] [stdout] test zinc::test_time::test_zinc_time_encode ... ok
[INFO] [stdout] test zinc::test_value::test_zinc_null_decode_bad ... ok
[INFO] [stdout] test zinc::test_uri::test_zinc_uri_decode_bad ... ok
[INFO] [stdout] test zinc::test_symbol::test_zinc_symbol_encode ... ok
[INFO] [stdout] test zinc::test_xstr::test_zinc_xstr_encode ... ok
[INFO] [stdout] test defs::namespace::test_namespace_has_name ... ok
[INFO] [stdout] test defs::namespace::test_namespace_has ... ok
[INFO] [stdout] test defs::namespace::test_namespace_get_by_name ... ok
[INFO] [stdout] test defs::namespace::test_namespace_libs ... ok
[INFO] [stdout] test defs::namespace::test_namespace_has_subtype ... ok
[INFO] [stdout] test json::test_haystack_json_file::test_json_file_parse ... ok
[INFO] [stdout] 
[INFO] [stdout] test result: ok. 245 passed; 0 failed; 0 ignored; 0 measured; 0 filtered out; finished in 2.21s
[INFO] [stdout] 
[INFO] [stderr]    Doc-tests libhaystack
[INFO] [stdout] 
[INFO] [stdout] running 104 tests
[INFO] [stdout] test src/c_api/err.rs - c_api::err::last_error_message (line 62) ... ok
[INFO] [stdout] test src/c_api/date.rs - c_api::date::haystack_value_get_date_month (line 51) ... ok
[INFO] [stdout] test src/c_api/datetime.rs - c_api::datetime::haystack_value_get_datetime_timezone (line 140) ... ok
[INFO] [stdout] test src/c_api/coord.rs - c_api::coord::haystack_value_get_coord_long (line 49) ... ok
[INFO] [stdout] test src/c_api/filter.rs - c_api::filter::haystack_filter_match_all_grid (line 220) ... FAILED
[INFO] [stdout] test src/c_api/dict.rs - c_api::dict::haystack_value_remove_dict_entry (line 235) ... ok
[INFO] [stdout] test src/c_api/coord.rs - c_api::coord::haystack_value_get_coord_lat (line 17) ... ok
[INFO] [stdout] test src/c_api/datetime.rs - c_api::datetime::haystack_value_get_datetime_time (line 84) ... ok
[INFO] [stdout] test src/c_api/datetime.rs - c_api::datetime::haystack_value_get_datetime_date (line 22) ... ok
[INFO] [stdout] test src/c_api/date.rs - c_api::date::haystack_value_get_date_day (line 83) ... ok
[INFO] [stdout] test src/c_api/dict.rs - c_api::dict::haystack_value_get_dict_len (line 24) ... ok
[INFO] [stdout] test src/c_api/grid.rs - c_api::grid::haystack_value_get_grid_len (line 17) ... ok
[INFO] [stdout] test src/c_api/filter.rs - c_api::filter::haystack_filter_first_match_in_grid (line 125) ... ok
[INFO] [stdout] test src/c_api/dict.rs - c_api::dict::haystack_value_get_dict_keys (line 58) ... ok
[INFO] [stdout] test src/c_api/dict.rs - c_api::dict::haystack_value_insert_dict_entry (line 118) ... ok
[INFO] [stdout] test src/c_api/date.rs - c_api::date::haystack_value_get_date_year (line 19) ... ok
[INFO] [stdout] test src/c_api/dict.rs - c_api::dict::haystack_value_get_dict_entry (line 175) ... ok
[INFO] [stdout] test src/c_api/filter.rs - c_api::filter::haystack_filter_parse (line 21) ... ok
[INFO] [stdout] test src/c_api/list.rs - c_api::list::haystack_value_push_list_entry (line 51) ... ok
[INFO] [stdout] test src/c_api/filter.rs - c_api::filter::haystack_filter_match_dict (line 63) ... ok
[INFO] [stdout] test src/c_api/list.rs - c_api::list::haystack_value_get_list_len (line 18) ... ok
[INFO] [stdout] test src/c_api/grid.rs - c_api::grid::haystack_value_make_grid_from_rows (line 51) ... ok
[INFO] [stdout] test src/c_api/grid.rs - c_api::grid::haystack_value_get_grid_row_at (line 181) ... ok
[INFO] [stdout] test src/c_api/reference.rs - c_api::reference::haystack_value_get_ref_value (line 53) ... ok
[INFO] [stdout] test src/c_api/list.rs - c_api::list::haystack_value_get_list_entry_at (line 97) ... ok
[INFO] [stdout] test src/c_api/grid.rs - c_api::grid::haystack_value_make_grid_from_rows_with_meta (line 120) ... ok
[INFO] [stdout] test src/c_api/list.rs - c_api::list::haystack_value_set_list_entry_at (line 151) ... ok
[INFO] [stdout] test src/c_api/number.rs - c_api::number::haystack_value_number_has_unit (line 54) ... ok
[INFO] [stdout] test src/c_api/number.rs - c_api::number::haystack_value_get_number_value (line 21) ... ok
[INFO] [stdout] test src/c_api/str.rs - c_api::str::haystack_value_get_str_len (line 20) ... ok
[INFO] [stdout] test src/c_api/list.rs - c_api::list::haystack_value_remove_list_entry_at (line 211) ... ok
[INFO] [stdout] test src/c_api/reference.rs - c_api::reference::haystack_value_get_ref_value_len (line 20) ... ok
[INFO] [stdout] test src/c_api/symbol.rs - c_api::symbol::haystack_value_get_symbol_value (line 53) ... ok
[INFO] [stdout] test src/c_api/symbol.rs - c_api::symbol::haystack_value_get_symbol_value_len (line 20) ... ok
[INFO] [stdout] test src/c_api/number.rs - c_api::number::haystack_value_get_number_unit (line 98) ... ok
[INFO] [stdout] test src/c_api/value.rs - c_api::value::haystack_value_init (line 18) ... ok
[INFO] [stdout] test src/c_api/time.rs - c_api::time::haystack_value_get_time_hour (line 19) ... ok
[INFO] [stdout] test src/c_api/uri.rs - c_api::uri::haystack_value_get_uri_value_len (line 20) ... ok
[INFO] [stdout] test src/c_api/uri.rs - c_api::uri::haystack_value_get_uri_value (line 53) ... ok
[INFO] [stdout] test src/c_api/value.rs - c_api::value::haystack_value_is_bool (line 175) ... ok
[INFO] [stdout] test src/c_api/time.rs - c_api::time::haystack_value_get_time_millis (line 115) ... ok
[INFO] [stdout] test src/c_api/value.rs - c_api::value::haystack_value_destroy (line 37) ... ok
[INFO] [stdout] test src/c_api/reference.rs - c_api::reference::haystack_value_get_ref_dis (line 89) ... ok
[INFO] [stdout] test src/c_api/str.rs - c_api::str::haystack_value_get_str_value (line 53) ... ok
[INFO] [stdout] test src/c_api/value.rs - c_api::value::haystack_value_is_coord (line 279) ... ok
[INFO] [stdout] test src/c_api/time.rs - c_api::time::haystack_value_get_time_minutes (line 51) ... ok
[INFO] [stdout] test src/c_api/time.rs - c_api::time::haystack_value_get_time_seconds (line 83) ... ok
[INFO] [stdout] test src/c_api/value.rs - c_api::value::haystack_value_is_date (line 605) ... ok
[INFO] [stdout] test src/c_api/value.rs - c_api::value::haystack_value_is_dict (line 773) ... ok
[INFO] [stdout] test src/c_api/value.rs - c_api::value::haystack_value_is_datetime (line 708) ... ok
[INFO] [stdout] test src/c_api/value.rs - c_api::value::haystack_value_is_null (line 57) ... ok
[INFO] [stdout] test src/c_api/value.rs - c_api::value::haystack_value_is_grid (line 803) ... ok
[INFO] [stdout] test src/c_api/value.rs - c_api::value::haystack_value_is_list (line 743) ... ok
[INFO] [stdout] test src/c_api/value.rs - c_api::value::haystack_value_is_marker (line 86) ... ok
[INFO] [stdout] test src/c_api/value.rs - c_api::value::haystack_value_is_number (line 205) ... ok
[INFO] [stdout] test src/c_api/value.rs - c_api::value::haystack_value_is_str (line 319) ... ok
[INFO] [stdout] test src/c_api/value.rs - c_api::value::haystack_value_is_symbol (line 469) ... ok
[INFO] [stdout] test src/c_api/value.rs - c_api::value::haystack_value_is_na (line 115) ... ok
[INFO] [stdout] test src/c_api/value.rs - c_api::value::haystack_value_is_remove (line 145) ... ok
[INFO] [stdout] test src/c_api/value.rs - c_api::value::haystack_value_is_ref (line 387) ... ok
[INFO] [stdout] test src/c_api/value.rs - c_api::value::haystack_value_is_time (line 571) ... ok
[INFO] [stdout] test src/c_api/value.rs - c_api::value::haystack_value_is_uri (line 428) ... ok
[INFO] [stdout] test src/c_api/xstr.rs - c_api::xstr::haystack_value_get_xstr_value (line 57) ... ok
[INFO] [stdout] test src/haystack/encoding/json/mod.rs - haystack::encoding::json (line 10) ... ok
[INFO] [stdout] test src/c_api/value.rs - c_api::value::haystack_value_is_xstr (line 518) ... ok
[INFO] [stdout] test src/c_api/value.rs - c_api::value::haystack_value_make_number_with_unit (line 230) ... ok
[INFO] [stdout] test src/c_api/xstr.rs - c_api::xstr::haystack_value_get_xstr_type (line 20) ... ok
[INFO] [stdout] test src/haystack/encoding/zinc/encode.rs - haystack::encoding::zinc::encode::to_zinc_string (line 37) ... ok
[INFO] [stdout] test src/haystack/encoding/json/mod.rs - haystack::encoding::json (line 23) ... ok
[INFO] [stdout] test src/haystack/encoding/zinc/encode.rs - haystack::encoding::zinc::encode::ToZinc::to_zinc_string (line 19) ... ok
[INFO] [stdout] test src/haystack/encoding/zinc/decode/value.rs - haystack::encoding::zinc::decode::value::from_str (line 11) ... ok
[INFO] [stdout] test src/haystack/filter/filtered/grid.rs - haystack::filter::filtered::grid::Grid::filter_all (line 45) ... ok
[INFO] [stdout] test src/haystack/filter/filtered/grid.rs - haystack::filter::filtered::grid::Grid::filter (line 15) ... ok
[INFO] [stdout] test src/haystack/val/dict.rs - haystack::val::dict::Dict (line 23) ... ok
[INFO] [stdout] test src/haystack/val/boolean.rs - haystack::val::boolean::Bool (line 19) ... ok
[INFO] [stdout] test src/haystack/val/coord.rs - haystack::val::coord::Coord (line 16) ... ok
[INFO] [stdout] test src/haystack/filter/filtered/mod.rs - haystack::filter::filtered::Filtered (line 17) ... ok
[INFO] [stdout] test src/haystack/filter/filtered/dict.rs - haystack::filter::filtered::dict::Dict (line 14) ... ok
[INFO] [stdout] test src/haystack/val/datetime.rs - haystack::val::datetime::DateTime (line 23) ... ok
[INFO] [stdout] test src/haystack/val/grid.rs - haystack::val::grid::Grid::make_from_dicts_with_meta (line 107) ... ok
[INFO] [stdout] test src/haystack/filter/filtered/mod.rs - haystack::filter::filtered::ListFiltered (line 39) ... ok
[INFO] [stdout] test src/haystack/val/date.rs - haystack::val::date::Date (line 19) ... ok
[INFO] [stdout] test src/haystack/val/boolean.rs - haystack::val::boolean::Bool (line 13) ... ok
[INFO] [stdout] test src/haystack/val/list.rs - haystack::val::list::List (line 12) ... ok
[INFO] [stdout] test src/haystack/val/mod.rs - haystack::val (line 31) ... ok
[INFO] [stdout] test src/haystack/filter/mod.rs - haystack::filter (line 10) ... ok
[INFO] [stdout] test src/haystack/val/grid.rs - haystack::val::grid::Grid (line 28) ... ok
[INFO] [stdout] test src/haystack/val/dict.rs - haystack::val::dict::dict (line 309) ... ok
[INFO] [stdout] test src/haystack/val/mod.rs - haystack::val (line 55) ... ok
[INFO] [stdout] test src/haystack/val/marker.rs - haystack::val::marker::Marker (line 11) ... ok
[INFO] [stdout] test src/haystack/val/mod.rs - haystack::val (line 42) ... ok
[INFO] [stdout] test src/haystack/val/number.rs - haystack::val::number::Number (line 17) ... ok
[INFO] [stdout] test src/haystack/val/na.rs - haystack::val::na::Na (line 11) ... ok
[INFO] [stdout] test src/haystack/val/mod.rs - haystack::val (line 14) ... ok
[INFO] [stdout] test src/haystack/val/reference.rs - haystack::val::reference::Ref (line 15) ... ok
[INFO] [stdout] test src/haystack/val/remove.rs - haystack::val::remove::Remove (line 11) ... ok
[INFO] [stdout] test src/haystack/val/symbol.rs - haystack::val::symbol::Symbol (line 11) ... ok
[INFO] [stdout] test src/haystack/val/time.rs - haystack::val::time::Time (line 19) ... ok
[INFO] [stdout] test src/haystack/val/string.rs - haystack::val::string::Str (line 11) ... ok
[INFO] [stdout] test src/haystack/val/value.rs - haystack::val::value::Value (line 31) ... ok
[INFO] [stdout] test src/haystack/val/value.rs - haystack::val::value::Value (line 42) ... ok
[INFO] [stdout] test src/haystack/val/uri.rs - haystack::val::uri::Uri (line 11) ... ok
[INFO] [stdout] test src/haystack/val/value.rs - haystack::val::value::Value (line 52) ... ok
[INFO] [stdout] test src/haystack/val/xstr.rs - haystack::val::xstr::XStr (line 11) ... ok
[INFO] [stdout] 
[INFO] [stdout] failures:
[INFO] [stdout] 
[INFO] [stdout] ---- src/c_api/filter.rs - c_api::filter::haystack_filter_match_all_grid (line 220) stdout ----
[INFO] [stdout] error: linking with `cc` failed: exit status: 1
[INFO] [stdout]   |
[INFO] [stdout]   = note: LC_ALL="C" PATH="/opt/rustwide/rustup-home/toolchains/1.75.0-x86_64-unknown-linux-gnu/lib/rustlib/x86_64-unknown-linux-gnu/bin:/opt/rustwide/cargo-home/bin:/usr/local/sbin:/usr/local/bin:/usr/sbin:/usr/bin:/sbin:/bin" VSLANG="1033" "cc" "-m64" "/tmp/rustcE4bvGJ/symbols.o" "/tmp/rustdoctestYArjBZ/rust_out.rust_out.263fb70ac1c95110-cgu.0.rcgu.o" "/tmp/rustdoctestYArjBZ/rust_out.2uel00cfmdh5ufit.rcgu.o" "-Wl,--as-needed" "-L" "/opt/rustwide/target/debug/deps" "-L" "/opt/rustwide/target/debug/deps" "-L" "/opt/rustwide/rustup-home/toolchains/1.75.0-x86_64-unknown-linux-gnu/lib/rustlib/x86_64-unknown-linux-gnu/lib" "-Wl,-Bstatic" "/opt/rustwide/target/debug/deps/liblibhaystack.rlib" "/opt/rustwide/target/debug/deps/libserde_json-f7e7de9bae5c986c.rlib" "/opt/rustwide/target/debug/deps/libryu-5f304b1b6393964f.rlib" "/opt/rustwide/target/debug/deps/libitoa-5f181af53b99b92c.rlib" "/opt/rustwide/target/debug/deps/libuuid-1ca448ba587b54b2.rlib" "/opt/rustwide/target/debug/deps/libgetrandom-2aa2a12651934712.rlib" "/opt/rustwide/target/debug/deps/libchrono_tz-6226ad4f6a646fd3.rlib" "/opt/rustwide/target/debug/deps/libphf-0eb3283826084871.rlib" "/opt/rustwide/target/debug/deps/libphf_shared-957568a54f1ee308.rlib" "/opt/rustwide/target/debug/deps/libuncased-3d1bb1b75701203b.rlib" "/opt/rustwide/target/debug/deps/libsiphasher-bee8b9f666c09ef8.rlib" "/opt/rustwide/target/debug/deps/libserde-8d72183392081d4f.rlib" "/opt/rustwide/target/debug/deps/liblazy_static-591486ebcb9a7ead.rlib" "/opt/rustwide/target/debug/deps/libdashmap-3a4dad41aaf66f7a.rlib" "/opt/rustwide/target/debug/deps/liblock_api-2e3cdc36e2d071f0.rlib" "/opt/rustwide/target/debug/deps/libscopeguard-012e5ed929fc2fe6.rlib" "/opt/rustwide/target/debug/deps/libonce_cell-63be820ac0ed0954.rlib" "/opt/rustwide/target/debug/deps/libparking_lot_core-7ef8619e484c37f5.rlib" "/opt/rustwide/target/debug/deps/liblibc-f01c1240f7c859d0.rlib" "/opt/rustwide/target/debug/deps/libcfg_if-61dc7a6799e72b18.rlib" "/opt/rustwide/target/debug/deps/libsmallvec-19f6a51af3f3c214.rlib" "/opt/rustwide/target/debug/deps/libhashbrown-2144f20dcb456221.rlib" "/opt/rustwide/target/debug/deps/libchrono-5adb78f4d288461a.rlib" "/opt/rustwide/target/debug/deps/libnum_traits-dcf66cbda2c5463d.rlib" "/opt/rustwide/target/debug/deps/libiana_time_zone-528d9768cce5eb89.rlib" "/opt/rustwide/rustup-home/toolchains/1.75.0-x86_64-unknown-linux-gnu/lib/rustlib/x86_64-unknown-linux-gnu/lib/libstd-90f6ddbf82de36ec.rlib" "/opt/rustwide/rustup-home/toolchains/1.75.0-x86_64-unknown-linux-gnu/lib/rustlib/x86_64-unknown-linux-gnu/lib/libpanic_unwind-480c41e9d4e1f677.rlib" "/opt/rustwide/rustup-home/toolchains/1.75.0-x86_64-unknown-linux-gnu/lib/rustlib/x86_64-unknown-linux-gnu/lib/libobject-db744c0ca03eed1d.rlib" "/opt/rustwide/rustup-home/toolchains/1.75.0-x86_64-unknown-linux-gnu/lib/rustlib/x86_64-unknown-linux-gnu/lib/libmemchr-8ba652dc7d4b285a.rlib" "/opt/rustwide/rustup-home/toolchains/1.75.0-x86_64-unknown-linux-gnu/lib/rustlib/x86_64-unknown-linux-gnu/lib/libaddr2line-d5f4520a9ebc0d58.rlib" "/opt/rustwide/rustup-home/toolchains/1.75.0-x86_64-unknown-linux-gnu/lib/rustlib/x86_64-unknown-linux-gnu/lib/libgimli-4ad84de58f0cb463.rlib" "/opt/rustwide/rustup-home/toolchains/1.75.0-x86_64-unknown-linux-gnu/lib/rustlib/x86_64-unknown-linux-gnu/lib/librustc_demangle-0d10aae2e0f38735.rlib" "/opt/rustwide/rustup-home/toolchains/1.75.0-x86_64-unknown-linux-gnu/lib/rustlib/x86_64-unknown-linux-gnu/lib/libstd_detect-0c17cff739e6745b.rlib" "/opt/rustwide/rustup-home/toolchains/1.75.0-x86_64-unknown-linux-gnu/lib/rustlib/x86_64-unknown-linux-gnu/lib/libhashbrown-b29e17139dde1aa8.rlib" "/opt/rustwide/rustup-home/toolchains/1.75.0-x86_64-unknown-linux-gnu/lib/rustlib/x86_64-unknown-linux-gnu/lib/librustc_std_workspace_alloc-1f975299829cc7bd.rlib" "/opt/rustwide/rustup-home/toolchains/1.75.0-x86_64-unknown-linux-gnu/lib/rustlib/x86_64-unknown-linux-gnu/lib/libminiz_oxide-86bae3bc3079f89b.rlib" "/opt/rustwide/rustup-home/toolchains/1.75.0-x86_64-unknown-linux-gnu/lib/rustlib/x86_64-unknown-linux-gnu/lib/libadler-321b82c30dffdf5f.rlib" "/opt/rustwide/rustup-home/toolchains/1.75.0-x86_64-unknown-linux-gnu/lib/rustlib/x86_64-unknown-linux-gnu/lib/libunwind-3dd8a6810a0bdfef.rlib" "/opt/rustwide/rustup-home/toolchains/1.75.0-x86_64-unknown-linux-gnu/lib/rustlib/x86_64-unknown-linux-gnu/lib/libcfg_if-eb39a61c0c879984.rlib" "/opt/rustwide/rustup-home/toolchains/1.75.0-x86_64-unknown-linux-gnu/lib/rustlib/x86_64-unknown-linux-gnu/lib/liblibc-aa769569f91c3548.rlib" "/opt/rustwide/rustup-home/toolchains/1.75.0-x86_64-unknown-linux-gnu/lib/rustlib/x86_64-unknown-linux-gnu/lib/liballoc-510a192a50a983ed.rlib" "/opt/rustwide/rustup-home/toolchains/1.75.0-x86_64-unknown-linux-gnu/lib/rustlib/x86_64-unknown-linux-gnu/lib/librustc_std_workspace_core-0577018320f99037.rlib" "/opt/rustwide/rustup-home/toolchains/1.75.0-x86_64-unknown-linux-gnu/lib/rustlib/x86_64-unknown-linux-gnu/lib/libcore-193cf992125ccd4c.rlib" "/opt/rustwide/rustup-home/toolchains/1.75.0-x86_64-unknown-linux-gnu/lib/rustlib/x86_64-unknown-linux-gnu/lib/libcompiler_builtins-8e138eaf26ebb4a8.rlib" "-Wl,-Bdynamic" "-lgcc_s" "-lutil" "-lrt" "-lpthread" "-lm" "-ldl" "-lc" "-Wl,--eh-frame-hdr" "-Wl,-z,noexecstack" "-L" "/opt/rustwide/rustup-home/toolchains/1.75.0-x86_64-unknown-linux-gnu/lib/rustlib/x86_64-unknown-linux-gnu/lib" "-o" "/tmp/rustdoctestYArjBZ/rust_out" "-Wl,--gc-sections" "-pie" "-Wl,-z,relro,-z,now" "-nodefaultlibs"
[INFO] [stdout]   = note: collect2: fatal error: ld terminated with signal 9 [Killed]
[INFO] [stdout]           compilation terminated.
[INFO] [stdout]           
[INFO] [stdout] 
[INFO] [stdout] error: aborting due to previous error
[INFO] [stdout] 
[INFO] [stdout] Couldn't compile the test.
[INFO] [stdout] 
[INFO] [stdout] failures:
[INFO] [stdout]     src/c_api/filter.rs - c_api::filter::haystack_filter_match_all_grid (line 220)
[INFO] [stdout] 
[INFO] [stdout] test result: FAILED. 103 passed; 1 failed; 0 ignored; 0 measured; 0 filtered out; finished in 18.33s
[INFO] [stdout] 
[INFO] [stderr] error: doctest failed, to rerun pass `--doc`
[INFO] running `Command { std: "docker" "inspect" "8ce7cdc745ebc0dace8901700bdc524794886e8810fa3c48852dff4600078f67", kill_on_drop: false }`
[INFO] running `Command { std: "docker" "rm" "-f" "8ce7cdc745ebc0dace8901700bdc524794886e8810fa3c48852dff4600078f67", kill_on_drop: false }`
[INFO] [stdout] 8ce7cdc745ebc0dace8901700bdc524794886e8810fa3c48852dff4600078f67
[INFO] testing libhaystack-1.0.13 against beta-2023-12-22 for beta-1.76-1
[INFO] extracting crate libhaystack 1.0.13 into /workspace/builds/worker-3-tc2/source
[INFO] validating manifest of crates.io crate libhaystack 1.0.13 on toolchain beta-2023-12-22
[INFO] running `Command { std: CARGO_HOME="/workspace/cargo-home" RUSTUP_HOME="/workspace/rustup-home" "/workspace/cargo-home/bin/cargo" "+beta-2023-12-22" "metadata" "--manifest-path" "Cargo.toml" "--no-deps", kill_on_drop: false }`
[INFO] started tweaking crates.io crate libhaystack 1.0.13
[INFO] finished tweaking crates.io crate libhaystack 1.0.13
[INFO] tweaked toml for crates.io crate libhaystack 1.0.13 written to /workspace/builds/worker-3-tc2/source/Cargo.toml
[INFO] running `Command { std: CARGO_HOME="/workspace/cargo-home" RUSTUP_HOME="/workspace/rustup-home" "/workspace/cargo-home/bin/cargo" "+beta-2023-12-22" "generate-lockfile" "--manifest-path" "Cargo.toml", kill_on_drop: false }`
[INFO] [stderr]     Updating crates.io index
[INFO] running `Command { std: CARGO_HOME="/workspace/cargo-home" RUSTUP_HOME="/workspace/rustup-home" "/workspace/cargo-home/bin/cargo" "+beta-2023-12-22" "fetch" "--manifest-path" "Cargo.toml", kill_on_drop: false }`
[INFO] running `Command { std: "docker" "create" "-v" "/var/lib/crater-agent-workspace/builds/worker-3-tc2/target:/opt/rustwide/target:rw,Z" "-v" "/var/lib/crater-agent-workspace/builds/worker-3-tc2/source:/opt/rustwide/workdir:ro,Z" "-v" "/var/lib/crater-agent-workspace/cargo-home:/opt/rustwide/cargo-home:ro,Z" "-v" "/var/lib/crater-agent-workspace/rustup-home:/opt/rustwide/rustup-home:ro,Z" "-e" "SOURCE_DIR=/opt/rustwide/workdir" "-e" "CARGO_TARGET_DIR=/opt/rustwide/target" "-e" "CARGO_HOME=/opt/rustwide/cargo-home" "-e" "RUSTUP_HOME=/opt/rustwide/rustup-home" "-w" "/opt/rustwide/workdir" "-m" "1610612736" "--user" "0:0" "--network" "none" "ghcr.io/rust-lang/crates-build-env/linux@sha256:2788e3201cd34a07e3172128adcd8b3090168a8e3bcc40d7c032b9dda1df7d1c" "/opt/rustwide/cargo-home/bin/cargo" "+beta-2023-12-22" "metadata" "--no-deps" "--format-version=1", kill_on_drop: false }`
[INFO] [stdout] 00ead274fc0194743f17cc20da99dac8d27c12ba9883251e01de994eaebca2a5
[INFO] running `Command { std: "docker" "start" "-a" "00ead274fc0194743f17cc20da99dac8d27c12ba9883251e01de994eaebca2a5", kill_on_drop: false }`
[INFO] running `Command { std: "docker" "inspect" "00ead274fc0194743f17cc20da99dac8d27c12ba9883251e01de994eaebca2a5", kill_on_drop: false }`
[INFO] running `Command { std: "docker" "rm" "-f" "00ead274fc0194743f17cc20da99dac8d27c12ba9883251e01de994eaebca2a5", kill_on_drop: false }`
[INFO] [stdout] 00ead274fc0194743f17cc20da99dac8d27c12ba9883251e01de994eaebca2a5
[INFO] running `Command { std: "docker" "create" "-v" "/var/lib/crater-agent-workspace/builds/worker-3-tc2/target:/opt/rustwide/target:rw,Z" "-v" "/var/lib/crater-agent-workspace/builds/worker-3-tc2/source:/opt/rustwide/workdir:ro,Z" "-v" "/var/lib/crater-agent-workspace/cargo-home:/opt/rustwide/cargo-home:ro,Z" "-v" "/var/lib/crater-agent-workspace/rustup-home:/opt/rustwide/rustup-home:ro,Z" "-e" "SOURCE_DIR=/opt/rustwide/workdir" "-e" "CARGO_TARGET_DIR=/opt/rustwide/target" "-e" "CARGO_INCREMENTAL=0" "-e" "RUST_BACKTRACE=full" "-e" "RUSTFLAGS=--cap-lints=warn" "-e" "RUSTDOCFLAGS=--cap-lints=warn" "-e" "CARGO_HOME=/opt/rustwide/cargo-home" "-e" "RUSTUP_HOME=/opt/rustwide/rustup-home" "-w" "/opt/rustwide/workdir" "-m" "1610612736" "--user" "0:0" "--network" "none" "ghcr.io/rust-lang/crates-build-env/linux@sha256:2788e3201cd34a07e3172128adcd8b3090168a8e3bcc40d7c032b9dda1df7d1c" "/opt/rustwide/cargo-home/bin/cargo" "+beta-2023-12-22" "build" "--frozen" "--message-format=json", kill_on_drop: false }`
[INFO] [stdout] 178f38b4352f581056b9a887c3e24afdceb1988eb2ba8a91fbf93815011465ea
[INFO] running `Command { std: "docker" "start" "-a" "178f38b4352f581056b9a887c3e24afdceb1988eb2ba8a91fbf93815011465ea", kill_on_drop: false }`
[INFO] [stderr]    Compiling version_check v0.9.4
[INFO] [stderr]    Compiling siphasher v0.3.11
[INFO] [stderr]    Compiling regex-syntax v0.8.2
[INFO] [stderr]    Compiling rand_core v0.6.4
[INFO] [stderr]    Compiling serde v1.0.194
[INFO] [stderr]    Compiling serde_json v1.0.111
[INFO] [stderr]    Compiling itoa v1.0.10
[INFO] [stderr]    Compiling ryu v1.0.16
[INFO] [stderr]    Compiling num-traits v0.2.17
[INFO] [stderr]    Compiling getrandom v0.2.11
[INFO] [stderr]    Compiling rand v0.8.5
[INFO] [stderr]    Compiling uuid v1.6.1
[INFO] [stderr]    Compiling uncased v0.9.9
[INFO] [stderr]    Compiling phf_shared v0.11.2
[INFO] [stderr]    Compiling phf v0.11.2
[INFO] [stderr]    Compiling phf_generator v0.11.2
[INFO] [stderr]    Compiling phf_codegen v0.11.2
[INFO] [stderr]    Compiling chrono v0.4.31
[INFO] [stderr]    Compiling regex-automata v0.4.3
[INFO] [stderr]    Compiling regex v1.10.2
[INFO] [stderr]    Compiling parse-zoneinfo v0.3.0
[INFO] [stderr]    Compiling chrono-tz-build v0.0.3
[INFO] [stderr]    Compiling chrono-tz v0.6.3
[INFO] [stderr]    Compiling libhaystack v1.0.13 (/opt/rustwide/workdir)
[INFO] [stdout] warning: unused import: `dict::*`
[INFO] [stdout]   --> src/haystack/filter/filtered/mod.rs:10:9
[INFO] [stdout]    |
[INFO] [stdout] 10 | pub use dict::*;
[INFO] [stdout]    |         ^^^^^^^
[INFO] [stdout]    |
[INFO] [stdout]    = note: `#[warn(unused_imports)]` on by default
[INFO] [stdout] 
[INFO] [stdout] 
[INFO] [stdout] warning: unused import: `grid::*`
[INFO] [stdout]   --> src/haystack/filter/filtered/mod.rs:11:9
[INFO] [stdout]    |
[INFO] [stdout] 11 | pub use grid::*;
[INFO] [stdout]    |         ^^^^^^^
[INFO] [stdout] 
[INFO] [stdout] 
[INFO] [stdout] warning: 2 warnings emitted
[INFO] [stdout] 
[INFO] [stdout] 
[INFO] [stderr]     Finished dev [unoptimized + debuginfo] target(s) in 9.03s
[INFO] running `Command { std: "docker" "inspect" "178f38b4352f581056b9a887c3e24afdceb1988eb2ba8a91fbf93815011465ea", kill_on_drop: false }`
[INFO] running `Command { std: "docker" "rm" "-f" "178f38b4352f581056b9a887c3e24afdceb1988eb2ba8a91fbf93815011465ea", kill_on_drop: false }`
[INFO] [stdout] 178f38b4352f581056b9a887c3e24afdceb1988eb2ba8a91fbf93815011465ea
[INFO] running `Command { std: "docker" "create" "-v" "/var/lib/crater-agent-workspace/builds/worker-3-tc2/target:/opt/rustwide/target:rw,Z" "-v" "/var/lib/crater-agent-workspace/builds/worker-3-tc2/source:/opt/rustwide/workdir:ro,Z" "-v" "/var/lib/crater-agent-workspace/cargo-home:/opt/rustwide/cargo-home:ro,Z" "-v" "/var/lib/crater-agent-workspace/rustup-home:/opt/rustwide/rustup-home:ro,Z" "-e" "SOURCE_DIR=/opt/rustwide/workdir" "-e" "CARGO_TARGET_DIR=/opt/rustwide/target" "-e" "CARGO_INCREMENTAL=0" "-e" "RUST_BACKTRACE=full" "-e" "RUSTFLAGS=--cap-lints=warn" "-e" "RUSTDOCFLAGS=--cap-lints=warn" "-e" "CARGO_HOME=/opt/rustwide/cargo-home" "-e" "RUSTUP_HOME=/opt/rustwide/rustup-home" "-w" "/opt/rustwide/workdir" "-m" "1610612736" "--user" "0:0" "--network" "none" "ghcr.io/rust-lang/crates-build-env/linux@sha256:2788e3201cd34a07e3172128adcd8b3090168a8e3bcc40d7c032b9dda1df7d1c" "/opt/rustwide/cargo-home/bin/cargo" "+beta-2023-12-22" "test" "--frozen" "--no-run" "--message-format=json", kill_on_drop: false }`
[INFO] [stdout] 6f60f66d273788674a51d1225ad8eb8995456a9da7d374919f36a7e572a6e0d8
[INFO] running `Command { std: "docker" "start" "-a" "6f60f66d273788674a51d1225ad8eb8995456a9da7d374919f36a7e572a6e0d8", kill_on_drop: false }`
[INFO] [stderr]    Compiling num-traits v0.2.17
[INFO] [stderr]    Compiling crossbeam-utils v0.8.18
[INFO] [stderr]    Compiling rayon-core v1.12.0
[INFO] [stderr]    Compiling plotters-backend v0.3.5
[INFO] [stderr]    Compiling memchr v2.7.1
[INFO] [stderr]    Compiling unicode-width v0.1.11
[INFO] [stderr]    Compiling regex-syntax v0.8.2
[INFO] [stderr]    Compiling same-file v1.0.6
[INFO] [stderr]    Compiling syn v2.0.48
[INFO] [stderr]    Compiling half v1.8.2
[INFO] [stderr]    Compiling cast v0.3.0
[INFO] [stderr]    Compiling tinytemplate v1.2.1
[INFO] [stderr]    Compiling atty v0.2.14
[INFO] [stderr]    Compiling oorandom v11.1.3
[INFO] [stderr]    Compiling textwrap v0.11.0
[INFO] [stderr]    Compiling walkdir v2.4.0
[INFO] [stderr]    Compiling criterion-plot v0.4.5
[INFO] [stderr]    Compiling clap v2.34.0
[INFO] [stderr]    Compiling plotters-svg v0.3.5
[INFO] [stderr]    Compiling serde_cbor v0.11.2
[INFO] [stderr]    Compiling csv-core v0.1.11
[INFO] [stderr]    Compiling csv v1.3.0
[INFO] [stderr]    Compiling crossbeam-epoch v0.9.17
[INFO] [stderr]    Compiling crossbeam-deque v0.8.4
[INFO] [stderr]    Compiling regex-automata v0.4.3
[INFO] [stderr]    Compiling chrono v0.4.31
[INFO] [stderr]    Compiling plotters v0.3.5
[INFO] [stderr]    Compiling rayon v1.8.0
[INFO] [stderr]    Compiling serde_derive v1.0.194
[INFO] [stderr]    Compiling chrono-tz v0.6.3
[INFO] [stderr]    Compiling regex v1.10.2
[INFO] [stderr]    Compiling criterion v0.3.6
[INFO] [stderr]    Compiling libhaystack v1.0.13 (/opt/rustwide/workdir)
[INFO] [stdout] warning: unused import: `dict::*`
[INFO] [stdout]   --> src/haystack/filter/filtered/mod.rs:10:9
[INFO] [stdout]    |
[INFO] [stdout] 10 | pub use dict::*;
[INFO] [stdout]    |         ^^^^^^^
[INFO] [stdout]    |
[INFO] [stdout]    = note: `#[warn(unused_imports)]` on by default
[INFO] [stdout] 
[INFO] [stdout] 
[INFO] [stdout] warning: unused import: `grid::*`
[INFO] [stdout]   --> src/haystack/filter/filtered/mod.rs:11:9
[INFO] [stdout]    |
[INFO] [stdout] 11 | pub use grid::*;
[INFO] [stdout]    |         ^^^^^^^
[INFO] [stdout] 
[INFO] [stdout] 
[INFO] [stdout] warning: unused import: `dict::*`
[INFO] [stdout]   --> src/haystack/filter/filtered/mod.rs:10:9
[INFO] [stdout]    |
[INFO] [stdout] 10 | pub use dict::*;
[INFO] [stdout]    |         ^^^^^^^
[INFO] [stdout]    |
[INFO] [stdout]    = note: `#[warn(unused_imports)]` on by default
[INFO] [stdout] 
[INFO] [stdout] 
[INFO] [stdout] warning: unused import: `grid::*`
[INFO] [stdout]   --> src/haystack/filter/filtered/mod.rs:11:9
[INFO] [stdout]    |
[INFO] [stdout] 11 | pub use grid::*;
[INFO] [stdout]    |         ^^^^^^^
[INFO] [stdout] 
[INFO] [stdout] 
[INFO] [stdout] warning: 2 warnings emitted
[INFO] [stdout] 
[INFO] [stdout] 
[INFO] [stdout] warning: 2 warnings emitted
[INFO] [stdout] 
[INFO] [stdout] 
[INFO] [stderr]     Finished test [unoptimized + debuginfo] target(s) in 9.35s
[INFO] running `Command { std: "docker" "inspect" "6f60f66d273788674a51d1225ad8eb8995456a9da7d374919f36a7e572a6e0d8", kill_on_drop: false }`
[INFO] running `Command { std: "docker" "rm" "-f" "6f60f66d273788674a51d1225ad8eb8995456a9da7d374919f36a7e572a6e0d8", kill_on_drop: false }`
[INFO] [stdout] 6f60f66d273788674a51d1225ad8eb8995456a9da7d374919f36a7e572a6e0d8
[INFO] running `Command { std: "docker" "create" "-v" "/var/lib/crater-agent-workspace/builds/worker-3-tc2/target:/opt/rustwide/target:rw,Z" "-v" "/var/lib/crater-agent-workspace/builds/worker-3-tc2/source:/opt/rustwide/workdir:ro,Z" "-v" "/var/lib/crater-agent-workspace/cargo-home:/opt/rustwide/cargo-home:ro,Z" "-v" "/var/lib/crater-agent-workspace/rustup-home:/opt/rustwide/rustup-home:ro,Z" "-e" "SOURCE_DIR=/opt/rustwide/workdir" "-e" "CARGO_TARGET_DIR=/opt/rustwide/target" "-e" "CARGO_INCREMENTAL=0" "-e" "RUST_BACKTRACE=full" "-e" "RUSTFLAGS=--cap-lints=warn" "-e" "RUSTDOCFLAGS=--cap-lints=warn" "-e" "CARGO_HOME=/opt/rustwide/cargo-home" "-e" "RUSTUP_HOME=/opt/rustwide/rustup-home" "-w" "/opt/rustwide/workdir" "-m" "1610612736" "--user" "0:0" "--network" "none" "ghcr.io/rust-lang/crates-build-env/linux@sha256:2788e3201cd34a07e3172128adcd8b3090168a8e3bcc40d7c032b9dda1df7d1c" "/opt/rustwide/cargo-home/bin/cargo" "+beta-2023-12-22" "test" "--frozen", kill_on_drop: false }`
[INFO] [stdout] c974616c7f7a9b70a51775104621ac6f1314a9d65161db1970ba77bef28f68f8
[INFO] running `Command { std: "docker" "start" "-a" "c974616c7f7a9b70a51775104621ac6f1314a9d65161db1970ba77bef28f68f8", kill_on_drop: false }`
[INFO] [stderr] warning: unused import: `dict::*`
[INFO] [stderr]   --> src/haystack/filter/filtered/mod.rs:10:9
[INFO] [stderr]    |
[INFO] [stderr] 10 | pub use dict::*;
[INFO] [stderr]    |         ^^^^^^^
[INFO] [stderr]    |
[INFO] [stderr]    = note: `#[warn(unused_imports)]` on by default
[INFO] [stderr] 
[INFO] [stderr] warning: unused import: `grid::*`
[INFO] [stderr]   --> src/haystack/filter/filtered/mod.rs:11:9
[INFO] [stderr]    |
[INFO] [stderr] 11 | pub use grid::*;
[INFO] [stderr]    |         ^^^^^^^
[INFO] [stderr] 
[INFO] [stderr] warning: `libhaystack` (lib) generated 2 warnings (run `cargo fix --lib -p libhaystack` to apply 2 suggestions)
[INFO] [stderr] warning: `libhaystack` (lib test) generated 2 warnings (2 duplicates)
[INFO] [stderr]     Finished test [unoptimized + debuginfo] target(s) in 0.04s
[INFO] [stderr]      Running unittests src/lib.rs (/opt/rustwide/target/debug/deps/libhaystack-2b6285bc9d98bc3e)
[INFO] [stdout] 
[INFO] [stdout] running 88 tests
[INFO] [stdout] test haystack::encoding::zinc::decode::complex::dict::test::test_zinc_parse_dict ... ok
[INFO] [stdout] test haystack::encoding::zinc::decode::complex::grid::test::test_zinc_parse_grid_embedded ... ok
[INFO] [stdout] test haystack::encoding::zinc::decode::complex::grid::test::test_zinc_parse_grid ... ok
[INFO] [stdout] test haystack::encoding::zinc::decode::complex::grid::test::test_zinc_parse_grid_columns ... ok
[INFO] [stdout] test haystack::encoding::zinc::decode::complex::grid::test::test_zinc_parse_grid_ver ... ok
[INFO] [stdout] test haystack::encoding::zinc::decode::complex::grid::test::test_zinc_parse_grid_null_values ... ok
[INFO] [stdout] test haystack::encoding::zinc::decode::complex::grid::test::test_zinc_parse_grid_meta ... ok
[INFO] [stdout] test haystack::encoding::zinc::decode::complex::list::test::test_zinc_parse_list ... ok
[INFO] [stdout] test haystack::encoding::zinc::decode::id::test::test_zinc_parse_id ... ok
[INFO] [stdout] test haystack::encoding::zinc::decode::id::test::test_zinc_parse_literal ... ok
[INFO] [stdout] test haystack::encoding::zinc::decode::id::test::test_zinc_parse_id_invalid ... ok
[INFO] [stdout] test haystack::encoding::zinc::decode::id::test::test_zinc_parse_literal_invalid ... ok
[INFO] [stdout] test haystack::encoding::zinc::decode::complex::grid::test::test_zinc_parse_nested_grid ... ok
[INFO] [stdout] test haystack::encoding::zinc::decode::parser::test::test_zinc_parser_err ... ok
[INFO] [stdout] test haystack::encoding::zinc::decode::parser::test::test_zinc_parser_ok ... ok
[INFO] [stdout] test haystack::encoding::zinc::decode::scalar::coord::test::test_zinc_parse_coord ... ok
[INFO] [stdout] test haystack::encoding::zinc::decode::lexer::test::test_zinc_lexer_make ... ok
[INFO] [stdout] test haystack::encoding::zinc::decode::scalar::number::test::test_zinc_parse_decimal ... ok
[INFO] [stdout] test haystack::encoding::zinc::decode::scalar::number::test::test_zinc_parse_decimal_bad ... ok
[INFO] [stdout] test haystack::encoding::zinc::decode::scalar::number::test::test_zinc_parse_number_bad ... ok
[INFO] [stdout] test haystack::encoding::zinc::decode::lexer::test::test_zinc_lexer_read_value ... ok
[INFO] [stdout] test haystack::encoding::zinc::decode::scalar::coord::test::test_zinc_parse_decimal_bad ... ok
[INFO] [stdout] test haystack::encoding::zinc::decode::scalar::date_time::test::test_zinc_parse_time ... ok
[INFO] [stdout] test haystack::encoding::zinc::decode::lexer::test::test_zinc_lexer_iterator ... ok
[INFO] [stdout] test haystack::encoding::zinc::decode::scalar::date_time::test::test_zinc_parse_datetime ... ok
[INFO] [stdout] test haystack::encoding::zinc::decode::scalar::reference::test::test_zinc_parse_ref ... ok
[INFO] [stdout] test haystack::encoding::zinc::decode::scalar::date_time::test::test_zinc_parse_date ... ok
[INFO] [stdout] test haystack::encoding::zinc::decode::scalar::number::test::test_zinc_parse_number_neg_inf ... ok
[INFO] [stdout] test haystack::encoding::zinc::decode::scalar::reference::test::test_zinc_parse_ref_bad ... ok
[INFO] [stdout] test haystack::encoding::zinc::decode::scalar::str::test::test_zinc_parse_str ... ok
[INFO] [stdout] test haystack::encoding::zinc::decode::scalar::str::test::test_zinc_parse_str_bad ... ok
[INFO] [stdout] test haystack::encoding::zinc::decode::scalar::uri::test::test_zinc_parse_uri ... ok
[INFO] [stdout] test haystack::encoding::zinc::decode::scalar::symbol::test::test_zinc_parse_symbol ... ok
[INFO] [stdout] test haystack::encoding::zinc::decode::scalar::uri::test::test_zinc_parse_uri_bad ... ok
[INFO] [stdout] test haystack::encoding::zinc::decode::scalar::xstr::test::test_zinc_parse_xstr ... ok
[INFO] [stdout] test haystack::encoding::zinc::decode::scalar::symbol::test::test_zinc_parse_symbol_bad ... ok
[INFO] [stdout] test haystack::encoding::zinc::decode::scalar::xstr::test::test_zinc_parse_xstr_bad ... ok
[INFO] [stdout] test haystack::encoding::zinc::decode::scalar::str::test::test_zinc_parse_utf8_str ... ok
[INFO] [stdout] test haystack::encoding::zinc::decode::scanner::test::test_zinc_scanner_alpha_num_hex_space ... ok
[INFO] [stdout] test haystack::encoding::zinc::decode::scanner::test::test_zinc_scanner_expect_seq ... ok
[INFO] [stdout] test haystack::encoding::zinc::decode::scanner::test::test_zinc_scanner_consume_spaces ... ok
[INFO] [stdout] test haystack::encoding::zinc::decode::scanner::test::test_zinc_scanner_empty ... ok
[INFO] [stdout] test haystack::filter::lexer::test::test_filter_lexer_datetime ... ok
[INFO] [stdout] test haystack::encoding::zinc::decode::scanner::test::test_zinc_scanner_peek ... ok
[INFO] [stdout] test haystack::encoding::zinc::decode::scanner::test::test_zinc_scanner_is_any_of ... ok
[INFO] [stdout] test haystack::filter::lexer::test::test_filter_lexer_equals ... ok
[INFO] [stdout] test haystack::filter::lexer::test::test_filter_lexer_great ... ok
[INFO] [stdout] test haystack::filter::lexer::test::test_filter_lexer_iterator ... ok
[INFO] [stdout] test haystack::filter::lexer::test::test_filter_lexer_path ... ok
[INFO] [stdout] test haystack::filter::lexer::test::test_filter_lexer_ref ... ok
[INFO] [stdout] test haystack::filter::lexer::test::test_filter_lexer_make ... ok
[INFO] [stdout] test haystack::filter::lexer::test::test_filter_lexer_rel ... ok
[INFO] [stdout] test haystack::filter::lexer::test::test_filter_lexer_string ... ok
[INFO] [stdout] test haystack::filter::lexer::test::test_filter_lexer_less ... ok
[INFO] [stdout] test haystack::filter::lexer::test::test_filter_lexer_not_equals ... ok
[INFO] [stdout] test haystack::filter::lexer::test::test_filter_lexer_symbol ... ok
[INFO] [stdout] test haystack::filter::lexer::test::test_filter_lexer_parens ... ok
[INFO] [stdout] test haystack::filter::lexer::test::test_filter_lexer_number ... ok
[INFO] [stdout] test haystack::filter::lexer::test::test_filter_lexer_wildcard_eq ... ok
[INFO] [stdout] test haystack::filter::parser::test::test_filter_parser_and ... ok
[INFO] [stdout] test haystack::filter::lexer::test::test_filter_lexer_date ... ok
[INFO] [stdout] test haystack::filter::lexer::test::test_filter_lexer_uri ... ok
[INFO] [stdout] test haystack::filter::parser::test::test_filter_parser_has ... ok
[INFO] [stdout] test haystack::filter::lexer::test::test_filter_lexer_time ... ok
[INFO] [stdout] test haystack::filter::parser::test::test_filter_parser_isa ... ok
[INFO] [stdout] test haystack::filter::parser::test::test_filter_parser_great_eq ... ok
[INFO] [stdout] test haystack::filter::parser::test::test_filter_parser_make ... ok
[INFO] [stdout] test haystack::filter::parser::test::test_filter_parser_not ... ok
[INFO] [stdout] test haystack::filter::parser::test::test_filter_parser_eq ... ok
[INFO] [stdout] test haystack::filter::parser::test::test_filter_parser_not_eq ... ok
[INFO] [stdout] test haystack::filter::parser::test::test_filter_parser_wildcard_eq ... ok
[INFO] [stdout] test haystack::filter::parser::test::test_filter_parser_less_eq ... ok
[INFO] [stdout] test haystack::filter::parser::test::test_filter_parser_great ... ok
[INFO] [stdout] test haystack::filter::parser::test::test_filter_parser_parens ... ok
[INFO] [stdout] test haystack::filter::parser::test::test_filter_parser_or ... ok
[INFO] [stdout] test haystack::filter::parser::test::test_filter_parser_rel ... ok
[INFO] [stdout] test haystack::units::unit_dimension::test::test_add ... ok
[INFO] [stdout] test haystack::units::unit_dimension::test::test_sub ... ok
[INFO] [stdout] test haystack::encoding::zinc::decode::scalar::number::test::test_zinc_parse_number_utf8_unit ... ok
[INFO] [stdout] test haystack::units::unit::test::test_unit_convert ... ok
[INFO] [stdout] test haystack::filter::parser::test::test_filter_parser_less ... ok
[INFO] [stdout] test haystack::units::unit::test::test_unit_convert_bad_dimensions ... ok
[INFO] [stdout] test haystack::units::unit::test::test_unit_from_str ... ok
[INFO] [stdout] test haystack::encoding::zinc::decode::scalar::number::test::test_zinc_parse_number ... ok
[INFO] [stdout] test haystack::units::unit::test::test_unit_divide ... ok
[INFO] [stdout] test haystack::units::unit::test::test_unit_multiply_different ... ok
[INFO] [stdout] test haystack::units::unit::test::test_unit_multiply ... ok
[INFO] [stdout] test haystack::units::unit::test::test_unit_divide_different ... ok
[INFO] [stdout] 
[INFO] [stdout] test result: ok. 88 passed; 0 failed; 0 ignored; 0 measured; 0 filtered out; finished in 0.01s
[INFO] [stdout] 
[INFO] [stderr]      Running tests/tests.rs (/opt/rustwide/target/debug/deps/tests-e09966f712d09600)
[INFO] [stdout] 
[INFO] [stdout] running 245 tests
[INFO] [stdout] test defs::namespace::test_namespace_empty ... ok
[INFO] [stdout] test defs::namespace::test_namespace_features ... ok
[INFO] [stdout] test defs::namespace::test_namespace_all_subtypes_of ... ok
[INFO] [stdout] test defs::namespace::test_namespace_feature_names ... ok
[INFO] [stdout] test defs::namespace::test_namespace_choices_for ... ok
[INFO] [stdout] test defs::namespace::test_namespace_conjuncts ... ok
[INFO] [stdout] test defs::namespace::test_namespace_all_supertypes_of ... ok
[INFO] [stdout] test defs::namespace::test_namespace_fits_choice ... ok
[INFO] [stdout] test defs::namespace::test_namespace_fits_entity ... ok
[INFO] [stdout] test defs::namespace::test_namespace_fits_val ... ok
[INFO] [stdout] test defs::namespace::test_namespace_fits ... ok
[INFO] [stdout] test defs::namespace::test_namespace_fits_maker ... ok
[INFO] [stdout] test defs::namespace::test_namespace_fits_implementation ... ok
[INFO] [stdout] test defs::namespace::test_namespace_inheritance ... ok
[INFO] [stdout] test defs::namespace::test_namespace_is ... ok
[INFO] [stdout] test defs::namespace::test_namespace_is_conjunct ... ok
[INFO] [stdout] test defs::namespace::test_namespace_is_feature ... ok
[INFO] [stdout] test defs::namespace::test_namespace_containment_relationship ... ok
[INFO] [stdout] test defs::namespace::test_namespace_associations ... ok
[INFO] [stdout] test defs::namespace::test_namespace_supertypes_of ... ok
[INFO] [stdout] test defs::namespace::test_namespace_tag_on ... ok
[INFO] [stdout] test defs::namespace::test_namespace_tags ... ok
[INFO] [stdout] test defs::namespace::test_namespace_reflect ... ok
[INFO] [stdout] test defs::namespace::test_namespace_transitive_relationship ... ok
[INFO] [stdout] test defs::namespace::test_namespace_fits_protos ... ok
[INFO] [stdout] test defs::namespace::test_namespace_choices ... ok
[INFO] [stdout] test defs::namespace::test_namespace_conjuncts_defs ... ok
[INFO] [stdout] test filter::test_haystack_filter::test_filter_or_and ... ok
[INFO] [stdout] test filter::test_haystack_filter::test_filter_parse_cpm_eq_bool ... ok
[INFO] [stdout] test filter::test_haystack_filter::test_filter_parse_cpm_eq_date ... ok
[INFO] [stdout] test filter::test_haystack_filter::test_filter_parse_cpm_eq_num ... ok
[INFO] [stdout] test filter::test_haystack_filter::test_filter_parse_cpm_eq_ref ... ok
[INFO] [stdout] test filter::test_haystack_filter::test_filter_parse_cpm_eq_string ... ok
[INFO] [stdout] test filter::test_haystack_filter::test_filter_parse_cpm_eq_time ... ok
[INFO] [stdout] test filter::test_haystack_filter::test_filter_parse_cpm_eq_uri ... ok
[INFO] [stdout] test filter::test_haystack_filter::test_filter_parse_cpm_noteq ... ok
[INFO] [stdout] test filter::test_haystack_filter::test_filter_parse_err ... ok
[INFO] [stdout] test filter::test_haystack_filter::test_filter_parse_gt_bool ... ok
[INFO] [stdout] test filter::test_haystack_filter::test_filter_parse_gt_date ... ok
[INFO] [stdout] test filter::test_haystack_filter::test_filter_parse_gt_num ... ok
[INFO] [stdout] test filter::test_haystack_filter::test_filter_parse_gte_num ... ok
[INFO] [stdout] test filter::test_haystack_filter::test_filter_parse_lt_num ... ok
[INFO] [stdout] test filter::test_haystack_filter::test_filter_parse_lte_num ... ok
[INFO] [stdout] test filter::test_haystack_filter::test_filter_parse_parens ... ok
[INFO] [stdout] test filter::test_haystack_filter::test_filter_parse_path ... ok
[INFO] [stdout] test filter::test_haystack_filter::test_filter_parse_path_nested ... ok
[INFO] [stdout] test filter::test_haystack_filter::test_filter_parse_simple_and ... ok
[INFO] [stdout] test filter::test_haystack_filter::test_filter_parse_simple_and_not ... ok
[INFO] [stdout] test filter::test_haystack_filter::test_filter_parse_simple_or ... ok
[INFO] [stdout] test filter::test_haystack_filter::test_filter_parse_simple_path ... ok
[INFO] [stdout] test filter::test_haystack_filter_visitor::test_filter_count_nodes ... ok
[INFO] [stdout] test json::test_bool::test_json_bool_decode ... ok
[INFO] [stdout] test json::test_bool::test_json_bool_encode ... ok
[INFO] [stdout] test json::test_bool::test_json_decode_malformed_bool ... ok
[INFO] [stdout] test json::test_coord::test_json_coord_decode ... ok
[INFO] [stdout] test json::test_coord::test_json_coord_encode ... ok
[INFO] [stdout] test json::test_coord::test_json_decode_malformed_coord ... ok
[INFO] [stdout] test json::test_date::test_json_date_decode ... ok
[INFO] [stdout] test json::test_date::test_json_date_encode ... ok
[INFO] [stdout] test json::test_date::test_json_decode_malformed_date ... ok
[INFO] [stdout] test json::test_datetime::test_json_datetime_decode ... ok
[INFO] [stdout] test json::test_datetime::test_json_datetime_encode ... ok
[INFO] [stdout] test json::test_datetime::test_json_datetime_tz_decode ... ok
[INFO] [stdout] test json::test_datetime::test_json_decode_malformed_datetime ... ok
[INFO] [stdout] test json::test_dict::test_json_decode_malformed_dict ... ok
[INFO] [stdout] test json::test_dict::test_json_dict_decode ... ok
[INFO] [stdout] test json::test_dict::test_json_dict_encode ... ok
[INFO] [stdout] test json::test_grid::test_json_decode_malformed_grid ... ok
[INFO] [stdout] test json::test_grid::test_json_grid_decode ... ok
[INFO] [stdout] test json::test_grid::test_json_grid_empty_encode ... ok
[INFO] [stdout] test json::test_grid::test_json_grid_with_ver ... ok
[INFO] [stdout] test defs::namespace::test_namespace_has_name ... ok
[INFO] [stdout] test json::test_list::test_json_decode_malformed_list ... ok
[INFO] [stdout] test json::test_list::test_json_list_decode ... ok
[INFO] [stdout] test json::test_list::test_json_list_encode ... ok
[INFO] [stdout] test json::test_marker::test_json_marker_decode ... ok
[INFO] [stdout] test json::test_marker::test_json_marker_encode ... ok
[INFO] [stdout] test filter::test_filter_defs::test_filter_path ... ok
[INFO] [stdout] test filter::test_filter_defs::test_filter_ref_list_path ... ok
[INFO] [stdout] test json::test_na::test_json_na_decode ... ok
[INFO] [stdout] test filter::test_filter_defs::test_filter_defs_containment ... ok
[INFO] [stdout] test filter::test_filter_defs::test_filter_defs_isa ... ok
[INFO] [stdout] test json::test_number::test_json_decode_number ... ok
[INFO] [stdout] test json::test_number::test_json_serialize_num ... ok
[INFO] [stdout] test json::test_na::test_json_na_encode ... ok
[INFO] [stdout] test json::test_number::test_json_decode_malformed_number ... ok
[INFO] [stdout] test json::test_reference::test_json_ref_decode ... ok
[INFO] [stdout] test json::test_reference::test_json_ref_encode ... ok
[INFO] [stdout] test json::test_remove::test_json_remove_decode ... ok
[INFO] [stdout] test json::test_reference::test_json_decode_malformed_ref ... ok
[INFO] [stdout] test json::test_remove::test_json_remove_encode ... ok
[INFO] [stdout] test json::test_symbol::test_json_symbol_decode ... ok
[INFO] [stdout] test json::test_symbol::test_json_decode_malformed_symbol ... ok
[INFO] [stdout] test json::test_symbol::test_json_symbol_encode ... ok
[INFO] [stdout] test json::test_string::test_json_str_decode ... ok
[INFO] [stdout] test json::test_string::test_json_str_encode ... ok
[INFO] [stdout] test json::test_time::test_json_decode_malformed_time ... ok
[INFO] [stdout] test json::test_time::test_json_time_decode ... ok
[INFO] [stdout] test json::test_time::test_json_time_encode ... ok
[INFO] [stdout] test json::test_uri::test_json_decode_malformed_uri ... ok
[INFO] [stdout] test json::test_uri::test_json_uri_encode ... ok
[INFO] [stdout] test json::test_uri::test_json_uri_decode ... ok
[INFO] [stdout] test json::test_value::test_json_null_encode ... ok
[INFO] [stdout] test json::test_value::test_json_null_decode ... ok
[INFO] [stdout] test json::test_xstr::test_json_decode_malformed_xstr ... ok
[INFO] [stdout] test json::test_xstr::test_json_xstr_decode ... ok
[INFO] [stdout] test json::test_value::test_json_decode_malformed_null ... ok
[INFO] [stdout] test json::test_value::test_json_decode_malformed_kind ... ok
[INFO] [stdout] test json::test_xstr::test_json_xstr_encode ... ok
[INFO] [stdout] test values::test_bool::test_bool_from_value ... ok
[INFO] [stdout] test values::test_coord::test_coord_cmp ... ok
[INFO] [stdout] test values::test_coord::test_coord_make_invalid_value ... ok
[INFO] [stdout] test values::test_coord::test_coord_make_value ... ok
[INFO] [stdout] test values::test_datetime::test_datetime_from_str_value ... ok
[INFO] [stdout] test values::test_datetime::test_datetime_make_value ... ok
[INFO] [stdout] test values::test_date::test_date_make_value ... ok
[INFO] [stdout] test values::test_date::test_date_from_str_value ... ok
[INFO] [stdout] test values::test_dict::test_dict_accessors ... ok
[INFO] [stdout] test values::test_grid::test_grid_iterator ... ok
[INFO] [stdout] test values::test_grid::test_grid_make_err ... ok
[INFO] [stdout] test values::test_dict::test_dict_make ... ok
[INFO] [stdout] test values::test_dict::test_dict_make_value ... ok
[INFO] [stdout] test values::test_dict::test_dict_make_filtered ... ok
[INFO] [stdout] test values::test_marker::test_marker_from_value ... ok
[INFO] [stdout] test values::test_list::test_list_make_value ... ok
[INFO] [stdout] test values::test_grid::test_grid_make_rows ... ok
[INFO] [stdout] test values::test_grid::test_grid_make_value ... ok
[INFO] [stdout] test values::test_na::test_na_from_value ... ok
[INFO] [stdout] test values::test_number::test_number_addition ... ok
[INFO] [stdout] test values::test_number::test_number_cmp ... ok
[INFO] [stdout] test values::test_marker::test_marker_value ... ok
[INFO] [stdout] test values::test_na::test_na_value ... ok
[INFO] [stdout] test values::test_number::test_number_division ... ok
[INFO] [stdout] test values::test_number::test_number_eq ... ok
[INFO] [stdout] test values::test_number::test_number_from ... ok
[INFO] [stdout] test values::test_number::test_number_make ... ok
[INFO] [stdout] test values::test_number::test_number_make_value ... ok
[INFO] [stdout] test values::test_number::test_number_subtraction ... ok
[INFO] [stdout] test values::test_reference::test_ref_cmp ... ok
[INFO] [stdout] test values::test_reference::test_ref_make ... ok
[INFO] [stdout] test values::test_remove::test_remove_from_value ... ok
[INFO] [stdout] test values::test_number::test_number_multiplication ... ok
[INFO] [stdout] test values::test_reference::test_ref_make_value ... ok
[INFO] [stdout] test values::test_string::test_ref_from ... ok
[INFO] [stdout] test values::test_string::test_str_make_value ... ok
[INFO] [stdout] test values::test_remove::test_remove_value ... ok
[INFO] [stdout] test values::test_symbol::test_symbol_from ... ok
[INFO] [stdout] test values::test_symbol::test_symbol_make_value ... ok
[INFO] [stdout] test values::test_uri::test_uri_make_value ... ok
[INFO] [stdout] test values::test_value::test_value_bool ... ok
[INFO] [stdout] test values::test_time::test_time_from_str_value ... ok
[INFO] [stdout] test values::test_time::test_time_make_value ... ok
[INFO] [stdout] test defs::namespace::test_namespace_get_all_by_name ... ok
[INFO] [stdout] test values::test_uri::test_uri_from ... ok
[INFO] [stdout] test values::test_value::test_value_coord ... ok
[INFO] [stdout] test values::test_value::test_value_date ... ok
[INFO] [stdout] test values::test_value::test_value_dict ... ok
[INFO] [stdout] test values::test_value::test_value_list ... ok
[INFO] [stdout] test values::test_value::test_value_datetime ... ok
[INFO] [stdout] test values::test_value::test_value_null ... ok
[INFO] [stdout] test values::test_value::test_value_marker ... ok
[INFO] [stdout] test values::test_value::test_value_null_hash ... ok
[INFO] [stdout] test values::test_value::test_value_na ... ok
[INFO] [stdout] test values::test_value::test_value_grid ... ok
[INFO] [stdout] test values::test_value::test_value_ref ... ok
[INFO] [stdout] test values::test_value::test_value_remove ... ok
[INFO] [stdout] test values::test_value::test_value_num ... ok
[INFO] [stdout] test values::test_value::test_value_time ... ok
[INFO] [stdout] test values::test_value::test_value_symbol ... ok
[INFO] [stdout] test values::test_value::test_value_uri ... ok
[INFO] [stdout] test values::test_value::test_value_xstr ... ok
[INFO] [stdout] test values::test_xstr::test_xstr_make_value ... ok
[INFO] [stdout] test zinc::test_bool::test_zinc_bool_decode ... ok
[INFO] [stdout] test zinc::test_bool::test_zinc_bool_encode ... ok
[INFO] [stdout] test values::test_value::test_value_str ... ok
[INFO] [stdout] test zinc::test_coord::test_zinc_coord_decode_bad ... ok
[INFO] [stdout] test zinc::test_coord::test_zinc_coord_decode ... ok
[INFO] [stdout] test zinc::test_coord::test_zinc_coord_encode ... ok
[INFO] [stdout] test zinc::test_date::test_zinc_date_decode_bad ... ok
[INFO] [stdout] test zinc::test_date::test_zinc_date_decode ... ok
[INFO] [stdout] test zinc::test_date::test_zinc_date_encode ... ok
[INFO] [stdout] test zinc::test_datetime::test_zinc_datetime_encode ... ok
[INFO] [stdout] test zinc::test_datetime::test_zinc_datetime_tz_decode_bad ... ok
[INFO] [stdout] test zinc::test_datetime::test_zinc_datetime_tz_decode ... ok
[INFO] [stdout] test zinc::test_datetime::test_zinc_datetime_utc_decode ... ok
[INFO] [stdout] test zinc::test_datetime::test_zinc_datetime_utc_decode_millis ... ok
[INFO] [stdout] test zinc::test_datetime::test_zinc_datetime_utc_decode_bad ... ok
[INFO] [stdout] test zinc::test_datetime::test_zinc_datetime_utc_decode_tz ... ok
[INFO] [stdout] test zinc::test_dict::test_zinc_dict_comma_decode ... ok
[INFO] [stdout] test zinc::test_dict::test_zinc_dict_decode ... ok
[INFO] [stdout] test values::test_value::test_value_dict_value ... ok
[INFO] [stdout] test zinc::test_grid::test_zinc_grid_decode ... ok
[INFO] [stdout] test zinc::test_grid::test_zinc_grid_empty_decode ... ok
[INFO] [stdout] test zinc::test_grid::test_zinc_grid_empty_encode ... ok
[INFO] [stdout] test zinc::test_grid::test_zinc_grid_encode ... ok
[INFO] [stdout] test zinc::test_grid::test_zinc_grid_inner_encode ... ok
[INFO] [stdout] test zinc::test_grid::test_zinc_grid_version_decode ... ok
[INFO] [stdout] test zinc::test_grid::test_zinc_grid_meta_decode ... ok
[INFO] [stdout] test zinc::test_grid::test_zinc_grid_bug_decode ... ok
[INFO] [stdout] test zinc::test_list::test_zinc_list_encode ... ok
[INFO] [stdout] test zinc::test_list::test_zinc_list_decode ... ok
[INFO] [stdout] test zinc::test_marker::test_zinc_marker_decode ... ok
[INFO] [stdout] test zinc::test_marker::test_zinc_marker_encode ... ok
[INFO] [stdout] test zinc::test_na::test_zinc_na_decode ... ok
[INFO] [stdout] test zinc::test_na::test_zinc_na_encode ... ok
[INFO] [stdout] test zinc::test_na::test_zinc_na_bad ... ok
[INFO] [stdout] test zinc::test_number::test_zinc_decode_num_exp ... ok
[INFO] [stdout] test zinc::test_number::test_zinc_serialize_num ... ok
[INFO] [stdout] test zinc::test_number::test_zinc_decode_num_euro ... ok
[INFO] [stdout] test zinc::test_reference::test_zinc_ref_bad ... ok
[INFO] [stdout] test zinc::test_reference::test_zinc_ref_encode ... ok
[INFO] [stdout] test zinc::test_number::test_zinc_de_serialize_number ... ok
[INFO] [stdout] test zinc::test_remove::test_zinc_remove_decode ... ok
[INFO] [stdout] test zinc::test_remove::test_zinc_remove_encode ... ok
[INFO] [stdout] test zinc::test_string::test_zinc_serialize_str_ecapse ... ok
[INFO] [stdout] test zinc::test_string::test_zinc_str_decode ... ok
[INFO] [stdout] test zinc::test_string::test_zinc_str_decode_bad ... ok
[INFO] [stdout] test zinc::test_dict::test_zinc_dict_encode ... ok
[INFO] [stdout] test zinc::test_reference::test_zinc_ref_decode ... ok
[INFO] [stdout] test zinc::test_string::test_zinc_str_encode ... ok
[INFO] [stdout] test zinc::test_symbol::test_zinc_symbol_decode ... ok
[INFO] [stdout] test zinc::test_symbol::test_zinc_symbol_decode_bad ... ok
[INFO] [stdout] test zinc::test_symbol::test_zinc_symbol_encode ... ok
[INFO] [stdout] test zinc::test_time::test_zinc_time_decode ... ok
[INFO] [stdout] test zinc::test_time::test_zinc_time_decode_bad ... ok
[INFO] [stdout] test defs::namespace::test_namespace_get_by_name ... ok
[INFO] [stdout] test zinc::test_uri::test_zinc_uri_decode ... ok
[INFO] [stdout] test zinc::test_time::test_zinc_time_encode ... ok
[INFO] [stdout] test zinc::test_value::test_zinc_null_decode ... ok
[INFO] [stdout] test zinc::test_time::test_zinc_time_millis_decode ... ok
[INFO] [stdout] test zinc::test_value::test_zinc_null_decode_bad ... ok
[INFO] [stdout] test zinc::test_value::test_zinc_null_encode ... ok
[INFO] [stdout] test zinc::test_xstr::test_zinc_xstr_decode ... ok
[INFO] [stdout] test zinc::test_uri::test_zinc_uri_encode ... ok
[INFO] [stdout] test zinc::test_xstr::test_zinc_xstr_encode ... ok
[INFO] [stdout] test zinc::test_uri::test_zinc_uri_decode_bad ... ok
[INFO] [stdout] test defs::namespace::test_namespace_reciprocal_relationship ... ok
[INFO] [stdout] test defs::namespace::test_namespace_relationship ... ok
[INFO] [stdout] test defs::namespace::test_namespace_has_subtype ... ok
[INFO] [stdout] test json::test_haystack_json_file::test_json_file_parse ... ok
[INFO] [stdout] test defs::namespace::test_namespace_has ... ok
[INFO] [stdout] test defs::namespace::test_namespace_tag_on_names ... ok
[INFO] [stdout] test defs::namespace::test_namespace_libs ... ok
[INFO] [stdout] test defs::namespace::test_namespace_tag_on_defs ... ok
[INFO] [stdout] test defs::namespace::test_namespace_subtypes_of ... ok
[INFO] [stdout] 
[INFO] [stdout] test result: ok. 245 passed; 0 failed; 0 ignored; 0 measured; 0 filtered out; finished in 0.77s
[INFO] [stdout] 
[INFO] [stderr]    Doc-tests libhaystack
[INFO] [stdout] 
[INFO] [stdout] running 104 tests
[INFO] [stdout] test src/c_api/coord.rs - c_api::coord::haystack_value_get_coord_lat (line 17) ... ok
[INFO] [stdout] test src/c_api/filter.rs - c_api::filter::haystack_filter_match_all_grid (line 220) ... FAILED
[INFO] [stdout] test src/c_api/filter.rs - c_api::filter::haystack_filter_match_dict (line 63) ... FAILED
[INFO] [stdout] test src/c_api/filter.rs - c_api::filter::haystack_filter_first_match_in_grid (line 125) ... FAILED
[INFO] [stdout] test src/c_api/datetime.rs - c_api::datetime::haystack_value_get_datetime_date (line 22) ... FAILED
[INFO] [stdout] test src/c_api/dict.rs - c_api::dict::haystack_value_get_dict_len (line 24) ... ok
[INFO] [stdout] test src/c_api/coord.rs - c_api::coord::haystack_value_get_coord_long (line 49) ... ok
[INFO] [stdout] test src/c_api/date.rs - c_api::date::haystack_value_get_date_day (line 83) ... ok
[INFO] [stdout] test src/c_api/date.rs - c_api::date::haystack_value_get_date_year (line 19) ... ok
[INFO] [stdout] test src/c_api/err.rs - c_api::err::last_error_message (line 62) ... ok
[INFO] [stdout] test src/c_api/date.rs - c_api::date::haystack_value_get_date_month (line 51) ... ok
[INFO] [stdout] test src/c_api/datetime.rs - c_api::datetime::haystack_value_get_datetime_timezone (line 140) ... ok
[INFO] [stdout] test src/c_api/datetime.rs - c_api::datetime::haystack_value_get_datetime_time (line 84) ... ok
[INFO] [stdout] test src/c_api/dict.rs - c_api::dict::haystack_value_insert_dict_entry (line 118) ... ok
[INFO] [stdout] test src/c_api/dict.rs - c_api::dict::haystack_value_remove_dict_entry (line 235) ... ok
[INFO] [stdout] test src/c_api/grid.rs - c_api::grid::haystack_value_get_grid_len (line 17) ... ok
[INFO] [stdout] test src/c_api/grid.rs - c_api::grid::haystack_value_get_grid_row_at (line 181) ... ok
[INFO] [stdout] test src/c_api/dict.rs - c_api::dict::haystack_value_get_dict_keys (line 58) ... ok
[INFO] [stdout] test src/c_api/dict.rs - c_api::dict::haystack_value_get_dict_entry (line 175) ... ok
[INFO] [stdout] test src/c_api/filter.rs - c_api::filter::haystack_filter_parse (line 21) ... ok
[INFO] [stdout] test src/c_api/list.rs - c_api::list::haystack_value_get_list_len (line 18) ... ok
[INFO] [stdout] test src/c_api/grid.rs - c_api::grid::haystack_value_make_grid_from_rows (line 51) ... ok
[INFO] [stdout] test src/c_api/list.rs - c_api::list::haystack_value_push_list_entry (line 51) ... ok
[INFO] [stdout] test src/c_api/grid.rs - c_api::grid::haystack_value_make_grid_from_rows_with_meta (line 120) ... ok
[INFO] [stdout] test src/c_api/list.rs - c_api::list::haystack_value_set_list_entry_at (line 151) ... ok
[INFO] [stdout] test src/c_api/list.rs - c_api::list::haystack_value_get_list_entry_at (line 97) ... ok
[INFO] [stdout] test src/c_api/reference.rs - c_api::reference::haystack_value_get_ref_dis (line 89) ... ok
[INFO] [stdout] test src/c_api/list.rs - c_api::list::haystack_value_remove_list_entry_at (line 211) ... ok
[INFO] [stdout] test src/c_api/number.rs - c_api::number::haystack_value_get_number_unit (line 98) ... ok
[INFO] [stdout] test src/c_api/number.rs - c_api::number::haystack_value_get_number_value (line 21) ... ok
[INFO] [stdout] test src/c_api/str.rs - c_api::str::haystack_value_get_str_len (line 20) ... ok
[INFO] [stdout] test src/c_api/reference.rs - c_api::reference::haystack_value_get_ref_value_len (line 20) ... ok
[INFO] [stdout] test src/c_api/reference.rs - c_api::reference::haystack_value_get_ref_value (line 53) ... ok
[INFO] [stdout] test src/c_api/number.rs - c_api::number::haystack_value_number_has_unit (line 54) ... ok
[INFO] [stdout] test src/c_api/str.rs - c_api::str::haystack_value_get_str_value (line 53) ... ok
[INFO] [stdout] test src/c_api/time.rs - c_api::time::haystack_value_get_time_minutes (line 51) ... ok
[INFO] [stdout] test src/c_api/value.rs - c_api::value::haystack_value_is_datetime (line 708) ... ok
[INFO] [stdout] test src/c_api/value.rs - c_api::value::haystack_value_is_dict (line 773) ... ok
[INFO] [stdout] test src/c_api/symbol.rs - c_api::symbol::haystack_value_get_symbol_value (line 53) ... ok
[INFO] [stdout] test src/c_api/time.rs - c_api::time::haystack_value_get_time_millis (line 115) ... ok
[INFO] [stdout] test src/c_api/time.rs - c_api::time::haystack_value_get_time_seconds (line 83) ... ok
[INFO] [stdout] test src/c_api/time.rs - c_api::time::haystack_value_get_time_hour (line 19) ... ok
[INFO] [stdout] test src/c_api/value.rs - c_api::value::haystack_value_is_date (line 605) ... ok
[INFO] [stdout] test src/c_api/value.rs - c_api::value::haystack_value_init (line 18) ... ok
[INFO] [stdout] test src/c_api/value.rs - c_api::value::haystack_value_is_grid (line 803) ... ok
[INFO] [stdout] test src/c_api/uri.rs - c_api::uri::haystack_value_get_uri_value_len (line 20) ... ok
[INFO] [stdout] test src/c_api/value.rs - c_api::value::haystack_value_is_coord (line 279) ... ok
[INFO] [stdout] test src/c_api/value.rs - c_api::value::haystack_value_destroy (line 37) ... ok
[INFO] [stdout] test src/c_api/symbol.rs - c_api::symbol::haystack_value_get_symbol_value_len (line 20) ... ok
[INFO] [stdout] test src/c_api/value.rs - c_api::value::haystack_value_is_bool (line 175) ... ok
[INFO] [stdout] test src/c_api/value.rs - c_api::value::haystack_value_is_list (line 743) ... ok
[INFO] [stdout] test src/c_api/value.rs - c_api::value::haystack_value_is_number (line 205) ... ok
[INFO] [stdout] test src/c_api/uri.rs - c_api::uri::haystack_value_get_uri_value (line 53) ... ok
[INFO] [stdout] test src/c_api/value.rs - c_api::value::haystack_value_is_na (line 115) ... ok
[INFO] [stdout] test src/c_api/value.rs - c_api::value::haystack_value_is_str (line 319) ... ok
[INFO] [stdout] test src/c_api/value.rs - c_api::value::haystack_value_is_null (line 57) ... ok
[INFO] [stdout] test src/c_api/value.rs - c_api::value::haystack_value_is_marker (line 86) ... ok
[INFO] [stdout] test src/c_api/value.rs - c_api::value::haystack_value_is_ref (line 387) ... ok
[INFO] [stdout] test src/c_api/value.rs - c_api::value::haystack_value_is_remove (line 145) ... ok
[INFO] [stdout] test src/c_api/value.rs - c_api::value::haystack_value_is_symbol (line 469) ... ok
[INFO] [stdout] test src/c_api/value.rs - c_api::value::haystack_value_is_time (line 571) ... ok
[INFO] [stdout] test src/c_api/value.rs - c_api::value::haystack_value_is_uri (line 428) ... ok
[INFO] [stdout] test src/c_api/value.rs - c_api::value::haystack_value_is_xstr (line 518) ... ok
[INFO] [stdout] test src/c_api/xstr.rs - c_api::xstr::haystack_value_get_xstr_type (line 20) ... ok
[INFO] [stdout] test src/c_api/xstr.rs - c_api::xstr::haystack_value_get_xstr_value (line 57) ... ok
[INFO] [stdout] test src/haystack/encoding/zinc/encode.rs - haystack::encoding::zinc::encode::to_zinc_string (line 37) ... ok
[INFO] [stdout] test src/haystack/encoding/zinc/decode/value.rs - haystack::encoding::zinc::decode::value::from_str (line 11) ... ok
[INFO] [stdout] test src/c_api/value.rs - c_api::value::haystack_value_make_number_with_unit (line 230) ... ok
[INFO] [stdout] test src/haystack/encoding/json/mod.rs - haystack::encoding::json (line 10) ... ok
[INFO] [stdout] test src/haystack/encoding/json/mod.rs - haystack::encoding::json (line 23) ... ok
[INFO] [stdout] test src/haystack/encoding/zinc/encode.rs - haystack::encoding::zinc::encode::ToZinc::to_zinc_string (line 19) ... ok
[INFO] [stdout] test src/haystack/filter/filtered/dict.rs - haystack::filter::filtered::dict::Dict (line 14) ... ok
[INFO] [stdout] test src/haystack/filter/filtered/grid.rs - haystack::filter::filtered::grid::Grid::filter_all (line 45) ... ok
[INFO] [stdout] test src/haystack/val/boolean.rs - haystack::val::boolean::Bool (line 19) ... ok
[INFO] [stdout] test src/haystack/filter/filtered/mod.rs - haystack::filter::filtered::Filtered (line 17) ... ok
[INFO] [stdout] test src/haystack/filter/filtered/grid.rs - haystack::filter::filtered::grid::Grid::filter (line 15) ... ok
[INFO] [stdout] test src/haystack/val/coord.rs - haystack::val::coord::Coord (line 16) ... ok
[INFO] [stdout] test src/haystack/val/boolean.rs - haystack::val::boolean::Bool (line 13) ... ok
[INFO] [stdout] test src/haystack/val/dict.rs - haystack::val::dict::dict (line 309) ... ok
[INFO] [stdout] test src/haystack/filter/mod.rs - haystack::filter (line 10) ... ok
[INFO] [stdout] test src/haystack/val/datetime.rs - haystack::val::datetime::DateTime (line 23) ... ok
[INFO] [stdout] test src/haystack/val/grid.rs - haystack::val::grid::Grid (line 28) ... ok
[INFO] [stdout] test src/haystack/filter/filtered/mod.rs - haystack::filter::filtered::ListFiltered (line 39) ... ok
[INFO] [stdout] test src/haystack/val/date.rs - haystack::val::date::Date (line 19) ... ok
[INFO] [stdout] test src/haystack/val/dict.rs - haystack::val::dict::Dict (line 23) ... ok
[INFO] [stdout] test src/haystack/val/list.rs - haystack::val::list::List (line 12) ... ok
[INFO] [stdout] test src/haystack/val/grid.rs - haystack::val::grid::Grid::make_from_dicts_with_meta (line 107) ... ok
[INFO] [stdout] test src/haystack/val/marker.rs - haystack::val::marker::Marker (line 11) ... ok
[INFO] [stdout] test src/haystack/val/na.rs - haystack::val::na::Na (line 11) ... ok
[INFO] [stdout] test src/haystack/val/mod.rs - haystack::val (line 31) ... ok
[INFO] [stdout] test src/haystack/val/mod.rs - haystack::val (line 42) ... ok
[INFO] [stdout] test src/haystack/val/mod.rs - haystack::val (line 14) ... ok
[INFO] [stdout] test src/haystack/val/reference.rs - haystack::val::reference::Ref (line 15) ... ok
[INFO] [stdout] test src/haystack/val/mod.rs - haystack::val (line 55) ... ok
[INFO] [stdout] test src/haystack/val/remove.rs - haystack::val::remove::Remove (line 11) ... ok
[INFO] [stdout] test src/haystack/val/string.rs - haystack::val::string::Str (line 11) ... ok
[INFO] [stdout] test src/haystack/val/symbol.rs - haystack::val::symbol::Symbol (line 11) ... ok
[INFO] [stdout] test src/haystack/val/number.rs - haystack::val::number::Number (line 17) ... ok
[INFO] [stdout] test src/haystack/val/time.rs - haystack::val::time::Time (line 19) ... ok
[INFO] [stdout] test src/haystack/val/uri.rs - haystack::val::uri::Uri (line 11) ... ok
[INFO] [stdout] test src/haystack/val/value.rs - haystack::val::value::Value (line 42) ... ok
[INFO] [stdout] test src/haystack/val/value.rs - haystack::val::value::Value (line 31) ... ok
[INFO] [stdout] test src/haystack/val/value.rs - haystack::val::value::Value (line 52) ... ok
[INFO] [stdout] test src/haystack/val/xstr.rs - haystack::val::xstr::XStr (line 11) ... ok
[INFO] [stdout] 
[INFO] [stdout] failures:
[INFO] [stdout] 
[INFO] [stdout] ---- src/c_api/filter.rs - c_api::filter::haystack_filter_match_all_grid (line 220) stdout ----
[INFO] [stdout] error: linking with `cc` failed: exit status: 1
[INFO] [stdout]   |
[INFO] [stdout]   = note: LC_ALL="C" PATH="/opt/rustwide/rustup-home/toolchains/beta-2023-12-22-x86_64-unknown-linux-gnu/lib/rustlib/x86_64-unknown-linux-gnu/bin:/opt/rustwide/cargo-home/bin:/usr/local/sbin:/usr/local/bin:/usr/sbin:/usr/bin:/sbin:/bin" VSLANG="1033" "cc" "-m64" "/tmp/rustcLWCEUY/symbols.o" "/tmp/rustdoctestgp3Efk/rust_out.rust_out.1380c8ea7c88b8e2-cgu.0.rcgu.o" "/tmp/rustdoctestgp3Efk/rust_out.3lr6z6385pynyhem.rcgu.o" "-Wl,--as-needed" "-L" "/opt/rustwide/target/debug/deps" "-L" "/opt/rustwide/target/debug/deps" "-L" "/opt/rustwide/rustup-home/toolchains/beta-2023-12-22-x86_64-unknown-linux-gnu/lib/rustlib/x86_64-unknown-linux-gnu/lib" "-Wl,-Bstatic" "/opt/rustwide/target/debug/deps/liblibhaystack.rlib" "/opt/rustwide/target/debug/deps/libserde_json-4c7675d40885eab7.rlib" "/opt/rustwide/target/debug/deps/libryu-4b03a7708da1319d.rlib" "/opt/rustwide/target/debug/deps/libitoa-34968a9f29c36fec.rlib" "/opt/rustwide/target/debug/deps/libuuid-392b6d68290e7c0f.rlib" "/opt/rustwide/target/debug/deps/libgetrandom-a04a50163982ccd7.rlib" "/opt/rustwide/target/debug/deps/libchrono_tz-2c7e268f99ca3a95.rlib" "/opt/rustwide/target/debug/deps/libphf-591d27f147d5ee99.rlib" "/opt/rustwide/target/debug/deps/libphf_shared-a2a61cb1c2c89d57.rlib" "/opt/rustwide/target/debug/deps/libuncased-a442029bb792e4b7.rlib" "/opt/rustwide/target/debug/deps/libsiphasher-8c98df6e4615cbd6.rlib" "/opt/rustwide/target/debug/deps/libserde-43396d81f5c62e04.rlib" "/opt/rustwide/target/debug/deps/liblazy_static-efa3519517df6cf0.rlib" "/opt/rustwide/target/debug/deps/libdashmap-398f1ff5198697b6.rlib" "/opt/rustwide/target/debug/deps/liblock_api-af608386887ddd92.rlib" "/opt/rustwide/target/debug/deps/libscopeguard-f937485db0060aca.rlib" "/opt/rustwide/target/debug/deps/libonce_cell-334d739f4e3a4961.rlib" "/opt/rustwide/target/debug/deps/libparking_lot_core-282ebb2f09237da2.rlib" "/opt/rustwide/target/debug/deps/liblibc-9bdc13f38078ecbe.rlib" "/opt/rustwide/target/debug/deps/libcfg_if-e7002d307f97bc56.rlib" "/opt/rustwide/target/debug/deps/libsmallvec-2fe51d264bce6b98.rlib" "/opt/rustwide/target/debug/deps/libhashbrown-191498bbc7e573ef.rlib" "/opt/rustwide/target/debug/deps/libchrono-521db0ddecb225ca.rlib" "/opt/rustwide/target/debug/deps/libnum_traits-d78ef80edf268e06.rlib" "/opt/rustwide/target/debug/deps/libiana_time_zone-0d3ced6f0a9aca0f.rlib" "/opt/rustwide/rustup-home/toolchains/beta-2023-12-22-x86_64-unknown-linux-gnu/lib/rustlib/x86_64-unknown-linux-gnu/lib/libstd-0672489a78b613de.rlib" "/opt/rustwide/rustup-home/toolchains/beta-2023-12-22-x86_64-unknown-linux-gnu/lib/rustlib/x86_64-unknown-linux-gnu/lib/libpanic_unwind-7eb3ffc34a49f675.rlib" "/opt/rustwide/rustup-home/toolchains/beta-2023-12-22-x86_64-unknown-linux-gnu/lib/rustlib/x86_64-unknown-linux-gnu/lib/libobject-6478a9daa4bee8e2.rlib" "/opt/rustwide/rustup-home/toolchains/beta-2023-12-22-x86_64-unknown-linux-gnu/lib/rustlib/x86_64-unknown-linux-gnu/lib/libmemchr-0c75d871a5c3923d.rlib" "/opt/rustwide/rustup-home/toolchains/beta-2023-12-22-x86_64-unknown-linux-gnu/lib/rustlib/x86_64-unknown-linux-gnu/lib/libaddr2line-d163ef63ad37bb71.rlib" "/opt/rustwide/rustup-home/toolchains/beta-2023-12-22-x86_64-unknown-linux-gnu/lib/rustlib/x86_64-unknown-linux-gnu/lib/libgimli-8a3fd810a85b9f4c.rlib" "/opt/rustwide/rustup-home/toolchains/beta-2023-12-22-x86_64-unknown-linux-gnu/lib/rustlib/x86_64-unknown-linux-gnu/lib/librustc_demangle-462a2cde8c5dfc10.rlib" "/opt/rustwide/rustup-home/toolchains/beta-2023-12-22-x86_64-unknown-linux-gnu/lib/rustlib/x86_64-unknown-linux-gnu/lib/libstd_detect-cb06ac9f54713f71.rlib" "/opt/rustwide/rustup-home/toolchains/beta-2023-12-22-x86_64-unknown-linux-gnu/lib/rustlib/x86_64-unknown-linux-gnu/lib/libhashbrown-f20bfd1f8e59b393.rlib" "/opt/rustwide/rustup-home/toolchains/beta-2023-12-22-x86_64-unknown-linux-gnu/lib/rustlib/x86_64-unknown-linux-gnu/lib/librustc_std_workspace_alloc-1ef460949b49da4b.rlib" "/opt/rustwide/rustup-home/toolchains/beta-2023-12-22-x86_64-unknown-linux-gnu/lib/rustlib/x86_64-unknown-linux-gnu/lib/libminiz_oxide-2cb0c0ffe4f87514.rlib" "/opt/rustwide/rustup-home/toolchains/beta-2023-12-22-x86_64-unknown-linux-gnu/lib/rustlib/x86_64-unknown-linux-gnu/lib/libadler-58d841eb322a11a2.rlib" "/opt/rustwide/rustup-home/toolchains/beta-2023-12-22-x86_64-unknown-linux-gnu/lib/rustlib/x86_64-unknown-linux-gnu/lib/libunwind-aa2ae0b0a9d11533.rlib" "/opt/rustwide/rustup-home/toolchains/beta-2023-12-22-x86_64-unknown-linux-gnu/lib/rustlib/x86_64-unknown-linux-gnu/lib/libcfg_if-23874e15830ed336.rlib" "/opt/rustwide/rustup-home/toolchains/beta-2023-12-22-x86_64-unknown-linux-gnu/lib/rustlib/x86_64-unknown-linux-gnu/lib/liblibc-e47cddc003bce885.rlib" "/opt/rustwide/rustup-home/toolchains/beta-2023-12-22-x86_64-unknown-linux-gnu/lib/rustlib/x86_64-unknown-linux-gnu/lib/liballoc-c22b13b48a8f128e.rlib" "/opt/rustwide/rustup-home/toolchains/beta-2023-12-22-x86_64-unknown-linux-gnu/lib/rustlib/x86_64-unknown-linux-gnu/lib/librustc_std_workspace_core-e46bc3da6d7c462f.rlib" "/opt/rustwide/rustup-home/toolchains/beta-2023-12-22-x86_64-unknown-linux-gnu/lib/rustlib/x86_64-unknown-linux-gnu/lib/libcore-8d1ac131d3cb2645.rlib" "/opt/rustwide/rustup-home/toolchains/beta-2023-12-22-x86_64-unknown-linux-gnu/lib/rustlib/x86_64-unknown-linux-gnu/lib/libcompiler_builtins-a1b43df8c6899c1f.rlib" "-Wl,-Bdynamic" "-lgcc_s" "-lutil" "-lrt" "-lpthread" "-lm" "-ldl" "-lc" "-Wl,--eh-frame-hdr" "-Wl,-z,noexecstack" "-L" "/opt/rustwide/rustup-home/toolchains/beta-2023-12-22-x86_64-unknown-linux-gnu/lib/rustlib/x86_64-unknown-linux-gnu/lib" "-o" "/tmp/rustdoctestgp3Efk/rust_out" "-Wl,--gc-sections" "-pie" "-Wl,-z,relro,-z,now" "-nodefaultlibs"
[INFO] [stdout]   = note: collect2: fatal error: ld terminated with signal 9 [Killed]
[INFO] [stdout]           compilation terminated.
[INFO] [stdout]           
[INFO] [stdout] 
[INFO] [stdout] error: aborting due to 1 previous error
[INFO] [stdout] 
[INFO] [stdout] Couldn't compile the test.
[INFO] [stdout] ---- src/c_api/filter.rs - c_api::filter::haystack_filter_match_dict (line 63) stdout ----
[INFO] [stdout] error: linking with `cc` failed: exit status: 1
[INFO] [stdout]   |
[INFO] [stdout]   = note: LC_ALL="C" PATH="/opt/rustwide/rustup-home/toolchains/beta-2023-12-22-x86_64-unknown-linux-gnu/lib/rustlib/x86_64-unknown-linux-gnu/bin:/opt/rustwide/cargo-home/bin:/usr/local/sbin:/usr/local/bin:/usr/sbin:/usr/bin:/sbin:/bin" VSLANG="1033" "cc" "-m64" "/tmp/rustcdxreWg/symbols.o" "/tmp/rustdoctestfclb0E/rust_out.rust_out.1380c8ea7c88b8e2-cgu.0.rcgu.o" "/tmp/rustdoctestfclb0E/rust_out.3lr6z6385pynyhem.rcgu.o" "-Wl,--as-needed" "-L" "/opt/rustwide/target/debug/deps" "-L" "/opt/rustwide/target/debug/deps" "-L" "/opt/rustwide/rustup-home/toolchains/beta-2023-12-22-x86_64-unknown-linux-gnu/lib/rustlib/x86_64-unknown-linux-gnu/lib" "-Wl,-Bstatic" "/opt/rustwide/target/debug/deps/liblibhaystack.rlib" "/opt/rustwide/target/debug/deps/libserde_json-4c7675d40885eab7.rlib" "/opt/rustwide/target/debug/deps/libryu-4b03a7708da1319d.rlib" "/opt/rustwide/target/debug/deps/libitoa-34968a9f29c36fec.rlib" "/opt/rustwide/target/debug/deps/libuuid-392b6d68290e7c0f.rlib" "/opt/rustwide/target/debug/deps/libgetrandom-a04a50163982ccd7.rlib" "/opt/rustwide/target/debug/deps/libchrono_tz-2c7e268f99ca3a95.rlib" "/opt/rustwide/target/debug/deps/libphf-591d27f147d5ee99.rlib" "/opt/rustwide/target/debug/deps/libphf_shared-a2a61cb1c2c89d57.rlib" "/opt/rustwide/target/debug/deps/libuncased-a442029bb792e4b7.rlib" "/opt/rustwide/target/debug/deps/libsiphasher-8c98df6e4615cbd6.rlib" "/opt/rustwide/target/debug/deps/libserde-43396d81f5c62e04.rlib" "/opt/rustwide/target/debug/deps/liblazy_static-efa3519517df6cf0.rlib" "/opt/rustwide/target/debug/deps/libdashmap-398f1ff5198697b6.rlib" "/opt/rustwide/target/debug/deps/liblock_api-af608386887ddd92.rlib" "/opt/rustwide/target/debug/deps/libscopeguard-f937485db0060aca.rlib" "/opt/rustwide/target/debug/deps/libonce_cell-334d739f4e3a4961.rlib" "/opt/rustwide/target/debug/deps/libparking_lot_core-282ebb2f09237da2.rlib" "/opt/rustwide/target/debug/deps/liblibc-9bdc13f38078ecbe.rlib" "/opt/rustwide/target/debug/deps/libcfg_if-e7002d307f97bc56.rlib" "/opt/rustwide/target/debug/deps/libsmallvec-2fe51d264bce6b98.rlib" "/opt/rustwide/target/debug/deps/libhashbrown-191498bbc7e573ef.rlib" "/opt/rustwide/target/debug/deps/libchrono-521db0ddecb225ca.rlib" "/opt/rustwide/target/debug/deps/libnum_traits-d78ef80edf268e06.rlib" "/opt/rustwide/target/debug/deps/libiana_time_zone-0d3ced6f0a9aca0f.rlib" "/opt/rustwide/rustup-home/toolchains/beta-2023-12-22-x86_64-unknown-linux-gnu/lib/rustlib/x86_64-unknown-linux-gnu/lib/libstd-0672489a78b613de.rlib" "/opt/rustwide/rustup-home/toolchains/beta-2023-12-22-x86_64-unknown-linux-gnu/lib/rustlib/x86_64-unknown-linux-gnu/lib/libpanic_unwind-7eb3ffc34a49f675.rlib" "/opt/rustwide/rustup-home/toolchains/beta-2023-12-22-x86_64-unknown-linux-gnu/lib/rustlib/x86_64-unknown-linux-gnu/lib/libobject-6478a9daa4bee8e2.rlib" "/opt/rustwide/rustup-home/toolchains/beta-2023-12-22-x86_64-unknown-linux-gnu/lib/rustlib/x86_64-unknown-linux-gnu/lib/libmemchr-0c75d871a5c3923d.rlib" "/opt/rustwide/rustup-home/toolchains/beta-2023-12-22-x86_64-unknown-linux-gnu/lib/rustlib/x86_64-unknown-linux-gnu/lib/libaddr2line-d163ef63ad37bb71.rlib" "/opt/rustwide/rustup-home/toolchains/beta-2023-12-22-x86_64-unknown-linux-gnu/lib/rustlib/x86_64-unknown-linux-gnu/lib/libgimli-8a3fd810a85b9f4c.rlib" "/opt/rustwide/rustup-home/toolchains/beta-2023-12-22-x86_64-unknown-linux-gnu/lib/rustlib/x86_64-unknown-linux-gnu/lib/librustc_demangle-462a2cde8c5dfc10.rlib" "/opt/rustwide/rustup-home/toolchains/beta-2023-12-22-x86_64-unknown-linux-gnu/lib/rustlib/x86_64-unknown-linux-gnu/lib/libstd_detect-cb06ac9f54713f71.rlib" "/opt/rustwide/rustup-home/toolchains/beta-2023-12-22-x86_64-unknown-linux-gnu/lib/rustlib/x86_64-unknown-linux-gnu/lib/libhashbrown-f20bfd1f8e59b393.rlib" "/opt/rustwide/rustup-home/toolchains/beta-2023-12-22-x86_64-unknown-linux-gnu/lib/rustlib/x86_64-unknown-linux-gnu/lib/librustc_std_workspace_alloc-1ef460949b49da4b.rlib" "/opt/rustwide/rustup-home/toolchains/beta-2023-12-22-x86_64-unknown-linux-gnu/lib/rustlib/x86_64-unknown-linux-gnu/lib/libminiz_oxide-2cb0c0ffe4f87514.rlib" "/opt/rustwide/rustup-home/toolchains/beta-2023-12-22-x86_64-unknown-linux-gnu/lib/rustlib/x86_64-unknown-linux-gnu/lib/libadler-58d841eb322a11a2.rlib" "/opt/rustwide/rustup-home/toolchains/beta-2023-12-22-x86_64-unknown-linux-gnu/lib/rustlib/x86_64-unknown-linux-gnu/lib/libunwind-aa2ae0b0a9d11533.rlib" "/opt/rustwide/rustup-home/toolchains/beta-2023-12-22-x86_64-unknown-linux-gnu/lib/rustlib/x86_64-unknown-linux-gnu/lib/libcfg_if-23874e15830ed336.rlib" "/opt/rustwide/rustup-home/toolchains/beta-2023-12-22-x86_64-unknown-linux-gnu/lib/rustlib/x86_64-unknown-linux-gnu/lib/liblibc-e47cddc003bce885.rlib" "/opt/rustwide/rustup-home/toolchains/beta-2023-12-22-x86_64-unknown-linux-gnu/lib/rustlib/x86_64-unknown-linux-gnu/lib/liballoc-c22b13b48a8f128e.rlib" "/opt/rustwide/rustup-home/toolchains/beta-2023-12-22-x86_64-unknown-linux-gnu/lib/rustlib/x86_64-unknown-linux-gnu/lib/librustc_std_workspace_core-e46bc3da6d7c462f.rlib" "/opt/rustwide/rustup-home/toolchains/beta-2023-12-22-x86_64-unknown-linux-gnu/lib/rustlib/x86_64-unknown-linux-gnu/lib/libcore-8d1ac131d3cb2645.rlib" "/opt/rustwide/rustup-home/toolchains/beta-2023-12-22-x86_64-unknown-linux-gnu/lib/rustlib/x86_64-unknown-linux-gnu/lib/libcompiler_builtins-a1b43df8c6899c1f.rlib" "-Wl,-Bdynamic" "-lgcc_s" "-lutil" "-lrt" "-lpthread" "-lm" "-ldl" "-lc" "-Wl,--eh-frame-hdr" "-Wl,-z,noexecstack" "-L" "/opt/rustwide/rustup-home/toolchains/beta-2023-12-22-x86_64-unknown-linux-gnu/lib/rustlib/x86_64-unknown-linux-gnu/lib" "-o" "/tmp/rustdoctestfclb0E/rust_out" "-Wl,--gc-sections" "-pie" "-Wl,-z,relro,-z,now" "-nodefaultlibs"
[INFO] [stdout]   = note: collect2: fatal error: ld terminated with signal 9 [Killed]
[INFO] [stdout]           compilation terminated.
[INFO] [stdout]           
[INFO] [stdout] 
[INFO] [stdout] error: aborting due to 1 previous error
[INFO] [stdout] 
[INFO] [stdout] Couldn't compile the test.
[INFO] [stdout] ---- src/c_api/filter.rs - c_api::filter::haystack_filter_first_match_in_grid (line 125) stdout ----
[INFO] [stdout] error: linking with `cc` failed: exit status: 1
[INFO] [stdout]   |
[INFO] [stdout]   = note: LC_ALL="C" PATH="/opt/rustwide/rustup-home/toolchains/beta-2023-12-22-x86_64-unknown-linux-gnu/lib/rustlib/x86_64-unknown-linux-gnu/bin:/opt/rustwide/cargo-home/bin:/usr/local/sbin:/usr/local/bin:/usr/sbin:/usr/bin:/sbin:/bin" VSLANG="1033" "cc" "-m64" "/tmp/rustcyVcYcs/symbols.o" "/tmp/rustdoctest4JFF0o/rust_out.rust_out.1380c8ea7c88b8e2-cgu.0.rcgu.o" "/tmp/rustdoctest4JFF0o/rust_out.3lr6z6385pynyhem.rcgu.o" "-Wl,--as-needed" "-L" "/opt/rustwide/target/debug/deps" "-L" "/opt/rustwide/target/debug/deps" "-L" "/opt/rustwide/rustup-home/toolchains/beta-2023-12-22-x86_64-unknown-linux-gnu/lib/rustlib/x86_64-unknown-linux-gnu/lib" "-Wl,-Bstatic" "/opt/rustwide/target/debug/deps/liblibhaystack.rlib" "/opt/rustwide/target/debug/deps/libserde_json-4c7675d40885eab7.rlib" "/opt/rustwide/target/debug/deps/libryu-4b03a7708da1319d.rlib" "/opt/rustwide/target/debug/deps/libitoa-34968a9f29c36fec.rlib" "/opt/rustwide/target/debug/deps/libuuid-392b6d68290e7c0f.rlib" "/opt/rustwide/target/debug/deps/libgetrandom-a04a50163982ccd7.rlib" "/opt/rustwide/target/debug/deps/libchrono_tz-2c7e268f99ca3a95.rlib" "/opt/rustwide/target/debug/deps/libphf-591d27f147d5ee99.rlib" "/opt/rustwide/target/debug/deps/libphf_shared-a2a61cb1c2c89d57.rlib" "/opt/rustwide/target/debug/deps/libuncased-a442029bb792e4b7.rlib" "/opt/rustwide/target/debug/deps/libsiphasher-8c98df6e4615cbd6.rlib" "/opt/rustwide/target/debug/deps/libserde-43396d81f5c62e04.rlib" "/opt/rustwide/target/debug/deps/liblazy_static-efa3519517df6cf0.rlib" "/opt/rustwide/target/debug/deps/libdashmap-398f1ff5198697b6.rlib" "/opt/rustwide/target/debug/deps/liblock_api-af608386887ddd92.rlib" "/opt/rustwide/target/debug/deps/libscopeguard-f937485db0060aca.rlib" "/opt/rustwide/target/debug/deps/libonce_cell-334d739f4e3a4961.rlib" "/opt/rustwide/target/debug/deps/libparking_lot_core-282ebb2f09237da2.rlib" "/opt/rustwide/target/debug/deps/liblibc-9bdc13f38078ecbe.rlib" "/opt/rustwide/target/debug/deps/libcfg_if-e7002d307f97bc56.rlib" "/opt/rustwide/target/debug/deps/libsmallvec-2fe51d264bce6b98.rlib" "/opt/rustwide/target/debug/deps/libhashbrown-191498bbc7e573ef.rlib" "/opt/rustwide/target/debug/deps/libchrono-521db0ddecb225ca.rlib" "/opt/rustwide/target/debug/deps/libnum_traits-d78ef80edf268e06.rlib" "/opt/rustwide/target/debug/deps/libiana_time_zone-0d3ced6f0a9aca0f.rlib" "/opt/rustwide/rustup-home/toolchains/beta-2023-12-22-x86_64-unknown-linux-gnu/lib/rustlib/x86_64-unknown-linux-gnu/lib/libstd-0672489a78b613de.rlib" "/opt/rustwide/rustup-home/toolchains/beta-2023-12-22-x86_64-unknown-linux-gnu/lib/rustlib/x86_64-unknown-linux-gnu/lib/libpanic_unwind-7eb3ffc34a49f675.rlib" "/opt/rustwide/rustup-home/toolchains/beta-2023-12-22-x86_64-unknown-linux-gnu/lib/rustlib/x86_64-unknown-linux-gnu/lib/libobject-6478a9daa4bee8e2.rlib" "/opt/rustwide/rustup-home/toolchains/beta-2023-12-22-x86_64-unknown-linux-gnu/lib/rustlib/x86_64-unknown-linux-gnu/lib/libmemchr-0c75d871a5c3923d.rlib" "/opt/rustwide/rustup-home/toolchains/beta-2023-12-22-x86_64-unknown-linux-gnu/lib/rustlib/x86_64-unknown-linux-gnu/lib/libaddr2line-d163ef63ad37bb71.rlib" "/opt/rustwide/rustup-home/toolchains/beta-2023-12-22-x86_64-unknown-linux-gnu/lib/rustlib/x86_64-unknown-linux-gnu/lib/libgimli-8a3fd810a85b9f4c.rlib" "/opt/rustwide/rustup-home/toolchains/beta-2023-12-22-x86_64-unknown-linux-gnu/lib/rustlib/x86_64-unknown-linux-gnu/lib/librustc_demangle-462a2cde8c5dfc10.rlib" "/opt/rustwide/rustup-home/toolchains/beta-2023-12-22-x86_64-unknown-linux-gnu/lib/rustlib/x86_64-unknown-linux-gnu/lib/libstd_detect-cb06ac9f54713f71.rlib" "/opt/rustwide/rustup-home/toolchains/beta-2023-12-22-x86_64-unknown-linux-gnu/lib/rustlib/x86_64-unknown-linux-gnu/lib/libhashbrown-f20bfd1f8e59b393.rlib" "/opt/rustwide/rustup-home/toolchains/beta-2023-12-22-x86_64-unknown-linux-gnu/lib/rustlib/x86_64-unknown-linux-gnu/lib/librustc_std_workspace_alloc-1ef460949b49da4b.rlib" "/opt/rustwide/rustup-home/toolchains/beta-2023-12-22-x86_64-unknown-linux-gnu/lib/rustlib/x86_64-unknown-linux-gnu/lib/libminiz_oxide-2cb0c0ffe4f87514.rlib" "/opt/rustwide/rustup-home/toolchains/beta-2023-12-22-x86_64-unknown-linux-gnu/lib/rustlib/x86_64-unknown-linux-gnu/lib/libadler-58d841eb322a11a2.rlib" "/opt/rustwide/rustup-home/toolchains/beta-2023-12-22-x86_64-unknown-linux-gnu/lib/rustlib/x86_64-unknown-linux-gnu/lib/libunwind-aa2ae0b0a9d11533.rlib" "/opt/rustwide/rustup-home/toolchains/beta-2023-12-22-x86_64-unknown-linux-gnu/lib/rustlib/x86_64-unknown-linux-gnu/lib/libcfg_if-23874e15830ed336.rlib" "/opt/rustwide/rustup-home/toolchains/beta-2023-12-22-x86_64-unknown-linux-gnu/lib/rustlib/x86_64-unknown-linux-gnu/lib/liblibc-e47cddc003bce885.rlib" "/opt/rustwide/rustup-home/toolchains/beta-2023-12-22-x86_64-unknown-linux-gnu/lib/rustlib/x86_64-unknown-linux-gnu/lib/liballoc-c22b13b48a8f128e.rlib" "/opt/rustwide/rustup-home/toolchains/beta-2023-12-22-x86_64-unknown-linux-gnu/lib/rustlib/x86_64-unknown-linux-gnu/lib/librustc_std_workspace_core-e46bc3da6d7c462f.rlib" "/opt/rustwide/rustup-home/toolchains/beta-2023-12-22-x86_64-unknown-linux-gnu/lib/rustlib/x86_64-unknown-linux-gnu/lib/libcore-8d1ac131d3cb2645.rlib" "/opt/rustwide/rustup-home/toolchains/beta-2023-12-22-x86_64-unknown-linux-gnu/lib/rustlib/x86_64-unknown-linux-gnu/lib/libcompiler_builtins-a1b43df8c6899c1f.rlib" "-Wl,-Bdynamic" "-lgcc_s" "-lutil" "-lrt" "-lpthread" "-lm" "-ldl" "-lc" "-Wl,--eh-frame-hdr" "-Wl,-z,noexecstack" "-L" "/opt/rustwide/rustup-home/toolchains/beta-2023-12-22-x86_64-unknown-linux-gnu/lib/rustlib/x86_64-unknown-linux-gnu/lib" "-o" "/tmp/rustdoctest4JFF0o/rust_out" "-Wl,--gc-sections" "-pie" "-Wl,-z,relro,-z,now" "-nodefaultlibs"
[INFO] [stdout]   = note: collect2: fatal error: ld terminated with signal 9 [Killed]
[INFO] [stdout]           compilation terminated.
[INFO] [stdout]           
[INFO] [stdout] 
[INFO] [stdout] error: aborting due to 1 previous error
[INFO] [stdout] 
[INFO] [stdout] Couldn't compile the test.
[INFO] [stdout] ---- src/c_api/datetime.rs - c_api::datetime::haystack_value_get_datetime_date (line 22) stdout ----
[INFO] [stdout] error: linking with `cc` failed: exit status: 1
[INFO] [stdout]   |
[INFO] [stdout]   = note: LC_ALL="C" PATH="/opt/rustwide/rustup-home/toolchains/beta-2023-12-22-x86_64-unknown-linux-gnu/lib/rustlib/x86_64-unknown-linux-gnu/bin:/opt/rustwide/cargo-home/bin:/usr/local/sbin:/usr/local/bin:/usr/sbin:/usr/bin:/sbin:/bin" VSLANG="1033" "cc" "-m64" "/tmp/rustc8bXGFL/symbols.o" "/tmp/rustdoctestENUEDF/rust_out.rust_out.1380c8ea7c88b8e2-cgu.0.rcgu.o" "/tmp/rustdoctestENUEDF/rust_out.3lr6z6385pynyhem.rcgu.o" "-Wl,--as-needed" "-L" "/opt/rustwide/target/debug/deps" "-L" "/opt/rustwide/target/debug/deps" "-L" "/opt/rustwide/rustup-home/toolchains/beta-2023-12-22-x86_64-unknown-linux-gnu/lib/rustlib/x86_64-unknown-linux-gnu/lib" "-Wl,-Bstatic" "/opt/rustwide/target/debug/deps/liblibhaystack.rlib" "/opt/rustwide/target/debug/deps/libserde_json-4c7675d40885eab7.rlib" "/opt/rustwide/target/debug/deps/libryu-4b03a7708da1319d.rlib" "/opt/rustwide/target/debug/deps/libitoa-34968a9f29c36fec.rlib" "/opt/rustwide/target/debug/deps/libuuid-392b6d68290e7c0f.rlib" "/opt/rustwide/target/debug/deps/libgetrandom-a04a50163982ccd7.rlib" "/opt/rustwide/target/debug/deps/libchrono_tz-2c7e268f99ca3a95.rlib" "/opt/rustwide/target/debug/deps/libphf-591d27f147d5ee99.rlib" "/opt/rustwide/target/debug/deps/libphf_shared-a2a61cb1c2c89d57.rlib" "/opt/rustwide/target/debug/deps/libuncased-a442029bb792e4b7.rlib" "/opt/rustwide/target/debug/deps/libsiphasher-8c98df6e4615cbd6.rlib" "/opt/rustwide/target/debug/deps/libserde-43396d81f5c62e04.rlib" "/opt/rustwide/target/debug/deps/liblazy_static-efa3519517df6cf0.rlib" "/opt/rustwide/target/debug/deps/libdashmap-398f1ff5198697b6.rlib" "/opt/rustwide/target/debug/deps/liblock_api-af608386887ddd92.rlib" "/opt/rustwide/target/debug/deps/libscopeguard-f937485db0060aca.rlib" "/opt/rustwide/target/debug/deps/libonce_cell-334d739f4e3a4961.rlib" "/opt/rustwide/target/debug/deps/libparking_lot_core-282ebb2f09237da2.rlib" "/opt/rustwide/target/debug/deps/liblibc-9bdc13f38078ecbe.rlib" "/opt/rustwide/target/debug/deps/libcfg_if-e7002d307f97bc56.rlib" "/opt/rustwide/target/debug/deps/libsmallvec-2fe51d264bce6b98.rlib" "/opt/rustwide/target/debug/deps/libhashbrown-191498bbc7e573ef.rlib" "/opt/rustwide/target/debug/deps/libchrono-521db0ddecb225ca.rlib" "/opt/rustwide/target/debug/deps/libnum_traits-d78ef80edf268e06.rlib" "/opt/rustwide/target/debug/deps/libiana_time_zone-0d3ced6f0a9aca0f.rlib" "/opt/rustwide/rustup-home/toolchains/beta-2023-12-22-x86_64-unknown-linux-gnu/lib/rustlib/x86_64-unknown-linux-gnu/lib/libstd-0672489a78b613de.rlib" "/opt/rustwide/rustup-home/toolchains/beta-2023-12-22-x86_64-unknown-linux-gnu/lib/rustlib/x86_64-unknown-linux-gnu/lib/libpanic_unwind-7eb3ffc34a49f675.rlib" "/opt/rustwide/rustup-home/toolchains/beta-2023-12-22-x86_64-unknown-linux-gnu/lib/rustlib/x86_64-unknown-linux-gnu/lib/libobject-6478a9daa4bee8e2.rlib" "/opt/rustwide/rustup-home/toolchains/beta-2023-12-22-x86_64-unknown-linux-gnu/lib/rustlib/x86_64-unknown-linux-gnu/lib/libmemchr-0c75d871a5c3923d.rlib" "/opt/rustwide/rustup-home/toolchains/beta-2023-12-22-x86_64-unknown-linux-gnu/lib/rustlib/x86_64-unknown-linux-gnu/lib/libaddr2line-d163ef63ad37bb71.rlib" "/opt/rustwide/rustup-home/toolchains/beta-2023-12-22-x86_64-unknown-linux-gnu/lib/rustlib/x86_64-unknown-linux-gnu/lib/libgimli-8a3fd810a85b9f4c.rlib" "/opt/rustwide/rustup-home/toolchains/beta-2023-12-22-x86_64-unknown-linux-gnu/lib/rustlib/x86_64-unknown-linux-gnu/lib/librustc_demangle-462a2cde8c5dfc10.rlib" "/opt/rustwide/rustup-home/toolchains/beta-2023-12-22-x86_64-unknown-linux-gnu/lib/rustlib/x86_64-unknown-linux-gnu/lib/libstd_detect-cb06ac9f54713f71.rlib" "/opt/rustwide/rustup-home/toolchains/beta-2023-12-22-x86_64-unknown-linux-gnu/lib/rustlib/x86_64-unknown-linux-gnu/lib/libhashbrown-f20bfd1f8e59b393.rlib" "/opt/rustwide/rustup-home/toolchains/beta-2023-12-22-x86_64-unknown-linux-gnu/lib/rustlib/x86_64-unknown-linux-gnu/lib/librustc_std_workspace_alloc-1ef460949b49da4b.rlib" "/opt/rustwide/rustup-home/toolchains/beta-2023-12-22-x86_64-unknown-linux-gnu/lib/rustlib/x86_64-unknown-linux-gnu/lib/libminiz_oxide-2cb0c0ffe4f87514.rlib" "/opt/rustwide/rustup-home/toolchains/beta-2023-12-22-x86_64-unknown-linux-gnu/lib/rustlib/x86_64-unknown-linux-gnu/lib/libadler-58d841eb322a11a2.rlib" "/opt/rustwide/rustup-home/toolchains/beta-2023-12-22-x86_64-unknown-linux-gnu/lib/rustlib/x86_64-unknown-linux-gnu/lib/libunwind-aa2ae0b0a9d11533.rlib" "/opt/rustwide/rustup-home/toolchains/beta-2023-12-22-x86_64-unknown-linux-gnu/lib/rustlib/x86_64-unknown-linux-gnu/lib/libcfg_if-23874e15830ed336.rlib" "/opt/rustwide/rustup-home/toolchains/beta-2023-12-22-x86_64-unknown-linux-gnu/lib/rustlib/x86_64-unknown-linux-gnu/lib/liblibc-e47cddc003bce885.rlib" "/opt/rustwide/rustup-home/toolchains/beta-2023-12-22-x86_64-unknown-linux-gnu/lib/rustlib/x86_64-unknown-linux-gnu/lib/liballoc-c22b13b48a8f128e.rlib" "/opt/rustwide/rustup-home/toolchains/beta-2023-12-22-x86_64-unknown-linux-gnu/lib/rustlib/x86_64-unknown-linux-gnu/lib/librustc_std_workspace_core-e46bc3da6d7c462f.rlib" "/opt/rustwide/rustup-home/toolchains/beta-2023-12-22-x86_64-unknown-linux-gnu/lib/rustlib/x86_64-unknown-linux-gnu/lib/libcore-8d1ac131d3cb2645.rlib" "/opt/rustwide/rustup-home/toolchains/beta-2023-12-22-x86_64-unknown-linux-gnu/lib/rustlib/x86_64-unknown-linux-gnu/lib/libcompiler_builtins-a1b43df8c6899c1f.rlib" "-Wl,-Bdynamic" "-lgcc_s" "-lutil" "-lrt" "-lpthread" "-lm" "-ldl" "-lc" "-Wl,--eh-frame-hdr" "-Wl,-z,noexecstack" "-L" "/opt/rustwide/rustup-home/toolchains/beta-2023-12-22-x86_64-unknown-linux-gnu/lib/rustlib/x86_64-unknown-linux-gnu/lib" "-o" "/tmp/rustdoctestENUEDF/rust_out" "-Wl,--gc-sections" "-pie" "-Wl,-z,relro,-z,now" "-nodefaultlibs"
[INFO] [stdout]   = note: collect2: fatal error: ld terminated with signal 9 [Killed]
[INFO] [stdout]           compilation terminated.
[INFO] [stdout]           
[INFO] [stdout] 
[INFO] [stdout] error: aborting due to 1 previous error
[INFO] [stdout] 
[INFO] [stdout] Couldn't compile the test.
[INFO] [stdout] 
[INFO] [stdout] failures:
[INFO] [stdout]     src/c_api/datetime.rs - c_api::datetime::haystack_value_get_datetime_date (line 22)
[INFO] [stdout]     src/c_api/filter.rs - c_api::filter::haystack_filter_first_match_in_grid (line 125)
[INFO] [stdout]     src/c_api/filter.rs - c_api::filter::haystack_filter_match_all_grid (line 220)
[INFO] [stdout]     src/c_api/filter.rs - c_api::filter::haystack_filter_match_dict (line 63)
[INFO] [stdout] 
[INFO] [stdout] test result: FAILED. 100 passed; 4 failed; 0 ignored; 0 measured; 0 filtered out; finished in 10.40s
[INFO] [stdout] 
[INFO] [stderr] error: doctest failed, to rerun pass `--doc`
[INFO] running `Command { std: "docker" "inspect" "c974616c7f7a9b70a51775104621ac6f1314a9d65161db1970ba77bef28f68f8", kill_on_drop: false }`
[INFO] running `Command { std: "docker" "rm" "-f" "c974616c7f7a9b70a51775104621ac6f1314a9d65161db1970ba77bef28f68f8", kill_on_drop: false }`
[INFO] [stdout] c974616c7f7a9b70a51775104621ac6f1314a9d65161db1970ba77bef28f68f8
