[INFO] fetching crate libftd3xx 0.0.1...
[INFO] testing libftd3xx-0.0.1 against 1.75.0 for beta-1.76-1
[INFO] extracting crate libftd3xx 0.0.1 into /workspace/builds/worker-1-tc1/source
[INFO] validating manifest of crates.io crate libftd3xx 0.0.1 on toolchain 1.75.0
[INFO] running `Command { std: CARGO_HOME="/workspace/cargo-home" RUSTUP_HOME="/workspace/rustup-home" "/workspace/cargo-home/bin/cargo" "+1.75.0" "metadata" "--manifest-path" "Cargo.toml" "--no-deps", kill_on_drop: false }`
[INFO] started tweaking crates.io crate libftd3xx 0.0.1
[INFO] finished tweaking crates.io crate libftd3xx 0.0.1
[INFO] tweaked toml for crates.io crate libftd3xx 0.0.1 written to /workspace/builds/worker-1-tc1/source/Cargo.toml
[INFO] running `Command { std: CARGO_HOME="/workspace/cargo-home" RUSTUP_HOME="/workspace/rustup-home" "/workspace/cargo-home/bin/cargo" "+1.75.0" "generate-lockfile" "--manifest-path" "Cargo.toml", kill_on_drop: false }`
[INFO] [stderr]     Updating crates.io index
[INFO] running `Command { std: CARGO_HOME="/workspace/cargo-home" RUSTUP_HOME="/workspace/rustup-home" "/workspace/cargo-home/bin/cargo" "+1.75.0" "fetch" "--manifest-path" "Cargo.toml", kill_on_drop: false }`
[INFO] [stderr]  Downloading crates ...
[INFO] [stderr]   Downloaded libftd3xx-ffi v0.0.2
[INFO] running `Command { std: "docker" "create" "-v" "/var/lib/crater-agent-workspace/builds/worker-1-tc1/target:/opt/rustwide/target:rw,Z" "-v" "/var/lib/crater-agent-workspace/builds/worker-1-tc1/source:/opt/rustwide/workdir:ro,Z" "-v" "/var/lib/crater-agent-workspace/cargo-home:/opt/rustwide/cargo-home:ro,Z" "-v" "/var/lib/crater-agent-workspace/rustup-home:/opt/rustwide/rustup-home:ro,Z" "-e" "SOURCE_DIR=/opt/rustwide/workdir" "-e" "CARGO_TARGET_DIR=/opt/rustwide/target" "-e" "CARGO_HOME=/opt/rustwide/cargo-home" "-e" "RUSTUP_HOME=/opt/rustwide/rustup-home" "-w" "/opt/rustwide/workdir" "-m" "1610612736" "--user" "0:0" "--network" "none" "ghcr.io/rust-lang/crates-build-env/linux@sha256:2788e3201cd34a07e3172128adcd8b3090168a8e3bcc40d7c032b9dda1df7d1c" "/opt/rustwide/cargo-home/bin/cargo" "+1.75.0" "metadata" "--no-deps" "--format-version=1", kill_on_drop: false }`
[INFO] [stdout] 8d9d163d1f91f8795f1d10d90d0e0c234994963e23d40c0864818c5e32756d35
[INFO] running `Command { std: "docker" "start" "-a" "8d9d163d1f91f8795f1d10d90d0e0c234994963e23d40c0864818c5e32756d35", kill_on_drop: false }`
[INFO] running `Command { std: "docker" "inspect" "8d9d163d1f91f8795f1d10d90d0e0c234994963e23d40c0864818c5e32756d35", kill_on_drop: false }`
[INFO] running `Command { std: "docker" "rm" "-f" "8d9d163d1f91f8795f1d10d90d0e0c234994963e23d40c0864818c5e32756d35", kill_on_drop: false }`
[INFO] [stdout] 8d9d163d1f91f8795f1d10d90d0e0c234994963e23d40c0864818c5e32756d35
[INFO] running `Command { std: "docker" "create" "-v" "/var/lib/crater-agent-workspace/builds/worker-1-tc1/target:/opt/rustwide/target:rw,Z" "-v" "/var/lib/crater-agent-workspace/builds/worker-1-tc1/source:/opt/rustwide/workdir:ro,Z" "-v" "/var/lib/crater-agent-workspace/cargo-home:/opt/rustwide/cargo-home:ro,Z" "-v" "/var/lib/crater-agent-workspace/rustup-home:/opt/rustwide/rustup-home:ro,Z" "-e" "SOURCE_DIR=/opt/rustwide/workdir" "-e" "CARGO_TARGET_DIR=/opt/rustwide/target" "-e" "CARGO_INCREMENTAL=0" "-e" "RUST_BACKTRACE=full" "-e" "RUSTFLAGS=--cap-lints=warn" "-e" "RUSTDOCFLAGS=--cap-lints=warn" "-e" "CARGO_HOME=/opt/rustwide/cargo-home" "-e" "RUSTUP_HOME=/opt/rustwide/rustup-home" "-w" "/opt/rustwide/workdir" "-m" "1610612736" "--user" "0:0" "--network" "none" "ghcr.io/rust-lang/crates-build-env/linux@sha256:2788e3201cd34a07e3172128adcd8b3090168a8e3bcc40d7c032b9dda1df7d1c" "/opt/rustwide/cargo-home/bin/cargo" "+1.75.0" "build" "--frozen" "--message-format=json", kill_on_drop: false }`
[INFO] [stdout] a0be60ac0937a6f579a0f5ae8ba7ee6117c579fa21eedfab0a4630c05c816916
[INFO] running `Command { std: "docker" "start" "-a" "a0be60ac0937a6f579a0f5ae8ba7ee6117c579fa21eedfab0a4630c05c816916", kill_on_drop: false }`
[INFO] [stderr]    Compiling libftd3xx-ffi v0.0.2
[INFO] [stderr]    Compiling libftd3xx v0.0.1 (/opt/rustwide/workdir)
[INFO] [stderr]     Finished dev [unoptimized + debuginfo] target(s) in 0.28s
[INFO] running `Command { std: "docker" "inspect" "a0be60ac0937a6f579a0f5ae8ba7ee6117c579fa21eedfab0a4630c05c816916", kill_on_drop: false }`
[INFO] running `Command { std: "docker" "rm" "-f" "a0be60ac0937a6f579a0f5ae8ba7ee6117c579fa21eedfab0a4630c05c816916", kill_on_drop: false }`
[INFO] [stdout] a0be60ac0937a6f579a0f5ae8ba7ee6117c579fa21eedfab0a4630c05c816916
[INFO] running `Command { std: "docker" "create" "-v" "/var/lib/crater-agent-workspace/builds/worker-1-tc1/target:/opt/rustwide/target:rw,Z" "-v" "/var/lib/crater-agent-workspace/builds/worker-1-tc1/source:/opt/rustwide/workdir:ro,Z" "-v" "/var/lib/crater-agent-workspace/cargo-home:/opt/rustwide/cargo-home:ro,Z" "-v" "/var/lib/crater-agent-workspace/rustup-home:/opt/rustwide/rustup-home:ro,Z" "-e" "SOURCE_DIR=/opt/rustwide/workdir" "-e" "CARGO_TARGET_DIR=/opt/rustwide/target" "-e" "CARGO_INCREMENTAL=0" "-e" "RUST_BACKTRACE=full" "-e" "RUSTFLAGS=--cap-lints=warn" "-e" "RUSTDOCFLAGS=--cap-lints=warn" "-e" "CARGO_HOME=/opt/rustwide/cargo-home" "-e" "RUSTUP_HOME=/opt/rustwide/rustup-home" "-w" "/opt/rustwide/workdir" "-m" "1610612736" "--user" "0:0" "--network" "none" "ghcr.io/rust-lang/crates-build-env/linux@sha256:2788e3201cd34a07e3172128adcd8b3090168a8e3bcc40d7c032b9dda1df7d1c" "/opt/rustwide/cargo-home/bin/cargo" "+1.75.0" "test" "--frozen" "--no-run" "--message-format=json", kill_on_drop: false }`
[INFO] [stdout] 467989e201b2ceeefb5f4f0e643de30cfd2fbf2457ad197d3e0ad4ae02b1f05a
[INFO] running `Command { std: "docker" "start" "-a" "467989e201b2ceeefb5f4f0e643de30cfd2fbf2457ad197d3e0ad4ae02b1f05a", kill_on_drop: false }`
[INFO] [stderr]    Compiling libftd3xx v0.0.1 (/opt/rustwide/workdir)
[INFO] [stderr]     Finished test [unoptimized + debuginfo] target(s) in 0.23s
[INFO] running `Command { std: "docker" "inspect" "467989e201b2ceeefb5f4f0e643de30cfd2fbf2457ad197d3e0ad4ae02b1f05a", kill_on_drop: false }`
[INFO] running `Command { std: "docker" "rm" "-f" "467989e201b2ceeefb5f4f0e643de30cfd2fbf2457ad197d3e0ad4ae02b1f05a", kill_on_drop: false }`
[INFO] [stdout] 467989e201b2ceeefb5f4f0e643de30cfd2fbf2457ad197d3e0ad4ae02b1f05a
[INFO] running `Command { std: "docker" "create" "-v" "/var/lib/crater-agent-workspace/builds/worker-1-tc1/target:/opt/rustwide/target:rw,Z" "-v" "/var/lib/crater-agent-workspace/builds/worker-1-tc1/source:/opt/rustwide/workdir:ro,Z" "-v" "/var/lib/crater-agent-workspace/cargo-home:/opt/rustwide/cargo-home:ro,Z" "-v" "/var/lib/crater-agent-workspace/rustup-home:/opt/rustwide/rustup-home:ro,Z" "-e" "SOURCE_DIR=/opt/rustwide/workdir" "-e" "CARGO_TARGET_DIR=/opt/rustwide/target" "-e" "CARGO_INCREMENTAL=0" "-e" "RUST_BACKTRACE=full" "-e" "RUSTFLAGS=--cap-lints=warn" "-e" "RUSTDOCFLAGS=--cap-lints=warn" "-e" "CARGO_HOME=/opt/rustwide/cargo-home" "-e" "RUSTUP_HOME=/opt/rustwide/rustup-home" "-w" "/opt/rustwide/workdir" "-m" "1610612736" "--user" "0:0" "--network" "none" "ghcr.io/rust-lang/crates-build-env/linux@sha256:2788e3201cd34a07e3172128adcd8b3090168a8e3bcc40d7c032b9dda1df7d1c" "/opt/rustwide/cargo-home/bin/cargo" "+1.75.0" "test" "--frozen", kill_on_drop: false }`
[INFO] [stdout] b31c1082704ad6b9ea6575b5612f9149d6e1850c71d4fe418749533622b2ca12
[INFO] running `Command { std: "docker" "start" "-a" "b31c1082704ad6b9ea6575b5612f9149d6e1850c71d4fe418749533622b2ca12", kill_on_drop: false }`
[INFO] [stderr]     Finished test [unoptimized + debuginfo] target(s) in 0.00s
[INFO] [stderr]      Running unittests src/lib.rs (/opt/rustwide/target/debug/deps/libftd3xx-79ad9341db911d31)
[INFO] [stdout] 
[INFO] [stdout] running 0 tests
[INFO] [stdout] 
[INFO] [stdout] test result: ok. 0 passed; 0 failed; 0 ignored; 0 measured; 0 filtered out; finished in 0.00s
[INFO] [stdout] 
[INFO] [stderr]    Doc-tests libftd3xx
[INFO] [stdout] 
[INFO] [stdout] running 1 test
[INFO] [stdout] test src/lib.rs - library_version (line 12) - compile ... FAILED
[INFO] [stdout] 
[INFO] [stdout] failures:
[INFO] [stdout] 
[INFO] [stdout] ---- src/lib.rs - library_version (line 12) stdout ----
[INFO] [stdout] error[E0432]: unresolved import `libftd2xx`
[INFO] [stdout]  --> src/lib.rs:13:5
[INFO] [stdout]   |
[INFO] [stdout] 3 | use libftd2xx::library_version;
[INFO] [stdout]   |     ^^^^^^^^^ use of undeclared crate or module `libftd2xx`
[INFO] [stdout]   |
[INFO] [stdout] help: there is a crate or module with a similar name
[INFO] [stdout]   |
[INFO] [stdout] 3 | use libftd3xx::library_version;
[INFO] [stdout]   |     ~~~~~~~~~
[INFO] [stdout] 
[INFO] [stdout] error[E0433]: failed to resolve: use of undeclared crate or module `libftd2xx`
[INFO] [stdout]  --> src/lib.rs:17:10
[INFO] [stdout]   |
[INFO] [stdout] 7 | Ok::<(), libftd2xx::FtStatus>(())
[INFO] [stdout]   |          ^^^^^^^^^ use of undeclared crate or module `libftd2xx`
[INFO] [stdout]   |
[INFO] [stdout] help: there is a crate or module with a similar name
[INFO] [stdout]   |
[INFO] [stdout] 7 | Ok::<(), libftd3xx::FtStatus>(())
[INFO] [stdout]   |          ~~~~~~~~~
[INFO] [stdout] 
[INFO] [stdout] error: aborting due to 2 previous errors
[INFO] [stdout] 
[INFO] [stdout] Some errors have detailed explanations: E0432, E0433.
[INFO] [stdout] For more information about an error, try `rustc --explain E0432`.
[INFO] [stdout] Couldn't compile the test.
[INFO] [stdout] 
[INFO] [stdout] failures:
[INFO] [stdout]     src/lib.rs - library_version (line 12)
[INFO] [stdout] 
[INFO] [stdout] test result: FAILED. 0 passed; 1 failed; 0 ignored; 0 measured; 0 filtered out; finished in 0.05s
[INFO] [stdout] 
[INFO] [stderr] error: doctest failed, to rerun pass `--doc`
[INFO] running `Command { std: "docker" "inspect" "b31c1082704ad6b9ea6575b5612f9149d6e1850c71d4fe418749533622b2ca12", kill_on_drop: false }`
[INFO] running `Command { std: "docker" "rm" "-f" "b31c1082704ad6b9ea6575b5612f9149d6e1850c71d4fe418749533622b2ca12", kill_on_drop: false }`
[INFO] [stdout] b31c1082704ad6b9ea6575b5612f9149d6e1850c71d4fe418749533622b2ca12
