[INFO] fetching crate libflate_lz77 2.0.0...
[INFO] testing libflate_lz77-2.0.0 against 1.75.0 for beta-1.76-1
[INFO] extracting crate libflate_lz77 2.0.0 into /workspace/builds/worker-1-tc1/source
[INFO] validating manifest of crates.io crate libflate_lz77 2.0.0 on toolchain 1.75.0
[INFO] running `Command { std: CARGO_HOME="/workspace/cargo-home" RUSTUP_HOME="/workspace/rustup-home" "/workspace/cargo-home/bin/cargo" "+1.75.0" "metadata" "--manifest-path" "Cargo.toml" "--no-deps", kill_on_drop: false }`
[INFO] started tweaking crates.io crate libflate_lz77 2.0.0
[INFO] finished tweaking crates.io crate libflate_lz77 2.0.0
[INFO] tweaked toml for crates.io crate libflate_lz77 2.0.0 written to /workspace/builds/worker-1-tc1/source/Cargo.toml
[INFO] running `Command { std: CARGO_HOME="/workspace/cargo-home" RUSTUP_HOME="/workspace/rustup-home" "/workspace/cargo-home/bin/cargo" "+1.75.0" "generate-lockfile" "--manifest-path" "Cargo.toml", kill_on_drop: false }`
[INFO] [stderr]     Updating crates.io index
[INFO] running `Command { std: CARGO_HOME="/workspace/cargo-home" RUSTUP_HOME="/workspace/rustup-home" "/workspace/cargo-home/bin/cargo" "+1.75.0" "fetch" "--manifest-path" "Cargo.toml", kill_on_drop: false }`
[INFO] running `Command { std: "docker" "create" "-v" "/var/lib/crater-agent-workspace/builds/worker-1-tc1/target:/opt/rustwide/target:rw,Z" "-v" "/var/lib/crater-agent-workspace/builds/worker-1-tc1/source:/opt/rustwide/workdir:ro,Z" "-v" "/var/lib/crater-agent-workspace/cargo-home:/opt/rustwide/cargo-home:ro,Z" "-v" "/var/lib/crater-agent-workspace/rustup-home:/opt/rustwide/rustup-home:ro,Z" "-e" "SOURCE_DIR=/opt/rustwide/workdir" "-e" "CARGO_TARGET_DIR=/opt/rustwide/target" "-e" "CARGO_HOME=/opt/rustwide/cargo-home" "-e" "RUSTUP_HOME=/opt/rustwide/rustup-home" "-w" "/opt/rustwide/workdir" "-m" "1610612736" "--user" "0:0" "--network" "none" "ghcr.io/rust-lang/crates-build-env/linux@sha256:2788e3201cd34a07e3172128adcd8b3090168a8e3bcc40d7c032b9dda1df7d1c" "/opt/rustwide/cargo-home/bin/cargo" "+1.75.0" "metadata" "--no-deps" "--format-version=1", kill_on_drop: false }`
[INFO] [stdout] 6320444fe478f96b607fc67b04aad8d3602d6734f06c22ad2babbd6b730d0008
[INFO] running `Command { std: "docker" "start" "-a" "6320444fe478f96b607fc67b04aad8d3602d6734f06c22ad2babbd6b730d0008", kill_on_drop: false }`
[INFO] running `Command { std: "docker" "inspect" "6320444fe478f96b607fc67b04aad8d3602d6734f06c22ad2babbd6b730d0008", kill_on_drop: false }`
[INFO] running `Command { std: "docker" "rm" "-f" "6320444fe478f96b607fc67b04aad8d3602d6734f06c22ad2babbd6b730d0008", kill_on_drop: false }`
[INFO] [stdout] 6320444fe478f96b607fc67b04aad8d3602d6734f06c22ad2babbd6b730d0008
[INFO] running `Command { std: "docker" "create" "-v" "/var/lib/crater-agent-workspace/builds/worker-1-tc1/target:/opt/rustwide/target:rw,Z" "-v" "/var/lib/crater-agent-workspace/builds/worker-1-tc1/source:/opt/rustwide/workdir:ro,Z" "-v" "/var/lib/crater-agent-workspace/cargo-home:/opt/rustwide/cargo-home:ro,Z" "-v" "/var/lib/crater-agent-workspace/rustup-home:/opt/rustwide/rustup-home:ro,Z" "-e" "SOURCE_DIR=/opt/rustwide/workdir" "-e" "CARGO_TARGET_DIR=/opt/rustwide/target" "-e" "CARGO_INCREMENTAL=0" "-e" "RUST_BACKTRACE=full" "-e" "RUSTFLAGS=--cap-lints=warn" "-e" "RUSTDOCFLAGS=--cap-lints=warn" "-e" "CARGO_HOME=/opt/rustwide/cargo-home" "-e" "RUSTUP_HOME=/opt/rustwide/rustup-home" "-w" "/opt/rustwide/workdir" "-m" "1610612736" "--user" "0:0" "--network" "none" "ghcr.io/rust-lang/crates-build-env/linux@sha256:2788e3201cd34a07e3172128adcd8b3090168a8e3bcc40d7c032b9dda1df7d1c" "/opt/rustwide/cargo-home/bin/cargo" "+1.75.0" "build" "--frozen" "--message-format=json", kill_on_drop: false }`
[INFO] [stdout] cd223f2127eae7e0757948397730255ddc759fbe3e8df4303f5fad390c826b8c
[INFO] running `Command { std: "docker" "start" "-a" "cd223f2127eae7e0757948397730255ddc759fbe3e8df4303f5fad390c826b8c", kill_on_drop: false }`
[INFO] [stderr]    Compiling ahash v0.8.7
[INFO] [stderr]    Compiling zerocopy v0.7.32
[INFO] [stderr]    Compiling once_cell v1.19.0
[INFO] [stderr]    Compiling memchr v2.7.1
[INFO] [stderr]    Compiling rle-decode-fast v1.0.3
[INFO] [stderr]    Compiling core2 v0.4.0
[INFO] [stderr]    Compiling hashbrown v0.13.2
[INFO] [stderr]    Compiling libflate_lz77 v2.0.0 (/opt/rustwide/workdir)
[INFO] [stderr]     Finished dev [unoptimized + debuginfo] target(s) in 2.82s
[INFO] running `Command { std: "docker" "inspect" "cd223f2127eae7e0757948397730255ddc759fbe3e8df4303f5fad390c826b8c", kill_on_drop: false }`
[INFO] running `Command { std: "docker" "rm" "-f" "cd223f2127eae7e0757948397730255ddc759fbe3e8df4303f5fad390c826b8c", kill_on_drop: false }`
[INFO] [stdout] cd223f2127eae7e0757948397730255ddc759fbe3e8df4303f5fad390c826b8c
[INFO] running `Command { std: "docker" "create" "-v" "/var/lib/crater-agent-workspace/builds/worker-1-tc1/target:/opt/rustwide/target:rw,Z" "-v" "/var/lib/crater-agent-workspace/builds/worker-1-tc1/source:/opt/rustwide/workdir:ro,Z" "-v" "/var/lib/crater-agent-workspace/cargo-home:/opt/rustwide/cargo-home:ro,Z" "-v" "/var/lib/crater-agent-workspace/rustup-home:/opt/rustwide/rustup-home:ro,Z" "-e" "SOURCE_DIR=/opt/rustwide/workdir" "-e" "CARGO_TARGET_DIR=/opt/rustwide/target" "-e" "CARGO_INCREMENTAL=0" "-e" "RUST_BACKTRACE=full" "-e" "RUSTFLAGS=--cap-lints=warn" "-e" "RUSTDOCFLAGS=--cap-lints=warn" "-e" "CARGO_HOME=/opt/rustwide/cargo-home" "-e" "RUSTUP_HOME=/opt/rustwide/rustup-home" "-w" "/opt/rustwide/workdir" "-m" "1610612736" "--user" "0:0" "--network" "none" "ghcr.io/rust-lang/crates-build-env/linux@sha256:2788e3201cd34a07e3172128adcd8b3090168a8e3bcc40d7c032b9dda1df7d1c" "/opt/rustwide/cargo-home/bin/cargo" "+1.75.0" "test" "--frozen" "--no-run" "--message-format=json", kill_on_drop: false }`
[INFO] [stdout] 2d267028adb2eee68a34077259757f6dde4044afc842abd0252bf0634f74b62f
[INFO] running `Command { std: "docker" "start" "-a" "2d267028adb2eee68a34077259757f6dde4044afc842abd0252bf0634f74b62f", kill_on_drop: false }`
[INFO] [stderr]    Compiling libflate_lz77 v2.0.0 (/opt/rustwide/workdir)
[INFO] [stderr]     Finished test [unoptimized + debuginfo] target(s) in 0.80s
[INFO] running `Command { std: "docker" "inspect" "2d267028adb2eee68a34077259757f6dde4044afc842abd0252bf0634f74b62f", kill_on_drop: false }`
[INFO] running `Command { std: "docker" "rm" "-f" "2d267028adb2eee68a34077259757f6dde4044afc842abd0252bf0634f74b62f", kill_on_drop: false }`
[INFO] [stdout] 2d267028adb2eee68a34077259757f6dde4044afc842abd0252bf0634f74b62f
[INFO] running `Command { std: "docker" "create" "-v" "/var/lib/crater-agent-workspace/builds/worker-1-tc1/target:/opt/rustwide/target:rw,Z" "-v" "/var/lib/crater-agent-workspace/builds/worker-1-tc1/source:/opt/rustwide/workdir:ro,Z" "-v" "/var/lib/crater-agent-workspace/cargo-home:/opt/rustwide/cargo-home:ro,Z" "-v" "/var/lib/crater-agent-workspace/rustup-home:/opt/rustwide/rustup-home:ro,Z" "-e" "SOURCE_DIR=/opt/rustwide/workdir" "-e" "CARGO_TARGET_DIR=/opt/rustwide/target" "-e" "CARGO_INCREMENTAL=0" "-e" "RUST_BACKTRACE=full" "-e" "RUSTFLAGS=--cap-lints=warn" "-e" "RUSTDOCFLAGS=--cap-lints=warn" "-e" "CARGO_HOME=/opt/rustwide/cargo-home" "-e" "RUSTUP_HOME=/opt/rustwide/rustup-home" "-w" "/opt/rustwide/workdir" "-m" "1610612736" "--user" "0:0" "--network" "none" "ghcr.io/rust-lang/crates-build-env/linux@sha256:2788e3201cd34a07e3172128adcd8b3090168a8e3bcc40d7c032b9dda1df7d1c" "/opt/rustwide/cargo-home/bin/cargo" "+1.75.0" "test" "--frozen", kill_on_drop: false }`
[INFO] [stdout] fe88d94b7026055ab7302c85febdd6b651236ec6cb8fcceadfd19e3414b59b9a
[INFO] running `Command { std: "docker" "start" "-a" "fe88d94b7026055ab7302c85febdd6b651236ec6cb8fcceadfd19e3414b59b9a", kill_on_drop: false }`
[INFO] [stderr]     Finished test [unoptimized + debuginfo] target(s) in 0.03s
[INFO] [stderr]      Running unittests src/lib.rs (/opt/rustwide/target/debug/deps/libflate_lz77-255dd37be1c02331)
[INFO] [stdout] 
[INFO] [stdout] running 1 test
[INFO] [stdout] test tests::encoder_and_decoder_works ... ok
[INFO] [stderr]    Doc-tests libflate_lz77
[INFO] [stdout] 
[INFO] [stdout] test result: ok. 1 passed; 0 failed; 0 ignored; 0 measured; 0 filtered out; finished in 0.01s
[INFO] [stdout] 
[INFO] [stdout] 
[INFO] [stdout] running 4 tests
[INFO] [stdout] test src/default.rs - default::DefaultLz77Encoder::with_window_size (line 44) ... FAILED
[INFO] [stdout] test src/default.rs - default::DefaultLz77Encoder::new (line 24) ... FAILED
[INFO] [stdout] test src/lib.rs - NoCompressionLz77Encoder::new (line 116) ... FAILED
[INFO] [stderr] error: doctest failed, to rerun pass `--doc`
[INFO] [stdout] test src/default.rs - default::DefaultLz77EncoderBuilder (line 196) ... ok
[INFO] [stdout] 
[INFO] [stdout] failures:
[INFO] [stdout] 
[INFO] [stdout] ---- src/default.rs - default::DefaultLz77Encoder::with_window_size (line 44) stdout ----
[INFO] [stdout] error[E0432]: unresolved import `libflate`
[INFO] [stdout]  --> src/default.rs:45:5
[INFO] [stdout]   |
[INFO] [stdout] 3 | use libflate::deflate;
[INFO] [stdout]   |     ^^^^^^^^ use of undeclared crate or module `libflate`
[INFO] [stdout] 
[INFO] [stdout] error[E0433]: failed to resolve: use of undeclared crate or module `libflate`
[INFO] [stdout]  --> src/default.rs:46:5
[INFO] [stdout]   |
[INFO] [stdout] 4 | use libflate::lz77::{self, Lz77Encode, DefaultLz77Encoder};
[INFO] [stdout]   |     ^^^^^^^^ use of undeclared crate or module `libflate`
[INFO] [stdout] 
[INFO] [stdout] error[E0432]: unresolved import `libflate`
[INFO] [stdout]  --> src/default.rs:46:5
[INFO] [stdout]   |
[INFO] [stdout] 4 | use libflate::lz77::{self, Lz77Encode, DefaultLz77Encoder};
[INFO] [stdout]   |     ^^^^^^^^ use of undeclared crate or module `libflate`
[INFO] [stdout] 
[INFO] [stdout] error: aborting due to 3 previous errors
[INFO] [stdout] 
[INFO] [stdout] Some errors have detailed explanations: E0432, E0433.
[INFO] [stdout] For more information about an error, try `rustc --explain E0432`.
[INFO] [stdout] Couldn't compile the test.
[INFO] [stdout] ---- src/default.rs - default::DefaultLz77Encoder::new (line 24) stdout ----
[INFO] [stdout] error[E0432]: unresolved import `libflate`
[INFO] [stdout]  --> src/default.rs:25:5
[INFO] [stdout]   |
[INFO] [stdout] 3 | use libflate::deflate;
[INFO] [stdout]   |     ^^^^^^^^ use of undeclared crate or module `libflate`
[INFO] [stdout] 
[INFO] [stdout] error[E0433]: failed to resolve: use of undeclared crate or module `libflate`
[INFO] [stdout]  --> src/default.rs:26:5
[INFO] [stdout]   |
[INFO] [stdout] 4 | use libflate::lz77::{self, Lz77Encode, DefaultLz77Encoder};
[INFO] [stdout]   |     ^^^^^^^^ use of undeclared crate or module `libflate`
[INFO] [stdout] 
[INFO] [stdout] error[E0432]: unresolved import `libflate`
[INFO] [stdout]  --> src/default.rs:26:5
[INFO] [stdout]   |
[INFO] [stdout] 4 | use libflate::lz77::{self, Lz77Encode, DefaultLz77Encoder};
[INFO] [stdout]   |     ^^^^^^^^ use of undeclared crate or module `libflate`
[INFO] [stdout] 
[INFO] [stdout] error: aborting due to 3 previous errors
[INFO] [stdout] 
[INFO] [stdout] Some errors have detailed explanations: E0432, E0433.
[INFO] [stdout] For more information about an error, try `rustc --explain E0432`.
[INFO] [stdout] Couldn't compile the test.
[INFO] [stdout] ---- src/lib.rs - NoCompressionLz77Encoder::new (line 116) stdout ----
[INFO] [stdout] error[E0433]: failed to resolve: use of undeclared crate or module `libflate`
[INFO] [stdout]  --> src/lib.rs:118:5
[INFO] [stdout]   |
[INFO] [stdout] 4 | use libflate::lz77::{Lz77Encode, NoCompressionLz77Encoder, CompressionLevel};
[INFO] [stdout]   |     ^^^^^^^^ use of undeclared crate or module `libflate`
[INFO] [stdout] 
[INFO] [stdout] error[E0432]: unresolved import `libflate`
[INFO] [stdout]  --> src/lib.rs:117:5
[INFO] [stdout]   |
[INFO] [stdout] 3 | use libflate::deflate;
[INFO] [stdout]   |     ^^^^^^^^ use of undeclared crate or module `libflate`
[INFO] [stdout] 
[INFO] [stdout] error: aborting due to 2 previous errors
[INFO] [stdout] 
[INFO] [stdout] Some errors have detailed explanations: E0432, E0433.
[INFO] [stdout] For more information about an error, try `rustc --explain E0432`.
[INFO] [stdout] Couldn't compile the test.
[INFO] [stdout] 
[INFO] [stdout] failures:
[INFO] [stdout]     src/default.rs - default::DefaultLz77Encoder::new (line 24)
[INFO] [stdout]     src/default.rs - default::DefaultLz77Encoder::with_window_size (line 44)
[INFO] [stdout]     src/lib.rs - NoCompressionLz77Encoder::new (line 116)
[INFO] [stdout] 
[INFO] [stdout] test result: FAILED. 1 passed; 3 failed; 0 ignored; 0 measured; 0 filtered out; finished in 0.37s
[INFO] [stdout] 
[INFO] running `Command { std: "docker" "inspect" "fe88d94b7026055ab7302c85febdd6b651236ec6cb8fcceadfd19e3414b59b9a", kill_on_drop: false }`
[INFO] running `Command { std: "docker" "rm" "-f" "fe88d94b7026055ab7302c85febdd6b651236ec6cb8fcceadfd19e3414b59b9a", kill_on_drop: false }`
[INFO] [stdout] fe88d94b7026055ab7302c85febdd6b651236ec6cb8fcceadfd19e3414b59b9a
