[INFO] fetching crate libdrm_amdgpu_sys 0.3.0...
[INFO] testing libdrm_amdgpu_sys-0.3.0 against 1.75.0 for beta-1.76-1
[INFO] extracting crate libdrm_amdgpu_sys 0.3.0 into /workspace/builds/worker-0-tc1/source
[INFO] validating manifest of crates.io crate libdrm_amdgpu_sys 0.3.0 on toolchain 1.75.0
[INFO] running `Command { std: CARGO_HOME="/workspace/cargo-home" RUSTUP_HOME="/workspace/rustup-home" "/workspace/cargo-home/bin/cargo" "+1.75.0" "metadata" "--manifest-path" "Cargo.toml" "--no-deps", kill_on_drop: false }`
[INFO] started tweaking crates.io crate libdrm_amdgpu_sys 0.3.0
[INFO] removed 0 missing examples
[INFO] finished tweaking crates.io crate libdrm_amdgpu_sys 0.3.0
[INFO] tweaked toml for crates.io crate libdrm_amdgpu_sys 0.3.0 written to /workspace/builds/worker-0-tc1/source/Cargo.toml
[INFO] crate crates.io crate libdrm_amdgpu_sys 0.3.0 already has a lockfile, it will not be regenerated
[INFO] running `Command { std: CARGO_HOME="/workspace/cargo-home" RUSTUP_HOME="/workspace/rustup-home" "/workspace/cargo-home/bin/cargo" "+1.75.0" "fetch" "--manifest-path" "Cargo.toml", kill_on_drop: false }`
[INFO] [stderr]  Downloading crates ...
[INFO] [stderr]   Downloaded linux-raw-sys v0.4.9
[INFO] running `Command { std: "docker" "create" "-v" "/var/lib/crater-agent-workspace/builds/worker-0-tc1/target:/opt/rustwide/target:rw,Z" "-v" "/var/lib/crater-agent-workspace/builds/worker-0-tc1/source:/opt/rustwide/workdir:ro,Z" "-v" "/var/lib/crater-agent-workspace/cargo-home:/opt/rustwide/cargo-home:ro,Z" "-v" "/var/lib/crater-agent-workspace/rustup-home:/opt/rustwide/rustup-home:ro,Z" "-e" "SOURCE_DIR=/opt/rustwide/workdir" "-e" "CARGO_TARGET_DIR=/opt/rustwide/target" "-e" "CARGO_HOME=/opt/rustwide/cargo-home" "-e" "RUSTUP_HOME=/opt/rustwide/rustup-home" "-w" "/opt/rustwide/workdir" "-m" "1610612736" "--user" "0:0" "--network" "none" "ghcr.io/rust-lang/crates-build-env/linux@sha256:2788e3201cd34a07e3172128adcd8b3090168a8e3bcc40d7c032b9dda1df7d1c" "/opt/rustwide/cargo-home/bin/cargo" "+1.75.0" "metadata" "--no-deps" "--format-version=1", kill_on_drop: false }`
[INFO] [stdout] e8e2f5ee562ce02185531549e5eb52bb390104d8d903500571033d09296f3ea6
[INFO] running `Command { std: "docker" "start" "-a" "e8e2f5ee562ce02185531549e5eb52bb390104d8d903500571033d09296f3ea6", kill_on_drop: false }`
[INFO] running `Command { std: "docker" "inspect" "e8e2f5ee562ce02185531549e5eb52bb390104d8d903500571033d09296f3ea6", kill_on_drop: false }`
[INFO] running `Command { std: "docker" "rm" "-f" "e8e2f5ee562ce02185531549e5eb52bb390104d8d903500571033d09296f3ea6", kill_on_drop: false }`
[INFO] [stdout] e8e2f5ee562ce02185531549e5eb52bb390104d8d903500571033d09296f3ea6
[INFO] running `Command { std: "docker" "create" "-v" "/var/lib/crater-agent-workspace/builds/worker-0-tc1/target:/opt/rustwide/target:rw,Z" "-v" "/var/lib/crater-agent-workspace/builds/worker-0-tc1/source:/opt/rustwide/workdir:ro,Z" "-v" "/var/lib/crater-agent-workspace/cargo-home:/opt/rustwide/cargo-home:ro,Z" "-v" "/var/lib/crater-agent-workspace/rustup-home:/opt/rustwide/rustup-home:ro,Z" "-e" "SOURCE_DIR=/opt/rustwide/workdir" "-e" "CARGO_TARGET_DIR=/opt/rustwide/target" "-e" "CARGO_INCREMENTAL=0" "-e" "RUST_BACKTRACE=full" "-e" "RUSTFLAGS=--cap-lints=warn" "-e" "RUSTDOCFLAGS=--cap-lints=warn" "-e" "CARGO_HOME=/opt/rustwide/cargo-home" "-e" "RUSTUP_HOME=/opt/rustwide/rustup-home" "-w" "/opt/rustwide/workdir" "-m" "1610612736" "--user" "0:0" "--network" "none" "ghcr.io/rust-lang/crates-build-env/linux@sha256:2788e3201cd34a07e3172128adcd8b3090168a8e3bcc40d7c032b9dda1df7d1c" "/opt/rustwide/cargo-home/bin/cargo" "+1.75.0" "build" "--frozen" "--message-format=json", kill_on_drop: false }`
[INFO] [stdout] 67d550b382af9dfa8638d09f2c3875385d6f5383c3d73b360b2b3173b542e5d0
[INFO] running `Command { std: "docker" "start" "-a" "67d550b382af9dfa8638d09f2c3875385d6f5383c3d73b360b2b3173b542e5d0", kill_on_drop: false }`
[INFO] [stderr]    Compiling libc v0.2.149
[INFO] [stderr]    Compiling libdrm_amdgpu_sys v0.3.0 (/opt/rustwide/workdir)
[INFO] [stdout] warning: unused import: `self::drm_map_flags as drm_map_flags_t`
[INFO] [stdout]     --> bindings/drm.rs:8670:9
[INFO] [stdout]      |
[INFO] [stdout] 8670 | pub use self::drm_map_flags as drm_map_flags_t;
[INFO] [stdout]      |         ^^^^^^^^^^^^^^^^^^^^^^^^^^^^^^^^^^^^^^
[INFO] [stdout]      |
[INFO] [stdout]      = note: `#[warn(unused_imports)]` on by default
[INFO] [stdout] 
[INFO] [stdout] 
[INFO] [stdout] warning: unused import: `self::drm_map_type as drm_map_type_t`
[INFO] [stdout]     --> bindings/drm.rs:8671:9
[INFO] [stdout]      |
[INFO] [stdout] 8671 | pub use self::drm_map_type as drm_map_type_t;
[INFO] [stdout]      |         ^^^^^^^^^^^^^^^^^^^^^^^^^^^^^^^^^^^^
[INFO] [stdout] 
[INFO] [stdout] 
[INFO] [stdout] warning: unused import: `self::drm_stat_type as drm_stat_type_t`
[INFO] [stdout]     --> bindings/drm.rs:8675:9
[INFO] [stdout]      |
[INFO] [stdout] 8675 | pub use self::drm_stat_type as drm_stat_type_t;
[INFO] [stdout]      |         ^^^^^^^^^^^^^^^^^^^^^^^^^^^^^^^^^^^^^^
[INFO] [stdout] 
[INFO] [stdout] 
[INFO] [stdout] warning: unused import: `self::drm_lock_flags as drm_lock_flags_t`
[INFO] [stdout]     --> bindings/drm.rs:8677:9
[INFO] [stdout]      |
[INFO] [stdout] 8677 | pub use self::drm_lock_flags as drm_lock_flags_t;
[INFO] [stdout]      |         ^^^^^^^^^^^^^^^^^^^^^^^^^^^^^^^^^^^^^^^^
[INFO] [stdout] 
[INFO] [stdout] 
[INFO] [stdout] warning: unused import: `self::drm_dma_flags as drm_dma_flags_t`
[INFO] [stdout]     --> bindings/drm.rs:8679:9
[INFO] [stdout]      |
[INFO] [stdout] 8679 | pub use self::drm_dma_flags as drm_dma_flags_t;
[INFO] [stdout]      |         ^^^^^^^^^^^^^^^^^^^^^^^^^^^^^^^^^^^^^^
[INFO] [stdout] 
[INFO] [stdout] 
[INFO] [stdout] warning: unused import: `self::drm_ctx_flags as drm_ctx_flags_t`
[INFO] [stdout]     --> bindings/drm.rs:8688:9
[INFO] [stdout]      |
[INFO] [stdout] 8688 | pub use self::drm_ctx_flags as drm_ctx_flags_t;
[INFO] [stdout]      |         ^^^^^^^^^^^^^^^^^^^^^^^^^^^^^^^^^^^^^^
[INFO] [stdout] 
[INFO] [stdout] 
[INFO] [stdout] warning: unused import: `self::drm_vblank_seq_type as drm_vblank_seq_type_t`
[INFO] [stdout]     --> bindings/drm.rs:8695:9
[INFO] [stdout]      |
[INFO] [stdout] 8695 | pub use self::drm_vblank_seq_type as drm_vblank_seq_type_t;
[INFO] [stdout]      |         ^^^^^^^^^^^^^^^^^^^^^^^^^^^^^^^^^^^^^^^^^^^^^^^^^^
[INFO] [stdout] 
[INFO] [stdout] 
[INFO] [stdout] warning: unused import: `status::*`
[INFO] [stdout]   --> pci/mod.rs:27:9
[INFO] [stdout]    |
[INFO] [stdout] 27 | pub use status::*;
[INFO] [stdout]    |         ^^^^^^^^^
[INFO] [stdout] 
[INFO] [stdout] 
[INFO] [stdout] warning: unused import: `link::*`
[INFO] [stdout]   --> pci/mod.rs:30:9
[INFO] [stdout]    |
[INFO] [stdout] 30 | pub use link::*;
[INFO] [stdout]    |         ^^^^^^^
[INFO] [stdout] 
[INFO] [stdout] 
[INFO] [stdout] warning: 9 warnings emitted
[INFO] [stdout] 
[INFO] [stdout] 
[INFO] [stderr]     Finished dev [unoptimized + debuginfo] target(s) in 2.11s
[INFO] running `Command { std: "docker" "inspect" "67d550b382af9dfa8638d09f2c3875385d6f5383c3d73b360b2b3173b542e5d0", kill_on_drop: false }`
[INFO] running `Command { std: "docker" "rm" "-f" "67d550b382af9dfa8638d09f2c3875385d6f5383c3d73b360b2b3173b542e5d0", kill_on_drop: false }`
[INFO] [stdout] 67d550b382af9dfa8638d09f2c3875385d6f5383c3d73b360b2b3173b542e5d0
[INFO] running `Command { std: "docker" "create" "-v" "/var/lib/crater-agent-workspace/builds/worker-0-tc1/target:/opt/rustwide/target:rw,Z" "-v" "/var/lib/crater-agent-workspace/builds/worker-0-tc1/source:/opt/rustwide/workdir:ro,Z" "-v" "/var/lib/crater-agent-workspace/cargo-home:/opt/rustwide/cargo-home:ro,Z" "-v" "/var/lib/crater-agent-workspace/rustup-home:/opt/rustwide/rustup-home:ro,Z" "-e" "SOURCE_DIR=/opt/rustwide/workdir" "-e" "CARGO_TARGET_DIR=/opt/rustwide/target" "-e" "CARGO_INCREMENTAL=0" "-e" "RUST_BACKTRACE=full" "-e" "RUSTFLAGS=--cap-lints=warn" "-e" "RUSTDOCFLAGS=--cap-lints=warn" "-e" "CARGO_HOME=/opt/rustwide/cargo-home" "-e" "RUSTUP_HOME=/opt/rustwide/rustup-home" "-w" "/opt/rustwide/workdir" "-m" "1610612736" "--user" "0:0" "--network" "none" "ghcr.io/rust-lang/crates-build-env/linux@sha256:2788e3201cd34a07e3172128adcd8b3090168a8e3bcc40d7c032b9dda1df7d1c" "/opt/rustwide/cargo-home/bin/cargo" "+1.75.0" "test" "--frozen" "--no-run" "--message-format=json", kill_on_drop: false }`
[INFO] [stdout] 72d819e451c138a6d3bf3d2c20c6a585a0c19886a80d8ec4fe1ae466064e77a0
[INFO] running `Command { std: "docker" "start" "-a" "72d819e451c138a6d3bf3d2c20c6a585a0c19886a80d8ec4fe1ae466064e77a0", kill_on_drop: false }`
[INFO] [stdout] warning: unused import: `self::drm_map_flags as drm_map_flags_t`
[INFO] [stdout]     --> bindings/drm.rs:8670:9
[INFO] [stdout]      |
[INFO] [stdout] 8670 | pub use self::drm_map_flags as drm_map_flags_t;
[INFO] [stdout]      |         ^^^^^^^^^^^^^^^^^^^^^^^^^^^^^^^^^^^^^^
[INFO] [stdout]      |
[INFO] [stdout]      = note: `#[warn(unused_imports)]` on by default
[INFO] [stdout] 
[INFO] [stdout] 
[INFO] [stdout] warning: unused import: `self::drm_map_type as drm_map_type_t`
[INFO] [stdout]     --> bindings/drm.rs:8671:9
[INFO] [stdout]      |
[INFO] [stdout] 8671 | pub use self::drm_map_type as drm_map_type_t;
[INFO] [stdout]      |         ^^^^^^^^^^^^^^^^^^^^^^^^^^^^^^^^^^^^
[INFO] [stdout] 
[INFO] [stdout] 
[INFO] [stdout] warning: unused import: `self::drm_stat_type as drm_stat_type_t`
[INFO] [stdout]     --> bindings/drm.rs:8675:9
[INFO] [stdout]      |
[INFO] [stdout] 8675 | pub use self::drm_stat_type as drm_stat_type_t;
[INFO] [stdout]      |         ^^^^^^^^^^^^^^^^^^^^^^^^^^^^^^^^^^^^^^
[INFO] [stdout] 
[INFO] [stdout] 
[INFO] [stdout] warning: unused import: `self::drm_lock_flags as drm_lock_flags_t`
[INFO] [stdout]     --> bindings/drm.rs:8677:9
[INFO] [stdout]      |
[INFO] [stdout] 8677 | pub use self::drm_lock_flags as drm_lock_flags_t;
[INFO] [stdout]      |         ^^^^^^^^^^^^^^^^^^^^^^^^^^^^^^^^^^^^^^^^
[INFO] [stdout] 
[INFO] [stdout] 
[INFO] [stdout] warning: unused import: `self::drm_dma_flags as drm_dma_flags_t`
[INFO] [stdout]     --> bindings/drm.rs:8679:9
[INFO] [stdout]      |
[INFO] [stdout] 8679 | pub use self::drm_dma_flags as drm_dma_flags_t;
[INFO] [stdout]      |         ^^^^^^^^^^^^^^^^^^^^^^^^^^^^^^^^^^^^^^
[INFO] [stdout] 
[INFO] [stdout] 
[INFO] [stdout] warning: unused import: `self::drm_ctx_flags as drm_ctx_flags_t`
[INFO] [stdout]     --> bindings/drm.rs:8688:9
[INFO] [stdout]      |
[INFO] [stdout] 8688 | pub use self::drm_ctx_flags as drm_ctx_flags_t;
[INFO] [stdout]      |         ^^^^^^^^^^^^^^^^^^^^^^^^^^^^^^^^^^^^^^
[INFO] [stdout] 
[INFO] [stdout] 
[INFO] [stdout] warning: unused import: `self::drm_vblank_seq_type as drm_vblank_seq_type_t`
[INFO] [stdout]     --> bindings/drm.rs:8695:9
[INFO] [stdout]      |
[INFO] [stdout] 8695 | pub use self::drm_vblank_seq_type as drm_vblank_seq_type_t;
[INFO] [stdout]      |         ^^^^^^^^^^^^^^^^^^^^^^^^^^^^^^^^^^^^^^^^^^^^^^^^^^
[INFO] [stdout] 
[INFO] [stdout] 
[INFO] [stdout] warning: unused import: `status::*`
[INFO] [stdout]   --> pci/mod.rs:27:9
[INFO] [stdout]    |
[INFO] [stdout] 27 | pub use status::*;
[INFO] [stdout]    |         ^^^^^^^^^
[INFO] [stdout] 
[INFO] [stdout] 
[INFO] [stdout] warning: unused import: `link::*`
[INFO] [stdout]   --> pci/mod.rs:30:9
[INFO] [stdout]    |
[INFO] [stdout] 30 | pub use link::*;
[INFO] [stdout]    |         ^^^^^^^
[INFO] [stdout] 
[INFO] [stdout] 
[INFO] [stdout] warning: 9 warnings emitted
[INFO] [stdout] 
[INFO] [stdout] 
[INFO] [stderr]    Compiling libdrm_amdgpu_sys v0.3.0 (/opt/rustwide/workdir)
[INFO] [stdout] warning: unused import: `self::drm_map_flags as drm_map_flags_t`
[INFO] [stdout]     --> bindings/drm.rs:8670:9
[INFO] [stdout]      |
[INFO] [stdout] 8670 | pub use self::drm_map_flags as drm_map_flags_t;
[INFO] [stdout]      |         ^^^^^^^^^^^^^^^^^^^^^^^^^^^^^^^^^^^^^^
[INFO] [stdout]      |
[INFO] [stdout]      = note: `#[warn(unused_imports)]` on by default
[INFO] [stdout] 
[INFO] [stdout] 
[INFO] [stdout] warning: unused import: `self::drm_map_type as drm_map_type_t`
[INFO] [stdout]     --> bindings/drm.rs:8671:9
[INFO] [stdout]      |
[INFO] [stdout] 8671 | pub use self::drm_map_type as drm_map_type_t;
[INFO] [stdout]      |         ^^^^^^^^^^^^^^^^^^^^^^^^^^^^^^^^^^^^
[INFO] [stdout] 
[INFO] [stdout] 
[INFO] [stdout] warning: unused import: `self::drm_stat_type as drm_stat_type_t`
[INFO] [stdout]     --> bindings/drm.rs:8675:9
[INFO] [stdout]      |
[INFO] [stdout] 8675 | pub use self::drm_stat_type as drm_stat_type_t;
[INFO] [stdout]      |         ^^^^^^^^^^^^^^^^^^^^^^^^^^^^^^^^^^^^^^
[INFO] [stdout] 
[INFO] [stdout] 
[INFO] [stdout] warning: unused import: `self::drm_lock_flags as drm_lock_flags_t`
[INFO] [stdout]     --> bindings/drm.rs:8677:9
[INFO] [stdout]      |
[INFO] [stdout] 8677 | pub use self::drm_lock_flags as drm_lock_flags_t;
[INFO] [stdout]      |         ^^^^^^^^^^^^^^^^^^^^^^^^^^^^^^^^^^^^^^^^
[INFO] [stdout] 
[INFO] [stdout] 
[INFO] [stdout] warning: unused import: `self::drm_dma_flags as drm_dma_flags_t`
[INFO] [stdout]     --> bindings/drm.rs:8679:9
[INFO] [stdout]      |
[INFO] [stdout] 8679 | pub use self::drm_dma_flags as drm_dma_flags_t;
[INFO] [stdout]      |         ^^^^^^^^^^^^^^^^^^^^^^^^^^^^^^^^^^^^^^
[INFO] [stdout] 
[INFO] [stdout] 
[INFO] [stdout] warning: unused import: `self::drm_ctx_flags as drm_ctx_flags_t`
[INFO] [stdout]     --> bindings/drm.rs:8688:9
[INFO] [stdout]      |
[INFO] [stdout] 8688 | pub use self::drm_ctx_flags as drm_ctx_flags_t;
[INFO] [stdout]      |         ^^^^^^^^^^^^^^^^^^^^^^^^^^^^^^^^^^^^^^
[INFO] [stdout] 
[INFO] [stdout] 
[INFO] [stdout] warning: unused import: `self::drm_vblank_seq_type as drm_vblank_seq_type_t`
[INFO] [stdout]     --> bindings/drm.rs:8695:9
[INFO] [stdout]      |
[INFO] [stdout] 8695 | pub use self::drm_vblank_seq_type as drm_vblank_seq_type_t;
[INFO] [stdout]      |         ^^^^^^^^^^^^^^^^^^^^^^^^^^^^^^^^^^^^^^^^^^^^^^^^^^
[INFO] [stdout] 
[INFO] [stdout] 
[INFO] [stdout] warning: unused import: `status::*`
[INFO] [stdout]   --> pci/mod.rs:27:9
[INFO] [stdout]    |
[INFO] [stdout] 27 | pub use status::*;
[INFO] [stdout]    |         ^^^^^^^^^
[INFO] [stdout] 
[INFO] [stdout] 
[INFO] [stdout] warning: unused import: `link::*`
[INFO] [stdout]   --> pci/mod.rs:30:9
[INFO] [stdout]    |
[INFO] [stdout] 30 | pub use link::*;
[INFO] [stdout]    |         ^^^^^^^
[INFO] [stdout] 
[INFO] [stdout] 
[INFO] [stdout] warning: 9 warnings emitted
[INFO] [stdout] 
[INFO] [stdout] 
[INFO] [stderr]     Finished test [unoptimized + debuginfo] target(s) in 3.19s
[INFO] running `Command { std: "docker" "inspect" "72d819e451c138a6d3bf3d2c20c6a585a0c19886a80d8ec4fe1ae466064e77a0", kill_on_drop: false }`
[INFO] running `Command { std: "docker" "rm" "-f" "72d819e451c138a6d3bf3d2c20c6a585a0c19886a80d8ec4fe1ae466064e77a0", kill_on_drop: false }`
[INFO] [stdout] 72d819e451c138a6d3bf3d2c20c6a585a0c19886a80d8ec4fe1ae466064e77a0
[INFO] running `Command { std: "docker" "create" "-v" "/var/lib/crater-agent-workspace/builds/worker-0-tc1/target:/opt/rustwide/target:rw,Z" "-v" "/var/lib/crater-agent-workspace/builds/worker-0-tc1/source:/opt/rustwide/workdir:ro,Z" "-v" "/var/lib/crater-agent-workspace/cargo-home:/opt/rustwide/cargo-home:ro,Z" "-v" "/var/lib/crater-agent-workspace/rustup-home:/opt/rustwide/rustup-home:ro,Z" "-e" "SOURCE_DIR=/opt/rustwide/workdir" "-e" "CARGO_TARGET_DIR=/opt/rustwide/target" "-e" "CARGO_INCREMENTAL=0" "-e" "RUST_BACKTRACE=full" "-e" "RUSTFLAGS=--cap-lints=warn" "-e" "RUSTDOCFLAGS=--cap-lints=warn" "-e" "CARGO_HOME=/opt/rustwide/cargo-home" "-e" "RUSTUP_HOME=/opt/rustwide/rustup-home" "-w" "/opt/rustwide/workdir" "-m" "1610612736" "--user" "0:0" "--network" "none" "ghcr.io/rust-lang/crates-build-env/linux@sha256:2788e3201cd34a07e3172128adcd8b3090168a8e3bcc40d7c032b9dda1df7d1c" "/opt/rustwide/cargo-home/bin/cargo" "+1.75.0" "test" "--frozen", kill_on_drop: false }`
[INFO] [stdout] 04b6f52981ea5558dbfe66246eb7d997c9a7bcab0d03f29b552a9a5f975c91b1
[INFO] running `Command { std: "docker" "start" "-a" "04b6f52981ea5558dbfe66246eb7d997c9a7bcab0d03f29b552a9a5f975c91b1", kill_on_drop: false }`
[INFO] [stderr] warning: unused import: `self::drm_map_flags as drm_map_flags_t`
[INFO] [stderr]     --> bindings/drm.rs:8670:9
[INFO] [stderr]      |
[INFO] [stderr] 8670 | pub use self::drm_map_flags as drm_map_flags_t;
[INFO] [stderr]      |         ^^^^^^^^^^^^^^^^^^^^^^^^^^^^^^^^^^^^^^
[INFO] [stderr]      |
[INFO] [stderr]      = note: `#[warn(unused_imports)]` on by default
[INFO] [stderr] 
[INFO] [stderr] warning: unused import: `self::drm_map_type as drm_map_type_t`
[INFO] [stderr]     --> bindings/drm.rs:8671:9
[INFO] [stderr]      |
[INFO] [stderr] 8671 | pub use self::drm_map_type as drm_map_type_t;
[INFO] [stderr]      |         ^^^^^^^^^^^^^^^^^^^^^^^^^^^^^^^^^^^^
[INFO] [stderr] 
[INFO] [stderr] warning: unused import: `self::drm_stat_type as drm_stat_type_t`
[INFO] [stderr]     --> bindings/drm.rs:8675:9
[INFO] [stderr]      |
[INFO] [stderr] 8675 | pub use self::drm_stat_type as drm_stat_type_t;
[INFO] [stderr]      |         ^^^^^^^^^^^^^^^^^^^^^^^^^^^^^^^^^^^^^^
[INFO] [stderr] 
[INFO] [stderr] warning: unused import: `self::drm_lock_flags as drm_lock_flags_t`
[INFO] [stderr]     --> bindings/drm.rs:8677:9
[INFO] [stderr]      |
[INFO] [stderr] 8677 | pub use self::drm_lock_flags as drm_lock_flags_t;
[INFO] [stderr]      |         ^^^^^^^^^^^^^^^^^^^^^^^^^^^^^^^^^^^^^^^^
[INFO] [stderr] 
[INFO] [stderr] warning: unused import: `self::drm_dma_flags as drm_dma_flags_t`
[INFO] [stderr]     --> bindings/drm.rs:8679:9
[INFO] [stderr]      |
[INFO] [stderr] 8679 | pub use self::drm_dma_flags as drm_dma_flags_t;
[INFO] [stderr]      |         ^^^^^^^^^^^^^^^^^^^^^^^^^^^^^^^^^^^^^^
[INFO] [stderr] 
[INFO] [stderr] warning: unused import: `self::drm_ctx_flags as drm_ctx_flags_t`
[INFO] [stderr]     --> bindings/drm.rs:8688:9
[INFO] [stderr]      |
[INFO] [stderr] 8688 | pub use self::drm_ctx_flags as drm_ctx_flags_t;
[INFO] [stderr]      |         ^^^^^^^^^^^^^^^^^^^^^^^^^^^^^^^^^^^^^^
[INFO] [stderr] 
[INFO] [stderr] warning: unused import: `self::drm_vblank_seq_type as drm_vblank_seq_type_t`
[INFO] [stderr]     --> bindings/drm.rs:8695:9
[INFO] [stderr]      |
[INFO] [stderr] 8695 | pub use self::drm_vblank_seq_type as drm_vblank_seq_type_t;
[INFO] [stderr]      |         ^^^^^^^^^^^^^^^^^^^^^^^^^^^^^^^^^^^^^^^^^^^^^^^^^^
[INFO] [stderr] 
[INFO] [stderr] warning: unused import: `status::*`
[INFO] [stderr]   --> pci/mod.rs:27:9
[INFO] [stderr]    |
[INFO] [stderr] 27 | pub use status::*;
[INFO] [stderr]    |         ^^^^^^^^^
[INFO] [stderr] 
[INFO] [stderr] warning: unused import: `link::*`
[INFO] [stderr]   --> pci/mod.rs:30:9
[INFO] [stderr]    |
[INFO] [stderr] 30 | pub use link::*;
[INFO] [stderr]    |         ^^^^^^^
[INFO] [stderr] 
[INFO] [stderr] warning: `libdrm_amdgpu_sys` (lib) generated 9 warnings (run `cargo fix --lib -p libdrm_amdgpu_sys` to apply 9 suggestions)
[INFO] [stderr] warning: `libdrm_amdgpu_sys` (lib test) generated 9 warnings (9 duplicates)
[INFO] [stderr]     Finished test [unoptimized + debuginfo] target(s) in 0.03s
[INFO] [stderr]      Running unittests lib.rs (/opt/rustwide/target/debug/deps/libdrm_amdgpu_sys-d5a1662b574ccb7c)
[INFO] [stdout] 
[INFO] [stdout] running 251 tests
[INFO] [stdout] test bindings::drm::bindgen_test_layout___fsid_t ... ok
[INFO] [stdout] test bindings::drm::bindgen_test_layout___atomic_wide_counter__bindgen_ty_1 ... ok
[INFO] [stdout] test amdgpu::chip_class::test_amdgpu_chip_class ... ok
[INFO] [stdout] test bindings::drm::bindgen_test_layout___pthread_internal_slist ... ok
[INFO] [stdout] test bindings::drm::bindgen_test_layout___pthread_cond_s ... ok
[INFO] [stdout] test bindings::drm::bindgen_test_layout___once_flag ... ok
[INFO] [stdout] test bindings::drm::bindgen_test_layout___atomic_wide_counter ... ok
[INFO] [stdout] test bindings::drm::bindgen_test_layout___kernel_fsid_t ... ok
[INFO] [stdout] test bindings::drm::bindgen_test_layout___pthread_mutex_s ... ok
[INFO] [stdout] test bindings::drm::bindgen_test_layout___pthread_rwlock_arch_t ... ok
[INFO] [stdout] test bindings::drm::bindgen_test_layout___kernel_fd_set ... ok
[INFO] [stdout] test amdgpu::asic::test_asic_name_get ... ok
[INFO] [stdout] test bindings::drm::bindgen_test_layout___va_list_tag ... ok
[INFO] [stdout] test bindings::drm::bindgen_test_layout__drmDevice__bindgen_ty_1 ... ok
[INFO] [stdout] test bindings::drm::bindgen_test_layout__drmDevice__bindgen_ty_2 ... ok
[INFO] [stdout] test bindings::drm::bindgen_test_layout___pthread_internal_list ... ok
[INFO] [stdout] test bindings::drm::bindgen_test_layout___sigset_t ... ok
[INFO] [stdout] test bindings::drm::bindgen_test_layout__drmBufMap ... ok
[INFO] [stdout] test bindings::drm::bindgen_test_layout__drmDevice ... ok
[INFO] [stdout] test bindings::drm::bindgen_test_layout__drmBufInfo ... ok
[INFO] [stdout] test bindings::drm::bindgen_test_layout__drmDMAReq ... ok
[INFO] [stdout] test bindings::drm::bindgen_test_layout__drmBufDesc ... ok
[INFO] [stdout] test bindings::drm::bindgen_test_layout__drmHost1xBusInfo ... ok
[INFO] [stdout] test bindings::drm::bindgen_test_layout__drmBuf ... ok
[INFO] [stdout] test bindings::drm::bindgen_test_layout__drmEventContext ... ok
[INFO] [stdout] test bindings::drm::bindgen_test_layout__drmHost1xDeviceInfo ... ok
[INFO] [stdout] test bindings::drm::bindgen_test_layout__drmVBlank ... ok
[INFO] [stdout] test bindings::drm::bindgen_test_layout__drmVBlankReply ... ok
[INFO] [stdout] test bindings::drm::bindgen_test_layout__drmUsbBusInfo ... ok
[INFO] [stdout] test bindings::drm::bindgen_test_layout_amdgpu_bo_alloc_request ... ok
[INFO] [stdout] test bindings::drm::bindgen_test_layout__drmLock ... ok
[INFO] [stdout] test bindings::drm::bindgen_test_layout__drmPciBusInfo ... ok
[INFO] [stdout] test bindings::drm::bindgen_test_layout_amdgpu_bo_metadata ... ok
[INFO] [stdout] test bindings::drm::bindgen_test_layout_amdgpu_buffer_size_alignments ... ok
[INFO] [stdout] test bindings::drm::bindgen_test_layout_amdgpu_bo_info ... ok
[INFO] [stdout] test bindings::drm::bindgen_test_layout__drmPciDeviceInfo ... ok
[INFO] [stdout] test bindings::drm::bindgen_test_layout__drmVBlankReq ... ok
[INFO] [stdout] test bindings::drm::bindgen_test_layout__drmUsbDeviceInfo ... ok
[INFO] [stdout] test bindings::drm::bindgen_test_layout__drmPlatformBusInfo ... ok
[INFO] [stdout] test bindings::drm::bindgen_test_layout__drmPlatformDeviceInfo ... ok
[INFO] [stdout] test bindings::drm::bindgen_test_layout__drmRegion ... ok
[INFO] [stdout] test bindings::drm::bindgen_test_layout_amdgpu_bo_import_result ... ok
[INFO] [stdout] test bindings::drm::bindgen_test_layout__drmServerInfo ... ok
[INFO] [stdout] test bindings::drm::bindgen_test_layout__drmTextureRegion ... ok
[INFO] [stdout] test bindings::drm::bindgen_test_layout__drmStats ... ok
[INFO] [stdout] test bindings::drm::bindgen_test_layout__drmSetVersion ... ok
[INFO] [stdout] test bindings::drm::bindgen_test_layout_amdgpu_cs_fence ... ok
[INFO] [stdout] test bindings::drm::bindgen_test_layout_amdgpu_cs_ib_info ... ok
[INFO] [stdout] test bindings::drm::bindgen_test_layout_amdgpu_cs_request ... ok
[INFO] [stdout] test bindings::drm::bindgen_test_layout_amdgpu_heap_info ... ok
[INFO] [stdout] test bindings::drm::bindgen_test_layout_amdgpu_gpu_info ... ok
[INFO] [stdout] test bindings::drm::bindgen_test_layout_drm_agp_buffer ... ok
[INFO] [stdout] test bindings::drm::bindgen_test_layout_drmHashEntry ... ok
[INFO] [stdout] test bindings::drm::bindgen_test_layout_amdgpu_gds_resource_info ... ok
[INFO] [stdout] test bindings::drm::bindgen_test_layout__drmStats__bindgen_ty_1 ... ok
[INFO] [stdout] test bindings::drm::bindgen_test_layout_amdgpu_cs_fence_info ... ok
[INFO] [stdout] test bindings::drm::bindgen_test_layout_drm_agp_binding ... ok
[INFO] [stdout] test bindings::drm::bindgen_test_layout__drmVersion ... ok
[INFO] [stdout] test bindings::drm::bindgen_test_layout_drm_agp_mode ... ok
[INFO] [stdout] test bindings::drm::bindgen_test_layout_drm_amdgpu_bo_list_in ... ok
[INFO] [stdout] test bindings::drm::bindgen_test_layout_drm_amdgpu_bo_list_entry ... ok
[INFO] [stdout] test bindings::drm::bindgen_test_layout_drm_amdgpu_bo_list ... ok
[INFO] [stdout] test bindings::drm::bindgen_test_layout_drm_agp_info ... ok
[INFO] [stdout] test bindings::drm::bindgen_test_layout_drm_amdgpu_cs ... ok
[INFO] [stdout] test bindings::drm::bindgen_test_layout_drm_amdgpu_bo_list_out ... ok
[INFO] [stdout] test bindings::drm::bindgen_test_layout_drm_amdgpu_cs_chunk_sem ... ok
[INFO] [stdout] test bindings::drm::bindgen_test_layout_drm_amdgpu_cs_chunk_dep ... ok
[INFO] [stdout] test bindings::drm::bindgen_test_layout_drm_amdgpu_cs_chunk_ib ... ok
[INFO] [stdout] test bindings::drm::bindgen_test_layout_drm_amdgpu_cs_chunk_syncobj ... ok
[INFO] [stdout] test bindings::drm::bindgen_test_layout_drm_amdgpu_cs_chunk_data ... ok
[INFO] [stdout] test bindings::drm::bindgen_test_layout_drm_amdgpu_cs_chunk ... ok
[INFO] [stdout] test bindings::drm::bindgen_test_layout_drm_amdgpu_cs_chunk_cp_gfx_shadow ... ok
[INFO] [stdout] test bindings::drm::bindgen_test_layout_drm_amdgpu_cs_chunk_fence ... ok
[INFO] [stdout] test bindings::drm::bindgen_test_layout_drm_amdgpu_cs_in ... ok
[INFO] [stdout] test bindings::drm::bindgen_test_layout_drm_amdgpu_cs_chunk_data__bindgen_ty_1 ... ok
[INFO] [stdout] test bindings::drm::bindgen_test_layout_drm_amdgpu_cs_out ... ok
[INFO] [stdout] test bindings::drm::bindgen_test_layout_drm_amdgpu_ctx ... ok
[INFO] [stdout] test bindings::drm::bindgen_test_layout_drm_amdgpu_ctx_out ... ok
[INFO] [stdout] test bindings::drm::bindgen_test_layout_drm_amdgpu_ctx_out__bindgen_ty_3 ... ok
[INFO] [stdout] test bindings::drm::bindgen_test_layout_drm_amdgpu_ctx_in ... ok
[INFO] [stdout] test bindings::drm::bindgen_test_layout_drm_amdgpu_fence ... ok
[INFO] [stdout] test bindings::drm::bindgen_test_layout_drm_amdgpu_fence_to_handle__bindgen_ty_1 ... ok
[INFO] [stdout] test bindings::drm::bindgen_test_layout_drm_amdgpu_ctx_out__bindgen_ty_1 ... ok
[INFO] [stdout] test bindings::drm::bindgen_test_layout_drm_amdgpu_gem_metadata__bindgen_ty_1 ... ok
[INFO] [stdout] test bindings::drm::bindgen_test_layout_drm_amdgpu_gem_create_in ... ok
[INFO] [stdout] test bindings::drm::bindgen_test_layout_drm_amdgpu_ctx_out__bindgen_ty_2 ... ok
[INFO] [stdout] test bindings::drm::bindgen_test_layout_drm_amdgpu_gem_create_out ... ok
[INFO] [stdout] test bindings::drm::bindgen_test_layout_drm_amdgpu_fence_to_handle__bindgen_ty_2 ... ok
[INFO] [stdout] test bindings::drm::bindgen_test_layout_drm_amdgpu_gem_wait_idle ... ok
[INFO] [stdout] test bindings::drm::bindgen_test_layout_drm_amdgpu_gem_metadata ... ok
[INFO] [stdout] test bindings::drm::bindgen_test_layout_drm_amdgpu_gem_create ... ok
[INFO] [stdout] test bindings::drm::bindgen_test_layout_drm_amdgpu_gem_wait_idle_out ... ok
[INFO] [stdout] test bindings::drm::bindgen_test_layout_drm_amdgpu_info ... ok
[INFO] [stdout] test bindings::drm::bindgen_test_layout_drm_amdgpu_gem_userptr ... ok
[INFO] [stdout] test bindings::drm::bindgen_test_layout_drm_amdgpu_gem_mmap_in ... ok
[INFO] [stdout] test bindings::drm::bindgen_test_layout_drm_amdgpu_gem_mmap ... ok
[INFO] [stdout] test bindings::drm::bindgen_test_layout_drm_amdgpu_gem_op ... ok
[INFO] [stdout] test bindings::drm::bindgen_test_layout_drm_amdgpu_gem_va ... ok
[INFO] [stdout] test bindings::drm::bindgen_test_layout_drm_amdgpu_gem_wait_idle_in ... ok
[INFO] [stdout] test bindings::drm::bindgen_test_layout_drm_amdgpu_heap_info ... ok
[INFO] [stdout] test bindings::drm::bindgen_test_layout_drm_amdgpu_info__bindgen_ty_1 ... ok
[INFO] [stdout] test bindings::drm::bindgen_test_layout_drm_amdgpu_gem_mmap_out ... ok
[INFO] [stdout] test bindings::drm::bindgen_test_layout_drm_amdgpu_fence_to_handle ... ok
[INFO] [stdout] test bindings::drm::bindgen_test_layout_drm_amdgpu_info_gds ... ok
[INFO] [stdout] test bindings::drm::bindgen_test_layout_drm_amdgpu_info__bindgen_ty_1__bindgen_ty_4 ... ok
[INFO] [stdout] test bindings::drm::bindgen_test_layout_drm_amdgpu_info__bindgen_ty_1__bindgen_ty_6 ... ok
[INFO] [stdout] test bindings::drm::bindgen_test_layout_drm_amdgpu_info_hw_ip ... ok
[INFO] [stdout] test bindings::drm::bindgen_test_layout_drm_amdgpu_info_video_caps ... ok
[INFO] [stdout] test bindings::drm::bindgen_test_layout_drm_amdgpu_info_device ... ok
[INFO] [stdout] test bindings::drm::bindgen_test_layout_drm_amdgpu_info_vbios ... ok
[INFO] [stdout] test bindings::drm::bindgen_test_layout_drm_amdgpu_info_video_codec_info ... ok
[INFO] [stdout] test bindings::drm::bindgen_test_layout_drm_amdgpu_info_vce_clock_table_entry ... ok
[INFO] [stdout] test bindings::drm::bindgen_test_layout_drm_amdgpu_info__bindgen_ty_1__bindgen_ty_1 ... ok
[INFO] [stdout] test bindings::drm::bindgen_test_layout_drm_amdgpu_info__bindgen_ty_1__bindgen_ty_2 ... ok
[INFO] [stdout] test bindings::drm::bindgen_test_layout_drm_amdgpu_info__bindgen_ty_1__bindgen_ty_3 ... ok
[INFO] [stdout] test bindings::drm::bindgen_test_layout_drm_amdgpu_info__bindgen_ty_1__bindgen_ty_5 ... ok
[INFO] [stdout] test bindings::drm::bindgen_test_layout_drm_amdgpu_info_num_handles ... ok
[INFO] [stdout] test bindings::drm::bindgen_test_layout_drm_amdgpu_info_vce_clock_table ... ok
[INFO] [stdout] test bindings::drm::bindgen_test_layout_drm_amdgpu_info_firmware ... ok
[INFO] [stdout] test bindings::drm::bindgen_test_layout_drm_amdgpu_info_vram_gtt ... ok
[INFO] [stdout] test bindings::drm::bindgen_test_layout_drm_amdgpu_query_fw ... ok
[INFO] [stdout] test bindings::drm::bindgen_test_layout_drm_amdgpu_sched ... ok
[INFO] [stdout] test bindings::drm::bindgen_test_layout_drm_amdgpu_vm_in ... ok
[INFO] [stdout] test bindings::drm::bindgen_test_layout_drm_amdgpu_vm ... ok
[INFO] [stdout] test bindings::drm::bindgen_test_layout_drm_amdgpu_vm_out ... ok
[INFO] [stdout] test bindings::drm::bindgen_test_layout_drm_amdgpu_wait_cs_in ... ok
[INFO] [stdout] test bindings::drm::bindgen_test_layout_drm_amdgpu_wait_cs ... ok
[INFO] [stdout] test bindings::drm::bindgen_test_layout_drm_amdgpu_sched_in ... ok
[INFO] [stdout] test bindings::drm::bindgen_test_layout_drm_amdgpu_memory_info ... ok
[INFO] [stdout] test bindings::drm::bindgen_test_layout_drm_amdgpu_wait_cs_out ... ok
[INFO] [stdout] test bindings::drm::bindgen_test_layout_drm_amdgpu_wait_fences ... ok
[INFO] [stdout] test bindings::drm::bindgen_test_layout_drm_amdgpu_wait_fences_in ... ok
[INFO] [stdout] test bindings::drm::bindgen_test_layout_drm_amdgpu_wait_fences_out ... ok
[INFO] [stdout] test bindings::drm::bindgen_test_layout_drm_color_lut ... ok
[INFO] [stdout] test bindings::drm::bindgen_test_layout_drm_block ... ok
[INFO] [stdout] test bindings::drm::bindgen_test_layout_drm_buf_desc ... ok
[INFO] [stdout] test bindings::drm::bindgen_test_layout_drm_clip_rect ... ok
[INFO] [stdout] test bindings::drm::bindgen_test_layout_drm_ctx ... ok
[INFO] [stdout] test bindings::drm::bindgen_test_layout_drm_control ... ok
[INFO] [stdout] test bindings::drm::bindgen_test_layout_drm_buf_pub ... ok
[INFO] [stdout] test bindings::drm::bindgen_test_layout_drm_auth ... ok
[INFO] [stdout] test bindings::drm::bindgen_test_layout_drm_crtc_queue_sequence ... ok
[INFO] [stdout] test bindings::drm::bindgen_test_layout_drm_buf_info ... ok
[INFO] [stdout] test bindings::drm::bindgen_test_layout_drm_buf_map ... ok
[INFO] [stdout] test bindings::drm::bindgen_test_layout_drm_buf_free ... ok
[INFO] [stdout] test bindings::drm::bindgen_test_layout_drm_ctx_res ... ok
[INFO] [stdout] test bindings::drm::bindgen_test_layout_drm_format_modifier ... ok
[INFO] [stdout] test bindings::drm::bindgen_test_layout_drm_gem_open ... ok
[INFO] [stdout] test bindings::drm::bindgen_test_layout_drm_hw_lock ... ok
[INFO] [stdout] test bindings::drm::bindgen_test_layout_drm_irq_busid ... ok
[INFO] [stdout] test bindings::drm::bindgen_test_layout_drm_get_cap ... ok
[INFO] [stdout] test bindings::drm::bindgen_test_layout_drm_client ... ok
[INFO] [stdout] test bindings::drm::bindgen_test_layout_drm_ctx_priv_map ... ok
[INFO] [stdout] test bindings::drm::bindgen_test_layout_drm_gem_flink ... ok
[INFO] [stdout] test bindings::drm::bindgen_test_layout_drm_gem_close ... ok
[INFO] [stdout] test bindings::drm::bindgen_test_layout_drm_color_ctm ... ok
[INFO] [stdout] test bindings::drm::bindgen_test_layout_drm_dma ... ok
[INFO] [stdout] test bindings::drm::bindgen_test_layout_drm_crtc_get_sequence ... ok
[INFO] [stdout] test bindings::drm::bindgen_test_layout_drm_drawable_info ... ok
[INFO] [stdout] test bindings::drm::bindgen_test_layout_drm_event_crtc_sequence ... ok
[INFO] [stdout] test bindings::drm::bindgen_test_layout_drm_event_vblank ... ok
[INFO] [stdout] test bindings::drm::bindgen_test_layout_drm_format_modifier_blob ... ok
[INFO] [stdout] test bindings::drm::bindgen_test_layout_drm_draw ... ok
[INFO] [stdout] test bindings::drm::bindgen_test_layout_drm_event ... ok
[INFO] [stdout] test bindings::drm::bindgen_test_layout_drm_list ... ok
[INFO] [stdout] test bindings::drm::bindgen_test_layout_drm_mode_crtc ... ok
[INFO] [stdout] test bindings::drm::bindgen_test_layout_drm_mode_destroy_dumb ... ok
[INFO] [stdout] test bindings::drm::bindgen_test_layout_drm_mode_cursor ... ok
[INFO] [stdout] test bindings::drm::bindgen_test_layout_drm_map ... ok
[INFO] [stdout] test bindings::drm::bindgen_test_layout_drm_mode_create_lease ... ok
[INFO] [stdout] test bindings::drm::bindgen_test_layout_drm_mode_create_blob ... ok
[INFO] [stdout] test bindings::drm::bindgen_test_layout_drm_mode_crtc_page_flip ... ok
[INFO] [stdout] test bindings::drm::bindgen_test_layout_drm_mode_cursor2 ... ok
[INFO] [stdout] test bindings::drm::bindgen_test_layout_drm_mode_atomic ... ok
[INFO] [stdout] test bindings::drm::bindgen_test_layout_drm_mode_card_res ... ok
[INFO] [stdout] test bindings::drm::bindgen_test_layout_drm_mode_connector_set_property ... ok
[INFO] [stdout] test bindings::drm::bindgen_test_layout_drm_lock ... ok
[INFO] [stdout] test bindings::drm::bindgen_test_layout_drm_mode_get_plane ... ok
[INFO] [stdout] test bindings::drm::bindgen_test_layout_drm_mode_get_property ... ok
[INFO] [stdout] test bindings::drm::bindgen_test_layout_drm_mode_get_connector ... ok
[INFO] [stdout] test bindings::drm::bindgen_test_layout_drm_mode_fb_cmd2 ... ok
[INFO] [stdout] test bindings::drm::bindgen_test_layout_drm_mode_get_plane_res ... ok
[INFO] [stdout] test bindings::drm::bindgen_test_layout_drm_mode_get_lease ... ok
[INFO] [stdout] test bindings::drm::bindgen_test_layout_drm_mode_obj_set_property ... ok
[INFO] [stdout] test bindings::drm::bindgen_test_layout_drm_mode_rect ... ok
[INFO] [stdout] test bindings::drm::bindgen_test_layout_drm_mode_obj_get_properties ... ok
[INFO] [stdout] test bindings::drm::bindgen_test_layout_drm_mode_mode_cmd ... ok
[INFO] [stdout] test bindings::drm::bindgen_test_layout_drm_mode_property_enum ... ok
[INFO] [stdout] test bindings::drm::bindgen_test_layout_drm_mode_modeinfo ... ok
[INFO] [stdout] test bindings::drm::bindgen_test_layout_drm_mode_fb_cmd ... ok
[INFO] [stdout] test bindings::drm::bindgen_test_layout_drm_mode_fb_dirty_cmd ... ok
[INFO] [stdout] test bindings::drm::bindgen_test_layout_drm_mode_revoke_lease ... ok
[INFO] [stdout] test bindings::drm::bindgen_test_layout_drm_prime_handle ... ok
[INFO] [stdout] test bindings::drm::bindgen_test_layout_drm_mode_list_lessees ... ok
[INFO] [stdout] test bindings::drm::bindgen_test_layout_drm_scatter_gather ... ok
[INFO] [stdout] test bindings::drm::bindgen_test_layout_drm_mode_map_dumb ... ok
[INFO] [stdout] test bindings::drm::bindgen_test_layout_drm_set_client_cap ... ok
[INFO] [stdout] test bindings::drm::bindgen_test_layout_drm_set_version ... ok
[INFO] [stdout] test bindings::drm::bindgen_test_layout_drm_mode_set_plane ... ok
[INFO] [stdout] test bindings::drm::bindgen_test_layout_drm_mode_create_dumb ... ok
[INFO] [stdout] test bindings::drm::bindgen_test_layout_drm_mode_get_encoder ... ok
[INFO] [stdout] test bindings::drm::bindgen_test_layout_drm_modeset_ctl ... ok
[INFO] [stdout] test bindings::drm::bindgen_test_layout_drm_mode_get_blob ... ok
[INFO] [stdout] test bindings::drm::bindgen_test_layout_drm_mode_crtc_lut ... ok
[INFO] [stdout] test bindings::drm::bindgen_test_layout_drm_mode_crtc_page_flip_target ... ok
[INFO] [stdout] test bindings::drm::bindgen_test_layout_drm_mode_destroy_blob ... ok
[INFO] [stdout] test bindings::drm::bindgen_test_layout_drm_syncobj_create ... ok
[INFO] [stdout] test bindings::drm::bindgen_test_layout_drm_stats ... ok
[INFO] [stdout] test bindings::drm::bindgen_test_layout_drm_syncobj_timeline_array ... ok
[INFO] [stdout] test bindings::drm::bindgen_test_layout_drm_stats__bindgen_ty_1 ... ok
[INFO] [stdout] test bindings::drm::bindgen_test_layout_drm_syncobj_array ... ok
[INFO] [stdout] test bindings::drm::bindgen_test_layout_drm_syncobj_timeline_wait ... ok
[INFO] [stdout] test bindings::drm::bindgen_test_layout_drm_syncobj_transfer ... ok
[INFO] [stdout] test bindings::drm::bindgen_test_layout_drm_syncobj_wait ... ok
[INFO] [stdout] test bindings::drm::bindgen_test_layout_drm_unique ... ok
[INFO] [stdout] test bindings::drm::bindgen_test_layout_drm_syncobj_destroy ... ok
[INFO] [stdout] test bindings::drm::bindgen_test_layout_drm_syncobj_handle ... ok
[INFO] [stdout] test bindings::drm::bindgen_test_layout_drm_wait_vblank_request ... ok
[INFO] [stdout] test bindings::drm::bindgen_test_layout_gpu_metrics_v1_2 ... ok
[INFO] [stdout] test bindings::drm::bindgen_test_layout_drm_version ... ok
[INFO] [stdout] test bindings::drm::bindgen_test_layout_fd_set ... ok
[INFO] [stdout] test bindings::drm::bindgen_test_layout_gpu_metrics_v1_0 ... ok
[INFO] [stdout] test bindings::drm::bindgen_test_layout_gpu_metrics_v1_3 ... ok
[INFO] [stdout] test bindings::drm::bindgen_test_layout_gpu_metrics_v2_3 ... ok
[INFO] [stdout] test bindings::drm::bindgen_test_layout_drm_update_draw ... ok
[INFO] [stdout] test bindings::drm::bindgen_test_layout_drm_tex_region ... ok
[INFO] [stdout] test bindings::drm::bindgen_test_layout_gpu_metrics_v2_1 ... ok
[INFO] [stdout] test bindings::drm::bindgen_test_layout_gpu_metrics_v2_2 ... ok
[INFO] [stdout] test bindings::drm::bindgen_test_layout_gpu_metrics_v2_0 ... ok
[INFO] [stdout] test bindings::drm::bindgen_test_layout_gpu_metrics_v2_4 ... ok
[INFO] [stdout] test bindings::drm::bindgen_test_layout_gpu_metrics_v1_1 ... ok
[INFO] [stdout] test bindings::drm::bindgen_test_layout_drm_wait_vblank_reply ... ok
[INFO] [stdout] test bindings::drm::bindgen_test_layout_hdr_metadata_infoframe__bindgen_ty_1 ... ok
[INFO] [stdout] test bindings::drm::bindgen_test_layout_hdr_metadata_infoframe__bindgen_ty_2 ... ok
[INFO] [stdout] test bindings::drm::bindgen_test_layout_pthread_barrier_t ... ok
[INFO] [stdout] test bindings::drm::bindgen_test_layout_hdr_output_metadata__bindgen_ty_1 ... ok
[INFO] [stdout] test bindings::drm::bindgen_test_layout_pthread_attr_t ... ok
[INFO] [stdout] test bindings::drm::bindgen_test_layout_hdr_output_metadata ... ok
[INFO] [stdout] test bindings::drm::bindgen_test_layout_metrics_table_header ... ok
[INFO] [stdout] test bindings::drm::bindgen_test_layout_pthread_barrierattr_t ... ok
[INFO] [stdout] test bindings::drm::bindgen_test_layout_pthread_cond_t ... ok
[INFO] [stdout] test bindings::drm::bindgen_test_layout_drm_wait_vblank ... ok
[INFO] [stdout] test bindings::drm::bindgen_test_layout_hdr_metadata_infoframe ... ok
[INFO] [stdout] test bindings::drm::bindgen_test_layout_pthread_rwlock_t ... ok
[INFO] [stderr]    Doc-tests libdrm_amdgpu_sys
[INFO] [stdout] test bindings::drm::bindgen_test_layout_pthread_condattr_t ... ok
[INFO] [stdout] test bindings::drm::bindgen_test_layout_pthread_rwlockattr_t ... ok
[INFO] [stdout] test bindings::drm::bindgen_test_layout_timespec ... ok
[INFO] [stdout] test bindings::drm::bindgen_test_layout_pthread_mutex_t ... ok
[INFO] [stdout] test bindings::drm::bindgen_test_layout_timeval ... ok
[INFO] [stdout] test pci::bus_info::test_pci_bus_info_parse ... ok
[INFO] [stdout] test bindings::drm::bindgen_test_layout_pthread_mutexattr_t ... ok
[INFO] [stdout] 
[INFO] [stdout] test result: ok. 251 passed; 0 failed; 0 ignored; 0 measured; 0 filtered out; finished in 0.13s
[INFO] [stdout] 
[INFO] [stdout] 
[INFO] [stdout] running 6 tests
[INFO] [stdout] test lib.rs - (line 33) ... FAILED
[INFO] [stdout] test lib.rs - (line 29) ... FAILED
[INFO] [stdout] test lib.rs - (line 43) ... FAILED
[INFO] [stdout] test lib.rs - (line 37) ... FAILED
[INFO] [stdout] test lib.rs - (line 16) ... FAILED
[INFO] [stdout] test amdgpu/mod.rs - amdgpu::VIDEO_CAPS (line 88) ... FAILED
[INFO] [stdout] 
[INFO] [stdout] failures:
[INFO] [stdout] 
[INFO] [stdout] ---- lib.rs - (line 33) stdout ----
[INFO] [stdout] error: expected one of `!`, `.`, `::`, `;`, `?`, `{`, `}`, or an operator, found `run`
[INFO] [stdout]  --> lib.rs:34:7
[INFO] [stdout]   |
[INFO] [stdout] 3 | cargo run --example vbios_dump
[INFO] [stdout]   |       ^^^ expected one of 8 possible tokens
[INFO] [stdout] 
[INFO] [stdout] error: aborting due to previous error
[INFO] [stdout] 
[INFO] [stdout] Couldn't compile the test.
[INFO] [stdout] ---- lib.rs - (line 29) stdout ----
[INFO] [stdout] error: expected one of `!`, `.`, `::`, `;`, `?`, `{`, `}`, or an operator, found `run`
[INFO] [stdout]  --> lib.rs:30:7
[INFO] [stdout]   |
[INFO] [stdout] 3 | cargo run --example amdgpu_info
[INFO] [stdout]   |       ^^^ expected one of 8 possible tokens
[INFO] [stdout] 
[INFO] [stdout] error: aborting due to previous error
[INFO] [stdout] 
[INFO] [stdout] Couldn't compile the test.
[INFO] [stdout] ---- lib.rs - (line 43) stdout ----
[INFO] [stdout] error: expected one of `!`, `.`, `::`, `;`, `?`, `{`, `}`, or an operator, found `build`
[INFO] [stdout]  --> lib.rs:44:7
[INFO] [stdout]   |
[INFO] [stdout] 3 | cargo build --features=buildtime_bindgen
[INFO] [stdout]   |       ^^^^^ expected one of 8 possible tokens
[INFO] [stdout] 
[INFO] [stdout] error: aborting due to previous error
[INFO] [stdout] 
[INFO] [stdout] Couldn't compile the test.
[INFO] [stdout] ---- lib.rs - (line 37) stdout ----
[INFO] [stdout] error: expected one of `!`, `.`, `::`, `;`, `?`, `{`, `}`, or an operator, found `run`
[INFO] [stdout]  --> lib.rs:38:7
[INFO] [stdout]   |
[INFO] [stdout] 3 | cargo run --example gpu_metrics
[INFO] [stdout]   |       ^^^ expected one of 8 possible tokens
[INFO] [stdout] 
[INFO] [stdout] error: aborting due to previous error
[INFO] [stdout] 
[INFO] [stdout] Couldn't compile the test.
[INFO] [stdout] ---- lib.rs - (line 16) stdout ----
[INFO] [stdout] error[E0433]: failed to resolve: use of undeclared type `AMDGPU`
[INFO] [stdout]  --> lib.rs:23:5
[INFO] [stdout]   |
[INFO] [stdout] 9 |     AMDGPU::DeviceHandle::init(fd.into_raw_fd()).unwrap()
[INFO] [stdout]   |     ^^^^^^ use of undeclared type `AMDGPU`
[INFO] [stdout]   |
[INFO] [stdout] help: consider importing this struct
[INFO] [stdout]   |
[INFO] [stdout] 2 + use libdrm_amdgpu_sys::AMDGPU::DeviceHandle;
[INFO] [stdout]   |
[INFO] [stdout] help: if you import `DeviceHandle`, refer to it directly
[INFO] [stdout]   |
[INFO] [stdout] 9 -     AMDGPU::DeviceHandle::init(fd.into_raw_fd()).unwrap()
[INFO] [stdout] 9 +     DeviceHandle::init(fd.into_raw_fd()).unwrap()
[INFO] [stdout]   |
[INFO] [stdout] 
[INFO] [stdout] error: aborting due to previous error
[INFO] [stdout] 
[INFO] [stdout] For more information about this error, try `rustc --explain E0433`.
[INFO] [stdout] Couldn't compile the test.
[INFO] [stdout] ---- amdgpu/mod.rs - amdgpu::VIDEO_CAPS (line 88) stdout ----
[INFO] [stdout] Test executable failed (exit status: 101).
[INFO] [stdout] 
[INFO] [stdout] stderr:
[INFO] [stdout] thread 'main' panicked at amdgpu/mod.rs:10:48:
[INFO] [stdout] called `Result::unwrap()` on an `Err` value: Os { code: 2, kind: NotFound, message: "No such file or directory" }
[INFO] [stdout] stack backtrace:
[INFO] [stdout]    0:     0x555ea49e078c - std::backtrace_rs::backtrace::libunwind::trace::ha637c64ce894333a
[INFO] [stdout]                                at /rustc/82e1608dfa6e0b5569232559e3d385fea5a93112/library/std/src/../../backtrace/src/backtrace/libunwind.rs:104:5
[INFO] [stdout]    1:     0x555ea49e078c - std::backtrace_rs::backtrace::trace_unsynchronized::h47f62dea28e0c88d
[INFO] [stdout]                                at /rustc/82e1608dfa6e0b5569232559e3d385fea5a93112/library/std/src/../../backtrace/src/backtrace/mod.rs:66:5
[INFO] [stdout]    2:     0x555ea49e078c - std::sys_common::backtrace::_print_fmt::h9eef0abe20ede486
[INFO] [stdout]                                at /rustc/82e1608dfa6e0b5569232559e3d385fea5a93112/library/std/src/sys_common/backtrace.rs:67:5
[INFO] [stdout]    3:     0x555ea49e078c - <std::sys_common::backtrace::_print::DisplayBacktrace as core::fmt::Display>::fmt::hed7f999df88cc644
[INFO] [stdout]                                at /rustc/82e1608dfa6e0b5569232559e3d385fea5a93112/library/std/src/sys_common/backtrace.rs:44:22
[INFO] [stdout]    4:     0x555ea4a00120 - core::fmt::rt::Argument::fmt::h1539a9308b8d058d
[INFO] [stdout]                                at /rustc/82e1608dfa6e0b5569232559e3d385fea5a93112/library/core/src/fmt/rt.rs:142:9
[INFO] [stdout]    5:     0x555ea4a00120 - core::fmt::write::h3a39390d8560d9c9
[INFO] [stdout]                                at /rustc/82e1608dfa6e0b5569232559e3d385fea5a93112/library/core/src/fmt/mod.rs:1120:17
[INFO] [stdout]    6:     0x555ea49debef - std::io::Write::write_fmt::h5fc9997dfe05f882
[INFO] [stdout]                                at /rustc/82e1608dfa6e0b5569232559e3d385fea5a93112/library/std/src/io/mod.rs:1762:15
[INFO] [stdout]    7:     0x555ea49e0574 - std::sys_common::backtrace::_print::h894006fb5c6f3d45
[INFO] [stdout]                                at /rustc/82e1608dfa6e0b5569232559e3d385fea5a93112/library/std/src/sys_common/backtrace.rs:47:5
[INFO] [stdout]    8:     0x555ea49e0574 - std::sys_common::backtrace::print::h23a2d212c6fff936
[INFO] [stdout]                                at /rustc/82e1608dfa6e0b5569232559e3d385fea5a93112/library/std/src/sys_common/backtrace.rs:34:9
[INFO] [stdout]    9:     0x555ea49e1a87 - std::panicking::default_hook::{{closure}}::h8a1d2ee00185001a
[INFO] [stdout]   10:     0x555ea49e17ef - std::panicking::default_hook::h6038f2eba384e475
[INFO] [stdout]                                at /rustc/82e1608dfa6e0b5569232559e3d385fea5a93112/library/std/src/panicking.rs:292:9
[INFO] [stdout]   11:     0x555ea49e1f08 - std::panicking::rust_panic_with_hook::h2b5517d590cab22e
[INFO] [stdout]                                at /rustc/82e1608dfa6e0b5569232559e3d385fea5a93112/library/std/src/panicking.rs:779:13
[INFO] [stdout]   12:     0x555ea49e1dee - std::panicking::begin_panic_handler::{{closure}}::h233112c06e0ef43e
[INFO] [stdout]                                at /rustc/82e1608dfa6e0b5569232559e3d385fea5a93112/library/std/src/panicking.rs:657:13
[INFO] [stdout]   13:     0x555ea49e0c56 - std::sys_common::backtrace::__rust_end_short_backtrace::h6e893f24d7ebbff8
[INFO] [stdout]                                at /rustc/82e1608dfa6e0b5569232559e3d385fea5a93112/library/std/src/sys_common/backtrace.rs:170:18
[INFO] [stdout]   14:     0x555ea49e1b52 - rust_begin_unwind
[INFO] [stdout]                                at /rustc/82e1608dfa6e0b5569232559e3d385fea5a93112/library/std/src/panicking.rs:645:5
[INFO] [stdout]   15:     0x555ea49c1105 - core::panicking::panic_fmt::hbf0e066aabfa482c
[INFO] [stdout]                                at /rustc/82e1608dfa6e0b5569232559e3d385fea5a93112/library/core/src/panicking.rs:72:14
[INFO] [stdout]   16:     0x555ea49c15a3 - core::result::unwrap_failed::hddb4fea594200c52
[INFO] [stdout]                                at /rustc/82e1608dfa6e0b5569232559e3d385fea5a93112/library/core/src/result.rs:1653:5
[INFO] [stdout]   17:     0x555ea49c2164 - core::result::Result<T,E>::unwrap::hac20e146f7dd2af8
[INFO] [stdout]   18:     0x555ea49c25d2 - rust_out::main::_doctest_main_amdgpu_mod_rs_88_0::hfee7feb2b9847c00
[INFO] [stdout]   19:     0x555ea49c2586 - rust_out::main::hc20c0d07e2402830
[INFO] [stdout]   20:     0x555ea49c1dc3 - core::ops::function::FnOnce::call_once::hbc459743598298c4
[INFO] [stdout]   21:     0x555ea49c1a16 - std::sys_common::backtrace::__rust_begin_short_backtrace::h62debe7d3058b76a
[INFO] [stdout]   22:     0x555ea49c1b29 - std::rt::lang_start::{{closure}}::h8f486f3e1e6418b2
[INFO] [stdout]   23:     0x555ea49dc017 - core::ops::function::impls::<impl core::ops::function::FnOnce<A> for &F>::call_once::hd95060ecd5e1ca24
[INFO] [stdout]                                at /rustc/82e1608dfa6e0b5569232559e3d385fea5a93112/library/core/src/ops/function.rs:284:13
[INFO] [stdout]   24:     0x555ea49dc017 - std::panicking::try::do_call::h6e8cf51db32a6e4b
[INFO] [stdout]                                at /rustc/82e1608dfa6e0b5569232559e3d385fea5a93112/library/std/src/panicking.rs:552:40
[INFO] [stdout]   25:     0x555ea49dc017 - std::panicking::try::h3a52eefe24fe3c29
[INFO] [stdout]                                at /rustc/82e1608dfa6e0b5569232559e3d385fea5a93112/library/std/src/panicking.rs:516:19
[INFO] [stdout]   26:     0x555ea49dc017 - std::panic::catch_unwind::h24c28c23c02c3841
[INFO] [stdout]                                at /rustc/82e1608dfa6e0b5569232559e3d385fea5a93112/library/std/src/panic.rs:142:14
[INFO] [stdout]   27:     0x555ea49dc017 - std::rt::lang_start_internal::{{closure}}::h705d3c9cbc06ef47
[INFO] [stdout]                                at /rustc/82e1608dfa6e0b5569232559e3d385fea5a93112/library/std/src/rt.rs:148:48
[INFO] [stdout]   28:     0x555ea49dc017 - std::panicking::try::do_call::ha21f52ba13158470
[INFO] [stdout]                                at /rustc/82e1608dfa6e0b5569232559e3d385fea5a93112/library/std/src/panicking.rs:552:40
[INFO] [stdout]   29:     0x555ea49dc017 - std::panicking::try::h5581346bf6aeb1f8
[INFO] [stdout]                                at /rustc/82e1608dfa6e0b5569232559e3d385fea5a93112/library/std/src/panicking.rs:516:19
[INFO] [stdout]   30:     0x555ea49dc017 - std::panic::catch_unwind::h7919645a6b72e25b
[INFO] [stdout]                                at /rustc/82e1608dfa6e0b5569232559e3d385fea5a93112/library/std/src/panic.rs:142:14
[INFO] [stdout]   31:     0x555ea49dc017 - std::rt::lang_start_internal::h12de51168669836e
[INFO] [stdout]                                at /rustc/82e1608dfa6e0b5569232559e3d385fea5a93112/library/std/src/rt.rs:148:20
[INFO] [stdout]   32:     0x555ea49c1b07 - std::rt::lang_start::h2c48f91a7bf85629
[INFO] [stdout]   33:     0x555ea49c2da5 - main
[INFO] [stdout]   34:     0x7f70f45ffd90 - <unknown>
[INFO] [stdout]   35:     0x7f70f45ffe40 - __libc_start_main
[INFO] [stdout]   36:     0x555ea49c1865 - _start
[INFO] [stdout]   37:                0x0 - <unknown>
[INFO] [stdout] 
[INFO] [stdout] 
[INFO] [stdout] 
[INFO] [stdout] failures:
[INFO] [stdout]     amdgpu/mod.rs - amdgpu::VIDEO_CAPS (line 88)
[INFO] [stdout]     lib.rs - (line 16)
[INFO] [stdout]     lib.rs - (line 29)
[INFO] [stdout]     lib.rs - (line 33)
[INFO] [stdout]     lib.rs - (line 37)
[INFO] [stdout]     lib.rs - (line 43)
[INFO] [stdout] 
[INFO] [stdout] test result: FAILED. 0 passed; 6 failed; 0 ignored; 0 measured; 0 filtered out; finished in 0.22s
[INFO] [stdout] 
[INFO] [stderr] error: doctest failed, to rerun pass `--doc`
[INFO] running `Command { std: "docker" "inspect" "04b6f52981ea5558dbfe66246eb7d997c9a7bcab0d03f29b552a9a5f975c91b1", kill_on_drop: false }`
[INFO] running `Command { std: "docker" "rm" "-f" "04b6f52981ea5558dbfe66246eb7d997c9a7bcab0d03f29b552a9a5f975c91b1", kill_on_drop: false }`
[INFO] [stdout] 04b6f52981ea5558dbfe66246eb7d997c9a7bcab0d03f29b552a9a5f975c91b1
[INFO] testing libdrm_amdgpu_sys-0.3.0 against beta-2023-12-22 for beta-1.76-1
[INFO] extracting crate libdrm_amdgpu_sys 0.3.0 into /workspace/builds/worker-0-tc2/source
[INFO] validating manifest of crates.io crate libdrm_amdgpu_sys 0.3.0 on toolchain beta-2023-12-22
[INFO] running `Command { std: CARGO_HOME="/workspace/cargo-home" RUSTUP_HOME="/workspace/rustup-home" "/workspace/cargo-home/bin/cargo" "+beta-2023-12-22" "metadata" "--manifest-path" "Cargo.toml" "--no-deps", kill_on_drop: false }`
[INFO] started tweaking crates.io crate libdrm_amdgpu_sys 0.3.0
[INFO] removed 0 missing examples
[INFO] finished tweaking crates.io crate libdrm_amdgpu_sys 0.3.0
[INFO] tweaked toml for crates.io crate libdrm_amdgpu_sys 0.3.0 written to /workspace/builds/worker-0-tc2/source/Cargo.toml
[INFO] crate crates.io crate libdrm_amdgpu_sys 0.3.0 already has a lockfile, it will not be regenerated
[INFO] running `Command { std: CARGO_HOME="/workspace/cargo-home" RUSTUP_HOME="/workspace/rustup-home" "/workspace/cargo-home/bin/cargo" "+beta-2023-12-22" "fetch" "--manifest-path" "Cargo.toml", kill_on_drop: false }`
[INFO] running `Command { std: "docker" "create" "-v" "/var/lib/crater-agent-workspace/builds/worker-0-tc2/target:/opt/rustwide/target:rw,Z" "-v" "/var/lib/crater-agent-workspace/builds/worker-0-tc2/source:/opt/rustwide/workdir:ro,Z" "-v" "/var/lib/crater-agent-workspace/cargo-home:/opt/rustwide/cargo-home:ro,Z" "-v" "/var/lib/crater-agent-workspace/rustup-home:/opt/rustwide/rustup-home:ro,Z" "-e" "SOURCE_DIR=/opt/rustwide/workdir" "-e" "CARGO_TARGET_DIR=/opt/rustwide/target" "-e" "CARGO_HOME=/opt/rustwide/cargo-home" "-e" "RUSTUP_HOME=/opt/rustwide/rustup-home" "-w" "/opt/rustwide/workdir" "-m" "1610612736" "--user" "0:0" "--network" "none" "ghcr.io/rust-lang/crates-build-env/linux@sha256:2788e3201cd34a07e3172128adcd8b3090168a8e3bcc40d7c032b9dda1df7d1c" "/opt/rustwide/cargo-home/bin/cargo" "+beta-2023-12-22" "metadata" "--no-deps" "--format-version=1", kill_on_drop: false }`
[INFO] [stdout] d9fb92a8483d5d3f99e2a1c4539466c92acf9932bd9af23c68f71615e4d57b40
[INFO] running `Command { std: "docker" "start" "-a" "d9fb92a8483d5d3f99e2a1c4539466c92acf9932bd9af23c68f71615e4d57b40", kill_on_drop: false }`
[INFO] running `Command { std: "docker" "inspect" "d9fb92a8483d5d3f99e2a1c4539466c92acf9932bd9af23c68f71615e4d57b40", kill_on_drop: false }`
[INFO] running `Command { std: "docker" "rm" "-f" "d9fb92a8483d5d3f99e2a1c4539466c92acf9932bd9af23c68f71615e4d57b40", kill_on_drop: false }`
[INFO] [stdout] d9fb92a8483d5d3f99e2a1c4539466c92acf9932bd9af23c68f71615e4d57b40
[INFO] running `Command { std: "docker" "create" "-v" "/var/lib/crater-agent-workspace/builds/worker-0-tc2/target:/opt/rustwide/target:rw,Z" "-v" "/var/lib/crater-agent-workspace/builds/worker-0-tc2/source:/opt/rustwide/workdir:ro,Z" "-v" "/var/lib/crater-agent-workspace/cargo-home:/opt/rustwide/cargo-home:ro,Z" "-v" "/var/lib/crater-agent-workspace/rustup-home:/opt/rustwide/rustup-home:ro,Z" "-e" "SOURCE_DIR=/opt/rustwide/workdir" "-e" "CARGO_TARGET_DIR=/opt/rustwide/target" "-e" "CARGO_INCREMENTAL=0" "-e" "RUST_BACKTRACE=full" "-e" "RUSTFLAGS=--cap-lints=warn" "-e" "RUSTDOCFLAGS=--cap-lints=warn" "-e" "CARGO_HOME=/opt/rustwide/cargo-home" "-e" "RUSTUP_HOME=/opt/rustwide/rustup-home" "-w" "/opt/rustwide/workdir" "-m" "1610612736" "--user" "0:0" "--network" "none" "ghcr.io/rust-lang/crates-build-env/linux@sha256:2788e3201cd34a07e3172128adcd8b3090168a8e3bcc40d7c032b9dda1df7d1c" "/opt/rustwide/cargo-home/bin/cargo" "+beta-2023-12-22" "build" "--frozen" "--message-format=json", kill_on_drop: false }`
[INFO] [stdout] d18f557ecdf2c57045ececd76506a02b854e4ed0f97b8693aee9d932ee2f87ea
[INFO] running `Command { std: "docker" "start" "-a" "d18f557ecdf2c57045ececd76506a02b854e4ed0f97b8693aee9d932ee2f87ea", kill_on_drop: false }`
[INFO] [stderr]    Compiling libc v0.2.149
[INFO] [stderr]    Compiling libdrm_amdgpu_sys v0.3.0 (/opt/rustwide/workdir)
[INFO] [stdout] warning: unused import: `self::drm_map_flags as drm_map_flags_t`
[INFO] [stdout]     --> bindings/drm.rs:8670:9
[INFO] [stdout]      |
[INFO] [stdout] 8670 | pub use self::drm_map_flags as drm_map_flags_t;
[INFO] [stdout]      |         ^^^^^^^^^^^^^^^^^^^^^^^^^^^^^^^^^^^^^^
[INFO] [stdout]      |
[INFO] [stdout]      = note: `#[warn(unused_imports)]` on by default
[INFO] [stdout] 
[INFO] [stdout] 
[INFO] [stdout] warning: unused import: `self::drm_map_type as drm_map_type_t`
[INFO] [stdout]     --> bindings/drm.rs:8671:9
[INFO] [stdout]      |
[INFO] [stdout] 8671 | pub use self::drm_map_type as drm_map_type_t;
[INFO] [stdout]      |         ^^^^^^^^^^^^^^^^^^^^^^^^^^^^^^^^^^^^
[INFO] [stdout] 
[INFO] [stdout] 
[INFO] [stdout] warning: unused import: `self::drm_stat_type as drm_stat_type_t`
[INFO] [stdout]     --> bindings/drm.rs:8675:9
[INFO] [stdout]      |
[INFO] [stdout] 8675 | pub use self::drm_stat_type as drm_stat_type_t;
[INFO] [stdout]      |         ^^^^^^^^^^^^^^^^^^^^^^^^^^^^^^^^^^^^^^
[INFO] [stdout] 
[INFO] [stdout] 
[INFO] [stdout] warning: unused import: `self::drm_lock_flags as drm_lock_flags_t`
[INFO] [stdout]     --> bindings/drm.rs:8677:9
[INFO] [stdout]      |
[INFO] [stdout] 8677 | pub use self::drm_lock_flags as drm_lock_flags_t;
[INFO] [stdout]      |         ^^^^^^^^^^^^^^^^^^^^^^^^^^^^^^^^^^^^^^^^
[INFO] [stdout] 
[INFO] [stdout] 
[INFO] [stdout] warning: unused import: `self::drm_dma_flags as drm_dma_flags_t`
[INFO] [stdout]     --> bindings/drm.rs:8679:9
[INFO] [stdout]      |
[INFO] [stdout] 8679 | pub use self::drm_dma_flags as drm_dma_flags_t;
[INFO] [stdout]      |         ^^^^^^^^^^^^^^^^^^^^^^^^^^^^^^^^^^^^^^
[INFO] [stdout] 
[INFO] [stdout] 
[INFO] [stdout] warning: unused import: `self::drm_ctx_flags as drm_ctx_flags_t`
[INFO] [stdout]     --> bindings/drm.rs:8688:9
[INFO] [stdout]      |
[INFO] [stdout] 8688 | pub use self::drm_ctx_flags as drm_ctx_flags_t;
[INFO] [stdout]      |         ^^^^^^^^^^^^^^^^^^^^^^^^^^^^^^^^^^^^^^
[INFO] [stdout] 
[INFO] [stdout] 
[INFO] [stdout] warning: unused import: `self::drm_vblank_seq_type as drm_vblank_seq_type_t`
[INFO] [stdout]     --> bindings/drm.rs:8695:9
[INFO] [stdout]      |
[INFO] [stdout] 8695 | pub use self::drm_vblank_seq_type as drm_vblank_seq_type_t;
[INFO] [stdout]      |         ^^^^^^^^^^^^^^^^^^^^^^^^^^^^^^^^^^^^^^^^^^^^^^^^^^
[INFO] [stdout] 
[INFO] [stdout] 
[INFO] [stdout] warning: unused import: `status::*`
[INFO] [stdout]   --> pci/mod.rs:27:9
[INFO] [stdout]    |
[INFO] [stdout] 27 | pub use status::*;
[INFO] [stdout]    |         ^^^^^^^^^
[INFO] [stdout] 
[INFO] [stdout] 
[INFO] [stdout] warning: unused import: `link::*`
[INFO] [stdout]   --> pci/mod.rs:30:9
[INFO] [stdout]    |
[INFO] [stdout] 30 | pub use link::*;
[INFO] [stdout]    |         ^^^^^^^
[INFO] [stdout] 
[INFO] [stdout] 
[INFO] [stdout] warning: 9 warnings emitted
[INFO] [stdout] 
[INFO] [stdout] 
[INFO] [stderr]     Finished dev [unoptimized + debuginfo] target(s) in 1.60s
[INFO] running `Command { std: "docker" "inspect" "d18f557ecdf2c57045ececd76506a02b854e4ed0f97b8693aee9d932ee2f87ea", kill_on_drop: false }`
[INFO] running `Command { std: "docker" "rm" "-f" "d18f557ecdf2c57045ececd76506a02b854e4ed0f97b8693aee9d932ee2f87ea", kill_on_drop: false }`
[INFO] [stdout] d18f557ecdf2c57045ececd76506a02b854e4ed0f97b8693aee9d932ee2f87ea
[INFO] running `Command { std: "docker" "create" "-v" "/var/lib/crater-agent-workspace/builds/worker-0-tc2/target:/opt/rustwide/target:rw,Z" "-v" "/var/lib/crater-agent-workspace/builds/worker-0-tc2/source:/opt/rustwide/workdir:ro,Z" "-v" "/var/lib/crater-agent-workspace/cargo-home:/opt/rustwide/cargo-home:ro,Z" "-v" "/var/lib/crater-agent-workspace/rustup-home:/opt/rustwide/rustup-home:ro,Z" "-e" "SOURCE_DIR=/opt/rustwide/workdir" "-e" "CARGO_TARGET_DIR=/opt/rustwide/target" "-e" "CARGO_INCREMENTAL=0" "-e" "RUST_BACKTRACE=full" "-e" "RUSTFLAGS=--cap-lints=warn" "-e" "RUSTDOCFLAGS=--cap-lints=warn" "-e" "CARGO_HOME=/opt/rustwide/cargo-home" "-e" "RUSTUP_HOME=/opt/rustwide/rustup-home" "-w" "/opt/rustwide/workdir" "-m" "1610612736" "--user" "0:0" "--network" "none" "ghcr.io/rust-lang/crates-build-env/linux@sha256:2788e3201cd34a07e3172128adcd8b3090168a8e3bcc40d7c032b9dda1df7d1c" "/opt/rustwide/cargo-home/bin/cargo" "+beta-2023-12-22" "test" "--frozen" "--no-run" "--message-format=json", kill_on_drop: false }`
[INFO] [stdout] d482418b8b5609db929bb24a94a92192da1451f8b2644bb221d05d9eb20122b6
[INFO] running `Command { std: "docker" "start" "-a" "d482418b8b5609db929bb24a94a92192da1451f8b2644bb221d05d9eb20122b6", kill_on_drop: false }`
[INFO] [stdout] warning: unused import: `self::drm_map_flags as drm_map_flags_t`
[INFO] [stdout]     --> bindings/drm.rs:8670:9
[INFO] [stdout]      |
[INFO] [stdout] 8670 | pub use self::drm_map_flags as drm_map_flags_t;
[INFO] [stdout]      |         ^^^^^^^^^^^^^^^^^^^^^^^^^^^^^^^^^^^^^^
[INFO] [stdout]      |
[INFO] [stdout]      = note: `#[warn(unused_imports)]` on by default
[INFO] [stdout] 
[INFO] [stdout] 
[INFO] [stdout] warning: unused import: `self::drm_map_type as drm_map_type_t`
[INFO] [stdout]     --> bindings/drm.rs:8671:9
[INFO] [stdout]      |
[INFO] [stdout] 8671 | pub use self::drm_map_type as drm_map_type_t;
[INFO] [stdout]      |         ^^^^^^^^^^^^^^^^^^^^^^^^^^^^^^^^^^^^
[INFO] [stdout] 
[INFO] [stdout] 
[INFO] [stdout] warning: unused import: `self::drm_stat_type as drm_stat_type_t`
[INFO] [stdout]     --> bindings/drm.rs:8675:9
[INFO] [stdout]      |
[INFO] [stdout] 8675 | pub use self::drm_stat_type as drm_stat_type_t;
[INFO] [stdout]      |         ^^^^^^^^^^^^^^^^^^^^^^^^^^^^^^^^^^^^^^
[INFO] [stdout] 
[INFO] [stdout] 
[INFO] [stdout] warning: unused import: `self::drm_lock_flags as drm_lock_flags_t`
[INFO] [stdout]     --> bindings/drm.rs:8677:9
[INFO] [stdout]      |
[INFO] [stdout] 8677 | pub use self::drm_lock_flags as drm_lock_flags_t;
[INFO] [stdout]      |         ^^^^^^^^^^^^^^^^^^^^^^^^^^^^^^^^^^^^^^^^
[INFO] [stdout] 
[INFO] [stdout] 
[INFO] [stdout] warning: unused import: `self::drm_dma_flags as drm_dma_flags_t`
[INFO] [stdout]     --> bindings/drm.rs:8679:9
[INFO] [stdout]      |
[INFO] [stdout] 8679 | pub use self::drm_dma_flags as drm_dma_flags_t;
[INFO] [stdout]      |         ^^^^^^^^^^^^^^^^^^^^^^^^^^^^^^^^^^^^^^
[INFO] [stdout] 
[INFO] [stdout] 
[INFO] [stdout] warning: unused import: `self::drm_ctx_flags as drm_ctx_flags_t`
[INFO] [stdout]     --> bindings/drm.rs:8688:9
[INFO] [stdout]      |
[INFO] [stdout] 8688 | pub use self::drm_ctx_flags as drm_ctx_flags_t;
[INFO] [stdout]      |         ^^^^^^^^^^^^^^^^^^^^^^^^^^^^^^^^^^^^^^
[INFO] [stdout] 
[INFO] [stdout] 
[INFO] [stdout] warning: unused import: `self::drm_vblank_seq_type as drm_vblank_seq_type_t`
[INFO] [stdout]     --> bindings/drm.rs:8695:9
[INFO] [stdout]      |
[INFO] [stdout] 8695 | pub use self::drm_vblank_seq_type as drm_vblank_seq_type_t;
[INFO] [stdout]      |         ^^^^^^^^^^^^^^^^^^^^^^^^^^^^^^^^^^^^^^^^^^^^^^^^^^
[INFO] [stdout] 
[INFO] [stdout] 
[INFO] [stdout] warning: unused import: `status::*`
[INFO] [stdout]   --> pci/mod.rs:27:9
[INFO] [stdout]    |
[INFO] [stdout] 27 | pub use status::*;
[INFO] [stdout]    |         ^^^^^^^^^
[INFO] [stdout] 
[INFO] [stdout] 
[INFO] [stdout] warning: unused import: `link::*`
[INFO] [stdout]   --> pci/mod.rs:30:9
[INFO] [stdout]    |
[INFO] [stdout] 30 | pub use link::*;
[INFO] [stdout]    |         ^^^^^^^
[INFO] [stdout] 
[INFO] [stdout] 
[INFO] [stderr]    Compiling libdrm_amdgpu_sys v0.3.0 (/opt/rustwide/workdir)
[INFO] [stdout] warning: 9 warnings emitted
[INFO] [stdout] 
[INFO] [stdout] 
[INFO] [stdout] warning: unused import: `self::drm_map_flags as drm_map_flags_t`
[INFO] [stdout]     --> bindings/drm.rs:8670:9
[INFO] [stdout]      |
[INFO] [stdout] 8670 | pub use self::drm_map_flags as drm_map_flags_t;
[INFO] [stdout]      |         ^^^^^^^^^^^^^^^^^^^^^^^^^^^^^^^^^^^^^^
[INFO] [stdout]      |
[INFO] [stdout]      = note: `#[warn(unused_imports)]` on by default
[INFO] [stdout] 
[INFO] [stdout] 
[INFO] [stdout] warning: unused import: `self::drm_map_type as drm_map_type_t`
[INFO] [stdout]     --> bindings/drm.rs:8671:9
[INFO] [stdout]      |
[INFO] [stdout] 8671 | pub use self::drm_map_type as drm_map_type_t;
[INFO] [stdout]      |         ^^^^^^^^^^^^^^^^^^^^^^^^^^^^^^^^^^^^
[INFO] [stdout] 
[INFO] [stdout] 
[INFO] [stdout] warning: unused import: `self::drm_stat_type as drm_stat_type_t`
[INFO] [stdout]     --> bindings/drm.rs:8675:9
[INFO] [stdout]      |
[INFO] [stdout] 8675 | pub use self::drm_stat_type as drm_stat_type_t;
[INFO] [stdout]      |         ^^^^^^^^^^^^^^^^^^^^^^^^^^^^^^^^^^^^^^
[INFO] [stdout] 
[INFO] [stdout] 
[INFO] [stdout] warning: unused import: `self::drm_lock_flags as drm_lock_flags_t`
[INFO] [stdout]     --> bindings/drm.rs:8677:9
[INFO] [stdout]      |
[INFO] [stdout] 8677 | pub use self::drm_lock_flags as drm_lock_flags_t;
[INFO] [stdout]      |         ^^^^^^^^^^^^^^^^^^^^^^^^^^^^^^^^^^^^^^^^
[INFO] [stdout] 
[INFO] [stdout] 
[INFO] [stdout] warning: unused import: `self::drm_dma_flags as drm_dma_flags_t`
[INFO] [stdout]     --> bindings/drm.rs:8679:9
[INFO] [stdout]      |
[INFO] [stdout] 8679 | pub use self::drm_dma_flags as drm_dma_flags_t;
[INFO] [stdout]      |         ^^^^^^^^^^^^^^^^^^^^^^^^^^^^^^^^^^^^^^
[INFO] [stdout] 
[INFO] [stdout] 
[INFO] [stdout] warning: unused import: `self::drm_ctx_flags as drm_ctx_flags_t`
[INFO] [stdout]     --> bindings/drm.rs:8688:9
[INFO] [stdout]      |
[INFO] [stdout] 8688 | pub use self::drm_ctx_flags as drm_ctx_flags_t;
[INFO] [stdout]      |         ^^^^^^^^^^^^^^^^^^^^^^^^^^^^^^^^^^^^^^
[INFO] [stdout] 
[INFO] [stdout] 
[INFO] [stdout] warning: unused import: `self::drm_vblank_seq_type as drm_vblank_seq_type_t`
[INFO] [stdout]     --> bindings/drm.rs:8695:9
[INFO] [stdout]      |
[INFO] [stdout] 8695 | pub use self::drm_vblank_seq_type as drm_vblank_seq_type_t;
[INFO] [stdout]      |         ^^^^^^^^^^^^^^^^^^^^^^^^^^^^^^^^^^^^^^^^^^^^^^^^^^
[INFO] [stdout] 
[INFO] [stdout] 
[INFO] [stdout] warning: unused import: `status::*`
[INFO] [stdout]   --> pci/mod.rs:27:9
[INFO] [stdout]    |
[INFO] [stdout] 27 | pub use status::*;
[INFO] [stdout]    |         ^^^^^^^^^
[INFO] [stdout] 
[INFO] [stdout] 
[INFO] [stdout] warning: unused import: `link::*`
[INFO] [stdout]   --> pci/mod.rs:30:9
[INFO] [stdout]    |
[INFO] [stdout] 30 | pub use link::*;
[INFO] [stdout]    |         ^^^^^^^
[INFO] [stdout] 
[INFO] [stdout] 
[INFO] [stdout] warning: 9 warnings emitted
[INFO] [stdout] 
[INFO] [stdout] 
[INFO] [stderr]     Finished test [unoptimized + debuginfo] target(s) in 2.47s
[INFO] running `Command { std: "docker" "inspect" "d482418b8b5609db929bb24a94a92192da1451f8b2644bb221d05d9eb20122b6", kill_on_drop: false }`
[INFO] running `Command { std: "docker" "rm" "-f" "d482418b8b5609db929bb24a94a92192da1451f8b2644bb221d05d9eb20122b6", kill_on_drop: false }`
[INFO] [stdout] d482418b8b5609db929bb24a94a92192da1451f8b2644bb221d05d9eb20122b6
[INFO] running `Command { std: "docker" "create" "-v" "/var/lib/crater-agent-workspace/builds/worker-0-tc2/target:/opt/rustwide/target:rw,Z" "-v" "/var/lib/crater-agent-workspace/builds/worker-0-tc2/source:/opt/rustwide/workdir:ro,Z" "-v" "/var/lib/crater-agent-workspace/cargo-home:/opt/rustwide/cargo-home:ro,Z" "-v" "/var/lib/crater-agent-workspace/rustup-home:/opt/rustwide/rustup-home:ro,Z" "-e" "SOURCE_DIR=/opt/rustwide/workdir" "-e" "CARGO_TARGET_DIR=/opt/rustwide/target" "-e" "CARGO_INCREMENTAL=0" "-e" "RUST_BACKTRACE=full" "-e" "RUSTFLAGS=--cap-lints=warn" "-e" "RUSTDOCFLAGS=--cap-lints=warn" "-e" "CARGO_HOME=/opt/rustwide/cargo-home" "-e" "RUSTUP_HOME=/opt/rustwide/rustup-home" "-w" "/opt/rustwide/workdir" "-m" "1610612736" "--user" "0:0" "--network" "none" "ghcr.io/rust-lang/crates-build-env/linux@sha256:2788e3201cd34a07e3172128adcd8b3090168a8e3bcc40d7c032b9dda1df7d1c" "/opt/rustwide/cargo-home/bin/cargo" "+beta-2023-12-22" "test" "--frozen", kill_on_drop: false }`
[INFO] [stdout] 578861cf5d384dfaa15384bb692535b970ed16369be78c4a42bf27a6eea417ca
[INFO] running `Command { std: "docker" "start" "-a" "578861cf5d384dfaa15384bb692535b970ed16369be78c4a42bf27a6eea417ca", kill_on_drop: false }`
[INFO] [stderr] warning: unused import: `self::drm_map_flags as drm_map_flags_t`
[INFO] [stderr]     --> bindings/drm.rs:8670:9
[INFO] [stderr]      |
[INFO] [stderr] 8670 | pub use self::drm_map_flags as drm_map_flags_t;
[INFO] [stderr]      |         ^^^^^^^^^^^^^^^^^^^^^^^^^^^^^^^^^^^^^^
[INFO] [stderr]      |
[INFO] [stderr]      = note: `#[warn(unused_imports)]` on by default
[INFO] [stderr] 
[INFO] [stderr] warning: unused import: `self::drm_map_type as drm_map_type_t`
[INFO] [stderr]     --> bindings/drm.rs:8671:9
[INFO] [stderr]      |
[INFO] [stderr] 8671 | pub use self::drm_map_type as drm_map_type_t;
[INFO] [stderr]      |         ^^^^^^^^^^^^^^^^^^^^^^^^^^^^^^^^^^^^
[INFO] [stderr] 
[INFO] [stderr] warning: unused import: `self::drm_stat_type as drm_stat_type_t`
[INFO] [stderr]     --> bindings/drm.rs:8675:9
[INFO] [stderr]      |
[INFO] [stderr] 8675 | pub use self::drm_stat_type as drm_stat_type_t;
[INFO] [stderr]      |         ^^^^^^^^^^^^^^^^^^^^^^^^^^^^^^^^^^^^^^
[INFO] [stderr] 
[INFO] [stderr] warning: unused import: `self::drm_lock_flags as drm_lock_flags_t`
[INFO] [stderr]     --> bindings/drm.rs:8677:9
[INFO] [stderr]      |
[INFO] [stderr] 8677 | pub use self::drm_lock_flags as drm_lock_flags_t;
[INFO] [stderr]      |         ^^^^^^^^^^^^^^^^^^^^^^^^^^^^^^^^^^^^^^^^
[INFO] [stderr] 
[INFO] [stderr] warning: unused import: `self::drm_dma_flags as drm_dma_flags_t`
[INFO] [stderr]     --> bindings/drm.rs:8679:9
[INFO] [stderr]      |
[INFO] [stderr] 8679 | pub use self::drm_dma_flags as drm_dma_flags_t;
[INFO] [stderr]      |         ^^^^^^^^^^^^^^^^^^^^^^^^^^^^^^^^^^^^^^
[INFO] [stderr] 
[INFO] [stderr] warning: unused import: `self::drm_ctx_flags as drm_ctx_flags_t`
[INFO] [stderr]     --> bindings/drm.rs:8688:9
[INFO] [stderr]      |
[INFO] [stderr] 8688 | pub use self::drm_ctx_flags as drm_ctx_flags_t;
[INFO] [stderr]      |         ^^^^^^^^^^^^^^^^^^^^^^^^^^^^^^^^^^^^^^
[INFO] [stderr] 
[INFO] [stderr] warning: unused import: `self::drm_vblank_seq_type as drm_vblank_seq_type_t`
[INFO] [stderr]     --> bindings/drm.rs:8695:9
[INFO] [stderr]      |
[INFO] [stderr] 8695 | pub use self::drm_vblank_seq_type as drm_vblank_seq_type_t;
[INFO] [stderr]      |         ^^^^^^^^^^^^^^^^^^^^^^^^^^^^^^^^^^^^^^^^^^^^^^^^^^
[INFO] [stderr] 
[INFO] [stderr] warning: unused import: `status::*`
[INFO] [stderr]   --> pci/mod.rs:27:9
[INFO] [stderr]    |
[INFO] [stderr] 27 | pub use status::*;
[INFO] [stderr]    |         ^^^^^^^^^
[INFO] [stderr] 
[INFO] [stderr] warning: unused import: `link::*`
[INFO] [stderr]   --> pci/mod.rs:30:9
[INFO] [stderr]    |
[INFO] [stderr] 30 | pub use link::*;
[INFO] [stderr]    |         ^^^^^^^
[INFO] [stderr] 
[INFO] [stderr] warning: `libdrm_amdgpu_sys` (lib) generated 9 warnings (run `cargo fix --lib -p libdrm_amdgpu_sys` to apply 9 suggestions)
[INFO] [stderr] warning: `libdrm_amdgpu_sys` (lib test) generated 9 warnings (9 duplicates)
[INFO] [stderr]     Finished test [unoptimized + debuginfo] target(s) in 0.01s
[INFO] [stderr]      Running unittests lib.rs (/opt/rustwide/target/debug/deps/libdrm_amdgpu_sys-7378a12b76e96c0b)
[INFO] [stdout] 
[INFO] [stdout] running 251 tests
[INFO] [stdout] test amdgpu::chip_class::test_amdgpu_chip_class ... ok
[INFO] [stdout] test amdgpu::asic::test_asic_name_get ... ok
[INFO] [stdout] test bindings::drm::bindgen_test_layout___atomic_wide_counter ... ok
[INFO] [stdout] test bindings::drm::bindgen_test_layout___atomic_wide_counter__bindgen_ty_1 ... ok
[INFO] [stdout] test bindings::drm::bindgen_test_layout___fsid_t ... ok
[INFO] [stdout] test bindings::drm::bindgen_test_layout___kernel_fd_set ... ok
[INFO] [stdout] test bindings::drm::bindgen_test_layout___kernel_fsid_t ... ok
[INFO] [stdout] test bindings::drm::bindgen_test_layout___once_flag ... ok
[INFO] [stdout] test bindings::drm::bindgen_test_layout___pthread_cond_s ... ok
[INFO] [stdout] test bindings::drm::bindgen_test_layout___pthread_internal_list ... ok
[INFO] [stdout] test bindings::drm::bindgen_test_layout___pthread_internal_slist ... ok
[INFO] [stdout] test bindings::drm::bindgen_test_layout___pthread_mutex_s ... ok
[INFO] [stdout] test bindings::drm::bindgen_test_layout___pthread_rwlock_arch_t ... ok
[INFO] [stdout] test bindings::drm::bindgen_test_layout___sigset_t ... ok
[INFO] [stdout] test bindings::drm::bindgen_test_layout___va_list_tag ... ok
[INFO] [stdout] test bindings::drm::bindgen_test_layout__drmBufDesc ... ok
[INFO] [stdout] test bindings::drm::bindgen_test_layout__drmBuf ... ok
[INFO] [stdout] test bindings::drm::bindgen_test_layout__drmBufInfo ... ok
[INFO] [stdout] test bindings::drm::bindgen_test_layout__drmBufMap ... ok
[INFO] [stdout] test bindings::drm::bindgen_test_layout__drmDMAReq ... ok
[INFO] [stdout] test bindings::drm::bindgen_test_layout__drmDevice ... ok
[INFO] [stdout] test bindings::drm::bindgen_test_layout__drmDevice__bindgen_ty_1 ... ok
[INFO] [stdout] test bindings::drm::bindgen_test_layout__drmDevice__bindgen_ty_2 ... ok
[INFO] [stdout] test bindings::drm::bindgen_test_layout__drmEventContext ... ok
[INFO] [stdout] test bindings::drm::bindgen_test_layout__drmHost1xBusInfo ... ok
[INFO] [stdout] test bindings::drm::bindgen_test_layout__drmHost1xDeviceInfo ... ok
[INFO] [stdout] test bindings::drm::bindgen_test_layout__drmLock ... ok
[INFO] [stdout] test bindings::drm::bindgen_test_layout__drmPciBusInfo ... ok
[INFO] [stdout] test bindings::drm::bindgen_test_layout__drmPciDeviceInfo ... ok
[INFO] [stdout] test bindings::drm::bindgen_test_layout__drmPlatformBusInfo ... ok
[INFO] [stdout] test bindings::drm::bindgen_test_layout__drmPlatformDeviceInfo ... ok
[INFO] [stdout] test bindings::drm::bindgen_test_layout__drmRegion ... ok
[INFO] [stdout] test bindings::drm::bindgen_test_layout__drmServerInfo ... ok
[INFO] [stdout] test bindings::drm::bindgen_test_layout__drmSetVersion ... ok
[INFO] [stdout] test bindings::drm::bindgen_test_layout__drmStats ... ok
[INFO] [stdout] test bindings::drm::bindgen_test_layout__drmStats__bindgen_ty_1 ... ok
[INFO] [stdout] test bindings::drm::bindgen_test_layout__drmTextureRegion ... ok
[INFO] [stdout] test bindings::drm::bindgen_test_layout__drmUsbBusInfo ... ok
[INFO] [stdout] test bindings::drm::bindgen_test_layout__drmVBlank ... ok
[INFO] [stdout] test bindings::drm::bindgen_test_layout__drmUsbDeviceInfo ... ok
[INFO] [stdout] test bindings::drm::bindgen_test_layout__drmVBlankReply ... ok
[INFO] [stdout] test bindings::drm::bindgen_test_layout__drmVBlankReq ... ok
[INFO] [stdout] test bindings::drm::bindgen_test_layout__drmVersion ... ok
[INFO] [stdout] test bindings::drm::bindgen_test_layout_amdgpu_bo_info ... ok
[INFO] [stdout] test bindings::drm::bindgen_test_layout_amdgpu_bo_metadata ... ok
[INFO] [stdout] test bindings::drm::bindgen_test_layout_amdgpu_bo_import_result ... ok
[INFO] [stdout] test bindings::drm::bindgen_test_layout_amdgpu_buffer_size_alignments ... ok
[INFO] [stdout] test bindings::drm::bindgen_test_layout_amdgpu_bo_alloc_request ... ok
[INFO] [stdout] test bindings::drm::bindgen_test_layout_amdgpu_cs_fence ... ok
[INFO] [stdout] test bindings::drm::bindgen_test_layout_amdgpu_cs_fence_info ... ok
[INFO] [stdout] test bindings::drm::bindgen_test_layout_amdgpu_cs_request ... ok
[INFO] [stdout] test bindings::drm::bindgen_test_layout_amdgpu_heap_info ... ok
[INFO] [stdout] test bindings::drm::bindgen_test_layout_amdgpu_gds_resource_info ... ok
[INFO] [stdout] test bindings::drm::bindgen_test_layout_amdgpu_cs_ib_info ... ok
[INFO] [stdout] test bindings::drm::bindgen_test_layout_drm_agp_buffer ... ok
[INFO] [stdout] test bindings::drm::bindgen_test_layout_drm_agp_binding ... ok
[INFO] [stdout] test bindings::drm::bindgen_test_layout_amdgpu_gpu_info ... ok
[INFO] [stdout] test bindings::drm::bindgen_test_layout_drm_amdgpu_bo_list ... ok
[INFO] [stdout] test bindings::drm::bindgen_test_layout_drm_agp_info ... ok
[INFO] [stdout] test bindings::drm::bindgen_test_layout_drm_amdgpu_bo_list_entry ... ok
[INFO] [stdout] test bindings::drm::bindgen_test_layout_drmHashEntry ... ok
[INFO] [stdout] test bindings::drm::bindgen_test_layout_drm_amdgpu_bo_list_in ... ok
[INFO] [stdout] test bindings::drm::bindgen_test_layout_drm_agp_mode ... ok
[INFO] [stdout] test bindings::drm::bindgen_test_layout_drm_amdgpu_bo_list_out ... ok
[INFO] [stdout] test bindings::drm::bindgen_test_layout_drm_amdgpu_cs ... ok
[INFO] [stdout] test bindings::drm::bindgen_test_layout_drm_amdgpu_cs_chunk ... ok
[INFO] [stdout] test bindings::drm::bindgen_test_layout_drm_amdgpu_cs_chunk_cp_gfx_shadow ... ok
[INFO] [stdout] test bindings::drm::bindgen_test_layout_drm_amdgpu_cs_chunk_data ... ok
[INFO] [stdout] test bindings::drm::bindgen_test_layout_drm_amdgpu_cs_chunk_data__bindgen_ty_1 ... ok
[INFO] [stdout] test bindings::drm::bindgen_test_layout_drm_amdgpu_cs_chunk_dep ... ok
[INFO] [stdout] test bindings::drm::bindgen_test_layout_drm_amdgpu_cs_chunk_fence ... ok
[INFO] [stdout] test bindings::drm::bindgen_test_layout_drm_amdgpu_cs_chunk_ib ... ok
[INFO] [stdout] test bindings::drm::bindgen_test_layout_drm_amdgpu_cs_chunk_sem ... ok
[INFO] [stdout] test bindings::drm::bindgen_test_layout_drm_amdgpu_cs_chunk_syncobj ... ok
[INFO] [stdout] test bindings::drm::bindgen_test_layout_drm_amdgpu_cs_in ... ok
[INFO] [stdout] test bindings::drm::bindgen_test_layout_drm_amdgpu_cs_out ... ok
[INFO] [stdout] test bindings::drm::bindgen_test_layout_drm_amdgpu_ctx ... ok
[INFO] [stdout] test bindings::drm::bindgen_test_layout_drm_amdgpu_ctx_in ... ok
[INFO] [stdout] test bindings::drm::bindgen_test_layout_drm_amdgpu_ctx_out__bindgen_ty_1 ... ok
[INFO] [stdout] test bindings::drm::bindgen_test_layout_drm_amdgpu_ctx_out__bindgen_ty_2 ... ok
[INFO] [stdout] test bindings::drm::bindgen_test_layout_drm_amdgpu_ctx_out__bindgen_ty_3 ... ok
[INFO] [stdout] test bindings::drm::bindgen_test_layout_drm_amdgpu_ctx_out ... ok
[INFO] [stdout] test bindings::drm::bindgen_test_layout_drm_amdgpu_fence ... ok
[INFO] [stdout] test bindings::drm::bindgen_test_layout_drm_amdgpu_fence_to_handle ... ok
[INFO] [stdout] test bindings::drm::bindgen_test_layout_drm_amdgpu_fence_to_handle__bindgen_ty_1 ... ok
[INFO] [stdout] test bindings::drm::bindgen_test_layout_drm_amdgpu_gem_create ... ok
[INFO] [stdout] test bindings::drm::bindgen_test_layout_drm_amdgpu_gem_metadata ... ok
[INFO] [stdout] test bindings::drm::bindgen_test_layout_drm_amdgpu_gem_metadata__bindgen_ty_1 ... ok
[INFO] [stdout] test bindings::drm::bindgen_test_layout_drm_amdgpu_fence_to_handle__bindgen_ty_2 ... ok
[INFO] [stdout] test bindings::drm::bindgen_test_layout_drm_amdgpu_gem_mmap_out ... ok
[INFO] [stdout] test bindings::drm::bindgen_test_layout_drm_amdgpu_gem_op ... ok
[INFO] [stdout] test bindings::drm::bindgen_test_layout_drm_amdgpu_gem_mmap ... ok
[INFO] [stdout] test bindings::drm::bindgen_test_layout_drm_amdgpu_gem_va ... ok
[INFO] [stdout] test bindings::drm::bindgen_test_layout_drm_amdgpu_gem_create_in ... ok
[INFO] [stdout] test bindings::drm::bindgen_test_layout_drm_amdgpu_gem_wait_idle ... ok
[INFO] [stdout] test bindings::drm::bindgen_test_layout_drm_amdgpu_gem_mmap_in ... ok
[INFO] [stdout] test bindings::drm::bindgen_test_layout_drm_amdgpu_gem_wait_idle_in ... ok
[INFO] [stdout] test bindings::drm::bindgen_test_layout_drm_amdgpu_gem_wait_idle_out ... ok
[INFO] [stdout] test bindings::drm::bindgen_test_layout_drm_amdgpu_heap_info ... ok
[INFO] [stdout] test bindings::drm::bindgen_test_layout_drm_amdgpu_info ... ok
[INFO] [stdout] test bindings::drm::bindgen_test_layout_drm_amdgpu_gem_create_out ... ok
[INFO] [stdout] test bindings::drm::bindgen_test_layout_drm_amdgpu_info__bindgen_ty_1 ... ok
[INFO] [stdout] test bindings::drm::bindgen_test_layout_drm_amdgpu_gem_userptr ... ok
[INFO] [stdout] test bindings::drm::bindgen_test_layout_drm_amdgpu_info__bindgen_ty_1__bindgen_ty_1 ... ok
[INFO] [stdout] test bindings::drm::bindgen_test_layout_drm_amdgpu_info__bindgen_ty_1__bindgen_ty_2 ... ok
[INFO] [stdout] test bindings::drm::bindgen_test_layout_drm_amdgpu_info__bindgen_ty_1__bindgen_ty_4 ... ok
[INFO] [stdout] test bindings::drm::bindgen_test_layout_drm_amdgpu_info__bindgen_ty_1__bindgen_ty_5 ... ok
[INFO] [stdout] test bindings::drm::bindgen_test_layout_drm_amdgpu_info_gds ... ok
[INFO] [stdout] test bindings::drm::bindgen_test_layout_drm_amdgpu_info_hw_ip ... ok
[INFO] [stdout] test bindings::drm::bindgen_test_layout_drm_amdgpu_info_num_handles ... ok
[INFO] [stdout] test bindings::drm::bindgen_test_layout_drm_amdgpu_info_vce_clock_table ... ok
[INFO] [stdout] test bindings::drm::bindgen_test_layout_drm_amdgpu_info__bindgen_ty_1__bindgen_ty_3 ... ok
[INFO] [stdout] test bindings::drm::bindgen_test_layout_drm_amdgpu_info_device ... ok
[INFO] [stdout] test bindings::drm::bindgen_test_layout_drm_amdgpu_info_firmware ... ok
[INFO] [stdout] test bindings::drm::bindgen_test_layout_drm_amdgpu_info_vram_gtt ... ok
[INFO] [stdout] test bindings::drm::bindgen_test_layout_drm_amdgpu_memory_info ... ok
[INFO] [stdout] test bindings::drm::bindgen_test_layout_drm_amdgpu_info__bindgen_ty_1__bindgen_ty_6 ... ok
[INFO] [stdout] test bindings::drm::bindgen_test_layout_drm_amdgpu_info_vbios ... ok
[INFO] [stdout] test bindings::drm::bindgen_test_layout_drm_amdgpu_query_fw ... ok
[INFO] [stdout] test bindings::drm::bindgen_test_layout_drm_amdgpu_info_vce_clock_table_entry ... ok
[INFO] [stdout] test bindings::drm::bindgen_test_layout_drm_amdgpu_sched ... ok
[INFO] [stdout] test bindings::drm::bindgen_test_layout_drm_amdgpu_sched_in ... ok
[INFO] [stdout] test bindings::drm::bindgen_test_layout_drm_amdgpu_vm ... ok
[INFO] [stdout] test bindings::drm::bindgen_test_layout_drm_amdgpu_vm_in ... ok
[INFO] [stdout] test bindings::drm::bindgen_test_layout_drm_amdgpu_info_video_caps ... ok
[INFO] [stdout] test bindings::drm::bindgen_test_layout_drm_amdgpu_info_video_codec_info ... ok
[INFO] [stdout] test bindings::drm::bindgen_test_layout_drm_amdgpu_wait_cs ... ok
[INFO] [stdout] test bindings::drm::bindgen_test_layout_drm_amdgpu_wait_cs_in ... ok
[INFO] [stdout] test bindings::drm::bindgen_test_layout_drm_amdgpu_vm_out ... ok
[INFO] [stdout] test bindings::drm::bindgen_test_layout_drm_amdgpu_wait_cs_out ... ok
[INFO] [stdout] test bindings::drm::bindgen_test_layout_drm_amdgpu_wait_fences ... ok
[INFO] [stdout] test bindings::drm::bindgen_test_layout_drm_amdgpu_wait_fences_in ... ok
[INFO] [stdout] test bindings::drm::bindgen_test_layout_drm_amdgpu_wait_fences_out ... ok
[INFO] [stdout] test bindings::drm::bindgen_test_layout_drm_auth ... ok
[INFO] [stdout] test bindings::drm::bindgen_test_layout_drm_block ... ok
[INFO] [stdout] test bindings::drm::bindgen_test_layout_drm_buf_desc ... ok
[INFO] [stdout] test bindings::drm::bindgen_test_layout_drm_buf_free ... ok
[INFO] [stdout] test bindings::drm::bindgen_test_layout_drm_buf_map ... ok
[INFO] [stdout] test bindings::drm::bindgen_test_layout_drm_buf_pub ... ok
[INFO] [stdout] test bindings::drm::bindgen_test_layout_drm_buf_info ... ok
[INFO] [stdout] test bindings::drm::bindgen_test_layout_drm_client ... ok
[INFO] [stdout] test bindings::drm::bindgen_test_layout_drm_clip_rect ... ok
[INFO] [stdout] test bindings::drm::bindgen_test_layout_drm_color_lut ... ok
[INFO] [stdout] test bindings::drm::bindgen_test_layout_drm_color_ctm ... ok
[INFO] [stdout] test bindings::drm::bindgen_test_layout_drm_control ... ok
[INFO] [stdout] test bindings::drm::bindgen_test_layout_drm_crtc_get_sequence ... ok
[INFO] [stdout] test bindings::drm::bindgen_test_layout_drm_crtc_queue_sequence ... ok
[INFO] [stdout] test bindings::drm::bindgen_test_layout_drm_ctx ... ok
[INFO] [stdout] test bindings::drm::bindgen_test_layout_drm_ctx_res ... ok
[INFO] [stdout] test bindings::drm::bindgen_test_layout_drm_ctx_priv_map ... ok
[INFO] [stdout] test bindings::drm::bindgen_test_layout_drm_dma ... ok
[INFO] [stdout] test bindings::drm::bindgen_test_layout_drm_draw ... ok
[INFO] [stdout] test bindings::drm::bindgen_test_layout_drm_event_crtc_sequence ... ok
[INFO] [stdout] test bindings::drm::bindgen_test_layout_drm_event ... ok
[INFO] [stdout] test bindings::drm::bindgen_test_layout_drm_drawable_info ... ok
[INFO] [stdout] test bindings::drm::bindgen_test_layout_drm_format_modifier ... ok
[INFO] [stdout] test bindings::drm::bindgen_test_layout_drm_format_modifier_blob ... ok
[INFO] [stdout] test bindings::drm::bindgen_test_layout_drm_event_vblank ... ok
[INFO] [stdout] test bindings::drm::bindgen_test_layout_drm_gem_close ... ok
[INFO] [stdout] test bindings::drm::bindgen_test_layout_drm_hw_lock ... ok
[INFO] [stdout] test bindings::drm::bindgen_test_layout_drm_irq_busid ... ok
[INFO] [stdout] test bindings::drm::bindgen_test_layout_drm_gem_flink ... ok
[INFO] [stdout] test bindings::drm::bindgen_test_layout_drm_list ... ok
[INFO] [stdout] test bindings::drm::bindgen_test_layout_drm_gem_open ... ok
[INFO] [stdout] test bindings::drm::bindgen_test_layout_drm_mode_atomic ... ok
[INFO] [stdout] test bindings::drm::bindgen_test_layout_drm_lock ... ok
[INFO] [stdout] test bindings::drm::bindgen_test_layout_drm_mode_connector_set_property ... ok
[INFO] [stdout] test bindings::drm::bindgen_test_layout_drm_mode_crtc_lut ... ok
[INFO] [stdout] test bindings::drm::bindgen_test_layout_drm_get_cap ... ok
[INFO] [stdout] test bindings::drm::bindgen_test_layout_drm_mode_crtc_page_flip ... ok
[INFO] [stdout] test bindings::drm::bindgen_test_layout_drm_mode_crtc_page_flip_target ... ok
[INFO] [stdout] test bindings::drm::bindgen_test_layout_drm_mode_cursor ... ok
[INFO] [stdout] test bindings::drm::bindgen_test_layout_drm_mode_create_blob ... ok
[INFO] [stdout] test bindings::drm::bindgen_test_layout_drm_mode_create_dumb ... ok
[INFO] [stdout] test bindings::drm::bindgen_test_layout_drm_mode_card_res ... ok
[INFO] [stdout] test bindings::drm::bindgen_test_layout_drm_mode_create_lease ... ok
[INFO] [stdout] test bindings::drm::bindgen_test_layout_drm_map ... ok
[INFO] [stdout] test bindings::drm::bindgen_test_layout_drm_mode_destroy_dumb ... ok
[INFO] [stdout] test bindings::drm::bindgen_test_layout_drm_mode_crtc ... ok
[INFO] [stdout] test bindings::drm::bindgen_test_layout_drm_mode_cursor2 ... ok
[INFO] [stdout] test bindings::drm::bindgen_test_layout_drm_mode_fb_cmd ... ok
[INFO] [stdout] test bindings::drm::bindgen_test_layout_drm_mode_fb_cmd2 ... ok
[INFO] [stdout] test bindings::drm::bindgen_test_layout_drm_mode_get_encoder ... ok
[INFO] [stdout] test bindings::drm::bindgen_test_layout_drm_mode_get_lease ... ok
[INFO] [stdout] test bindings::drm::bindgen_test_layout_drm_mode_get_plane_res ... ok
[INFO] [stdout] test bindings::drm::bindgen_test_layout_drm_mode_fb_dirty_cmd ... ok
[INFO] [stdout] test bindings::drm::bindgen_test_layout_drm_mode_destroy_blob ... ok
[INFO] [stdout] test bindings::drm::bindgen_test_layout_drm_mode_get_property ... ok
[INFO] [stdout] test bindings::drm::bindgen_test_layout_drm_mode_get_blob ... ok
[INFO] [stdout] test bindings::drm::bindgen_test_layout_drm_mode_list_lessees ... ok
[INFO] [stdout] test bindings::drm::bindgen_test_layout_drm_mode_map_dumb ... ok
[INFO] [stdout] test bindings::drm::bindgen_test_layout_drm_mode_get_plane ... ok
[INFO] [stdout] test bindings::drm::bindgen_test_layout_drm_mode_obj_set_property ... ok
[INFO] [stdout] test bindings::drm::bindgen_test_layout_drm_mode_get_connector ... ok
[INFO] [stdout] test bindings::drm::bindgen_test_layout_drm_mode_modeinfo ... ok
[INFO] [stdout] test bindings::drm::bindgen_test_layout_drm_mode_obj_get_properties ... ok
[INFO] [stdout] test bindings::drm::bindgen_test_layout_drm_mode_mode_cmd ... ok
[INFO] [stdout] test bindings::drm::bindgen_test_layout_drm_set_client_cap ... ok
[INFO] [stdout] test bindings::drm::bindgen_test_layout_drm_mode_property_enum ... ok
[INFO] [stdout] test bindings::drm::bindgen_test_layout_drm_set_version ... ok
[INFO] [stdout] test bindings::drm::bindgen_test_layout_drm_mode_rect ... ok
[INFO] [stdout] test bindings::drm::bindgen_test_layout_drm_mode_revoke_lease ... ok
[INFO] [stdout] test bindings::drm::bindgen_test_layout_drm_mode_set_plane ... ok
[INFO] [stdout] test bindings::drm::bindgen_test_layout_drm_stats ... ok
[INFO] [stdout] test bindings::drm::bindgen_test_layout_drm_modeset_ctl ... ok
[INFO] [stdout] test bindings::drm::bindgen_test_layout_drm_syncobj_array ... ok
[INFO] [stdout] test bindings::drm::bindgen_test_layout_drm_stats__bindgen_ty_1 ... ok
[INFO] [stdout] test bindings::drm::bindgen_test_layout_drm_syncobj_create ... ok
[INFO] [stdout] test bindings::drm::bindgen_test_layout_drm_prime_handle ... ok
[INFO] [stdout] test bindings::drm::bindgen_test_layout_drm_syncobj_destroy ... ok
[INFO] [stdout] test bindings::drm::bindgen_test_layout_drm_syncobj_handle ... ok
[INFO] [stdout] test bindings::drm::bindgen_test_layout_drm_scatter_gather ... ok
[INFO] [stdout] test bindings::drm::bindgen_test_layout_drm_update_draw ... ok
[INFO] [stdout] test bindings::drm::bindgen_test_layout_drm_syncobj_timeline_array ... ok
[INFO] [stdout] test bindings::drm::bindgen_test_layout_drm_syncobj_timeline_wait ... ok
[INFO] [stdout] test bindings::drm::bindgen_test_layout_drm_version ... ok
[INFO] [stdout] test bindings::drm::bindgen_test_layout_drm_wait_vblank ... ok
[INFO] [stdout] test bindings::drm::bindgen_test_layout_drm_wait_vblank_request ... ok
[INFO] [stdout] test bindings::drm::bindgen_test_layout_fd_set ... ok
[INFO] [stdout] test bindings::drm::bindgen_test_layout_drm_wait_vblank_reply ... ok
[INFO] [stdout] test bindings::drm::bindgen_test_layout_drm_syncobj_transfer ... ok
[INFO] [stdout] test bindings::drm::bindgen_test_layout_drm_tex_region ... ok
[INFO] [stdout] test bindings::drm::bindgen_test_layout_gpu_metrics_v2_1 ... ok
[INFO] [stdout] test bindings::drm::bindgen_test_layout_gpu_metrics_v2_4 ... ok
[INFO] [stdout] test bindings::drm::bindgen_test_layout_drm_syncobj_wait ... ok
[INFO] [stdout] test bindings::drm::bindgen_test_layout_hdr_metadata_infoframe ... ok
[INFO] [stdout] test bindings::drm::bindgen_test_layout_gpu_metrics_v2_3 ... ok
[INFO] [stdout] test bindings::drm::bindgen_test_layout_hdr_metadata_infoframe__bindgen_ty_1 ... ok
[INFO] [stdout] test bindings::drm::bindgen_test_layout_hdr_metadata_infoframe__bindgen_ty_2 ... ok
[INFO] [stdout] test bindings::drm::bindgen_test_layout_hdr_output_metadata ... ok
[INFO] [stdout] test bindings::drm::bindgen_test_layout_hdr_output_metadata__bindgen_ty_1 ... ok
[INFO] [stdout] test bindings::drm::bindgen_test_layout_gpu_metrics_v1_2 ... ok
[INFO] [stdout] test bindings::drm::bindgen_test_layout_drm_unique ... ok
[INFO] [stdout] test bindings::drm::bindgen_test_layout_gpu_metrics_v2_0 ... ok
[INFO] [stdout] test bindings::drm::bindgen_test_layout_gpu_metrics_v1_0 ... ok
[INFO] [stdout] test bindings::drm::bindgen_test_layout_gpu_metrics_v1_3 ... ok
[INFO] [stdout] test bindings::drm::bindgen_test_layout_gpu_metrics_v1_1 ... ok
[INFO] [stdout] test bindings::drm::bindgen_test_layout_gpu_metrics_v2_2 ... ok
[INFO] [stdout] test bindings::drm::bindgen_test_layout_pthread_barrierattr_t ... ok
[INFO] [stdout] test bindings::drm::bindgen_test_layout_pthread_cond_t ... ok
[INFO] [stdout] test bindings::drm::bindgen_test_layout_metrics_table_header ... ok
[INFO] [stdout] test bindings::drm::bindgen_test_layout_pthread_condattr_t ... ok
[INFO] [stdout] test bindings::drm::bindgen_test_layout_pthread_attr_t ... ok
[INFO] [stdout] test bindings::drm::bindgen_test_layout_pthread_mutex_t ... ok
[INFO] [stdout] test bindings::drm::bindgen_test_layout_pthread_barrier_t ... ok
[INFO] [stdout] test bindings::drm::bindgen_test_layout_timespec ... ok
[INFO] [stdout] test bindings::drm::bindgen_test_layout_pthread_mutexattr_t ... ok
[INFO] [stdout] test pci::bus_info::test_pci_bus_info_parse ... ok
[INFO] [stdout] test bindings::drm::bindgen_test_layout_pthread_rwlockattr_t ... ok
[INFO] [stdout] test bindings::drm::bindgen_test_layout_pthread_rwlock_t ... ok
[INFO] [stdout] test bindings::drm::bindgen_test_layout_timeval ... ok
[INFO] [stdout] 
[INFO] [stdout] test result: ok. 251 passed; 0 failed; 0 ignored; 0 measured; 0 filtered out; finished in 0.02s
[INFO] [stdout] 
[INFO] [stderr]    Doc-tests libdrm_amdgpu_sys
[INFO] [stdout] 
[INFO] [stdout] running 6 tests
[INFO] [stdout] test lib.rs - (line 37) ... FAILED
[INFO] [stdout] test lib.rs - (line 43) ... FAILED
[INFO] [stdout] test lib.rs - (line 33) ... FAILED
[INFO] [stdout] test lib.rs - (line 29) ... FAILED
[INFO] [stdout] test lib.rs - (line 16) ... FAILED
[INFO] [stdout] test amdgpu/mod.rs - amdgpu::VIDEO_CAPS (line 88) ... FAILED
[INFO] [stdout] 
[INFO] [stdout] failures:
[INFO] [stdout] 
[INFO] [stdout] ---- lib.rs - (line 37) stdout ----
[INFO] [stdout] error: expected one of `!`, `.`, `::`, `;`, `?`, `{`, `}`, or an operator, found `run`
[INFO] [stdout]  --> lib.rs:38:7
[INFO] [stdout]   |
[INFO] [stdout] 3 | cargo run --example gpu_metrics
[INFO] [stdout]   |       ^^^ expected one of 8 possible tokens
[INFO] [stdout] 
[INFO] [stdout] error: aborting due to 1 previous error
[INFO] [stdout] 
[INFO] [stdout] Couldn't compile the test.
[INFO] [stdout] ---- lib.rs - (line 43) stdout ----
[INFO] [stdout] error: expected one of `!`, `.`, `::`, `;`, `?`, `{`, `}`, or an operator, found `build`
[INFO] [stdout]  --> lib.rs:44:7
[INFO] [stdout]   |
[INFO] [stdout] 3 | cargo build --features=buildtime_bindgen
[INFO] [stdout]   |       ^^^^^ expected one of 8 possible tokens
[INFO] [stdout] 
[INFO] [stdout] error: aborting due to 1 previous error
[INFO] [stdout] 
[INFO] [stdout] Couldn't compile the test.
[INFO] [stdout] ---- lib.rs - (line 33) stdout ----
[INFO] [stdout] error: expected one of `!`, `.`, `::`, `;`, `?`, `{`, `}`, or an operator, found `run`
[INFO] [stdout]  --> lib.rs:34:7
[INFO] [stdout]   |
[INFO] [stdout] 3 | cargo run --example vbios_dump
[INFO] [stdout]   |       ^^^ expected one of 8 possible tokens
[INFO] [stdout] 
[INFO] [stdout] error: aborting due to 1 previous error
[INFO] [stdout] 
[INFO] [stdout] Couldn't compile the test.
[INFO] [stdout] ---- lib.rs - (line 29) stdout ----
[INFO] [stdout] error: expected one of `!`, `.`, `::`, `;`, `?`, `{`, `}`, or an operator, found `run`
[INFO] [stdout]  --> lib.rs:30:7
[INFO] [stdout]   |
[INFO] [stdout] 3 | cargo run --example amdgpu_info
[INFO] [stdout]   |       ^^^ expected one of 8 possible tokens
[INFO] [stdout] 
[INFO] [stdout] error: aborting due to 1 previous error
[INFO] [stdout] 
[INFO] [stdout] Couldn't compile the test.
[INFO] [stdout] ---- lib.rs - (line 16) stdout ----
[INFO] [stdout] error[E0433]: failed to resolve: use of undeclared type `AMDGPU`
[INFO] [stdout]  --> lib.rs:23:5
[INFO] [stdout]   |
[INFO] [stdout] 9 |     AMDGPU::DeviceHandle::init(fd.into_raw_fd()).unwrap()
[INFO] [stdout]   |     ^^^^^^ use of undeclared type `AMDGPU`
[INFO] [stdout]   |
[INFO] [stdout] help: consider importing this struct
[INFO] [stdout]   |
[INFO] [stdout] 2 + use libdrm_amdgpu_sys::AMDGPU::DeviceHandle;
[INFO] [stdout]   |
[INFO] [stdout] help: if you import `DeviceHandle`, refer to it directly
[INFO] [stdout]   |
[INFO] [stdout] 9 -     AMDGPU::DeviceHandle::init(fd.into_raw_fd()).unwrap()
[INFO] [stdout] 9 +     DeviceHandle::init(fd.into_raw_fd()).unwrap()
[INFO] [stdout]   |
[INFO] [stdout] 
[INFO] [stdout] error: aborting due to 1 previous error
[INFO] [stdout] 
[INFO] [stdout] For more information about this error, try `rustc --explain E0433`.
[INFO] [stdout] Couldn't compile the test.
[INFO] [stdout] ---- amdgpu/mod.rs - amdgpu::VIDEO_CAPS (line 88) stdout ----
[INFO] [stdout] Test executable failed (exit status: 101).
[INFO] [stdout] 
[INFO] [stdout] stderr:
[INFO] [stdout] thread 'main' panicked at amdgpu/mod.rs:10:48:
[INFO] [stdout] called `Result::unwrap()` on an `Err` value: Os { code: 2, kind: NotFound, message: "No such file or directory" }
[INFO] [stdout] stack backtrace:
[INFO] [stdout]    0:     0x555f9ade07b6 - std::backtrace_rs::backtrace::libunwind::trace::h261606ad26a499c1
[INFO] [stdout]                                at /rustc/0e09125c6c3c2fd70d7de961bcf0e51575235fad/library/std/src/../../backtrace/src/backtrace/libunwind.rs:104:5
[INFO] [stdout]    1:     0x555f9ade07b6 - std::backtrace_rs::backtrace::trace_unsynchronized::hd183f0625477fb28
[INFO] [stdout]                                at /rustc/0e09125c6c3c2fd70d7de961bcf0e51575235fad/library/std/src/../../backtrace/src/backtrace/mod.rs:66:5
[INFO] [stdout]    2:     0x555f9ade07b6 - std::sys_common::backtrace::_print_fmt::hd7f8fef21b4eda67
[INFO] [stdout]                                at /rustc/0e09125c6c3c2fd70d7de961bcf0e51575235fad/library/std/src/sys_common/backtrace.rs:68:5
[INFO] [stdout]    3:     0x555f9ade07b6 - <std::sys_common::backtrace::_print::DisplayBacktrace as core::fmt::Display>::fmt::h623d9b51f2f453f1
[INFO] [stdout]                                at /rustc/0e09125c6c3c2fd70d7de961bcf0e51575235fad/library/std/src/sys_common/backtrace.rs:44:22
[INFO] [stdout]    4:     0x555f9adff290 - core::fmt::rt::Argument::fmt::h9f417ac76a86f368
[INFO] [stdout]                                at /rustc/0e09125c6c3c2fd70d7de961bcf0e51575235fad/library/core/src/fmt/rt.rs:142:9
[INFO] [stdout]    5:     0x555f9adff290 - core::fmt::write::hc9b6faf4ac2aeff7
[INFO] [stdout]                                at /rustc/0e09125c6c3c2fd70d7de961bcf0e51575235fad/library/core/src/fmt/mod.rs:1120:17
[INFO] [stdout]    6:     0x555f9addec1f - std::io::Write::write_fmt::hfead1eee52c2e65e
[INFO] [stdout]                                at /rustc/0e09125c6c3c2fd70d7de961bcf0e51575235fad/library/std/src/io/mod.rs:1810:15
[INFO] [stdout]    7:     0x555f9ade0594 - std::sys_common::backtrace::_print::hd5d66399c7df88a2
[INFO] [stdout]                                at /rustc/0e09125c6c3c2fd70d7de961bcf0e51575235fad/library/std/src/sys_common/backtrace.rs:47:5
[INFO] [stdout]    8:     0x555f9ade0594 - std::sys_common::backtrace::print::he81ed2da642d37e5
[INFO] [stdout]                                at /rustc/0e09125c6c3c2fd70d7de961bcf0e51575235fad/library/std/src/sys_common/backtrace.rs:34:9
[INFO] [stdout]    9:     0x555f9ade1af7 - std::panicking::default_hook::{{closure}}::h85773f4fa117163d
[INFO] [stdout]   10:     0x555f9ade1859 - std::panicking::default_hook::h6a1694a91d09b278
[INFO] [stdout]                                at /rustc/0e09125c6c3c2fd70d7de961bcf0e51575235fad/library/std/src/panicking.rs:292:9
[INFO] [stdout]   11:     0x555f9ade1f88 - std::panicking::rust_panic_with_hook::h0a7ad96e90f7145b
[INFO] [stdout]                                at /rustc/0e09125c6c3c2fd70d7de961bcf0e51575235fad/library/std/src/panicking.rs:779:13
[INFO] [stdout]   12:     0x555f9ade1e62 - std::panicking::begin_panic_handler::{{closure}}::h7919090525c6485e
[INFO] [stdout]                                at /rustc/0e09125c6c3c2fd70d7de961bcf0e51575235fad/library/std/src/panicking.rs:657:13
[INFO] [stdout]   13:     0x555f9ade0cb6 - std::sys_common::backtrace::__rust_end_short_backtrace::hf3289479464f7dfe
[INFO] [stdout]                                at /rustc/0e09125c6c3c2fd70d7de961bcf0e51575235fad/library/std/src/sys_common/backtrace.rs:171:18
[INFO] [stdout]   14:     0x555f9ade1bc0 - rust_begin_unwind
[INFO] [stdout]                                at /rustc/0e09125c6c3c2fd70d7de961bcf0e51575235fad/library/std/src/panicking.rs:645:5
[INFO] [stdout]   15:     0x555f9adc10f5 - core::panicking::panic_fmt::hcc9f77c5c132af55
[INFO] [stdout]                                at /rustc/0e09125c6c3c2fd70d7de961bcf0e51575235fad/library/core/src/panicking.rs:72:14
[INFO] [stdout]   16:     0x555f9adc15a3 - core::result::unwrap_failed::hbe14f498be1452f9
[INFO] [stdout]                                at /rustc/0e09125c6c3c2fd70d7de961bcf0e51575235fad/library/core/src/result.rs:1649:5
[INFO] [stdout]   17:     0x555f9adc2134 - core::result::Result<T,E>::unwrap::he129f1c8932222bf
[INFO] [stdout]   18:     0x555f9adc25b2 - rust_out::main::_doctest_main_amdgpu_mod_rs_88_0::he81f716da448db56
[INFO] [stdout]   19:     0x555f9adc2566 - rust_out::main::h71185a25be64b52e
[INFO] [stdout]   20:     0x555f9adc1da3 - core::ops::function::FnOnce::call_once::h0a5e8bc522cf7e26
[INFO] [stdout]   21:     0x555f9adc1a16 - std::sys_common::backtrace::__rust_begin_short_backtrace::h904992c6a2208b49
[INFO] [stdout]   22:     0x555f9adc1b19 - std::rt::lang_start::{{closure}}::h95a4dad7805b7c7c
[INFO] [stdout]   23:     0x555f9addbf41 - core::ops::function::impls::<impl core::ops::function::FnOnce<A> for &F>::call_once::h4eb4c5e1620f29b0
[INFO] [stdout]                                at /rustc/0e09125c6c3c2fd70d7de961bcf0e51575235fad/library/core/src/ops/function.rs:284:13
[INFO] [stdout]   24:     0x555f9addbf41 - std::panicking::try::do_call::h73fd26535faffcdf
[INFO] [stdout]                                at /rustc/0e09125c6c3c2fd70d7de961bcf0e51575235fad/library/std/src/panicking.rs:552:40
[INFO] [stdout]   25:     0x555f9addbf41 - std::panicking::try::h77ff1d98f0fb9f39
[INFO] [stdout]                                at /rustc/0e09125c6c3c2fd70d7de961bcf0e51575235fad/library/std/src/panicking.rs:516:19
[INFO] [stdout]   26:     0x555f9addbf41 - std::panic::catch_unwind::hab3caf2448b95e37
[INFO] [stdout]                                at /rustc/0e09125c6c3c2fd70d7de961bcf0e51575235fad/library/std/src/panic.rs:142:14
[INFO] [stdout]   27:     0x555f9addbf41 - std::rt::lang_start_internal::{{closure}}::h8086711f9c783f78
[INFO] [stdout]                                at /rustc/0e09125c6c3c2fd70d7de961bcf0e51575235fad/library/std/src/rt.rs:148:48
[INFO] [stdout]   28:     0x555f9addbf41 - std::panicking::try::do_call::hf920d4dc291cd6ca
[INFO] [stdout]                                at /rustc/0e09125c6c3c2fd70d7de961bcf0e51575235fad/library/std/src/panicking.rs:552:40
[INFO] [stdout]   29:     0x555f9addbf41 - std::panicking::try::h2b806ccc0a85db74
[INFO] [stdout]                                at /rustc/0e09125c6c3c2fd70d7de961bcf0e51575235fad/library/std/src/panicking.rs:516:19
[INFO] [stdout]   30:     0x555f9addbf41 - std::panic::catch_unwind::h038489539c507df2
[INFO] [stdout]                                at /rustc/0e09125c6c3c2fd70d7de961bcf0e51575235fad/library/std/src/panic.rs:142:14
[INFO] [stdout]   31:     0x555f9addbf41 - std::rt::lang_start_internal::h28503b88912e8a5c
[INFO] [stdout]                                at /rustc/0e09125c6c3c2fd70d7de961bcf0e51575235fad/library/std/src/rt.rs:148:20
[INFO] [stdout]   32:     0x555f9adc1af7 - std::rt::lang_start::h9942cc54b4d5350a
[INFO] [stdout]   33:     0x555f9adc2d75 - main
[INFO] [stdout]   34:     0x7feceb14ed90 - <unknown>
[INFO] [stdout]   35:     0x7feceb14ee40 - __libc_start_main
[INFO] [stdout]   36:     0x555f9adc1865 - _start
[INFO] [stdout]   37:                0x0 - <unknown>
[INFO] [stdout] 
[INFO] [stdout] 
[INFO] [stdout] 
[INFO] [stdout] failures:
[INFO] [stdout]     amdgpu/mod.rs - amdgpu::VIDEO_CAPS (line 88)
[INFO] [stdout]     lib.rs - (line 16)
[INFO] [stdout]     lib.rs - (line 29)
[INFO] [stdout]     lib.rs - (line 33)
[INFO] [stdout]     lib.rs - (line 37)
[INFO] [stdout]     lib.rs - (line 43)
[INFO] [stdout] 
[INFO] [stdout] test result: FAILED. 0 passed; 6 failed; 0 ignored; 0 measured; 0 filtered out; finished in 0.21s
[INFO] [stdout] 
[INFO] [stderr] error: doctest failed, to rerun pass `--doc`
[INFO] running `Command { std: "docker" "inspect" "578861cf5d384dfaa15384bb692535b970ed16369be78c4a42bf27a6eea417ca", kill_on_drop: false }`
[INFO] running `Command { std: "docker" "rm" "-f" "578861cf5d384dfaa15384bb692535b970ed16369be78c4a42bf27a6eea417ca", kill_on_drop: false }`
[INFO] [stdout] 578861cf5d384dfaa15384bb692535b970ed16369be78c4a42bf27a6eea417ca
