[INFO] fetching crate libcnb-data 0.16.0...
[INFO] testing libcnb-data-0.16.0 against 1.75.0 for beta-1.76-1
[INFO] extracting crate libcnb-data 0.16.0 into /workspace/builds/worker-3-tc1/source
[INFO] validating manifest of crates.io crate libcnb-data 0.16.0 on toolchain 1.75.0
[INFO] running `Command { std: CARGO_HOME="/workspace/cargo-home" RUSTUP_HOME="/workspace/rustup-home" "/workspace/cargo-home/bin/cargo" "+1.75.0" "metadata" "--manifest-path" "Cargo.toml" "--no-deps", kill_on_drop: false }`
[INFO] started tweaking crates.io crate libcnb-data 0.16.0
[INFO] finished tweaking crates.io crate libcnb-data 0.16.0
[INFO] tweaked toml for crates.io crate libcnb-data 0.16.0 written to /workspace/builds/worker-3-tc1/source/Cargo.toml
[INFO] running `Command { std: CARGO_HOME="/workspace/cargo-home" RUSTUP_HOME="/workspace/rustup-home" "/workspace/cargo-home/bin/cargo" "+1.75.0" "generate-lockfile" "--manifest-path" "Cargo.toml", kill_on_drop: false }`
[INFO] [stderr]     Blocking waiting for file lock on package cache
[INFO] [stderr]     Updating crates.io index
[INFO] running `Command { std: CARGO_HOME="/workspace/cargo-home" RUSTUP_HOME="/workspace/rustup-home" "/workspace/cargo-home/bin/cargo" "+1.75.0" "fetch" "--manifest-path" "Cargo.toml", kill_on_drop: false }`
[INFO] [stderr]     Blocking waiting for file lock on package cache
[INFO] [stderr]     Blocking waiting for file lock on package cache
[INFO] [stderr]  Downloading crates ...
[INFO] [stderr]   Downloaded libcnb-proc-macros v0.16.0
[INFO] [stderr]   Downloaded fancy-regex v0.12.0
[INFO] running `Command { std: "docker" "create" "-v" "/var/lib/crater-agent-workspace/builds/worker-3-tc1/target:/opt/rustwide/target:rw,Z" "-v" "/var/lib/crater-agent-workspace/builds/worker-3-tc1/source:/opt/rustwide/workdir:ro,Z" "-v" "/var/lib/crater-agent-workspace/cargo-home:/opt/rustwide/cargo-home:ro,Z" "-v" "/var/lib/crater-agent-workspace/rustup-home:/opt/rustwide/rustup-home:ro,Z" "-e" "SOURCE_DIR=/opt/rustwide/workdir" "-e" "CARGO_TARGET_DIR=/opt/rustwide/target" "-e" "CARGO_HOME=/opt/rustwide/cargo-home" "-e" "RUSTUP_HOME=/opt/rustwide/rustup-home" "-w" "/opt/rustwide/workdir" "-m" "1610612736" "--user" "0:0" "--network" "none" "ghcr.io/rust-lang/crates-build-env/linux@sha256:2788e3201cd34a07e3172128adcd8b3090168a8e3bcc40d7c032b9dda1df7d1c" "/opt/rustwide/cargo-home/bin/cargo" "+1.75.0" "metadata" "--no-deps" "--format-version=1", kill_on_drop: false }`
[INFO] [stdout] 2e4f21657ed2a4d7df014f97d897870c48623dd5892237b9deb5447f27d3f2be
[INFO] running `Command { std: "docker" "start" "-a" "2e4f21657ed2a4d7df014f97d897870c48623dd5892237b9deb5447f27d3f2be", kill_on_drop: false }`
[INFO] running `Command { std: "docker" "inspect" "2e4f21657ed2a4d7df014f97d897870c48623dd5892237b9deb5447f27d3f2be", kill_on_drop: false }`
[INFO] running `Command { std: "docker" "rm" "-f" "2e4f21657ed2a4d7df014f97d897870c48623dd5892237b9deb5447f27d3f2be", kill_on_drop: false }`
[INFO] [stdout] 2e4f21657ed2a4d7df014f97d897870c48623dd5892237b9deb5447f27d3f2be
[INFO] running `Command { std: "docker" "create" "-v" "/var/lib/crater-agent-workspace/builds/worker-3-tc1/target:/opt/rustwide/target:rw,Z" "-v" "/var/lib/crater-agent-workspace/builds/worker-3-tc1/source:/opt/rustwide/workdir:ro,Z" "-v" "/var/lib/crater-agent-workspace/cargo-home:/opt/rustwide/cargo-home:ro,Z" "-v" "/var/lib/crater-agent-workspace/rustup-home:/opt/rustwide/rustup-home:ro,Z" "-e" "SOURCE_DIR=/opt/rustwide/workdir" "-e" "CARGO_TARGET_DIR=/opt/rustwide/target" "-e" "CARGO_INCREMENTAL=0" "-e" "RUST_BACKTRACE=full" "-e" "RUSTFLAGS=--cap-lints=warn" "-e" "RUSTDOCFLAGS=--cap-lints=warn" "-e" "CARGO_HOME=/opt/rustwide/cargo-home" "-e" "RUSTUP_HOME=/opt/rustwide/rustup-home" "-w" "/opt/rustwide/workdir" "-m" "1610612736" "--user" "0:0" "--network" "none" "ghcr.io/rust-lang/crates-build-env/linux@sha256:2788e3201cd34a07e3172128adcd8b3090168a8e3bcc40d7c032b9dda1df7d1c" "/opt/rustwide/cargo-home/bin/cargo" "+1.75.0" "build" "--frozen" "--message-format=json", kill_on_drop: false }`
[INFO] [stdout] 9d73aa488d5a0b3c69bdb71d26f4cee593258b36c4537ebf62565efdbc741f4c
[INFO] running `Command { std: "docker" "start" "-a" "9d73aa488d5a0b3c69bdb71d26f4cee593258b36c4537ebf62565efdbc741f4c", kill_on_drop: false }`
[INFO] [stderr]    Compiling semver v1.0.21
[INFO] [stderr]    Compiling serde_json v1.0.111
[INFO] [stderr]    Compiling camino v1.1.6
[INFO] [stderr]    Compiling regex-syntax v0.8.2
[INFO] [stderr]    Compiling itoa v1.0.10
[INFO] [stderr]    Compiling ryu v1.0.16
[INFO] [stderr]    Compiling bit-vec v0.6.3
[INFO] [stderr]    Compiling winnow v0.5.32
[INFO] [stderr]    Compiling uriparse v0.6.4
[INFO] [stderr]    Compiling syn v2.0.48
[INFO] [stderr]    Compiling bit-set v0.5.3
[INFO] [stderr]    Compiling regex-automata v0.4.3
[INFO] [stderr]    Compiling regex v1.10.2
[INFO] [stderr]    Compiling fancy-regex v0.12.0
[INFO] [stderr]    Compiling serde_derive v1.0.194
[INFO] [stderr]    Compiling thiserror-impl v1.0.56
[INFO] [stderr]    Compiling thiserror v1.0.56
[INFO] [stderr]    Compiling serde v1.0.194
[INFO] [stderr]    Compiling toml_datetime v0.6.5
[INFO] [stderr]    Compiling serde_spanned v0.6.5
[INFO] [stderr]    Compiling cargo-platform v0.1.6
[INFO] [stderr]    Compiling toml_edit v0.21.0
[INFO] [stderr]    Compiling cargo_metadata v0.18.1
[INFO] [stderr]    Compiling toml v0.8.8
[INFO] [stderr]    Compiling libcnb-proc-macros v0.16.0
[INFO] [stderr]    Compiling libcnb-data v0.16.0 (/opt/rustwide/workdir)
[INFO] [stderr]     Finished dev [unoptimized + debuginfo] target(s) in 14.18s
[INFO] running `Command { std: "docker" "inspect" "9d73aa488d5a0b3c69bdb71d26f4cee593258b36c4537ebf62565efdbc741f4c", kill_on_drop: false }`
[INFO] running `Command { std: "docker" "rm" "-f" "9d73aa488d5a0b3c69bdb71d26f4cee593258b36c4537ebf62565efdbc741f4c", kill_on_drop: false }`
[INFO] [stdout] 9d73aa488d5a0b3c69bdb71d26f4cee593258b36c4537ebf62565efdbc741f4c
[INFO] running `Command { std: "docker" "create" "-v" "/var/lib/crater-agent-workspace/builds/worker-3-tc1/target:/opt/rustwide/target:rw,Z" "-v" "/var/lib/crater-agent-workspace/builds/worker-3-tc1/source:/opt/rustwide/workdir:ro,Z" "-v" "/var/lib/crater-agent-workspace/cargo-home:/opt/rustwide/cargo-home:ro,Z" "-v" "/var/lib/crater-agent-workspace/rustup-home:/opt/rustwide/rustup-home:ro,Z" "-e" "SOURCE_DIR=/opt/rustwide/workdir" "-e" "CARGO_TARGET_DIR=/opt/rustwide/target" "-e" "CARGO_INCREMENTAL=0" "-e" "RUST_BACKTRACE=full" "-e" "RUSTFLAGS=--cap-lints=warn" "-e" "RUSTDOCFLAGS=--cap-lints=warn" "-e" "CARGO_HOME=/opt/rustwide/cargo-home" "-e" "RUSTUP_HOME=/opt/rustwide/rustup-home" "-w" "/opt/rustwide/workdir" "-m" "1610612736" "--user" "0:0" "--network" "none" "ghcr.io/rust-lang/crates-build-env/linux@sha256:2788e3201cd34a07e3172128adcd8b3090168a8e3bcc40d7c032b9dda1df7d1c" "/opt/rustwide/cargo-home/bin/cargo" "+1.75.0" "test" "--frozen" "--no-run" "--message-format=json", kill_on_drop: false }`
[INFO] [stdout] 22bd4c682a39ee84c28acf44c1c634178905af20d21c03a14d9fa744cc92ef71
[INFO] running `Command { std: "docker" "start" "-a" "22bd4c682a39ee84c28acf44c1c634178905af20d21c03a14d9fa744cc92ef71", kill_on_drop: false }`
[INFO] [stderr]    Compiling serde_test v1.0.176
[INFO] [stderr]    Compiling libcnb-data v0.16.0 (/opt/rustwide/workdir)
[INFO] [stderr]     Finished test [unoptimized + debuginfo] target(s) in 4.41s
[INFO] running `Command { std: "docker" "inspect" "22bd4c682a39ee84c28acf44c1c634178905af20d21c03a14d9fa744cc92ef71", kill_on_drop: false }`
[INFO] running `Command { std: "docker" "rm" "-f" "22bd4c682a39ee84c28acf44c1c634178905af20d21c03a14d9fa744cc92ef71", kill_on_drop: false }`
[INFO] [stdout] 22bd4c682a39ee84c28acf44c1c634178905af20d21c03a14d9fa744cc92ef71
[INFO] running `Command { std: "docker" "create" "-v" "/var/lib/crater-agent-workspace/builds/worker-3-tc1/target:/opt/rustwide/target:rw,Z" "-v" "/var/lib/crater-agent-workspace/builds/worker-3-tc1/source:/opt/rustwide/workdir:ro,Z" "-v" "/var/lib/crater-agent-workspace/cargo-home:/opt/rustwide/cargo-home:ro,Z" "-v" "/var/lib/crater-agent-workspace/rustup-home:/opt/rustwide/rustup-home:ro,Z" "-e" "SOURCE_DIR=/opt/rustwide/workdir" "-e" "CARGO_TARGET_DIR=/opt/rustwide/target" "-e" "CARGO_INCREMENTAL=0" "-e" "RUST_BACKTRACE=full" "-e" "RUSTFLAGS=--cap-lints=warn" "-e" "RUSTDOCFLAGS=--cap-lints=warn" "-e" "CARGO_HOME=/opt/rustwide/cargo-home" "-e" "RUSTUP_HOME=/opt/rustwide/rustup-home" "-w" "/opt/rustwide/workdir" "-m" "1610612736" "--user" "0:0" "--network" "none" "ghcr.io/rust-lang/crates-build-env/linux@sha256:2788e3201cd34a07e3172128adcd8b3090168a8e3bcc40d7c032b9dda1df7d1c" "/opt/rustwide/cargo-home/bin/cargo" "+1.75.0" "test" "--frozen", kill_on_drop: false }`
[INFO] [stdout] fc430bf1b06fee26efe1b5b349547581c94c673ce735b20ba182bfb6add34171
[INFO] running `Command { std: "docker" "start" "-a" "fc430bf1b06fee26efe1b5b349547581c94c673ce735b20ba182bfb6add34171", kill_on_drop: false }`
[INFO] [stderr]     Finished test [unoptimized + debuginfo] target(s) in 0.03s
[INFO] [stderr]      Running unittests src/lib.rs (/opt/rustwide/target/debug/deps/libcnb_data-8b64bc63edfe7058)
[INFO] [stdout] 
[INFO] [stdout] running 57 tests
[INFO] [stdout] test build_plan::tests::it_serializes_metadata ... ok
[INFO] [stdout] test buildpack::api::tests::deserialize_valid_api_versions ... ok
[INFO] [stdout] test buildpack::api::tests::buildpack_api_display ... ok
[INFO] [stdout] test buildpack::api::tests::reject_invalid_api_versions ... ok
[INFO] [stdout] test buildpack::stack::tests::reject_specific_stack_with_invalid_name ... ok
[INFO] [stdout] test buildpack::stack::tests::deserialize_specific_stack_without_mixins ... ok
[INFO] [stdout] test buildpack::stack::tests::deserialize_specific_stack_with_mixins ... ok
[INFO] [stdout] test build_plan::tests::it_writes_simple_build_plan ... ok
[INFO] [stdout] test buildpack::version::tests::buildpack_version_display ... ok
[INFO] [stdout] test buildpack::stack::tests::reject_any_stack_with_mixins ... ok
[INFO] [stdout] test buildpack::version::tests::deserialize_valid_versions ... ok
[INFO] [stdout] test buildpack::tests::reject_buildpack_with_both_stacks_and_order ... ok
[INFO] [stdout] test buildpack::stack_id::tests::stack_id_validation_valid ... ok
[INFO] [stdout] test buildpack_plan::tests::it_deserializes_metadata ... ok
[INFO] [stdout] test buildpack::version::tests::reject_version_suffixes ... ok
[INFO] [stdout] test buildpack::version::tests::reject_versions_with_leading_zeros ... ok
[INFO] [stdout] test buildpack_plan::tests::it_parses_empty ... ok
[INFO] [stdout] test buildpack::version::tests::reject_negative_versions ... ok
[INFO] [stdout] test buildpack::stack_id::tests::stack_id_validation_invalid ... ok
[INFO] [stdout] test buildpack::version::tests::reject_wrong_number_of_version_parts ... ok
[INFO] [stdout] test buildpack::tests::deserialize_composite_buildpack ... ok
[INFO] [stdout] test buildpack_plan::tests::it_parses_simple ... ok
[INFO] [stdout] test launch::tests::launch_builder_add_processes ... ok
[INFO] [stdout] test buildpack::stack::tests::deserialize_any_stack ... ok
[INFO] [stdout] test buildpack::tests::deserialize_buildpackdescriptor_component ... ok
[INFO] [stdout] test launch::tests::process_builder ... ok
[INFO] [stdout] test launch::tests::process_with_some_default_values_serialization ... ok
[INFO] [stdout] test launch::tests::process_working_directory_serialization ... ok
[INFO] [stdout] test exec_d::tests::exec_d_program_output_key_validation_invalid ... ok
[INFO] [stdout] test launch::tests::process_builder_args ... ok
[INFO] [stdout] test layer_content_metadata::tests::deserialize_empty ... ok
[INFO] [stdout] test buildpack_plan::tests::it_parses_with_metadata ... ok
[INFO] [stdout] test buildpack::tests::deserialize_minimal_composite_buildpack ... ok
[INFO] [stdout] test launch::tests::process_with_default_values_serialization ... ok
[INFO] [stdout] test exec_d::tests::exec_d_program_output_key_validation_valid ... ok
[INFO] [stdout] test launch::tests::process_type_validation_valid ... ok
[INFO] [stdout] test newtypes::tests::literal_macro_success ... ok
[INFO] [stdout] test newtypes::tests::ord ... ok
[INFO] [stdout] test newtypes::tests::deref ... ok
[INFO] [stdout] test layer_content_metadata::tests::deserialize_everything ... ok
[INFO] [stdout] test launch::tests::process_type_validation_invalid ... ok
[INFO] [stdout] test package_descriptor::tests::it_parses_minimal ... ok
[INFO] [stdout] test launch::tests::process_with_default_values_deserialization ... ok
[INFO] [stdout] test layer_content_metadata::tests::types_table_with_no_entries_has_defaults ... ok
[INFO] [stdout] test newtypes::tests::join ... ok
[INFO] [stdout] test buildpack::tests::deserialize_minimal_component_buildpack ... ok
[INFO] [stdout] test package_descriptor::tests::it_serializes ... ok
[INFO] [stdout] test layer::tests::layer_name_validation_invalid ... ok
[INFO] [stdout] test buildpack::id::tests::buildpack_id_validation_valid ... ok
[INFO] [stdout] test layer::tests::layer_name_validation_valid ... ok
[INFO] [stdout] test newtypes::tests::test ... ok
[INFO] [stdout] test package_descriptor::tests::it_parses_with_dependencies_and_platform ... ok
[INFO] [stdout] test buildpack::tests::deserialize_component_buildpack ... ok
[INFO] [stdout] test newtypes::tests::type_eq ... ok
[INFO] [stdout] test newtypes::tests::deserialize ... ok
[INFO] [stdout] test buildpack::id::tests::buildpack_id_validation_invalid ... ok
[INFO] [stdout] test buildpack::tests::deserialize_buildpackdescriptor_composite ... ok
[INFO] [stdout] 
[INFO] [stdout] test result: ok. 57 passed; 0 failed; 0 ignored; 0 measured; 0 filtered out; finished in 0.08s
[INFO] [stdout] 
[INFO] [stderr]    Doc-tests libcnb-data
[INFO] [stdout] 
[INFO] [stdout] running 19 tests
[INFO] [stdout] test src/exec_d.rs - exec_d::exec_d_program_output_key (line 36) ... FAILED
[INFO] [stdout] test src/exec_d.rs - exec_d::ExecDProgramOutputKey (line 39) ... FAILED
[INFO] [stdout] test src/buildpack/id.rs - buildpack::id::BuildpackId (line 13) ... FAILED
[INFO] [stdout] test src/newtypes.rs - newtypes::libcnb_newtype (line 26) - compile fail ... ok
[INFO] [stdout] test src/launch.rs - launch::ProcessBuilder::arg (line 203) ... ok
[INFO] [stdout] test src/launch.rs - launch::process_type (line 275) ... ok
[INFO] [stdout] test src/buildpack/id.rs - buildpack::id::buildpack_id (line 8) ... ok
[INFO] [stdout] test src/buildpack/stack_id.rs - buildpack::stack_id::stack_id (line 8) ... ok
[INFO] [stdout] test src/launch.rs - launch::ProcessBuilder (line 173) ... ok
[INFO] [stdout] test src/buildpack/stack_id.rs - buildpack::stack_id::StackId (line 12) ... ok
[INFO] [stdout] test src/layer.rs - layer::layer_name (line 8) ... ok
[INFO] [stdout] test src/launch.rs - launch::ProcessType (line 279) ... ok
[INFO] [stdout] test src/layer.rs - layer::LayerName (line 12) ... ok
[INFO] [stdout] test src/package_descriptor.rs - package_descriptor::PackageDescriptor (line 9) ... ok
[INFO] [stdout] test src/launch.rs - launch::ProcessBuilder::arg (line 212) ... ok
[INFO] [stdout] test src/launch.rs - launch::LaunchBuilder (line 20) ... ok
[INFO] [stdout] test src/buildpack/mod.rs - buildpack::ComponentBuildpackDescriptor (line 86) ... ok
[INFO] [stdout] test src/buildpack/mod.rs - buildpack::CompositeBuildpackDescriptor (line 133) ... ok
[INFO] [stdout] test src/buildpack/mod.rs - buildpack::BuildpackDescriptor (line 27) ... ok
[INFO] [stdout] 
[INFO] [stdout] failures:
[INFO] [stdout] 
[INFO] [stdout] ---- src/exec_d.rs - exec_d::exec_d_program_output_key (line 36) stdout ----
[INFO] [stdout] error: linking with `cc` failed: exit status: 1
[INFO] [stdout]   |
[INFO] [stdout]   = note: LC_ALL="C" PATH="/opt/rustwide/rustup-home/toolchains/1.75.0-x86_64-unknown-linux-gnu/lib/rustlib/x86_64-unknown-linux-gnu/bin:/opt/rustwide/cargo-home/bin:/usr/local/sbin:/usr/local/bin:/usr/sbin:/usr/bin:/sbin:/bin" VSLANG="1033" "cc" "-m64" "/tmp/rustchV6X1G/symbols.o" "/tmp/rustdoctestnm45pe/rust_out.rust_out.263fb70ac1c95110-cgu.0.rcgu.o" "/tmp/rustdoctestnm45pe/rust_out.2uel00cfmdh5ufit.rcgu.o" "-Wl,--as-needed" "-L" "/opt/rustwide/target/debug/deps" "-L" "/opt/rustwide/target/debug/deps" "-L" "/opt/rustwide/rustup-home/toolchains/1.75.0-x86_64-unknown-linux-gnu/lib/rustlib/x86_64-unknown-linux-gnu/lib" "-Wl,-Bstatic" "/opt/rustwide/target/debug/deps/liblibcnb_data-f63eeaa075b6326e.rlib" "/opt/rustwide/target/debug/deps/libfancy_regex-6a804c329205ad4b.rlib" "/opt/rustwide/target/debug/deps/libregex-a4558f559687d32c.rlib" "/opt/rustwide/target/debug/deps/libregex_automata-a3b125ace31a404a.rlib" "/opt/rustwide/target/debug/deps/libregex_syntax-ec727727d9e652fd.rlib" "/opt/rustwide/target/debug/deps/libbit_set-d0207dba02f4021f.rlib" "/opt/rustwide/target/debug/deps/libbit_vec-811359f6e63446fe.rlib" "/opt/rustwide/target/debug/deps/libthiserror-a0040babb48b5333.rlib" "/opt/rustwide/target/debug/deps/liburiparse-8f679681de9ce923.rlib" "/opt/rustwide/target/debug/deps/liblazy_static-591486ebcb9a7ead.rlib" "/opt/rustwide/target/debug/deps/libfnv-18bf5144d055e772.rlib" "/opt/rustwide/target/debug/deps/libtoml-517484e113ade6e8.rlib" "/opt/rustwide/target/debug/deps/libtoml_edit-65d2bafe2c817a5d.rlib" "/opt/rustwide/target/debug/deps/libserde_spanned-b4e04712bc0fb8e8.rlib" "/opt/rustwide/target/debug/deps/libindexmap-8fc97cbaa956011a.rlib" "/opt/rustwide/target/debug/deps/libequivalent-daf5c71f5fc642dd.rlib" "/opt/rustwide/target/debug/deps/libhashbrown-3d9e58c92093ae49.rlib" "/opt/rustwide/target/debug/deps/libwinnow-d440e4cd32698949.rlib" "/opt/rustwide/target/debug/deps/libtoml_datetime-1abcd21d7de01b1f.rlib" "/opt/rustwide/target/debug/deps/libserde-de74a60ae7075efe.rlib" "/opt/rustwide/rustup-home/toolchains/1.75.0-x86_64-unknown-linux-gnu/lib/rustlib/x86_64-unknown-linux-gnu/lib/libstd-90f6ddbf82de36ec.rlib" "/opt/rustwide/rustup-home/toolchains/1.75.0-x86_64-unknown-linux-gnu/lib/rustlib/x86_64-unknown-linux-gnu/lib/libpanic_unwind-480c41e9d4e1f677.rlib" "/opt/rustwide/rustup-home/toolchains/1.75.0-x86_64-unknown-linux-gnu/lib/rustlib/x86_64-unknown-linux-gnu/lib/libobject-db744c0ca03eed1d.rlib" "/opt/rustwide/rustup-home/toolchains/1.75.0-x86_64-unknown-linux-gnu/lib/rustlib/x86_64-unknown-linux-gnu/lib/libmemchr-8ba652dc7d4b285a.rlib" "/opt/rustwide/rustup-home/toolchains/1.75.0-x86_64-unknown-linux-gnu/lib/rustlib/x86_64-unknown-linux-gnu/lib/libaddr2line-d5f4520a9ebc0d58.rlib" "/opt/rustwide/rustup-home/toolchains/1.75.0-x86_64-unknown-linux-gnu/lib/rustlib/x86_64-unknown-linux-gnu/lib/libgimli-4ad84de58f0cb463.rlib" "/opt/rustwide/rustup-home/toolchains/1.75.0-x86_64-unknown-linux-gnu/lib/rustlib/x86_64-unknown-linux-gnu/lib/librustc_demangle-0d10aae2e0f38735.rlib" "/opt/rustwide/rustup-home/toolchains/1.75.0-x86_64-unknown-linux-gnu/lib/rustlib/x86_64-unknown-linux-gnu/lib/libstd_detect-0c17cff739e6745b.rlib" "/opt/rustwide/rustup-home/toolchains/1.75.0-x86_64-unknown-linux-gnu/lib/rustlib/x86_64-unknown-linux-gnu/lib/libhashbrown-b29e17139dde1aa8.rlib" "/opt/rustwide/rustup-home/toolchains/1.75.0-x86_64-unknown-linux-gnu/lib/rustlib/x86_64-unknown-linux-gnu/lib/librustc_std_workspace_alloc-1f975299829cc7bd.rlib" "/opt/rustwide/rustup-home/toolchains/1.75.0-x86_64-unknown-linux-gnu/lib/rustlib/x86_64-unknown-linux-gnu/lib/libminiz_oxide-86bae3bc3079f89b.rlib" "/opt/rustwide/rustup-home/toolchains/1.75.0-x86_64-unknown-linux-gnu/lib/rustlib/x86_64-unknown-linux-gnu/lib/libadler-321b82c30dffdf5f.rlib" "/opt/rustwide/rustup-home/toolchains/1.75.0-x86_64-unknown-linux-gnu/lib/rustlib/x86_64-unknown-linux-gnu/lib/libunwind-3dd8a6810a0bdfef.rlib" "/opt/rustwide/rustup-home/toolchains/1.75.0-x86_64-unknown-linux-gnu/lib/rustlib/x86_64-unknown-linux-gnu/lib/libcfg_if-eb39a61c0c879984.rlib" "/opt/rustwide/rustup-home/toolchains/1.75.0-x86_64-unknown-linux-gnu/lib/rustlib/x86_64-unknown-linux-gnu/lib/liblibc-aa769569f91c3548.rlib" "/opt/rustwide/rustup-home/toolchains/1.75.0-x86_64-unknown-linux-gnu/lib/rustlib/x86_64-unknown-linux-gnu/lib/liballoc-510a192a50a983ed.rlib" "/opt/rustwide/rustup-home/toolchains/1.75.0-x86_64-unknown-linux-gnu/lib/rustlib/x86_64-unknown-linux-gnu/lib/librustc_std_workspace_core-0577018320f99037.rlib" "/opt/rustwide/rustup-home/toolchains/1.75.0-x86_64-unknown-linux-gnu/lib/rustlib/x86_64-unknown-linux-gnu/lib/libcore-193cf992125ccd4c.rlib" "/opt/rustwide/rustup-home/toolchains/1.75.0-x86_64-unknown-linux-gnu/lib/rustlib/x86_64-unknown-linux-gnu/lib/libcompiler_builtins-8e138eaf26ebb4a8.rlib" "-Wl,-Bdynamic" "-lgcc_s" "-lutil" "-lrt" "-lpthread" "-lm" "-ldl" "-lc" "-Wl,--eh-frame-hdr" "-Wl,-z,noexecstack" "-L" "/opt/rustwide/rustup-home/toolchains/1.75.0-x86_64-unknown-linux-gnu/lib/rustlib/x86_64-unknown-linux-gnu/lib" "-o" "/tmp/rustdoctestnm45pe/rust_out" "-Wl,--gc-sections" "-pie" "-Wl,-z,relro,-z,now" "-nodefaultlibs"
[INFO] [stdout]   = note: collect2: fatal error: ld terminated with signal 9 [Killed]
[INFO] [stdout]           compilation terminated.
[INFO] [stdout]           
[INFO] [stdout] 
[INFO] [stdout] error: aborting due to previous error
[INFO] [stdout] 
[INFO] [stdout] Couldn't compile the test.
[INFO] [stdout] ---- src/exec_d.rs - exec_d::ExecDProgramOutputKey (line 39) stdout ----
[INFO] [stdout] error: linking with `cc` failed: exit status: 1
[INFO] [stdout]   |
[INFO] [stdout]   = note: LC_ALL="C" PATH="/opt/rustwide/rustup-home/toolchains/1.75.0-x86_64-unknown-linux-gnu/lib/rustlib/x86_64-unknown-linux-gnu/bin:/opt/rustwide/cargo-home/bin:/usr/local/sbin:/usr/local/bin:/usr/sbin:/usr/bin:/sbin:/bin" VSLANG="1033" "cc" "-m64" "/tmp/rustc305u7k/symbols.o" "/tmp/rustdoctestIAm0wU/rust_out.rust_out.263fb70ac1c95110-cgu.0.rcgu.o" "/tmp/rustdoctestIAm0wU/rust_out.2uel00cfmdh5ufit.rcgu.o" "-Wl,--as-needed" "-L" "/opt/rustwide/target/debug/deps" "-L" "/opt/rustwide/target/debug/deps" "-L" "/opt/rustwide/rustup-home/toolchains/1.75.0-x86_64-unknown-linux-gnu/lib/rustlib/x86_64-unknown-linux-gnu/lib" "-Wl,-Bstatic" "/opt/rustwide/target/debug/deps/liblibcnb_data-f63eeaa075b6326e.rlib" "/opt/rustwide/target/debug/deps/libfancy_regex-6a804c329205ad4b.rlib" "/opt/rustwide/target/debug/deps/libregex-a4558f559687d32c.rlib" "/opt/rustwide/target/debug/deps/libregex_automata-a3b125ace31a404a.rlib" "/opt/rustwide/target/debug/deps/libregex_syntax-ec727727d9e652fd.rlib" "/opt/rustwide/target/debug/deps/libbit_set-d0207dba02f4021f.rlib" "/opt/rustwide/target/debug/deps/libbit_vec-811359f6e63446fe.rlib" "/opt/rustwide/target/debug/deps/libthiserror-a0040babb48b5333.rlib" "/opt/rustwide/target/debug/deps/liburiparse-8f679681de9ce923.rlib" "/opt/rustwide/target/debug/deps/liblazy_static-591486ebcb9a7ead.rlib" "/opt/rustwide/target/debug/deps/libfnv-18bf5144d055e772.rlib" "/opt/rustwide/target/debug/deps/libtoml-517484e113ade6e8.rlib" "/opt/rustwide/target/debug/deps/libtoml_edit-65d2bafe2c817a5d.rlib" "/opt/rustwide/target/debug/deps/libserde_spanned-b4e04712bc0fb8e8.rlib" "/opt/rustwide/target/debug/deps/libindexmap-8fc97cbaa956011a.rlib" "/opt/rustwide/target/debug/deps/libequivalent-daf5c71f5fc642dd.rlib" "/opt/rustwide/target/debug/deps/libhashbrown-3d9e58c92093ae49.rlib" "/opt/rustwide/target/debug/deps/libwinnow-d440e4cd32698949.rlib" "/opt/rustwide/target/debug/deps/libtoml_datetime-1abcd21d7de01b1f.rlib" "/opt/rustwide/target/debug/deps/libserde-de74a60ae7075efe.rlib" "/opt/rustwide/rustup-home/toolchains/1.75.0-x86_64-unknown-linux-gnu/lib/rustlib/x86_64-unknown-linux-gnu/lib/libstd-90f6ddbf82de36ec.rlib" "/opt/rustwide/rustup-home/toolchains/1.75.0-x86_64-unknown-linux-gnu/lib/rustlib/x86_64-unknown-linux-gnu/lib/libpanic_unwind-480c41e9d4e1f677.rlib" "/opt/rustwide/rustup-home/toolchains/1.75.0-x86_64-unknown-linux-gnu/lib/rustlib/x86_64-unknown-linux-gnu/lib/libobject-db744c0ca03eed1d.rlib" "/opt/rustwide/rustup-home/toolchains/1.75.0-x86_64-unknown-linux-gnu/lib/rustlib/x86_64-unknown-linux-gnu/lib/libmemchr-8ba652dc7d4b285a.rlib" "/opt/rustwide/rustup-home/toolchains/1.75.0-x86_64-unknown-linux-gnu/lib/rustlib/x86_64-unknown-linux-gnu/lib/libaddr2line-d5f4520a9ebc0d58.rlib" "/opt/rustwide/rustup-home/toolchains/1.75.0-x86_64-unknown-linux-gnu/lib/rustlib/x86_64-unknown-linux-gnu/lib/libgimli-4ad84de58f0cb463.rlib" "/opt/rustwide/rustup-home/toolchains/1.75.0-x86_64-unknown-linux-gnu/lib/rustlib/x86_64-unknown-linux-gnu/lib/librustc_demangle-0d10aae2e0f38735.rlib" "/opt/rustwide/rustup-home/toolchains/1.75.0-x86_64-unknown-linux-gnu/lib/rustlib/x86_64-unknown-linux-gnu/lib/libstd_detect-0c17cff739e6745b.rlib" "/opt/rustwide/rustup-home/toolchains/1.75.0-x86_64-unknown-linux-gnu/lib/rustlib/x86_64-unknown-linux-gnu/lib/libhashbrown-b29e17139dde1aa8.rlib" "/opt/rustwide/rustup-home/toolchains/1.75.0-x86_64-unknown-linux-gnu/lib/rustlib/x86_64-unknown-linux-gnu/lib/librustc_std_workspace_alloc-1f975299829cc7bd.rlib" "/opt/rustwide/rustup-home/toolchains/1.75.0-x86_64-unknown-linux-gnu/lib/rustlib/x86_64-unknown-linux-gnu/lib/libminiz_oxide-86bae3bc3079f89b.rlib" "/opt/rustwide/rustup-home/toolchains/1.75.0-x86_64-unknown-linux-gnu/lib/rustlib/x86_64-unknown-linux-gnu/lib/libadler-321b82c30dffdf5f.rlib" "/opt/rustwide/rustup-home/toolchains/1.75.0-x86_64-unknown-linux-gnu/lib/rustlib/x86_64-unknown-linux-gnu/lib/libunwind-3dd8a6810a0bdfef.rlib" "/opt/rustwide/rustup-home/toolchains/1.75.0-x86_64-unknown-linux-gnu/lib/rustlib/x86_64-unknown-linux-gnu/lib/libcfg_if-eb39a61c0c879984.rlib" "/opt/rustwide/rustup-home/toolchains/1.75.0-x86_64-unknown-linux-gnu/lib/rustlib/x86_64-unknown-linux-gnu/lib/liblibc-aa769569f91c3548.rlib" "/opt/rustwide/rustup-home/toolchains/1.75.0-x86_64-unknown-linux-gnu/lib/rustlib/x86_64-unknown-linux-gnu/lib/liballoc-510a192a50a983ed.rlib" "/opt/rustwide/rustup-home/toolchains/1.75.0-x86_64-unknown-linux-gnu/lib/rustlib/x86_64-unknown-linux-gnu/lib/librustc_std_workspace_core-0577018320f99037.rlib" "/opt/rustwide/rustup-home/toolchains/1.75.0-x86_64-unknown-linux-gnu/lib/rustlib/x86_64-unknown-linux-gnu/lib/libcore-193cf992125ccd4c.rlib" "/opt/rustwide/rustup-home/toolchains/1.75.0-x86_64-unknown-linux-gnu/lib/rustlib/x86_64-unknown-linux-gnu/lib/libcompiler_builtins-8e138eaf26ebb4a8.rlib" "-Wl,-Bdynamic" "-lgcc_s" "-lutil" "-lrt" "-lpthread" "-lm" "-ldl" "-lc" "-Wl,--eh-frame-hdr" "-Wl,-z,noexecstack" "-L" "/opt/rustwide/rustup-home/toolchains/1.75.0-x86_64-unknown-linux-gnu/lib/rustlib/x86_64-unknown-linux-gnu/lib" "-o" "/tmp/rustdoctestIAm0wU/rust_out" "-Wl,--gc-sections" "-pie" "-Wl,-z,relro,-z,now" "-nodefaultlibs"
[INFO] [stdout]   = note: collect2: fatal error: ld terminated with signal 9 [Killed]
[INFO] [stdout]           compilation terminated.
[INFO] [stdout]           
[INFO] [stdout] 
[INFO] [stdout] error: aborting due to previous error
[INFO] [stdout] 
[INFO] [stdout] Couldn't compile the test.
[INFO] [stdout] ---- src/buildpack/id.rs - buildpack::id::BuildpackId (line 13) stdout ----
[INFO] [stdout] error: linking with `cc` failed: exit status: 1
[INFO] [stdout]   |
[INFO] [stdout]   = note: LC_ALL="C" PATH="/opt/rustwide/rustup-home/toolchains/1.75.0-x86_64-unknown-linux-gnu/lib/rustlib/x86_64-unknown-linux-gnu/bin:/opt/rustwide/cargo-home/bin:/usr/local/sbin:/usr/local/bin:/usr/sbin:/usr/bin:/sbin:/bin" VSLANG="1033" "cc" "-m64" "/tmp/rustcozbjV4/symbols.o" "/tmp/rustdoctestqafT8S/rust_out.rust_out.263fb70ac1c95110-cgu.0.rcgu.o" "/tmp/rustdoctestqafT8S/rust_out.2uel00cfmdh5ufit.rcgu.o" "-Wl,--as-needed" "-L" "/opt/rustwide/target/debug/deps" "-L" "/opt/rustwide/target/debug/deps" "-L" "/opt/rustwide/rustup-home/toolchains/1.75.0-x86_64-unknown-linux-gnu/lib/rustlib/x86_64-unknown-linux-gnu/lib" "-Wl,-Bstatic" "/opt/rustwide/target/debug/deps/liblibcnb_data-f63eeaa075b6326e.rlib" "/opt/rustwide/target/debug/deps/libfancy_regex-6a804c329205ad4b.rlib" "/opt/rustwide/target/debug/deps/libregex-a4558f559687d32c.rlib" "/opt/rustwide/target/debug/deps/libregex_automata-a3b125ace31a404a.rlib" "/opt/rustwide/target/debug/deps/libregex_syntax-ec727727d9e652fd.rlib" "/opt/rustwide/target/debug/deps/libbit_set-d0207dba02f4021f.rlib" "/opt/rustwide/target/debug/deps/libbit_vec-811359f6e63446fe.rlib" "/opt/rustwide/target/debug/deps/libthiserror-a0040babb48b5333.rlib" "/opt/rustwide/target/debug/deps/liburiparse-8f679681de9ce923.rlib" "/opt/rustwide/target/debug/deps/liblazy_static-591486ebcb9a7ead.rlib" "/opt/rustwide/target/debug/deps/libfnv-18bf5144d055e772.rlib" "/opt/rustwide/target/debug/deps/libtoml-517484e113ade6e8.rlib" "/opt/rustwide/target/debug/deps/libtoml_edit-65d2bafe2c817a5d.rlib" "/opt/rustwide/target/debug/deps/libserde_spanned-b4e04712bc0fb8e8.rlib" "/opt/rustwide/target/debug/deps/libindexmap-8fc97cbaa956011a.rlib" "/opt/rustwide/target/debug/deps/libequivalent-daf5c71f5fc642dd.rlib" "/opt/rustwide/target/debug/deps/libhashbrown-3d9e58c92093ae49.rlib" "/opt/rustwide/target/debug/deps/libwinnow-d440e4cd32698949.rlib" "/opt/rustwide/target/debug/deps/libtoml_datetime-1abcd21d7de01b1f.rlib" "/opt/rustwide/target/debug/deps/libserde-de74a60ae7075efe.rlib" "/opt/rustwide/rustup-home/toolchains/1.75.0-x86_64-unknown-linux-gnu/lib/rustlib/x86_64-unknown-linux-gnu/lib/libstd-90f6ddbf82de36ec.rlib" "/opt/rustwide/rustup-home/toolchains/1.75.0-x86_64-unknown-linux-gnu/lib/rustlib/x86_64-unknown-linux-gnu/lib/libpanic_unwind-480c41e9d4e1f677.rlib" "/opt/rustwide/rustup-home/toolchains/1.75.0-x86_64-unknown-linux-gnu/lib/rustlib/x86_64-unknown-linux-gnu/lib/libobject-db744c0ca03eed1d.rlib" "/opt/rustwide/rustup-home/toolchains/1.75.0-x86_64-unknown-linux-gnu/lib/rustlib/x86_64-unknown-linux-gnu/lib/libmemchr-8ba652dc7d4b285a.rlib" "/opt/rustwide/rustup-home/toolchains/1.75.0-x86_64-unknown-linux-gnu/lib/rustlib/x86_64-unknown-linux-gnu/lib/libaddr2line-d5f4520a9ebc0d58.rlib" "/opt/rustwide/rustup-home/toolchains/1.75.0-x86_64-unknown-linux-gnu/lib/rustlib/x86_64-unknown-linux-gnu/lib/libgimli-4ad84de58f0cb463.rlib" "/opt/rustwide/rustup-home/toolchains/1.75.0-x86_64-unknown-linux-gnu/lib/rustlib/x86_64-unknown-linux-gnu/lib/librustc_demangle-0d10aae2e0f38735.rlib" "/opt/rustwide/rustup-home/toolchains/1.75.0-x86_64-unknown-linux-gnu/lib/rustlib/x86_64-unknown-linux-gnu/lib/libstd_detect-0c17cff739e6745b.rlib" "/opt/rustwide/rustup-home/toolchains/1.75.0-x86_64-unknown-linux-gnu/lib/rustlib/x86_64-unknown-linux-gnu/lib/libhashbrown-b29e17139dde1aa8.rlib" "/opt/rustwide/rustup-home/toolchains/1.75.0-x86_64-unknown-linux-gnu/lib/rustlib/x86_64-unknown-linux-gnu/lib/librustc_std_workspace_alloc-1f975299829cc7bd.rlib" "/opt/rustwide/rustup-home/toolchains/1.75.0-x86_64-unknown-linux-gnu/lib/rustlib/x86_64-unknown-linux-gnu/lib/libminiz_oxide-86bae3bc3079f89b.rlib" "/opt/rustwide/rustup-home/toolchains/1.75.0-x86_64-unknown-linux-gnu/lib/rustlib/x86_64-unknown-linux-gnu/lib/libadler-321b82c30dffdf5f.rlib" "/opt/rustwide/rustup-home/toolchains/1.75.0-x86_64-unknown-linux-gnu/lib/rustlib/x86_64-unknown-linux-gnu/lib/libunwind-3dd8a6810a0bdfef.rlib" "/opt/rustwide/rustup-home/toolchains/1.75.0-x86_64-unknown-linux-gnu/lib/rustlib/x86_64-unknown-linux-gnu/lib/libcfg_if-eb39a61c0c879984.rlib" "/opt/rustwide/rustup-home/toolchains/1.75.0-x86_64-unknown-linux-gnu/lib/rustlib/x86_64-unknown-linux-gnu/lib/liblibc-aa769569f91c3548.rlib" "/opt/rustwide/rustup-home/toolchains/1.75.0-x86_64-unknown-linux-gnu/lib/rustlib/x86_64-unknown-linux-gnu/lib/liballoc-510a192a50a983ed.rlib" "/opt/rustwide/rustup-home/toolchains/1.75.0-x86_64-unknown-linux-gnu/lib/rustlib/x86_64-unknown-linux-gnu/lib/librustc_std_workspace_core-0577018320f99037.rlib" "/opt/rustwide/rustup-home/toolchains/1.75.0-x86_64-unknown-linux-gnu/lib/rustlib/x86_64-unknown-linux-gnu/lib/libcore-193cf992125ccd4c.rlib" "/opt/rustwide/rustup-home/toolchains/1.75.0-x86_64-unknown-linux-gnu/lib/rustlib/x86_64-unknown-linux-gnu/lib/libcompiler_builtins-8e138eaf26ebb4a8.rlib" "-Wl,-Bdynamic" "-lgcc_s" "-lutil" "-lrt" "-lpthread" "-lm" "-ldl" "-lc" "-Wl,--eh-frame-hdr" "-Wl,-z,noexecstack" "-L" "/opt/rustwide/rustup-home/toolchains/1.75.0-x86_64-unknown-linux-gnu/lib/rustlib/x86_64-unknown-linux-gnu/lib" "-o" "/tmp/rustdoctestqafT8S/rust_out" "-Wl,--gc-sections" "-pie" "-Wl,-z,relro,-z,now" "-nodefaultlibs"
[INFO] [stdout]   = note: collect2: fatal error: ld terminated with signal 9 [Killed]
[INFO] [stdout]           compilation terminated.
[INFO] [stdout]           
[INFO] [stdout] 
[INFO] [stdout] error: aborting due to previous error
[INFO] [stdout] 
[INFO] [stdout] Couldn't compile the test.
[INFO] [stdout] 
[INFO] [stdout] failures:
[INFO] [stdout]     src/buildpack/id.rs - buildpack::id::BuildpackId (line 13)
[INFO] [stdout]     src/exec_d.rs - exec_d::ExecDProgramOutputKey (line 39)
[INFO] [stdout]     src/exec_d.rs - exec_d::exec_d_program_output_key (line 36)
[INFO] [stdout] 
[INFO] [stdout] test result: FAILED. 16 passed; 3 failed; 0 ignored; 0 measured; 0 filtered out; finished in 4.15s
[INFO] [stdout] 
[INFO] [stderr] error: doctest failed, to rerun pass `--doc`
[INFO] running `Command { std: "docker" "inspect" "fc430bf1b06fee26efe1b5b349547581c94c673ce735b20ba182bfb6add34171", kill_on_drop: false }`
[INFO] running `Command { std: "docker" "rm" "-f" "fc430bf1b06fee26efe1b5b349547581c94c673ce735b20ba182bfb6add34171", kill_on_drop: false }`
[INFO] [stdout] fc430bf1b06fee26efe1b5b349547581c94c673ce735b20ba182bfb6add34171
