[INFO] fetching crate libbytestat 0.0.3...
[INFO] testing libbytestat-0.0.3 against 1.75.0 for beta-1.76-1
[INFO] extracting crate libbytestat 0.0.3 into /workspace/builds/worker-5-tc1/source
[INFO] validating manifest of crates.io crate libbytestat 0.0.3 on toolchain 1.75.0
[INFO] running `Command { std: CARGO_HOME="/workspace/cargo-home" RUSTUP_HOME="/workspace/rustup-home" "/workspace/cargo-home/bin/cargo" "+1.75.0" "metadata" "--manifest-path" "Cargo.toml" "--no-deps", kill_on_drop: false }`
[INFO] started tweaking crates.io crate libbytestat 0.0.3
[INFO] removed 0 missing examples
[INFO] finished tweaking crates.io crate libbytestat 0.0.3
[INFO] tweaked toml for crates.io crate libbytestat 0.0.3 written to /workspace/builds/worker-5-tc1/source/Cargo.toml
[INFO] crate crates.io crate libbytestat 0.0.3 already has a lockfile, it will not be regenerated
[INFO] running `Command { std: CARGO_HOME="/workspace/cargo-home" RUSTUP_HOME="/workspace/rustup-home" "/workspace/cargo-home/bin/cargo" "+1.75.0" "fetch" "--manifest-path" "Cargo.toml", kill_on_drop: false }`
[INFO] running `Command { std: "docker" "create" "-v" "/var/lib/crater-agent-workspace/builds/worker-5-tc1/target:/opt/rustwide/target:rw,Z" "-v" "/var/lib/crater-agent-workspace/builds/worker-5-tc1/source:/opt/rustwide/workdir:ro,Z" "-v" "/var/lib/crater-agent-workspace/cargo-home:/opt/rustwide/cargo-home:ro,Z" "-v" "/var/lib/crater-agent-workspace/rustup-home:/opt/rustwide/rustup-home:ro,Z" "-e" "SOURCE_DIR=/opt/rustwide/workdir" "-e" "CARGO_TARGET_DIR=/opt/rustwide/target" "-e" "CARGO_HOME=/opt/rustwide/cargo-home" "-e" "RUSTUP_HOME=/opt/rustwide/rustup-home" "-w" "/opt/rustwide/workdir" "-m" "1610612736" "--user" "0:0" "--network" "none" "ghcr.io/rust-lang/crates-build-env/linux@sha256:2788e3201cd34a07e3172128adcd8b3090168a8e3bcc40d7c032b9dda1df7d1c" "/opt/rustwide/cargo-home/bin/cargo" "+1.75.0" "metadata" "--no-deps" "--format-version=1", kill_on_drop: false }`
[INFO] [stdout] 596876cf7fb9470ebaff6346e018bb4c6a6632b27545f4330b859367b38664ee
[INFO] running `Command { std: "docker" "start" "-a" "596876cf7fb9470ebaff6346e018bb4c6a6632b27545f4330b859367b38664ee", kill_on_drop: false }`
[INFO] running `Command { std: "docker" "inspect" "596876cf7fb9470ebaff6346e018bb4c6a6632b27545f4330b859367b38664ee", kill_on_drop: false }`
[INFO] running `Command { std: "docker" "rm" "-f" "596876cf7fb9470ebaff6346e018bb4c6a6632b27545f4330b859367b38664ee", kill_on_drop: false }`
[INFO] [stdout] 596876cf7fb9470ebaff6346e018bb4c6a6632b27545f4330b859367b38664ee
[INFO] running `Command { std: "docker" "create" "-v" "/var/lib/crater-agent-workspace/builds/worker-5-tc1/target:/opt/rustwide/target:rw,Z" "-v" "/var/lib/crater-agent-workspace/builds/worker-5-tc1/source:/opt/rustwide/workdir:ro,Z" "-v" "/var/lib/crater-agent-workspace/cargo-home:/opt/rustwide/cargo-home:ro,Z" "-v" "/var/lib/crater-agent-workspace/rustup-home:/opt/rustwide/rustup-home:ro,Z" "-e" "SOURCE_DIR=/opt/rustwide/workdir" "-e" "CARGO_TARGET_DIR=/opt/rustwide/target" "-e" "CARGO_INCREMENTAL=0" "-e" "RUST_BACKTRACE=full" "-e" "RUSTFLAGS=--cap-lints=warn" "-e" "RUSTDOCFLAGS=--cap-lints=warn" "-e" "CARGO_HOME=/opt/rustwide/cargo-home" "-e" "RUSTUP_HOME=/opt/rustwide/rustup-home" "-w" "/opt/rustwide/workdir" "-m" "1610612736" "--user" "0:0" "--network" "none" "ghcr.io/rust-lang/crates-build-env/linux@sha256:2788e3201cd34a07e3172128adcd8b3090168a8e3bcc40d7c032b9dda1df7d1c" "/opt/rustwide/cargo-home/bin/cargo" "+1.75.0" "build" "--frozen" "--message-format=json", kill_on_drop: false }`
[INFO] [stdout] 64b0c98896ee0997ff6c92db146d6e308698526f85d5bc511667de63d60f1fdc
[INFO] running `Command { std: "docker" "start" "-a" "64b0c98896ee0997ff6c92db146d6e308698526f85d5bc511667de63d60f1fdc", kill_on_drop: false }`
[INFO] [stderr]    Compiling libbytestat v0.0.3 (/opt/rustwide/workdir)
[INFO] [stderr]     Finished dev [unoptimized + debuginfo] target(s) in 0.14s
[INFO] running `Command { std: "docker" "inspect" "64b0c98896ee0997ff6c92db146d6e308698526f85d5bc511667de63d60f1fdc", kill_on_drop: false }`
[INFO] running `Command { std: "docker" "rm" "-f" "64b0c98896ee0997ff6c92db146d6e308698526f85d5bc511667de63d60f1fdc", kill_on_drop: false }`
[INFO] [stdout] 64b0c98896ee0997ff6c92db146d6e308698526f85d5bc511667de63d60f1fdc
[INFO] running `Command { std: "docker" "create" "-v" "/var/lib/crater-agent-workspace/builds/worker-5-tc1/target:/opt/rustwide/target:rw,Z" "-v" "/var/lib/crater-agent-workspace/builds/worker-5-tc1/source:/opt/rustwide/workdir:ro,Z" "-v" "/var/lib/crater-agent-workspace/cargo-home:/opt/rustwide/cargo-home:ro,Z" "-v" "/var/lib/crater-agent-workspace/rustup-home:/opt/rustwide/rustup-home:ro,Z" "-e" "SOURCE_DIR=/opt/rustwide/workdir" "-e" "CARGO_TARGET_DIR=/opt/rustwide/target" "-e" "CARGO_INCREMENTAL=0" "-e" "RUST_BACKTRACE=full" "-e" "RUSTFLAGS=--cap-lints=warn" "-e" "RUSTDOCFLAGS=--cap-lints=warn" "-e" "CARGO_HOME=/opt/rustwide/cargo-home" "-e" "RUSTUP_HOME=/opt/rustwide/rustup-home" "-w" "/opt/rustwide/workdir" "-m" "1610612736" "--user" "0:0" "--network" "none" "ghcr.io/rust-lang/crates-build-env/linux@sha256:2788e3201cd34a07e3172128adcd8b3090168a8e3bcc40d7c032b9dda1df7d1c" "/opt/rustwide/cargo-home/bin/cargo" "+1.75.0" "test" "--frozen" "--no-run" "--message-format=json", kill_on_drop: false }`
[INFO] [stdout] e0fa78cbf77c3321e3fc493e1bf4f67d524af40133b6273ef324b1e70c53adf8
[INFO] running `Command { std: "docker" "start" "-a" "e0fa78cbf77c3321e3fc493e1bf4f67d524af40133b6273ef324b1e70c53adf8", kill_on_drop: false }`
[INFO] [stderr]    Compiling libbytestat v0.0.3 (/opt/rustwide/workdir)
[INFO] [stderr]     Finished test [unoptimized + debuginfo] target(s) in 0.21s
[INFO] running `Command { std: "docker" "inspect" "e0fa78cbf77c3321e3fc493e1bf4f67d524af40133b6273ef324b1e70c53adf8", kill_on_drop: false }`
[INFO] running `Command { std: "docker" "rm" "-f" "e0fa78cbf77c3321e3fc493e1bf4f67d524af40133b6273ef324b1e70c53adf8", kill_on_drop: false }`
[INFO] [stdout] e0fa78cbf77c3321e3fc493e1bf4f67d524af40133b6273ef324b1e70c53adf8
[INFO] running `Command { std: "docker" "create" "-v" "/var/lib/crater-agent-workspace/builds/worker-5-tc1/target:/opt/rustwide/target:rw,Z" "-v" "/var/lib/crater-agent-workspace/builds/worker-5-tc1/source:/opt/rustwide/workdir:ro,Z" "-v" "/var/lib/crater-agent-workspace/cargo-home:/opt/rustwide/cargo-home:ro,Z" "-v" "/var/lib/crater-agent-workspace/rustup-home:/opt/rustwide/rustup-home:ro,Z" "-e" "SOURCE_DIR=/opt/rustwide/workdir" "-e" "CARGO_TARGET_DIR=/opt/rustwide/target" "-e" "CARGO_INCREMENTAL=0" "-e" "RUST_BACKTRACE=full" "-e" "RUSTFLAGS=--cap-lints=warn" "-e" "RUSTDOCFLAGS=--cap-lints=warn" "-e" "CARGO_HOME=/opt/rustwide/cargo-home" "-e" "RUSTUP_HOME=/opt/rustwide/rustup-home" "-w" "/opt/rustwide/workdir" "-m" "1610612736" "--user" "0:0" "--network" "none" "ghcr.io/rust-lang/crates-build-env/linux@sha256:2788e3201cd34a07e3172128adcd8b3090168a8e3bcc40d7c032b9dda1df7d1c" "/opt/rustwide/cargo-home/bin/cargo" "+1.75.0" "test" "--frozen", kill_on_drop: false }`
[INFO] [stdout] aa925ef0b4bdb89bf6afae477afd9a0b8f874b108852c2d907971d20778fcaa3
[INFO] running `Command { std: "docker" "start" "-a" "aa925ef0b4bdb89bf6afae477afd9a0b8f874b108852c2d907971d20778fcaa3", kill_on_drop: false }`
[INFO] [stderr]     Finished test [unoptimized + debuginfo] target(s) in 0.00s
[INFO] [stderr]      Running unittests src/lib.rs (/opt/rustwide/target/debug/deps/libbytestat-d6f3d9005cfd6fdb)
[INFO] [stdout] 
[INFO] [stdout] running 0 tests
[INFO] [stdout] 
[INFO] [stdout] test result: ok. 0 passed; 0 failed; 0 ignored; 0 measured; 0 filtered out; finished in 0.00s
[INFO] [stdout] 
[INFO] [stderr]    Doc-tests libbytestat
[INFO] [stdout] 
[INFO] [stdout] running 8 tests
[INFO] [stdout] test src/lib.rs - Bytestat::new (line 28) ... FAILED
[INFO] [stdout] test src/lib.rs - Bytestat::analyze (line 58) ... FAILED
[INFO] [stdout] test src/lib.rs - Bytestat::get_score_interval_amplitude (line 258) ... FAILED
[INFO] [stdout] test src/lib.rs - Bytestat::get_score (line 279) ... FAILED
[INFO] [stdout] test src/lib.rs - Bytestat::get_score_amplitude (line 211) ... FAILED
[INFO] [stdout] test src/lib.rs - Bytestat::get_score_interval_continuity (line 235) ... FAILED
[INFO] [stdout] test src/lib.rs - Bytestat::get_score_non_zero (line 164) ... FAILED
[INFO] [stdout] test src/lib.rs - Bytestat::get_score_unique (line 187) ... FAILED
[INFO] [stdout] 
[INFO] [stdout] failures:
[INFO] [stdout] 
[INFO] [stdout] ---- src/lib.rs - Bytestat::new (line 28) stdout ----
[INFO] [stdout] error[E0432]: unresolved import `bytestat`
[INFO] [stdout]  --> src/lib.rs:29:5
[INFO] [stdout]   |
[INFO] [stdout] 3 | use bytestat::Bytestat;
[INFO] [stdout]   |     ^^^^^^^^ use of undeclared crate or module `bytestat`
[INFO] [stdout] 
[INFO] [stdout] error: aborting due to previous error
[INFO] [stdout] 
[INFO] [stdout] For more information about this error, try `rustc --explain E0432`.
[INFO] [stdout] Couldn't compile the test.
[INFO] [stdout] ---- src/lib.rs - Bytestat::analyze (line 58) stdout ----
[INFO] [stdout] error[E0432]: unresolved import `bytestat`
[INFO] [stdout]  --> src/lib.rs:59:5
[INFO] [stdout]   |
[INFO] [stdout] 3 | use bytestat::Bytestat;
[INFO] [stdout]   |     ^^^^^^^^ use of undeclared crate or module `bytestat`
[INFO] [stdout] 
[INFO] [stdout] error[E0425]: cannot find value `limit` in this scope
[INFO] [stdout]  --> src/lib.rs:62:13
[INFO] [stdout]   |
[INFO] [stdout] 6 | for x in 0..limit {
[INFO] [stdout]   |             ^^^^^ not found in this scope
[INFO] [stdout]   |
[INFO] [stdout] help: you might have meant to write `.` instead of `..`
[INFO] [stdout]   |
[INFO] [stdout] 6 - for x in 0..limit {
[INFO] [stdout] 6 + for x in 0.limit {
[INFO] [stdout]   |
[INFO] [stdout] 
[INFO] [stdout] error[E0425]: cannot find function `get_random_byte` in this scope
[INFO] [stdout]  --> src/lib.rs:63:17
[INFO] [stdout]   |
[INFO] [stdout] 7 |   let my_byte = get_random_byte();
[INFO] [stdout]   |                 ^^^^^^^^^^^^^^^ not found in this scope
[INFO] [stdout] 
[INFO] [stdout] error: aborting due to 3 previous errors
[INFO] [stdout] 
[INFO] [stdout] Some errors have detailed explanations: E0425, E0432.
[INFO] [stdout] For more information about an error, try `rustc --explain E0425`.
[INFO] [stdout] Couldn't compile the test.
[INFO] [stdout] ---- src/lib.rs - Bytestat::get_score_interval_amplitude (line 258) stdout ----
[INFO] [stdout] error[E0432]: unresolved import `bytestat`
[INFO] [stdout]  --> src/lib.rs:259:5
[INFO] [stdout]   |
[INFO] [stdout] 3 | use bytestat::Bytestat;
[INFO] [stdout]   |     ^^^^^^^^ use of undeclared crate or module `bytestat`
[INFO] [stdout] 
[INFO] [stdout] error[E0425]: cannot find value `limit` in this scope
[INFO] [stdout]  --> src/lib.rs:262:13
[INFO] [stdout]   |
[INFO] [stdout] 6 | for x in 0..limit {
[INFO] [stdout]   |             ^^^^^ not found in this scope
[INFO] [stdout]   |
[INFO] [stdout] help: you might have meant to write `.` instead of `..`
[INFO] [stdout]   |
[INFO] [stdout] 6 - for x in 0..limit {
[INFO] [stdout] 6 + for x in 0.limit {
[INFO] [stdout]   |
[INFO] [stdout] 
[INFO] [stdout] error[E0425]: cannot find function `get_random_byte` in this scope
[INFO] [stdout]  --> src/lib.rs:263:17
[INFO] [stdout]   |
[INFO] [stdout] 7 |   let my_byte = get_random_byte();
[INFO] [stdout]   |                 ^^^^^^^^^^^^^^^ not found in this scope
[INFO] [stdout] 
[INFO] [stdout] error: aborting due to 3 previous errors
[INFO] [stdout] 
[INFO] [stdout] Some errors have detailed explanations: E0425, E0432.
[INFO] [stdout] For more information about an error, try `rustc --explain E0425`.
[INFO] [stdout] Couldn't compile the test.
[INFO] [stdout] ---- src/lib.rs - Bytestat::get_score (line 279) stdout ----
[INFO] [stdout] error[E0432]: unresolved import `bytestat`
[INFO] [stdout]  --> src/lib.rs:280:5
[INFO] [stdout]   |
[INFO] [stdout] 3 | use bytestat::Bytestat;
[INFO] [stdout]   |     ^^^^^^^^ use of undeclared crate or module `bytestat`
[INFO] [stdout] 
[INFO] [stdout] error[E0425]: cannot find value `limit` in this scope
[INFO] [stdout]  --> src/lib.rs:283:13
[INFO] [stdout]   |
[INFO] [stdout] 6 | for x in 0..limit {
[INFO] [stdout]   |             ^^^^^ not found in this scope
[INFO] [stdout]   |
[INFO] [stdout] help: you might have meant to write `.` instead of `..`
[INFO] [stdout]   |
[INFO] [stdout] 6 - for x in 0..limit {
[INFO] [stdout] 6 + for x in 0.limit {
[INFO] [stdout]   |
[INFO] [stdout] 
[INFO] [stdout] error[E0425]: cannot find function `get_random_byte` in this scope
[INFO] [stdout]  --> src/lib.rs:284:17
[INFO] [stdout]   |
[INFO] [stdout] 7 |   let my_byte = get_random_byte();
[INFO] [stdout]   |                 ^^^^^^^^^^^^^^^ not found in this scope
[INFO] [stdout] 
[INFO] [stdout] error: aborting due to 3 previous errors
[INFO] [stdout] 
[INFO] [stdout] Some errors have detailed explanations: E0425, E0432.
[INFO] [stdout] For more information about an error, try `rustc --explain E0425`.
[INFO] [stdout] Couldn't compile the test.
[INFO] [stdout] ---- src/lib.rs - Bytestat::get_score_amplitude (line 211) stdout ----
[INFO] [stdout] error[E0432]: unresolved import `bytestat`
[INFO] [stdout]  --> src/lib.rs:212:5
[INFO] [stdout]   |
[INFO] [stdout] 3 | use bytestat::Bytestat;
[INFO] [stdout]   |     ^^^^^^^^ use of undeclared crate or module `bytestat`
[INFO] [stdout] 
[INFO] [stdout] error[E0425]: cannot find value `limit` in this scope
[INFO] [stdout]  --> src/lib.rs:215:13
[INFO] [stdout]   |
[INFO] [stdout] 6 | for x in 0..limit {
[INFO] [stdout]   |             ^^^^^ not found in this scope
[INFO] [stdout]   |
[INFO] [stdout] help: you might have meant to write `.` instead of `..`
[INFO] [stdout]   |
[INFO] [stdout] 6 - for x in 0..limit {
[INFO] [stdout] 6 + for x in 0.limit {
[INFO] [stdout]   |
[INFO] [stdout] 
[INFO] [stdout] error[E0425]: cannot find function `get_random_byte` in this scope
[INFO] [stdout]  --> src/lib.rs:216:17
[INFO] [stdout]   |
[INFO] [stdout] 7 |   let my_byte = get_random_byte();
[INFO] [stdout]   |                 ^^^^^^^^^^^^^^^ not found in this scope
[INFO] [stdout] 
[INFO] [stdout] error: aborting due to 3 previous errors
[INFO] [stdout] 
[INFO] [stdout] Some errors have detailed explanations: E0425, E0432.
[INFO] [stdout] For more information about an error, try `rustc --explain E0425`.
[INFO] [stdout] Couldn't compile the test.
[INFO] [stdout] ---- src/lib.rs - Bytestat::get_score_interval_continuity (line 235) stdout ----
[INFO] [stdout] error[E0432]: unresolved import `bytestat`
[INFO] [stdout]  --> src/lib.rs:236:5
[INFO] [stdout]   |
[INFO] [stdout] 3 | use bytestat::Bytestat;
[INFO] [stdout]   |     ^^^^^^^^ use of undeclared crate or module `bytestat`
[INFO] [stdout] 
[INFO] [stdout] error[E0425]: cannot find value `limit` in this scope
[INFO] [stdout]  --> src/lib.rs:239:13
[INFO] [stdout]   |
[INFO] [stdout] 6 | for x in 0..limit {
[INFO] [stdout]   |             ^^^^^ not found in this scope
[INFO] [stdout]   |
[INFO] [stdout] help: you might have meant to write `.` instead of `..`
[INFO] [stdout]   |
[INFO] [stdout] 6 - for x in 0..limit {
[INFO] [stdout] 6 + for x in 0.limit {
[INFO] [stdout]   |
[INFO] [stdout] 
[INFO] [stdout] error[E0425]: cannot find function `get_random_byte` in this scope
[INFO] [stdout]  --> src/lib.rs:240:17
[INFO] [stdout]   |
[INFO] [stdout] 7 |   let my_byte = get_random_byte();
[INFO] [stdout]   |                 ^^^^^^^^^^^^^^^ not found in this scope
[INFO] [stdout] 
[INFO] [stdout] error: aborting due to 3 previous errors
[INFO] [stdout] 
[INFO] [stdout] Some errors have detailed explanations: E0425, E0432.
[INFO] [stdout] For more information about an error, try `rustc --explain E0425`.
[INFO] [stdout] Couldn't compile the test.
[INFO] [stdout] ---- src/lib.rs - Bytestat::get_score_non_zero (line 164) stdout ----
[INFO] [stdout] error[E0432]: unresolved import `bytestat`
[INFO] [stdout]  --> src/lib.rs:165:5
[INFO] [stdout]   |
[INFO] [stdout] 3 | use bytestat::Bytestat;
[INFO] [stdout]   |     ^^^^^^^^ use of undeclared crate or module `bytestat`
[INFO] [stdout] 
[INFO] [stdout] error[E0425]: cannot find value `limit` in this scope
[INFO] [stdout]  --> src/lib.rs:168:13
[INFO] [stdout]   |
[INFO] [stdout] 6 | for x in 0..limit {
[INFO] [stdout]   |             ^^^^^ not found in this scope
[INFO] [stdout]   |
[INFO] [stdout] help: you might have meant to write `.` instead of `..`
[INFO] [stdout]   |
[INFO] [stdout] 6 - for x in 0..limit {
[INFO] [stdout] 6 + for x in 0.limit {
[INFO] [stdout]   |
[INFO] [stdout] 
[INFO] [stdout] error[E0425]: cannot find function `get_random_byte` in this scope
[INFO] [stdout]  --> src/lib.rs:169:17
[INFO] [stdout]   |
[INFO] [stdout] 7 |   let my_byte = get_random_byte();
[INFO] [stdout]   |                 ^^^^^^^^^^^^^^^ not found in this scope
[INFO] [stdout] 
[INFO] [stdout] error: aborting due to 3 previous errors
[INFO] [stdout] 
[INFO] [stdout] Some errors have detailed explanations: E0425, E0432.
[INFO] [stdout] For more information about an error, try `rustc --explain E0425`.
[INFO] [stdout] Couldn't compile the test.
[INFO] [stdout] ---- src/lib.rs - Bytestat::get_score_unique (line 187) stdout ----
[INFO] [stdout] error[E0432]: unresolved import `bytestat`
[INFO] [stdout]  --> src/lib.rs:188:5
[INFO] [stdout]   |
[INFO] [stdout] 3 | use bytestat::Bytestat;
[INFO] [stdout]   |     ^^^^^^^^ use of undeclared crate or module `bytestat`
[INFO] [stdout] 
[INFO] [stdout] error[E0425]: cannot find value `limit` in this scope
[INFO] [stdout]  --> src/lib.rs:191:13
[INFO] [stdout]   |
[INFO] [stdout] 6 | for x in 0..limit {
[INFO] [stdout]   |             ^^^^^ not found in this scope
[INFO] [stdout]   |
[INFO] [stdout] help: you might have meant to write `.` instead of `..`
[INFO] [stdout]   |
[INFO] [stdout] 6 - for x in 0..limit {
[INFO] [stdout] 6 + for x in 0.limit {
[INFO] [stdout]   |
[INFO] [stdout] 
[INFO] [stdout] error[E0425]: cannot find function `get_random_byte` in this scope
[INFO] [stdout]  --> src/lib.rs:192:17
[INFO] [stdout]   |
[INFO] [stdout] 7 |   let my_byte = get_random_byte();
[INFO] [stdout]   |                 ^^^^^^^^^^^^^^^ not found in this scope
[INFO] [stdout] 
[INFO] [stdout] error: aborting due to 3 previous errors
[INFO] [stdout] 
[INFO] [stdout] Some errors have detailed explanations: E0425, E0432.
[INFO] [stdout] For more information about an error, try `rustc --explain E0425`.
[INFO] [stdout] Couldn't compile the test.
[INFO] [stdout] 
[INFO] [stdout] failures:
[INFO] [stdout]     src/lib.rs - Bytestat::analyze (line 58)
[INFO] [stdout]     src/lib.rs - Bytestat::get_score (line 279)
[INFO] [stdout]     src/lib.rs - Bytestat::get_score_amplitude (line 211)
[INFO] [stdout]     src/lib.rs - Bytestat::get_score_interval_amplitude (line 258)
[INFO] [stdout]     src/lib.rs - Bytestat::get_score_interval_continuity (line 235)
[INFO] [stdout]     src/lib.rs - Bytestat::get_score_non_zero (line 164)
[INFO] [stdout]     src/lib.rs - Bytestat::get_score_unique (line 187)
[INFO] [stdout]     src/lib.rs - Bytestat::new (line 28)
[INFO] [stdout] 
[INFO] [stdout] test result: FAILED. 0 passed; 8 failed; 0 ignored; 0 measured; 0 filtered out; finished in 0.05s
[INFO] [stdout] 
[INFO] [stderr] error: doctest failed, to rerun pass `--doc`
[INFO] running `Command { std: "docker" "inspect" "aa925ef0b4bdb89bf6afae477afd9a0b8f874b108852c2d907971d20778fcaa3", kill_on_drop: false }`
[INFO] running `Command { std: "docker" "rm" "-f" "aa925ef0b4bdb89bf6afae477afd9a0b8f874b108852c2d907971d20778fcaa3", kill_on_drop: false }`
[INFO] [stdout] aa925ef0b4bdb89bf6afae477afd9a0b8f874b108852c2d907971d20778fcaa3
[INFO] testing libbytestat-0.0.3 against beta-2023-12-22 for beta-1.76-1
[INFO] extracting crate libbytestat 0.0.3 into /workspace/builds/worker-5-tc2/source
[INFO] validating manifest of crates.io crate libbytestat 0.0.3 on toolchain beta-2023-12-22
[INFO] running `Command { std: CARGO_HOME="/workspace/cargo-home" RUSTUP_HOME="/workspace/rustup-home" "/workspace/cargo-home/bin/cargo" "+beta-2023-12-22" "metadata" "--manifest-path" "Cargo.toml" "--no-deps", kill_on_drop: false }`
[INFO] started tweaking crates.io crate libbytestat 0.0.3
[INFO] removed 0 missing examples
[INFO] finished tweaking crates.io crate libbytestat 0.0.3
[INFO] tweaked toml for crates.io crate libbytestat 0.0.3 written to /workspace/builds/worker-5-tc2/source/Cargo.toml
[INFO] crate crates.io crate libbytestat 0.0.3 already has a lockfile, it will not be regenerated
[INFO] running `Command { std: CARGO_HOME="/workspace/cargo-home" RUSTUP_HOME="/workspace/rustup-home" "/workspace/cargo-home/bin/cargo" "+beta-2023-12-22" "fetch" "--manifest-path" "Cargo.toml", kill_on_drop: false }`
[INFO] running `Command { std: "docker" "create" "-v" "/var/lib/crater-agent-workspace/builds/worker-5-tc2/target:/opt/rustwide/target:rw,Z" "-v" "/var/lib/crater-agent-workspace/builds/worker-5-tc2/source:/opt/rustwide/workdir:ro,Z" "-v" "/var/lib/crater-agent-workspace/cargo-home:/opt/rustwide/cargo-home:ro,Z" "-v" "/var/lib/crater-agent-workspace/rustup-home:/opt/rustwide/rustup-home:ro,Z" "-e" "SOURCE_DIR=/opt/rustwide/workdir" "-e" "CARGO_TARGET_DIR=/opt/rustwide/target" "-e" "CARGO_HOME=/opt/rustwide/cargo-home" "-e" "RUSTUP_HOME=/opt/rustwide/rustup-home" "-w" "/opt/rustwide/workdir" "-m" "1610612736" "--user" "0:0" "--network" "none" "ghcr.io/rust-lang/crates-build-env/linux@sha256:2788e3201cd34a07e3172128adcd8b3090168a8e3bcc40d7c032b9dda1df7d1c" "/opt/rustwide/cargo-home/bin/cargo" "+beta-2023-12-22" "metadata" "--no-deps" "--format-version=1", kill_on_drop: false }`
[INFO] [stdout] 1c24b22b0d3fd5b1b7a6087faf4e1fae3ff6f0220f3d588429293d153a6bd95c
[INFO] running `Command { std: "docker" "start" "-a" "1c24b22b0d3fd5b1b7a6087faf4e1fae3ff6f0220f3d588429293d153a6bd95c", kill_on_drop: false }`
[INFO] running `Command { std: "docker" "inspect" "1c24b22b0d3fd5b1b7a6087faf4e1fae3ff6f0220f3d588429293d153a6bd95c", kill_on_drop: false }`
[INFO] running `Command { std: "docker" "rm" "-f" "1c24b22b0d3fd5b1b7a6087faf4e1fae3ff6f0220f3d588429293d153a6bd95c", kill_on_drop: false }`
[INFO] [stdout] 1c24b22b0d3fd5b1b7a6087faf4e1fae3ff6f0220f3d588429293d153a6bd95c
[INFO] running `Command { std: "docker" "create" "-v" "/var/lib/crater-agent-workspace/builds/worker-5-tc2/target:/opt/rustwide/target:rw,Z" "-v" "/var/lib/crater-agent-workspace/builds/worker-5-tc2/source:/opt/rustwide/workdir:ro,Z" "-v" "/var/lib/crater-agent-workspace/cargo-home:/opt/rustwide/cargo-home:ro,Z" "-v" "/var/lib/crater-agent-workspace/rustup-home:/opt/rustwide/rustup-home:ro,Z" "-e" "SOURCE_DIR=/opt/rustwide/workdir" "-e" "CARGO_TARGET_DIR=/opt/rustwide/target" "-e" "CARGO_INCREMENTAL=0" "-e" "RUST_BACKTRACE=full" "-e" "RUSTFLAGS=--cap-lints=warn" "-e" "RUSTDOCFLAGS=--cap-lints=warn" "-e" "CARGO_HOME=/opt/rustwide/cargo-home" "-e" "RUSTUP_HOME=/opt/rustwide/rustup-home" "-w" "/opt/rustwide/workdir" "-m" "1610612736" "--user" "0:0" "--network" "none" "ghcr.io/rust-lang/crates-build-env/linux@sha256:2788e3201cd34a07e3172128adcd8b3090168a8e3bcc40d7c032b9dda1df7d1c" "/opt/rustwide/cargo-home/bin/cargo" "+beta-2023-12-22" "build" "--frozen" "--message-format=json", kill_on_drop: false }`
[INFO] [stdout] 23d02bfb6d017f5e14afb3a727a6370b5a2cdac81ac860670c3ce0cd7dee3529
[INFO] running `Command { std: "docker" "start" "-a" "23d02bfb6d017f5e14afb3a727a6370b5a2cdac81ac860670c3ce0cd7dee3529", kill_on_drop: false }`
[INFO] [stderr]    Compiling libbytestat v0.0.3 (/opt/rustwide/workdir)
[INFO] [stderr]     Finished dev [unoptimized + debuginfo] target(s) in 0.16s
[INFO] running `Command { std: "docker" "inspect" "23d02bfb6d017f5e14afb3a727a6370b5a2cdac81ac860670c3ce0cd7dee3529", kill_on_drop: false }`
[INFO] running `Command { std: "docker" "rm" "-f" "23d02bfb6d017f5e14afb3a727a6370b5a2cdac81ac860670c3ce0cd7dee3529", kill_on_drop: false }`
[INFO] [stdout] 23d02bfb6d017f5e14afb3a727a6370b5a2cdac81ac860670c3ce0cd7dee3529
[INFO] running `Command { std: "docker" "create" "-v" "/var/lib/crater-agent-workspace/builds/worker-5-tc2/target:/opt/rustwide/target:rw,Z" "-v" "/var/lib/crater-agent-workspace/builds/worker-5-tc2/source:/opt/rustwide/workdir:ro,Z" "-v" "/var/lib/crater-agent-workspace/cargo-home:/opt/rustwide/cargo-home:ro,Z" "-v" "/var/lib/crater-agent-workspace/rustup-home:/opt/rustwide/rustup-home:ro,Z" "-e" "SOURCE_DIR=/opt/rustwide/workdir" "-e" "CARGO_TARGET_DIR=/opt/rustwide/target" "-e" "CARGO_INCREMENTAL=0" "-e" "RUST_BACKTRACE=full" "-e" "RUSTFLAGS=--cap-lints=warn" "-e" "RUSTDOCFLAGS=--cap-lints=warn" "-e" "CARGO_HOME=/opt/rustwide/cargo-home" "-e" "RUSTUP_HOME=/opt/rustwide/rustup-home" "-w" "/opt/rustwide/workdir" "-m" "1610612736" "--user" "0:0" "--network" "none" "ghcr.io/rust-lang/crates-build-env/linux@sha256:2788e3201cd34a07e3172128adcd8b3090168a8e3bcc40d7c032b9dda1df7d1c" "/opt/rustwide/cargo-home/bin/cargo" "+beta-2023-12-22" "test" "--frozen" "--no-run" "--message-format=json", kill_on_drop: false }`
[INFO] [stdout] 4e277ec49c1032d8882e1957ecda7a00082ec8e24574c6e897c785bd005198e8
[INFO] running `Command { std: "docker" "start" "-a" "4e277ec49c1032d8882e1957ecda7a00082ec8e24574c6e897c785bd005198e8", kill_on_drop: false }`
[INFO] [stderr]    Compiling libbytestat v0.0.3 (/opt/rustwide/workdir)
[INFO] [stderr]     Finished test [unoptimized + debuginfo] target(s) in 0.21s
[INFO] running `Command { std: "docker" "inspect" "4e277ec49c1032d8882e1957ecda7a00082ec8e24574c6e897c785bd005198e8", kill_on_drop: false }`
[INFO] running `Command { std: "docker" "rm" "-f" "4e277ec49c1032d8882e1957ecda7a00082ec8e24574c6e897c785bd005198e8", kill_on_drop: false }`
[INFO] [stdout] 4e277ec49c1032d8882e1957ecda7a00082ec8e24574c6e897c785bd005198e8
[INFO] running `Command { std: "docker" "create" "-v" "/var/lib/crater-agent-workspace/builds/worker-5-tc2/target:/opt/rustwide/target:rw,Z" "-v" "/var/lib/crater-agent-workspace/builds/worker-5-tc2/source:/opt/rustwide/workdir:ro,Z" "-v" "/var/lib/crater-agent-workspace/cargo-home:/opt/rustwide/cargo-home:ro,Z" "-v" "/var/lib/crater-agent-workspace/rustup-home:/opt/rustwide/rustup-home:ro,Z" "-e" "SOURCE_DIR=/opt/rustwide/workdir" "-e" "CARGO_TARGET_DIR=/opt/rustwide/target" "-e" "CARGO_INCREMENTAL=0" "-e" "RUST_BACKTRACE=full" "-e" "RUSTFLAGS=--cap-lints=warn" "-e" "RUSTDOCFLAGS=--cap-lints=warn" "-e" "CARGO_HOME=/opt/rustwide/cargo-home" "-e" "RUSTUP_HOME=/opt/rustwide/rustup-home" "-w" "/opt/rustwide/workdir" "-m" "1610612736" "--user" "0:0" "--network" "none" "ghcr.io/rust-lang/crates-build-env/linux@sha256:2788e3201cd34a07e3172128adcd8b3090168a8e3bcc40d7c032b9dda1df7d1c" "/opt/rustwide/cargo-home/bin/cargo" "+beta-2023-12-22" "test" "--frozen", kill_on_drop: false }`
[INFO] [stdout] 9433b552468100155fb9bb9fcf8226faee1094662beda313cd3ba82f459c316e
[INFO] running `Command { std: "docker" "start" "-a" "9433b552468100155fb9bb9fcf8226faee1094662beda313cd3ba82f459c316e", kill_on_drop: false }`
[INFO] [stderr]     Finished test [unoptimized + debuginfo] target(s) in 0.00s
[INFO] [stderr]      Running unittests src/lib.rs (/opt/rustwide/target/debug/deps/libbytestat-d1af440239961e9d)
[INFO] [stdout] 
[INFO] [stdout] running 0 tests
[INFO] [stdout] 
[INFO] [stdout] test result: ok. 0 passed; 0 failed; 0 ignored; 0 measured; 0 filtered out; finished in 0.00s
[INFO] [stdout] 
[INFO] [stderr]    Doc-tests libbytestat
[INFO] [stdout] 
[INFO] [stdout] running 8 tests
[INFO] [stdout] test src/lib.rs - Bytestat::new (line 28) ... FAILED
[INFO] [stdout] test src/lib.rs - Bytestat::get_score_interval_continuity (line 235) ... FAILED
[INFO] [stdout] test src/lib.rs - Bytestat::get_score_unique (line 187) ... FAILED
[INFO] [stdout] test src/lib.rs - Bytestat::get_score (line 279) ... FAILED
[INFO] [stdout] test src/lib.rs - Bytestat::get_score_non_zero (line 164) ... FAILED
[INFO] [stdout] test src/lib.rs - Bytestat::analyze (line 58) ... FAILED
[INFO] [stdout] test src/lib.rs - Bytestat::get_score_interval_amplitude (line 258) ... FAILED
[INFO] [stdout] test src/lib.rs - Bytestat::get_score_amplitude (line 211) ... FAILED
[INFO] [stdout] 
[INFO] [stdout] failures:
[INFO] [stdout] 
[INFO] [stdout] ---- src/lib.rs - Bytestat::new (line 28) stdout ----
[INFO] [stdout] error[E0432]: unresolved import `bytestat`
[INFO] [stdout]  --> src/lib.rs:29:5
[INFO] [stdout]   |
[INFO] [stdout] 3 | use bytestat::Bytestat;
[INFO] [stdout]   |     ^^^^^^^^ use of undeclared crate or module `bytestat`
[INFO] [stdout] 
[INFO] [stdout] error: aborting due to 1 previous error
[INFO] [stdout] 
[INFO] [stdout] For more information about this error, try `rustc --explain E0432`.
[INFO] [stdout] Couldn't compile the test.
[INFO] [stdout] ---- src/lib.rs - Bytestat::get_score_interval_continuity (line 235) stdout ----
[INFO] [stdout] error[E0432]: unresolved import `bytestat`
[INFO] [stdout]  --> src/lib.rs:236:5
[INFO] [stdout]   |
[INFO] [stdout] 3 | use bytestat::Bytestat;
[INFO] [stdout]   |     ^^^^^^^^ use of undeclared crate or module `bytestat`
[INFO] [stdout] 
[INFO] [stdout] error[E0425]: cannot find value `limit` in this scope
[INFO] [stdout]  --> src/lib.rs:239:13
[INFO] [stdout]   |
[INFO] [stdout] 6 | for x in 0..limit {
[INFO] [stdout]   |             ^^^^^ not found in this scope
[INFO] [stdout]   |
[INFO] [stdout] help: you might have meant to write `.` instead of `..`
[INFO] [stdout]   |
[INFO] [stdout] 6 - for x in 0..limit {
[INFO] [stdout] 6 + for x in 0.limit {
[INFO] [stdout]   |
[INFO] [stdout] 
[INFO] [stdout] error[E0425]: cannot find function `get_random_byte` in this scope
[INFO] [stdout]  --> src/lib.rs:240:17
[INFO] [stdout]   |
[INFO] [stdout] 7 |   let my_byte = get_random_byte();
[INFO] [stdout]   |                 ^^^^^^^^^^^^^^^ not found in this scope
[INFO] [stdout] 
[INFO] [stdout] error: aborting due to 3 previous errors
[INFO] [stdout] 
[INFO] [stdout] Some errors have detailed explanations: E0425, E0432.
[INFO] [stdout] For more information about an error, try `rustc --explain E0425`.
[INFO] [stdout] Couldn't compile the test.
[INFO] [stdout] ---- src/lib.rs - Bytestat::get_score_unique (line 187) stdout ----
[INFO] [stdout] error[E0432]: unresolved import `bytestat`
[INFO] [stdout]  --> src/lib.rs:188:5
[INFO] [stdout]   |
[INFO] [stdout] 3 | use bytestat::Bytestat;
[INFO] [stdout]   |     ^^^^^^^^ use of undeclared crate or module `bytestat`
[INFO] [stdout] 
[INFO] [stdout] error[E0425]: cannot find value `limit` in this scope
[INFO] [stdout]  --> src/lib.rs:191:13
[INFO] [stdout]   |
[INFO] [stdout] 6 | for x in 0..limit {
[INFO] [stdout]   |             ^^^^^ not found in this scope
[INFO] [stdout]   |
[INFO] [stdout] help: you might have meant to write `.` instead of `..`
[INFO] [stdout]   |
[INFO] [stdout] 6 - for x in 0..limit {
[INFO] [stdout] 6 + for x in 0.limit {
[INFO] [stdout]   |
[INFO] [stdout] 
[INFO] [stdout] error[E0425]: cannot find function `get_random_byte` in this scope
[INFO] [stdout]  --> src/lib.rs:192:17
[INFO] [stdout]   |
[INFO] [stdout] 7 |   let my_byte = get_random_byte();
[INFO] [stdout]   |                 ^^^^^^^^^^^^^^^ not found in this scope
[INFO] [stdout] 
[INFO] [stdout] error: aborting due to 3 previous errors
[INFO] [stdout] 
[INFO] [stdout] Some errors have detailed explanations: E0425, E0432.
[INFO] [stdout] For more information about an error, try `rustc --explain E0425`.
[INFO] [stdout] Couldn't compile the test.
[INFO] [stdout] ---- src/lib.rs - Bytestat::get_score (line 279) stdout ----
[INFO] [stdout] error[E0432]: unresolved import `bytestat`
[INFO] [stdout]  --> src/lib.rs:280:5
[INFO] [stdout]   |
[INFO] [stdout] 3 | use bytestat::Bytestat;
[INFO] [stdout]   |     ^^^^^^^^ use of undeclared crate or module `bytestat`
[INFO] [stdout] 
[INFO] [stdout] error[E0425]: cannot find value `limit` in this scope
[INFO] [stdout]  --> src/lib.rs:283:13
[INFO] [stdout]   |
[INFO] [stdout] 6 | for x in 0..limit {
[INFO] [stdout]   |             ^^^^^ not found in this scope
[INFO] [stdout]   |
[INFO] [stdout] help: you might have meant to write `.` instead of `..`
[INFO] [stdout]   |
[INFO] [stdout] 6 - for x in 0..limit {
[INFO] [stdout] 6 + for x in 0.limit {
[INFO] [stdout]   |
[INFO] [stdout] 
[INFO] [stdout] error[E0425]: cannot find function `get_random_byte` in this scope
[INFO] [stdout]  --> src/lib.rs:284:17
[INFO] [stdout]   |
[INFO] [stdout] 7 |   let my_byte = get_random_byte();
[INFO] [stdout]   |                 ^^^^^^^^^^^^^^^ not found in this scope
[INFO] [stdout] 
[INFO] [stdout] error: aborting due to 3 previous errors
[INFO] [stdout] 
[INFO] [stdout] Some errors have detailed explanations: E0425, E0432.
[INFO] [stdout] For more information about an error, try `rustc --explain E0425`.
[INFO] [stdout] Couldn't compile the test.
[INFO] [stdout] ---- src/lib.rs - Bytestat::get_score_non_zero (line 164) stdout ----
[INFO] [stdout] error[E0432]: unresolved import `bytestat`
[INFO] [stdout]  --> src/lib.rs:165:5
[INFO] [stdout]   |
[INFO] [stdout] 3 | use bytestat::Bytestat;
[INFO] [stdout]   |     ^^^^^^^^ use of undeclared crate or module `bytestat`
[INFO] [stdout] 
[INFO] [stdout] error[E0425]: cannot find value `limit` in this scope
[INFO] [stdout]  --> src/lib.rs:168:13
[INFO] [stdout]   |
[INFO] [stdout] 6 | for x in 0..limit {
[INFO] [stdout]   |             ^^^^^ not found in this scope
[INFO] [stdout]   |
[INFO] [stdout] help: you might have meant to write `.` instead of `..`
[INFO] [stdout]   |
[INFO] [stdout] 6 - for x in 0..limit {
[INFO] [stdout] 6 + for x in 0.limit {
[INFO] [stdout]   |
[INFO] [stdout] 
[INFO] [stdout] error[E0425]: cannot find function `get_random_byte` in this scope
[INFO] [stdout]  --> src/lib.rs:169:17
[INFO] [stdout]   |
[INFO] [stdout] 7 |   let my_byte = get_random_byte();
[INFO] [stdout]   |                 ^^^^^^^^^^^^^^^ not found in this scope
[INFO] [stdout] 
[INFO] [stdout] error: aborting due to 3 previous errors
[INFO] [stdout] 
[INFO] [stdout] Some errors have detailed explanations: E0425, E0432.
[INFO] [stdout] For more information about an error, try `rustc --explain E0425`.
[INFO] [stdout] Couldn't compile the test.
[INFO] [stdout] ---- src/lib.rs - Bytestat::analyze (line 58) stdout ----
[INFO] [stdout] error[E0432]: unresolved import `bytestat`
[INFO] [stdout]  --> src/lib.rs:59:5
[INFO] [stdout]   |
[INFO] [stdout] 3 | use bytestat::Bytestat;
[INFO] [stdout]   |     ^^^^^^^^ use of undeclared crate or module `bytestat`
[INFO] [stdout] 
[INFO] [stdout] error[E0425]: cannot find value `limit` in this scope
[INFO] [stdout]  --> src/lib.rs:62:13
[INFO] [stdout]   |
[INFO] [stdout] 6 | for x in 0..limit {
[INFO] [stdout]   |             ^^^^^ not found in this scope
[INFO] [stdout]   |
[INFO] [stdout] help: you might have meant to write `.` instead of `..`
[INFO] [stdout]   |
[INFO] [stdout] 6 - for x in 0..limit {
[INFO] [stdout] 6 + for x in 0.limit {
[INFO] [stdout]   |
[INFO] [stdout] 
[INFO] [stdout] error[E0425]: cannot find function `get_random_byte` in this scope
[INFO] [stdout]  --> src/lib.rs:63:17
[INFO] [stdout]   |
[INFO] [stdout] 7 |   let my_byte = get_random_byte();
[INFO] [stdout]   |                 ^^^^^^^^^^^^^^^ not found in this scope
[INFO] [stdout] 
[INFO] [stdout] error: aborting due to 3 previous errors
[INFO] [stdout] 
[INFO] [stdout] Some errors have detailed explanations: E0425, E0432.
[INFO] [stdout] For more information about an error, try `rustc --explain E0425`.
[INFO] [stdout] Couldn't compile the test.
[INFO] [stdout] ---- src/lib.rs - Bytestat::get_score_interval_amplitude (line 258) stdout ----
[INFO] [stdout] error[E0432]: unresolved import `bytestat`
[INFO] [stdout]  --> src/lib.rs:259:5
[INFO] [stdout]   |
[INFO] [stdout] 3 | use bytestat::Bytestat;
[INFO] [stdout]   |     ^^^^^^^^ use of undeclared crate or module `bytestat`
[INFO] [stdout] 
[INFO] [stdout] error[E0425]: cannot find value `limit` in this scope
[INFO] [stdout]  --> src/lib.rs:262:13
[INFO] [stdout]   |
[INFO] [stdout] 6 | for x in 0..limit {
[INFO] [stdout]   |             ^^^^^ not found in this scope
[INFO] [stdout]   |
[INFO] [stdout] help: you might have meant to write `.` instead of `..`
[INFO] [stdout]   |
[INFO] [stdout] 6 - for x in 0..limit {
[INFO] [stdout] 6 + for x in 0.limit {
[INFO] [stdout]   |
[INFO] [stdout] 
[INFO] [stdout] error[E0425]: cannot find function `get_random_byte` in this scope
[INFO] [stdout]  --> src/lib.rs:263:17
[INFO] [stdout]   |
[INFO] [stdout] 7 |   let my_byte = get_random_byte();
[INFO] [stdout]   |                 ^^^^^^^^^^^^^^^ not found in this scope
[INFO] [stdout] 
[INFO] [stdout] error: aborting due to 3 previous errors
[INFO] [stdout] 
[INFO] [stdout] Some errors have detailed explanations: E0425, E0432.
[INFO] [stdout] For more information about an error, try `rustc --explain E0425`.
[INFO] [stdout] Couldn't compile the test.
[INFO] [stdout] ---- src/lib.rs - Bytestat::get_score_amplitude (line 211) stdout ----
[INFO] [stdout] error[E0432]: unresolved import `bytestat`
[INFO] [stdout]  --> src/lib.rs:212:5
[INFO] [stdout]   |
[INFO] [stdout] 3 | use bytestat::Bytestat;
[INFO] [stdout]   |     ^^^^^^^^ use of undeclared crate or module `bytestat`
[INFO] [stdout] 
[INFO] [stdout] error[E0425]: cannot find value `limit` in this scope
[INFO] [stdout]  --> src/lib.rs:215:13
[INFO] [stdout]   |
[INFO] [stdout] 6 | for x in 0..limit {
[INFO] [stdout]   |             ^^^^^ not found in this scope
[INFO] [stdout]   |
[INFO] [stdout] help: you might have meant to write `.` instead of `..`
[INFO] [stdout]   |
[INFO] [stdout] 6 - for x in 0..limit {
[INFO] [stdout] 6 + for x in 0.limit {
[INFO] [stdout]   |
[INFO] [stdout] 
[INFO] [stdout] error[E0425]: cannot find function `get_random_byte` in this scope
[INFO] [stdout]  --> src/lib.rs:216:17
[INFO] [stdout]   |
[INFO] [stdout] 7 |   let my_byte = get_random_byte();
[INFO] [stdout]   |                 ^^^^^^^^^^^^^^^ not found in this scope
[INFO] [stdout] 
[INFO] [stdout] error: aborting due to 3 previous errors
[INFO] [stdout] 
[INFO] [stdout] Some errors have detailed explanations: E0425, E0432.
[INFO] [stdout] For more information about an error, try `rustc --explain E0425`.
[INFO] [stdout] Couldn't compile the test.
[INFO] [stdout] 
[INFO] [stdout] failures:
[INFO] [stdout]     src/lib.rs - Bytestat::analyze (line 58)
[INFO] [stdout]     src/lib.rs - Bytestat::get_score (line 279)
[INFO] [stdout]     src/lib.rs - Bytestat::get_score_amplitude (line 211)
[INFO] [stdout]     src/lib.rs - Bytestat::get_score_interval_amplitude (line 258)
[INFO] [stdout]     src/lib.rs - Bytestat::get_score_interval_continuity (line 235)
[INFO] [stdout]     src/lib.rs - Bytestat::get_score_non_zero (line 164)
[INFO] [stdout]     src/lib.rs - Bytestat::get_score_unique (line 187)
[INFO] [stdout]     src/lib.rs - Bytestat::new (line 28)
[INFO] [stdout] 
[INFO] [stdout] test result: FAILED. 0 passed; 8 failed; 0 ignored; 0 measured; 0 filtered out; finished in 0.05s
[INFO] [stdout] 
[INFO] [stderr] error: doctest failed, to rerun pass `--doc`
[INFO] running `Command { std: "docker" "inspect" "9433b552468100155fb9bb9fcf8226faee1094662beda313cd3ba82f459c316e", kill_on_drop: false }`
[INFO] running `Command { std: "docker" "rm" "-f" "9433b552468100155fb9bb9fcf8226faee1094662beda313cd3ba82f459c316e", kill_on_drop: false }`
[INFO] [stdout] 9433b552468100155fb9bb9fcf8226faee1094662beda313cd3ba82f459c316e
