[INFO] fetching crate libblackbody 0.5.0...
[INFO] testing libblackbody-0.5.0 against 1.75.0 for beta-1.76-1
[INFO] extracting crate libblackbody 0.5.0 into /workspace/builds/worker-1-tc1/source
[INFO] validating manifest of crates.io crate libblackbody 0.5.0 on toolchain 1.75.0
[INFO] running `Command { std: CARGO_HOME="/workspace/cargo-home" RUSTUP_HOME="/workspace/rustup-home" "/workspace/cargo-home/bin/cargo" "+1.75.0" "metadata" "--manifest-path" "Cargo.toml" "--no-deps", kill_on_drop: false }`
[INFO] started tweaking crates.io crate libblackbody 0.5.0
[INFO] finished tweaking crates.io crate libblackbody 0.5.0
[INFO] tweaked toml for crates.io crate libblackbody 0.5.0 written to /workspace/builds/worker-1-tc1/source/Cargo.toml
[INFO] running `Command { std: CARGO_HOME="/workspace/cargo-home" RUSTUP_HOME="/workspace/rustup-home" "/workspace/cargo-home/bin/cargo" "+1.75.0" "generate-lockfile" "--manifest-path" "Cargo.toml", kill_on_drop: false }`
[INFO] [stderr]     Updating crates.io index
[INFO] running `Command { std: CARGO_HOME="/workspace/cargo-home" RUSTUP_HOME="/workspace/rustup-home" "/workspace/cargo-home/bin/cargo" "+1.75.0" "fetch" "--manifest-path" "Cargo.toml", kill_on_drop: false }`
[INFO] [stderr]  Downloading crates ...
[INFO] [stderr]   Downloaded binread v1.4.1
[INFO] [stderr]   Downloaded binread_derive v1.4.3
[INFO] [stderr]   Downloaded flyr v0.4.2
[INFO] running `Command { std: "docker" "create" "-v" "/var/lib/crater-agent-workspace/builds/worker-1-tc1/target:/opt/rustwide/target:rw,Z" "-v" "/var/lib/crater-agent-workspace/builds/worker-1-tc1/source:/opt/rustwide/workdir:ro,Z" "-v" "/var/lib/crater-agent-workspace/cargo-home:/opt/rustwide/cargo-home:ro,Z" "-v" "/var/lib/crater-agent-workspace/rustup-home:/opt/rustwide/rustup-home:ro,Z" "-e" "SOURCE_DIR=/opt/rustwide/workdir" "-e" "CARGO_TARGET_DIR=/opt/rustwide/target" "-e" "CARGO_HOME=/opt/rustwide/cargo-home" "-e" "RUSTUP_HOME=/opt/rustwide/rustup-home" "-w" "/opt/rustwide/workdir" "-m" "1610612736" "--user" "0:0" "--network" "none" "ghcr.io/rust-lang/crates-build-env/linux@sha256:2788e3201cd34a07e3172128adcd8b3090168a8e3bcc40d7c032b9dda1df7d1c" "/opt/rustwide/cargo-home/bin/cargo" "+1.75.0" "metadata" "--no-deps" "--format-version=1", kill_on_drop: false }`
[INFO] [stdout] c7a65dbc05c6ab819a2b487de7f28413dc8ce52c78469178c37b38ceb460d05a
[INFO] running `Command { std: "docker" "start" "-a" "c7a65dbc05c6ab819a2b487de7f28413dc8ce52c78469178c37b38ceb460d05a", kill_on_drop: false }`
[INFO] running `Command { std: "docker" "inspect" "c7a65dbc05c6ab819a2b487de7f28413dc8ce52c78469178c37b38ceb460d05a", kill_on_drop: false }`
[INFO] running `Command { std: "docker" "rm" "-f" "c7a65dbc05c6ab819a2b487de7f28413dc8ce52c78469178c37b38ceb460d05a", kill_on_drop: false }`
[INFO] [stdout] c7a65dbc05c6ab819a2b487de7f28413dc8ce52c78469178c37b38ceb460d05a
[INFO] running `Command { std: "docker" "create" "-v" "/var/lib/crater-agent-workspace/builds/worker-1-tc1/target:/opt/rustwide/target:rw,Z" "-v" "/var/lib/crater-agent-workspace/builds/worker-1-tc1/source:/opt/rustwide/workdir:ro,Z" "-v" "/var/lib/crater-agent-workspace/cargo-home:/opt/rustwide/cargo-home:ro,Z" "-v" "/var/lib/crater-agent-workspace/rustup-home:/opt/rustwide/rustup-home:ro,Z" "-e" "SOURCE_DIR=/opt/rustwide/workdir" "-e" "CARGO_TARGET_DIR=/opt/rustwide/target" "-e" "CARGO_INCREMENTAL=0" "-e" "RUST_BACKTRACE=full" "-e" "RUSTFLAGS=--cap-lints=warn" "-e" "RUSTDOCFLAGS=--cap-lints=warn" "-e" "CARGO_HOME=/opt/rustwide/cargo-home" "-e" "RUSTUP_HOME=/opt/rustwide/rustup-home" "-w" "/opt/rustwide/workdir" "-m" "1610612736" "--user" "0:0" "--network" "none" "ghcr.io/rust-lang/crates-build-env/linux@sha256:2788e3201cd34a07e3172128adcd8b3090168a8e3bcc40d7c032b9dda1df7d1c" "/opt/rustwide/cargo-home/bin/cargo" "+1.75.0" "build" "--frozen" "--message-format=json", kill_on_drop: false }`
[INFO] [stdout] 749f95cb5d68506015840aacf4a9e446942ec64787e513eb749979c4717dace8
[INFO] running `Command { std: "docker" "start" "-a" "749f95cb5d68506015840aacf4a9e446942ec64787e513eb749979c4717dace8", kill_on_drop: false }`
[INFO] [stderr]    Compiling num-traits v0.2.17
[INFO] [stderr]    Compiling num-integer v0.1.45
[INFO] [stderr]    Compiling crc32fast v1.3.2
[INFO] [stderr]    Compiling adler32 v1.2.0
[INFO] [stderr]    Compiling syn v1.0.109
[INFO] [stderr]    Compiling num-rational v0.3.2
[INFO] [stderr]    Compiling num-complex v0.2.4
[INFO] [stderr]    Compiling num-iter v0.1.43
[INFO] [stderr]    Compiling byteorder v1.5.0
[INFO] [stderr]    Compiling miniz_oxide v0.4.4
[INFO] [stderr]    Compiling ndarray v0.13.1
[INFO] [stderr]    Compiling rawpointer v0.2.1
[INFO] [stderr]    Compiling bitflags v1.3.2
[INFO] [stderr]    Compiling color_quant v1.1.0
[INFO] [stderr]    Compiling bytemuck v1.14.0
[INFO] [stderr]    Compiling jpeg-decoder v0.1.22
[INFO] [stderr]    Compiling miniz_oxide v0.3.7
[INFO] [stderr]    Compiling matrixmultiply v0.2.4
[INFO] [stderr]    Compiling weezl v0.1.7
[INFO] [stderr]    Compiling deflate v0.8.6
[INFO] [stderr]    Compiling png v0.16.8
[INFO] [stderr]    Compiling tiff v0.6.1
[INFO] [stderr]    Compiling image v0.23.14
[INFO] [stderr]    Compiling binread_derive v1.4.3
[INFO] [stderr]    Compiling binread v1.4.1
[INFO] [stderr]    Compiling flyr v0.4.2
[INFO] [stderr]    Compiling libblackbody v0.5.0 (/opt/rustwide/workdir)
[INFO] [stderr]     Finished dev [unoptimized + debuginfo] target(s) in 12.32s
[INFO] running `Command { std: "docker" "inspect" "749f95cb5d68506015840aacf4a9e446942ec64787e513eb749979c4717dace8", kill_on_drop: false }`
[INFO] running `Command { std: "docker" "rm" "-f" "749f95cb5d68506015840aacf4a9e446942ec64787e513eb749979c4717dace8", kill_on_drop: false }`
[INFO] [stdout] 749f95cb5d68506015840aacf4a9e446942ec64787e513eb749979c4717dace8
[INFO] running `Command { std: "docker" "create" "-v" "/var/lib/crater-agent-workspace/builds/worker-1-tc1/target:/opt/rustwide/target:rw,Z" "-v" "/var/lib/crater-agent-workspace/builds/worker-1-tc1/source:/opt/rustwide/workdir:ro,Z" "-v" "/var/lib/crater-agent-workspace/cargo-home:/opt/rustwide/cargo-home:ro,Z" "-v" "/var/lib/crater-agent-workspace/rustup-home:/opt/rustwide/rustup-home:ro,Z" "-e" "SOURCE_DIR=/opt/rustwide/workdir" "-e" "CARGO_TARGET_DIR=/opt/rustwide/target" "-e" "CARGO_INCREMENTAL=0" "-e" "RUST_BACKTRACE=full" "-e" "RUSTFLAGS=--cap-lints=warn" "-e" "RUSTDOCFLAGS=--cap-lints=warn" "-e" "CARGO_HOME=/opt/rustwide/cargo-home" "-e" "RUSTUP_HOME=/opt/rustwide/rustup-home" "-w" "/opt/rustwide/workdir" "-m" "1610612736" "--user" "0:0" "--network" "none" "ghcr.io/rust-lang/crates-build-env/linux@sha256:2788e3201cd34a07e3172128adcd8b3090168a8e3bcc40d7c032b9dda1df7d1c" "/opt/rustwide/cargo-home/bin/cargo" "+1.75.0" "test" "--frozen" "--no-run" "--message-format=json", kill_on_drop: false }`
[INFO] [stdout] 98cbec9d0e80beee1794fa2d9f726be4af8e30d2c70b0cf2a89a2b47bc740bdc
[INFO] running `Command { std: "docker" "start" "-a" "98cbec9d0e80beee1794fa2d9f726be4af8e30d2c70b0cf2a89a2b47bc740bdc", kill_on_drop: false }`
[INFO] [stderr]    Compiling libblackbody v0.5.0 (/opt/rustwide/workdir)
[INFO] [stderr]     Finished test [unoptimized + debuginfo] target(s) in 0.65s
[INFO] running `Command { std: "docker" "inspect" "98cbec9d0e80beee1794fa2d9f726be4af8e30d2c70b0cf2a89a2b47bc740bdc", kill_on_drop: false }`
[INFO] running `Command { std: "docker" "rm" "-f" "98cbec9d0e80beee1794fa2d9f726be4af8e30d2c70b0cf2a89a2b47bc740bdc", kill_on_drop: false }`
[INFO] [stdout] 98cbec9d0e80beee1794fa2d9f726be4af8e30d2c70b0cf2a89a2b47bc740bdc
[INFO] running `Command { std: "docker" "create" "-v" "/var/lib/crater-agent-workspace/builds/worker-1-tc1/target:/opt/rustwide/target:rw,Z" "-v" "/var/lib/crater-agent-workspace/builds/worker-1-tc1/source:/opt/rustwide/workdir:ro,Z" "-v" "/var/lib/crater-agent-workspace/cargo-home:/opt/rustwide/cargo-home:ro,Z" "-v" "/var/lib/crater-agent-workspace/rustup-home:/opt/rustwide/rustup-home:ro,Z" "-e" "SOURCE_DIR=/opt/rustwide/workdir" "-e" "CARGO_TARGET_DIR=/opt/rustwide/target" "-e" "CARGO_INCREMENTAL=0" "-e" "RUST_BACKTRACE=full" "-e" "RUSTFLAGS=--cap-lints=warn" "-e" "RUSTDOCFLAGS=--cap-lints=warn" "-e" "CARGO_HOME=/opt/rustwide/cargo-home" "-e" "RUSTUP_HOME=/opt/rustwide/rustup-home" "-w" "/opt/rustwide/workdir" "-m" "1610612736" "--user" "0:0" "--network" "none" "ghcr.io/rust-lang/crates-build-env/linux@sha256:2788e3201cd34a07e3172128adcd8b3090168a8e3bcc40d7c032b9dda1df7d1c" "/opt/rustwide/cargo-home/bin/cargo" "+1.75.0" "test" "--frozen", kill_on_drop: false }`
[INFO] [stdout] e06bc68e084bffb9adc07f6843e5079f44ce2b39913d5402583ccac694fbd2f6
[INFO] running `Command { std: "docker" "start" "-a" "e06bc68e084bffb9adc07f6843e5079f44ce2b39913d5402583ccac694fbd2f6", kill_on_drop: false }`
[INFO] [stderr]     Finished test [unoptimized + debuginfo] target(s) in 0.04s
[INFO] [stderr]      Running unittests src/lib.rs (/opt/rustwide/target/debug/deps/libblackbody-f5393d656b4c57c0)
[INFO] [stderr]    Doc-tests libblackbody
[INFO] [stdout] 
[INFO] [stdout] running 0 tests
[INFO] [stdout] 
[INFO] [stdout] test result: ok. 0 passed; 0 failed; 0 ignored; 0 measured; 0 filtered out; finished in 0.00s
[INFO] [stdout] 
[INFO] [stdout] 
[INFO] [stdout] running 5 tests
[INFO] [stdout] test src/lib.rs - (line 37) ... FAILED
[INFO] [stdout] test src/thermogram_trait.rs - thermogram_trait::ThermogramTrait (line 13) ... FAILED
[INFO] [stdout] test src/thermogram.rs - thermogram::Thermogram (line 15) ... FAILED
[INFO] [stdout] test src/lib.rs - (line 18) ... FAILED
[INFO] [stdout] test src/thermogram.rs - thermogram::Thermogram::from_file (line 43) ... FAILED
[INFO] [stdout] 
[INFO] [stdout] failures:
[INFO] [stdout] 
[INFO] [stdout] ---- src/lib.rs - (line 37) stdout ----
[INFO] [stdout] error: expected one of `!`, `::`, `;`, `where`, or `{`, found `>`
[INFO] [stdout]   --> src/lib.rs:40:41
[INFO] [stdout]    |
[INFO] [stdout] 3  | pub trait ThermogramTrait {
[INFO] [stdout]    |                           - while parsing this item list starting here
[INFO] [stdout] 4  |     fn thermal(&self) -> &Array<f32, Ix2>;  // Extract the thermal data
[INFO] [stdout] 5  |     fn optical(&self) -> &Array<u8, Ix3>>;  // Extract embedded photos, if present
[INFO] [stdout]    |                                         ^ expected one of `!`, `::`, `;`, `where`, or `{`
[INFO] [stdout] ...
[INFO] [stdout] 11 | }
[INFO] [stdout]    | - the item list ends here
[INFO] [stdout] 
[INFO] [stdout] error[E0412]: cannot find type `Array` in this scope
[INFO] [stdout]  --> src/lib.rs:39:27
[INFO] [stdout]   |
[INFO] [stdout] 4 |     fn thermal(&self) -> &Array<f32, Ix2>;  // Extract the thermal data
[INFO] [stdout]   |                           ^^^^^ not found in this scope
[INFO] [stdout]   |
[INFO] [stdout] help: consider importing this type alias
[INFO] [stdout]   |
[INFO] [stdout] 2 + use ndarray::Array;
[INFO] [stdout]   |
[INFO] [stdout] 
[INFO] [stdout] error[E0412]: cannot find type `Ix2` in this scope
[INFO] [stdout]  --> src/lib.rs:39:38
[INFO] [stdout]   |
[INFO] [stdout] 4 |     fn thermal(&self) -> &Array<f32, Ix2>;  // Extract the thermal data
[INFO] [stdout]   |                                      ^^^ not found in this scope
[INFO] [stdout]   |
[INFO] [stdout] help: consider importing this type alias
[INFO] [stdout]   |
[INFO] [stdout] 2 + use ndarray::Ix2;
[INFO] [stdout]   |
[INFO] [stdout] 
[INFO] [stdout] error: aborting due to 3 previous errors
[INFO] [stdout] 
[INFO] [stdout] For more information about this error, try `rustc --explain E0412`.
[INFO] [stdout] Couldn't compile the test.
[INFO] [stdout] ---- src/thermogram_trait.rs - thermogram_trait::ThermogramTrait (line 13) stdout ----
[INFO] [stdout] error: expected one of `!`, `::`, `;`, `where`, or `{`, found `>`
[INFO] [stdout]   --> src/thermogram_trait.rs:16:41
[INFO] [stdout]    |
[INFO] [stdout] 3  | pub trait ThermogramTrait {
[INFO] [stdout]    |                           - while parsing this item list starting here
[INFO] [stdout] 4  |     fn thermal(&self) -> &Array<f32, Ix2>;  // Extract the thermal data
[INFO] [stdout] 5  |     fn optical(&self) -> &Array<u8, Ix3>>;  // Extract embedded photos, if present
[INFO] [stdout]    |                                         ^ expected one of `!`, `::`, `;`, `where`, or `{`
[INFO] [stdout] ...
[INFO] [stdout] 11 | }
[INFO] [stdout]    | - the item list ends here
[INFO] [stdout] 
[INFO] [stdout] error[E0412]: cannot find type `Array` in this scope
[INFO] [stdout]  --> src/thermogram_trait.rs:15:27
[INFO] [stdout]   |
[INFO] [stdout] 4 |     fn thermal(&self) -> &Array<f32, Ix2>;  // Extract the thermal data
[INFO] [stdout]   |                           ^^^^^ not found in this scope
[INFO] [stdout]   |
[INFO] [stdout] help: consider importing this type alias
[INFO] [stdout]   |
[INFO] [stdout] 2 + use ndarray::Array;
[INFO] [stdout]   |
[INFO] [stdout] 
[INFO] [stdout] error[E0412]: cannot find type `Ix2` in this scope
[INFO] [stdout]  --> src/thermogram_trait.rs:15:38
[INFO] [stdout]   |
[INFO] [stdout] 4 |     fn thermal(&self) -> &Array<f32, Ix2>;  // Extract the thermal data
[INFO] [stdout]   |                                      ^^^ not found in this scope
[INFO] [stderr] error: doctest failed, to rerun pass `--doc`
[INFO] [stdout]   |
[INFO] [stdout] help: consider importing this type alias
[INFO] [stdout]   |
[INFO] [stdout] 2 + use ndarray::Ix2;
[INFO] [stdout]   |
[INFO] [stdout] 
[INFO] [stdout] error: aborting due to 3 previous errors
[INFO] [stdout] 
[INFO] [stdout] For more information about this error, try `rustc --explain E0412`.
[INFO] [stdout] Couldn't compile the test.
[INFO] [stdout] ---- src/thermogram.rs - thermogram::Thermogram (line 15) stdout ----
[INFO] [stdout] error: expected one of `!`, `::`, `;`, `where`, or `{`, found `>`
[INFO] [stdout]   --> src/thermogram.rs:18:41
[INFO] [stdout]    |
[INFO] [stdout] 3  | pub trait ThermogramTrait {
[INFO] [stdout]    |                           - while parsing this item list starting here
[INFO] [stdout] 4  |     fn thermal(&self) -> &Array<f32, Ix2>;  // Extract the thermal data
[INFO] [stdout] 5  |     fn optical(&self) -> &Array<u8, Ix3>>;  // Extract embedded photos, if present
[INFO] [stdout]    |                                         ^ expected one of `!`, `::`, `;`, `where`, or `{`
[INFO] [stdout] ...
[INFO] [stdout] 11 | }
[INFO] [stdout]    | - the item list ends here
[INFO] [stdout] 
[INFO] [stdout] error[E0412]: cannot find type `Array` in this scope
[INFO] [stdout]  --> src/thermogram.rs:17:27
[INFO] [stdout]   |
[INFO] [stdout] 4 |     fn thermal(&self) -> &Array<f32, Ix2>;  // Extract the thermal data
[INFO] [stdout]   |                           ^^^^^ not found in this scope
[INFO] [stdout]   |
[INFO] [stdout] help: consider importing this type alias
[INFO] [stdout]   |
[INFO] [stdout] 2 + use ndarray::Array;
[INFO] [stdout]   |
[INFO] [stdout] 
[INFO] [stdout] error[E0412]: cannot find type `Ix2` in this scope
[INFO] [stdout]  --> src/thermogram.rs:17:38
[INFO] [stdout]   |
[INFO] [stdout] 4 |     fn thermal(&self) -> &Array<f32, Ix2>;  // Extract the thermal data
[INFO] [stdout]   |                                      ^^^ not found in this scope
[INFO] [stdout]   |
[INFO] [stdout] help: consider importing this type alias
[INFO] [stdout]   |
[INFO] [stdout] 2 + use ndarray::Ix2;
[INFO] [stdout]   |
[INFO] [stdout] 
[INFO] [stdout] error: aborting due to 3 previous errors
[INFO] [stdout] 
[INFO] [stdout] For more information about this error, try `rustc --explain E0412`.
[INFO] [stdout] Couldn't compile the test.
[INFO] [stdout] ---- src/lib.rs - (line 18) stdout ----
[INFO] [stdout] error[E0433]: failed to resolve: use of undeclared type `Thermogram`
[INFO] [stdout]  --> src/lib.rs:20:20
[INFO] [stdout]   |
[INFO] [stdout] 4 | let r_thermogram = Thermogram::from_file(&file_path);
[INFO] [stdout]   |                    ^^^^^^^^^^ use of undeclared type `Thermogram`
[INFO] [stdout]   |
[INFO] [stdout] help: consider importing this enum
[INFO] [stdout]   |
[INFO] [stdout] 2 + use libblackbody::Thermogram;
[INFO] [stdout]   |
[INFO] [stdout] 
[INFO] [stdout] error: aborting due to previous error
[INFO] [stdout] 
[INFO] [stdout] For more information about this error, try `rustc --explain E0433`.
[INFO] [stdout] Couldn't compile the test.
[INFO] [stdout] ---- src/thermogram.rs - thermogram::Thermogram::from_file (line 43) stdout ----
[INFO] [stdout] error[E0433]: failed to resolve: use of undeclared type `Thermogram`
[INFO] [stdout]  --> src/thermogram.rs:45:20
[INFO] [stdout]   |
[INFO] [stdout] 4 | let r_thermogram = Thermogram::from_file(&file_path);
[INFO] [stdout]   |                    ^^^^^^^^^^ use of undeclared type `Thermogram`
[INFO] [stdout]   |
[INFO] [stdout] help: consider importing this enum
[INFO] [stdout]   |
[INFO] [stdout] 2 + use libblackbody::Thermogram;
[INFO] [stdout]   |
[INFO] [stdout] 
[INFO] [stdout] error: aborting due to previous error
[INFO] [stdout] 
[INFO] [stdout] For more information about this error, try `rustc --explain E0433`.
[INFO] [stdout] Couldn't compile the test.
[INFO] [stdout] 
[INFO] [stdout] failures:
[INFO] [stdout]     src/lib.rs - (line 18)
[INFO] [stdout]     src/lib.rs - (line 37)
[INFO] [stdout]     src/thermogram.rs - thermogram::Thermogram (line 15)
[INFO] [stdout]     src/thermogram.rs - thermogram::Thermogram::from_file (line 43)
[INFO] [stdout]     src/thermogram_trait.rs - thermogram_trait::ThermogramTrait (line 13)
[INFO] [stdout] 
[INFO] [stdout] test result: FAILED. 0 passed; 5 failed; 0 ignored; 0 measured; 0 filtered out; finished in 0.21s
[INFO] [stdout] 
[INFO] running `Command { std: "docker" "inspect" "e06bc68e084bffb9adc07f6843e5079f44ce2b39913d5402583ccac694fbd2f6", kill_on_drop: false }`
[INFO] running `Command { std: "docker" "rm" "-f" "e06bc68e084bffb9adc07f6843e5079f44ce2b39913d5402583ccac694fbd2f6", kill_on_drop: false }`
[INFO] [stdout] e06bc68e084bffb9adc07f6843e5079f44ce2b39913d5402583ccac694fbd2f6
[INFO] testing libblackbody-0.5.0 against beta-2023-12-22 for beta-1.76-1
[INFO] extracting crate libblackbody 0.5.0 into /workspace/builds/worker-1-tc2/source
[INFO] validating manifest of crates.io crate libblackbody 0.5.0 on toolchain beta-2023-12-22
[INFO] running `Command { std: CARGO_HOME="/workspace/cargo-home" RUSTUP_HOME="/workspace/rustup-home" "/workspace/cargo-home/bin/cargo" "+beta-2023-12-22" "metadata" "--manifest-path" "Cargo.toml" "--no-deps", kill_on_drop: false }`
[INFO] started tweaking crates.io crate libblackbody 0.5.0
[INFO] finished tweaking crates.io crate libblackbody 0.5.0
[INFO] tweaked toml for crates.io crate libblackbody 0.5.0 written to /workspace/builds/worker-1-tc2/source/Cargo.toml
[INFO] running `Command { std: CARGO_HOME="/workspace/cargo-home" RUSTUP_HOME="/workspace/rustup-home" "/workspace/cargo-home/bin/cargo" "+beta-2023-12-22" "generate-lockfile" "--manifest-path" "Cargo.toml", kill_on_drop: false }`
[INFO] [stderr]     Updating crates.io index
[INFO] running `Command { std: CARGO_HOME="/workspace/cargo-home" RUSTUP_HOME="/workspace/rustup-home" "/workspace/cargo-home/bin/cargo" "+beta-2023-12-22" "fetch" "--manifest-path" "Cargo.toml", kill_on_drop: false }`
[INFO] running `Command { std: "docker" "create" "-v" "/var/lib/crater-agent-workspace/builds/worker-1-tc2/target:/opt/rustwide/target:rw,Z" "-v" "/var/lib/crater-agent-workspace/builds/worker-1-tc2/source:/opt/rustwide/workdir:ro,Z" "-v" "/var/lib/crater-agent-workspace/cargo-home:/opt/rustwide/cargo-home:ro,Z" "-v" "/var/lib/crater-agent-workspace/rustup-home:/opt/rustwide/rustup-home:ro,Z" "-e" "SOURCE_DIR=/opt/rustwide/workdir" "-e" "CARGO_TARGET_DIR=/opt/rustwide/target" "-e" "CARGO_HOME=/opt/rustwide/cargo-home" "-e" "RUSTUP_HOME=/opt/rustwide/rustup-home" "-w" "/opt/rustwide/workdir" "-m" "1610612736" "--user" "0:0" "--network" "none" "ghcr.io/rust-lang/crates-build-env/linux@sha256:2788e3201cd34a07e3172128adcd8b3090168a8e3bcc40d7c032b9dda1df7d1c" "/opt/rustwide/cargo-home/bin/cargo" "+beta-2023-12-22" "metadata" "--no-deps" "--format-version=1", kill_on_drop: false }`
[INFO] [stdout] e058a1792531628fa86fe4be5e2cccd6153e475cc5640485a77806a482a20dca
[INFO] running `Command { std: "docker" "start" "-a" "e058a1792531628fa86fe4be5e2cccd6153e475cc5640485a77806a482a20dca", kill_on_drop: false }`
[INFO] running `Command { std: "docker" "inspect" "e058a1792531628fa86fe4be5e2cccd6153e475cc5640485a77806a482a20dca", kill_on_drop: false }`
[INFO] running `Command { std: "docker" "rm" "-f" "e058a1792531628fa86fe4be5e2cccd6153e475cc5640485a77806a482a20dca", kill_on_drop: false }`
[INFO] [stdout] e058a1792531628fa86fe4be5e2cccd6153e475cc5640485a77806a482a20dca
[INFO] running `Command { std: "docker" "create" "-v" "/var/lib/crater-agent-workspace/builds/worker-1-tc2/target:/opt/rustwide/target:rw,Z" "-v" "/var/lib/crater-agent-workspace/builds/worker-1-tc2/source:/opt/rustwide/workdir:ro,Z" "-v" "/var/lib/crater-agent-workspace/cargo-home:/opt/rustwide/cargo-home:ro,Z" "-v" "/var/lib/crater-agent-workspace/rustup-home:/opt/rustwide/rustup-home:ro,Z" "-e" "SOURCE_DIR=/opt/rustwide/workdir" "-e" "CARGO_TARGET_DIR=/opt/rustwide/target" "-e" "CARGO_INCREMENTAL=0" "-e" "RUST_BACKTRACE=full" "-e" "RUSTFLAGS=--cap-lints=warn" "-e" "RUSTDOCFLAGS=--cap-lints=warn" "-e" "CARGO_HOME=/opt/rustwide/cargo-home" "-e" "RUSTUP_HOME=/opt/rustwide/rustup-home" "-w" "/opt/rustwide/workdir" "-m" "1610612736" "--user" "0:0" "--network" "none" "ghcr.io/rust-lang/crates-build-env/linux@sha256:2788e3201cd34a07e3172128adcd8b3090168a8e3bcc40d7c032b9dda1df7d1c" "/opt/rustwide/cargo-home/bin/cargo" "+beta-2023-12-22" "build" "--frozen" "--message-format=json", kill_on_drop: false }`
[INFO] [stdout] 96db4bbbdab04c58c49feea57957400f220094c4326f4559690e0e488928f85c
[INFO] running `Command { std: "docker" "start" "-a" "96db4bbbdab04c58c49feea57957400f220094c4326f4559690e0e488928f85c", kill_on_drop: false }`
[INFO] [stderr]    Compiling num-traits v0.2.17
[INFO] [stderr]    Compiling num-integer v0.1.45
[INFO] [stderr]    Compiling syn v1.0.109
[INFO] [stderr]    Compiling crc32fast v1.3.2
[INFO] [stderr]    Compiling adler32 v1.2.0
[INFO] [stderr]    Compiling num-iter v0.1.43
[INFO] [stderr]    Compiling num-rational v0.3.2
[INFO] [stderr]    Compiling num-complex v0.2.4
[INFO] [stderr]    Compiling byteorder v1.5.0
[INFO] [stderr]    Compiling miniz_oxide v0.4.4
[INFO] [stderr]    Compiling rawpointer v0.2.1
[INFO] [stderr]    Compiling ndarray v0.13.1
[INFO] [stderr]    Compiling bitflags v1.3.2
[INFO] [stderr]    Compiling bytemuck v1.14.0
[INFO] [stderr]    Compiling color_quant v1.1.0
[INFO] [stderr]    Compiling jpeg-decoder v0.1.22
[INFO] [stderr]    Compiling matrixmultiply v0.2.4
[INFO] [stderr]    Compiling weezl v0.1.7
[INFO] [stderr]    Compiling miniz_oxide v0.3.7
[INFO] [stderr]    Compiling deflate v0.8.6
[INFO] [stderr]    Compiling png v0.16.8
[INFO] [stderr]    Compiling tiff v0.6.1
[INFO] [stderr]    Compiling image v0.23.14
[INFO] [stderr]    Compiling binread_derive v1.4.3
[INFO] [stderr]    Compiling binread v1.4.1
[INFO] [stderr]    Compiling flyr v0.4.2
[INFO] [stderr]    Compiling libblackbody v0.5.0 (/opt/rustwide/workdir)
[INFO] [stderr]     Finished dev [unoptimized + debuginfo] target(s) in 14.79s
[INFO] running `Command { std: "docker" "inspect" "96db4bbbdab04c58c49feea57957400f220094c4326f4559690e0e488928f85c", kill_on_drop: false }`
[INFO] running `Command { std: "docker" "rm" "-f" "96db4bbbdab04c58c49feea57957400f220094c4326f4559690e0e488928f85c", kill_on_drop: false }`
[INFO] [stdout] 96db4bbbdab04c58c49feea57957400f220094c4326f4559690e0e488928f85c
[INFO] running `Command { std: "docker" "create" "-v" "/var/lib/crater-agent-workspace/builds/worker-1-tc2/target:/opt/rustwide/target:rw,Z" "-v" "/var/lib/crater-agent-workspace/builds/worker-1-tc2/source:/opt/rustwide/workdir:ro,Z" "-v" "/var/lib/crater-agent-workspace/cargo-home:/opt/rustwide/cargo-home:ro,Z" "-v" "/var/lib/crater-agent-workspace/rustup-home:/opt/rustwide/rustup-home:ro,Z" "-e" "SOURCE_DIR=/opt/rustwide/workdir" "-e" "CARGO_TARGET_DIR=/opt/rustwide/target" "-e" "CARGO_INCREMENTAL=0" "-e" "RUST_BACKTRACE=full" "-e" "RUSTFLAGS=--cap-lints=warn" "-e" "RUSTDOCFLAGS=--cap-lints=warn" "-e" "CARGO_HOME=/opt/rustwide/cargo-home" "-e" "RUSTUP_HOME=/opt/rustwide/rustup-home" "-w" "/opt/rustwide/workdir" "-m" "1610612736" "--user" "0:0" "--network" "none" "ghcr.io/rust-lang/crates-build-env/linux@sha256:2788e3201cd34a07e3172128adcd8b3090168a8e3bcc40d7c032b9dda1df7d1c" "/opt/rustwide/cargo-home/bin/cargo" "+beta-2023-12-22" "test" "--frozen" "--no-run" "--message-format=json", kill_on_drop: false }`
[INFO] [stdout] f86b54f2090266320e3be78a8b05b50ed43077631ae8f3fb41f2525a4e0601d4
[INFO] running `Command { std: "docker" "start" "-a" "f86b54f2090266320e3be78a8b05b50ed43077631ae8f3fb41f2525a4e0601d4", kill_on_drop: false }`
[INFO] [stderr]    Compiling libblackbody v0.5.0 (/opt/rustwide/workdir)
[INFO] [stderr]     Finished test [unoptimized + debuginfo] target(s) in 0.58s
[INFO] running `Command { std: "docker" "inspect" "f86b54f2090266320e3be78a8b05b50ed43077631ae8f3fb41f2525a4e0601d4", kill_on_drop: false }`
[INFO] running `Command { std: "docker" "rm" "-f" "f86b54f2090266320e3be78a8b05b50ed43077631ae8f3fb41f2525a4e0601d4", kill_on_drop: false }`
[INFO] [stdout] f86b54f2090266320e3be78a8b05b50ed43077631ae8f3fb41f2525a4e0601d4
[INFO] running `Command { std: "docker" "create" "-v" "/var/lib/crater-agent-workspace/builds/worker-1-tc2/target:/opt/rustwide/target:rw,Z" "-v" "/var/lib/crater-agent-workspace/builds/worker-1-tc2/source:/opt/rustwide/workdir:ro,Z" "-v" "/var/lib/crater-agent-workspace/cargo-home:/opt/rustwide/cargo-home:ro,Z" "-v" "/var/lib/crater-agent-workspace/rustup-home:/opt/rustwide/rustup-home:ro,Z" "-e" "SOURCE_DIR=/opt/rustwide/workdir" "-e" "CARGO_TARGET_DIR=/opt/rustwide/target" "-e" "CARGO_INCREMENTAL=0" "-e" "RUST_BACKTRACE=full" "-e" "RUSTFLAGS=--cap-lints=warn" "-e" "RUSTDOCFLAGS=--cap-lints=warn" "-e" "CARGO_HOME=/opt/rustwide/cargo-home" "-e" "RUSTUP_HOME=/opt/rustwide/rustup-home" "-w" "/opt/rustwide/workdir" "-m" "1610612736" "--user" "0:0" "--network" "none" "ghcr.io/rust-lang/crates-build-env/linux@sha256:2788e3201cd34a07e3172128adcd8b3090168a8e3bcc40d7c032b9dda1df7d1c" "/opt/rustwide/cargo-home/bin/cargo" "+beta-2023-12-22" "test" "--frozen", kill_on_drop: false }`
[INFO] [stdout] 3bc296783a3a30fb051d6117cbcb1482910b962e4c604677732b52f5179d92f9
[INFO] running `Command { std: "docker" "start" "-a" "3bc296783a3a30fb051d6117cbcb1482910b962e4c604677732b52f5179d92f9", kill_on_drop: false }`
[INFO] [stderr]     Finished test [unoptimized + debuginfo] target(s) in 0.03s
[INFO] [stderr]      Running unittests src/lib.rs (/opt/rustwide/target/debug/deps/libblackbody-40fed11e92767379)
[INFO] [stdout] 
[INFO] [stderr]    Doc-tests libblackbody
[INFO] [stdout] running 0 tests
[INFO] [stdout] 
[INFO] [stdout] test result: ok. 0 passed; 0 failed; 0 ignored; 0 measured; 0 filtered out; finished in 0.00s
[INFO] [stdout] 
[INFO] [stdout] 
[INFO] [stdout] running 5 tests
[INFO] [stdout] test src/thermogram.rs - thermogram::Thermogram (line 15) ... FAILED
[INFO] [stdout] test src/lib.rs - (line 37) ... FAILED
[INFO] [stdout] test src/thermogram_trait.rs - thermogram_trait::ThermogramTrait (line 13) ... FAILED
[INFO] [stdout] test src/thermogram.rs - thermogram::Thermogram::from_file (line 43) ... FAILED
[INFO] [stdout] test src/lib.rs - (line 18) ... FAILED
[INFO] [stdout] 
[INFO] [stdout] failures:
[INFO] [stdout] 
[INFO] [stdout] ---- src/thermogram.rs - thermogram::Thermogram (line 15) stdout ----
[INFO] [stdout] error: expected one of `!`, `::`, `;`, `where`, or `{`, found `>`
[INFO] [stdout]   --> src/thermogram.rs:18:41
[INFO] [stdout]    |
[INFO] [stdout] 3  | pub trait ThermogramTrait {
[INFO] [stdout]    |                           - while parsing this item list starting here
[INFO] [stdout] 4  |     fn thermal(&self) -> &Array<f32, Ix2>;  // Extract the thermal data
[INFO] [stdout] 5  |     fn optical(&self) -> &Array<u8, Ix3>>;  // Extract embedded photos, if present
[INFO] [stdout]    |                                         ^ expected one of `!`, `::`, `;`, `where`, or `{`
[INFO] [stdout] ...
[INFO] [stdout] 11 | }
[INFO] [stdout]    | - the item list ends here
[INFO] [stdout] 
[INFO] [stdout] error[E0412]: cannot find type `Array` in this scope
[INFO] [stdout]  --> src/thermogram.rs:17:27
[INFO] [stdout]   |
[INFO] [stdout] 4 |     fn thermal(&self) -> &Array<f32, Ix2>;  // Extract the thermal data
[INFO] [stdout]   |                           ^^^^^ not found in this scope
[INFO] [stdout]   |
[INFO] [stdout] help: consider importing this type alias
[INFO] [stdout]   |
[INFO] [stdout] 2 + use ndarray::Array;
[INFO] [stdout]   |
[INFO] [stdout] 
[INFO] [stdout] error[E0412]: cannot find type `Ix2` in this scope
[INFO] [stdout]  --> src/thermogram.rs:17:38
[INFO] [stdout]   |
[INFO] [stdout] 4 |     fn thermal(&self) -> &Array<f32, Ix2>;  // Extract the thermal data
[INFO] [stdout]   |                                      ^^^ not found in this scope
[INFO] [stdout]   |
[INFO] [stdout] help: consider importing this type alias
[INFO] [stdout]   |
[INFO] [stdout] 2 + use ndarray::Ix2;
[INFO] [stdout]   |
[INFO] [stdout] 
[INFO] [stdout] error: aborting due to 3 previous errors
[INFO] [stdout] 
[INFO] [stdout] For more information about this error, try `rustc --explain E0412`.
[INFO] [stdout] Couldn't compile the test.
[INFO] [stdout] ---- src/lib.rs - (line 37) stdout ----
[INFO] [stdout] error: expected one of `!`, `::`, `;`, `where`, or `{`, found `>`
[INFO] [stdout]   --> src/lib.rs:40:41
[INFO] [stdout]    |
[INFO] [stdout] 3  | pub trait ThermogramTrait {
[INFO] [stdout]    |                           - while parsing this item list starting here
[INFO] [stdout] 4  |     fn thermal(&self) -> &Array<f32, Ix2>;  // Extract the thermal data
[INFO] [stdout] 5  |     fn optical(&self) -> &Array<u8, Ix3>>;  // Extract embedded photos, if present
[INFO] [stdout]    |                                         ^ expected one of `!`, `::`, `;`, `where`, or `{`
[INFO] [stdout] ...
[INFO] [stdout] 11 | }
[INFO] [stdout]    | - the item list ends here
[INFO] [stdout] 
[INFO] [stdout] error[E0412]: cannot find type `Array` in this scope
[INFO] [stdout]  --> src/lib.rs:39:27
[INFO] [stdout]   |
[INFO] [stdout] 4 |     fn thermal(&self) -> &Array<f32, Ix2>;  // Extract the thermal data
[INFO] [stdout]   |                           ^^^^^ not found in this scope
[INFO] [stdout]   |
[INFO] [stdout] help: consider importing this type alias
[INFO] [stdout]   |
[INFO] [stdout] 2 + use ndarray::Array;
[INFO] [stdout]   |
[INFO] [stdout] 
[INFO] [stdout] error[E0412]: cannot find type `Ix2` in this scope
[INFO] [stdout]  --> src/lib.rs:39:38
[INFO] [stdout]   |
[INFO] [stdout] 4 |     fn thermal(&self) -> &Array<f32, Ix2>;  // Extract the thermal data
[INFO] [stdout]   |                                      ^^^ not found in this scope
[INFO] [stdout]   |
[INFO] [stdout] help: consider importing this type alias
[INFO] [stdout]   |
[INFO] [stdout] 2 + use ndarray::Ix2;
[INFO] [stdout]   |
[INFO] [stdout] 
[INFO] [stdout] error: aborting due to 3 previous errors
[INFO] [stdout] 
[INFO] [stdout] For more information about this error, try `rustc --explain E0412`.
[INFO] [stdout] Couldn't compile the test.
[INFO] [stdout] ---- src/thermogram_trait.rs - thermogram_trait::ThermogramTrait (line 13) stdout ----
[INFO] [stdout] error: expected one of `!`, `::`, `;`, `where`, or `{`, found `>`
[INFO] [stdout]   --> src/thermogram_trait.rs:16:41
[INFO] [stdout]    |
[INFO] [stdout] 3  | pub trait ThermogramTrait {
[INFO] [stdout]    |                           - while parsing this item list starting here
[INFO] [stdout] 4  |     fn thermal(&self) -> &Array<f32, Ix2>;  // Extract the thermal data
[INFO] [stdout] 5  |     fn optical(&self) -> &Array<u8, Ix3>>;  // Extract embedded photos, if present
[INFO] [stdout]    |                                         ^ expected one of `!`, `::`, `;`, `where`, or `{`
[INFO] [stdout] ...
[INFO] [stdout] 11 | }
[INFO] [stdout]    | - the item list ends here
[INFO] [stdout] 
[INFO] [stdout] error[E0412]: cannot find type `Array` in this scope
[INFO] [stdout]  --> src/thermogram_trait.rs:15:27
[INFO] [stdout]   |
[INFO] [stdout] 4 |     fn thermal(&self) -> &Array<f32, Ix2>;  // Extract the thermal data
[INFO] [stdout]   |                           ^^^^^ not found in this scope
[INFO] [stdout]   |
[INFO] [stdout] help: consider importing this type alias
[INFO] [stdout]   |
[INFO] [stdout] 2 + use ndarray::Array;
[INFO] [stdout]   |
[INFO] [stdout] 
[INFO] [stdout] error[E0412]: cannot find type `Ix2` in this scope
[INFO] [stdout]  --> src/thermogram_trait.rs:15:38
[INFO] [stdout]   |
[INFO] [stdout] 4 |     fn thermal(&self) -> &Array<f32, Ix2>;  // Extract the thermal data
[INFO] [stdout]   |                                      ^^^ not found in this scope
[INFO] [stdout]   |
[INFO] [stdout] help: consider importing this type alias
[INFO] [stdout]   |
[INFO] [stdout] 2 + use ndarray::Ix2;
[INFO] [stdout]   |
[INFO] [stdout] 
[INFO] [stdout] error: aborting due to 3 previous errors
[INFO] [stdout] 
[INFO] [stdout] For more information about this error, try `rustc --explain E0412`.
[INFO] [stdout] Couldn't compile the test.
[INFO] [stdout] ---- src/thermogram.rs - thermogram::Thermogram::from_file (line 43) stdout ----
[INFO] [stdout] error[E0433]: failed to resolve: use of undeclared type `Thermogram`
[INFO] [stdout]  --> src/thermogram.rs:45:20
[INFO] [stdout]   |
[INFO] [stdout] 4 | let r_thermogram = Thermogram::from_file(&file_path);
[INFO] [stdout]   |                    ^^^^^^^^^^ use of undeclared type `Thermogram`
[INFO] [stdout]   |
[INFO] [stdout] help: consider importing this enum
[INFO] [stdout]   |
[INFO] [stdout] 2 + use libblackbody::Thermogram;
[INFO] [stdout]   |
[INFO] [stdout] 
[INFO] [stdout] error: aborting due to 1 previous error
[INFO] [stdout] 
[INFO] [stdout] For more information about this error, try `rustc --explain E0433`.
[INFO] [stdout] Couldn't compile the test.
[INFO] [stdout] ---- src/lib.rs - (line 18) stdout ----
[INFO] [stdout] error[E0433]: failed to resolve: use of undeclared type `Thermogram`
[INFO] [stdout]  --> src/lib.rs:20:20
[INFO] [stdout]   |
[INFO] [stdout] 4 | let r_thermogram = Thermogram::from_file(&file_path);
[INFO] [stdout]   |                    ^^^^^^^^^^ use of undeclared type `Thermogram`
[INFO] [stdout]   |
[INFO] [stdout] help: consider importing this enum
[INFO] [stdout]   |
[INFO] [stdout] 2 + use libblackbody::Thermogram;
[INFO] [stdout]   |
[INFO] [stdout] 
[INFO] [stdout] error: aborting due to 1 previous error
[INFO] [stdout] 
[INFO] [stdout] For more information about this error, try `rustc --explain E0433`.
[INFO] [stdout] Couldn't compile the test.
[INFO] [stdout] 
[INFO] [stdout] failures:
[INFO] [stdout]     src/lib.rs - (line 18)
[INFO] [stdout]     src/lib.rs - (line 37)
[INFO] [stdout]     src/thermogram.rs - thermogram::Thermogram (line 15)
[INFO] [stdout]     src/thermogram.rs - thermogram::Thermogram::from_file (line 43)
[INFO] [stdout]     src/thermogram_trait.rs - thermogram_trait::ThermogramTrait (line 13)
[INFO] [stdout] 
[INFO] [stdout] test result: FAILED. 0 passed; 5 failed; 0 ignored; 0 measured; 0 filtered out; finished in 0.17s
[INFO] [stdout] 
[INFO] [stderr] error: doctest failed, to rerun pass `--doc`
[INFO] running `Command { std: "docker" "inspect" "3bc296783a3a30fb051d6117cbcb1482910b962e4c604677732b52f5179d92f9", kill_on_drop: false }`
[INFO] running `Command { std: "docker" "rm" "-f" "3bc296783a3a30fb051d6117cbcb1482910b962e4c604677732b52f5179d92f9", kill_on_drop: false }`
[INFO] [stdout] 3bc296783a3a30fb051d6117cbcb1482910b962e4c604677732b52f5179d92f9
