[INFO] fetching crate libaaarg 0.4.0...
[INFO] testing libaaarg-0.4.0 against 1.75.0 for beta-1.76-1
[INFO] extracting crate libaaarg 0.4.0 into /workspace/builds/worker-3-tc1/source
[INFO] validating manifest of crates.io crate libaaarg 0.4.0 on toolchain 1.75.0
[INFO] running `Command { std: CARGO_HOME="/workspace/cargo-home" RUSTUP_HOME="/workspace/rustup-home" "/workspace/cargo-home/bin/cargo" "+1.75.0" "metadata" "--manifest-path" "Cargo.toml" "--no-deps", kill_on_drop: false }`
[INFO] started tweaking crates.io crate libaaarg 0.4.0
[INFO] finished tweaking crates.io crate libaaarg 0.4.0
[INFO] tweaked toml for crates.io crate libaaarg 0.4.0 written to /workspace/builds/worker-3-tc1/source/Cargo.toml
[INFO] running `Command { std: CARGO_HOME="/workspace/cargo-home" RUSTUP_HOME="/workspace/rustup-home" "/workspace/cargo-home/bin/cargo" "+1.75.0" "generate-lockfile" "--manifest-path" "Cargo.toml", kill_on_drop: false }`
[INFO] [stderr]     Updating crates.io index
[INFO] running `Command { std: CARGO_HOME="/workspace/cargo-home" RUSTUP_HOME="/workspace/rustup-home" "/workspace/cargo-home/bin/cargo" "+1.75.0" "fetch" "--manifest-path" "Cargo.toml", kill_on_drop: false }`
[INFO] running `Command { std: "docker" "create" "-v" "/var/lib/crater-agent-workspace/builds/worker-3-tc1/target:/opt/rustwide/target:rw,Z" "-v" "/var/lib/crater-agent-workspace/builds/worker-3-tc1/source:/opt/rustwide/workdir:ro,Z" "-v" "/var/lib/crater-agent-workspace/cargo-home:/opt/rustwide/cargo-home:ro,Z" "-v" "/var/lib/crater-agent-workspace/rustup-home:/opt/rustwide/rustup-home:ro,Z" "-e" "SOURCE_DIR=/opt/rustwide/workdir" "-e" "CARGO_TARGET_DIR=/opt/rustwide/target" "-e" "CARGO_HOME=/opt/rustwide/cargo-home" "-e" "RUSTUP_HOME=/opt/rustwide/rustup-home" "-w" "/opt/rustwide/workdir" "-m" "1610612736" "--user" "0:0" "--network" "none" "ghcr.io/rust-lang/crates-build-env/linux@sha256:2788e3201cd34a07e3172128adcd8b3090168a8e3bcc40d7c032b9dda1df7d1c" "/opt/rustwide/cargo-home/bin/cargo" "+1.75.0" "metadata" "--no-deps" "--format-version=1", kill_on_drop: false }`
[INFO] [stdout] efd1fddc7ecf017ffbfe9ea983ae0fa0006732abebdc9293bbf6f194c36bf31b
[INFO] running `Command { std: "docker" "start" "-a" "efd1fddc7ecf017ffbfe9ea983ae0fa0006732abebdc9293bbf6f194c36bf31b", kill_on_drop: false }`
[INFO] running `Command { std: "docker" "inspect" "efd1fddc7ecf017ffbfe9ea983ae0fa0006732abebdc9293bbf6f194c36bf31b", kill_on_drop: false }`
[INFO] running `Command { std: "docker" "rm" "-f" "efd1fddc7ecf017ffbfe9ea983ae0fa0006732abebdc9293bbf6f194c36bf31b", kill_on_drop: false }`
[INFO] [stdout] efd1fddc7ecf017ffbfe9ea983ae0fa0006732abebdc9293bbf6f194c36bf31b
[INFO] running `Command { std: "docker" "create" "-v" "/var/lib/crater-agent-workspace/builds/worker-3-tc1/target:/opt/rustwide/target:rw,Z" "-v" "/var/lib/crater-agent-workspace/builds/worker-3-tc1/source:/opt/rustwide/workdir:ro,Z" "-v" "/var/lib/crater-agent-workspace/cargo-home:/opt/rustwide/cargo-home:ro,Z" "-v" "/var/lib/crater-agent-workspace/rustup-home:/opt/rustwide/rustup-home:ro,Z" "-e" "SOURCE_DIR=/opt/rustwide/workdir" "-e" "CARGO_TARGET_DIR=/opt/rustwide/target" "-e" "CARGO_INCREMENTAL=0" "-e" "RUST_BACKTRACE=full" "-e" "RUSTFLAGS=--cap-lints=warn" "-e" "RUSTDOCFLAGS=--cap-lints=warn" "-e" "CARGO_HOME=/opt/rustwide/cargo-home" "-e" "RUSTUP_HOME=/opt/rustwide/rustup-home" "-w" "/opt/rustwide/workdir" "-m" "1610612736" "--user" "0:0" "--network" "none" "ghcr.io/rust-lang/crates-build-env/linux@sha256:2788e3201cd34a07e3172128adcd8b3090168a8e3bcc40d7c032b9dda1df7d1c" "/opt/rustwide/cargo-home/bin/cargo" "+1.75.0" "build" "--frozen" "--message-format=json", kill_on_drop: false }`
[INFO] [stdout] bd2042e5e1d261f1eb7c62bfc89858982f2405975b69db2a6f6df299323a8d9d
[INFO] running `Command { std: "docker" "start" "-a" "bd2042e5e1d261f1eb7c62bfc89858982f2405975b69db2a6f6df299323a8d9d", kill_on_drop: false }`
[INFO] [stderr]    Compiling libc v0.2.151
[INFO] [stderr]    Compiling cfg-if v1.0.0
[INFO] [stderr]    Compiling pkg-config v0.3.28
[INFO] [stderr]    Compiling thiserror v1.0.56
[INFO] [stderr]    Compiling parking_lot_core v0.8.6
[INFO] [stderr]    Compiling bitflags v1.3.2
[INFO] [stderr]    Compiling scopeguard v1.2.0
[INFO] [stderr]    Compiling smallvec v1.11.2
[INFO] [stderr]    Compiling byteorder v1.5.0
[INFO] [stderr]    Compiling tinyvec_macros v0.1.1
[INFO] [stderr]    Compiling cpal v0.13.5
[INFO] [stderr]    Compiling ppv-lite86 v0.2.17
[INFO] [stderr]    Compiling memoffset v0.6.5
[INFO] [stderr]    Compiling lock_api v0.4.11
[INFO] [stderr]    Compiling syn v2.0.48
[INFO] [stderr]    Compiling instant v0.1.12
[INFO] [stderr]    Compiling tinyvec v1.6.0
[INFO] [stderr]    Compiling hound v3.5.1
[INFO] [stderr]    Compiling claxon v0.4.3
[INFO] [stderr]    Compiling ogg v0.8.0
[INFO] [stderr]    Compiling alsa-sys v0.3.1
[INFO] [stderr]    Compiling lewton v0.10.2
[INFO] [stderr]    Compiling cc v1.0.83
[INFO] [stderr]    Compiling getrandom v0.2.11
[INFO] [stderr]    Compiling nix v0.23.2
[INFO] [stderr]    Compiling slice-deque v0.3.0
[INFO] [stderr]    Compiling minimp3-sys v0.3.2
[INFO] [stderr]    Compiling rand_core v0.6.4
[INFO] [stderr]    Compiling parking_lot v0.11.2
[INFO] [stderr]    Compiling rand_chacha v0.3.1
[INFO] [stderr]    Compiling rand v0.8.5
[INFO] [stderr]    Compiling thiserror-impl v1.0.56
[INFO] [stderr]    Compiling minimp3 v0.5.1
[INFO] [stderr]    Compiling alsa v0.6.0
[INFO] [stderr]    Compiling rodio v0.15.0
[INFO] [stderr]    Compiling libaaarg v0.4.0 (/opt/rustwide/workdir)
[INFO] [stderr]     Finished dev [unoptimized + debuginfo] target(s) in 6.20s
[INFO] running `Command { std: "docker" "inspect" "bd2042e5e1d261f1eb7c62bfc89858982f2405975b69db2a6f6df299323a8d9d", kill_on_drop: false }`
[INFO] running `Command { std: "docker" "rm" "-f" "bd2042e5e1d261f1eb7c62bfc89858982f2405975b69db2a6f6df299323a8d9d", kill_on_drop: false }`
[INFO] [stdout] bd2042e5e1d261f1eb7c62bfc89858982f2405975b69db2a6f6df299323a8d9d
[INFO] running `Command { std: "docker" "create" "-v" "/var/lib/crater-agent-workspace/builds/worker-3-tc1/target:/opt/rustwide/target:rw,Z" "-v" "/var/lib/crater-agent-workspace/builds/worker-3-tc1/source:/opt/rustwide/workdir:ro,Z" "-v" "/var/lib/crater-agent-workspace/cargo-home:/opt/rustwide/cargo-home:ro,Z" "-v" "/var/lib/crater-agent-workspace/rustup-home:/opt/rustwide/rustup-home:ro,Z" "-e" "SOURCE_DIR=/opt/rustwide/workdir" "-e" "CARGO_TARGET_DIR=/opt/rustwide/target" "-e" "CARGO_INCREMENTAL=0" "-e" "RUST_BACKTRACE=full" "-e" "RUSTFLAGS=--cap-lints=warn" "-e" "RUSTDOCFLAGS=--cap-lints=warn" "-e" "CARGO_HOME=/opt/rustwide/cargo-home" "-e" "RUSTUP_HOME=/opt/rustwide/rustup-home" "-w" "/opt/rustwide/workdir" "-m" "1610612736" "--user" "0:0" "--network" "none" "ghcr.io/rust-lang/crates-build-env/linux@sha256:2788e3201cd34a07e3172128adcd8b3090168a8e3bcc40d7c032b9dda1df7d1c" "/opt/rustwide/cargo-home/bin/cargo" "+1.75.0" "test" "--frozen" "--no-run" "--message-format=json", kill_on_drop: false }`
[INFO] [stdout] 8e16c3c0ba8e2268ad02fb57b04cca1d78ff9ec86bcd14a5bf8d5f4c7211e5d5
[INFO] running `Command { std: "docker" "start" "-a" "8e16c3c0ba8e2268ad02fb57b04cca1d78ff9ec86bcd14a5bf8d5f4c7211e5d5", kill_on_drop: false }`
[INFO] [stderr]    Compiling libaaarg v0.4.0 (/opt/rustwide/workdir)
[INFO] [stderr]     Finished test [unoptimized + debuginfo] target(s) in 0.27s
[INFO] running `Command { std: "docker" "inspect" "8e16c3c0ba8e2268ad02fb57b04cca1d78ff9ec86bcd14a5bf8d5f4c7211e5d5", kill_on_drop: false }`
[INFO] running `Command { std: "docker" "rm" "-f" "8e16c3c0ba8e2268ad02fb57b04cca1d78ff9ec86bcd14a5bf8d5f4c7211e5d5", kill_on_drop: false }`
[INFO] [stdout] 8e16c3c0ba8e2268ad02fb57b04cca1d78ff9ec86bcd14a5bf8d5f4c7211e5d5
[INFO] running `Command { std: "docker" "create" "-v" "/var/lib/crater-agent-workspace/builds/worker-3-tc1/target:/opt/rustwide/target:rw,Z" "-v" "/var/lib/crater-agent-workspace/builds/worker-3-tc1/source:/opt/rustwide/workdir:ro,Z" "-v" "/var/lib/crater-agent-workspace/cargo-home:/opt/rustwide/cargo-home:ro,Z" "-v" "/var/lib/crater-agent-workspace/rustup-home:/opt/rustwide/rustup-home:ro,Z" "-e" "SOURCE_DIR=/opt/rustwide/workdir" "-e" "CARGO_TARGET_DIR=/opt/rustwide/target" "-e" "CARGO_INCREMENTAL=0" "-e" "RUST_BACKTRACE=full" "-e" "RUSTFLAGS=--cap-lints=warn" "-e" "RUSTDOCFLAGS=--cap-lints=warn" "-e" "CARGO_HOME=/opt/rustwide/cargo-home" "-e" "RUSTUP_HOME=/opt/rustwide/rustup-home" "-w" "/opt/rustwide/workdir" "-m" "1610612736" "--user" "0:0" "--network" "none" "ghcr.io/rust-lang/crates-build-env/linux@sha256:2788e3201cd34a07e3172128adcd8b3090168a8e3bcc40d7c032b9dda1df7d1c" "/opt/rustwide/cargo-home/bin/cargo" "+1.75.0" "test" "--frozen", kill_on_drop: false }`
[INFO] [stdout] 30e98abb734e15dc210ec94cdcba44d02800c9213285a21257b863a5e65ddcba
[INFO] running `Command { std: "docker" "start" "-a" "30e98abb734e15dc210ec94cdcba44d02800c9213285a21257b863a5e65ddcba", kill_on_drop: false }`
[INFO] [stderr]     Finished test [unoptimized + debuginfo] target(s) in 0.04s
[INFO] [stderr]      Running unittests src/lib.rs (/opt/rustwide/target/debug/deps/libaaarg-e124b17bbbc1edbf)
[INFO] [stdout] 
[INFO] [stdout] running 0 tests
[INFO] [stdout] 
[INFO] [stdout] test result: ok. 0 passed; 0 failed; 0 ignored; 0 measured; 0 filtered out; finished in 0.00s
[INFO] [stdout] 
[INFO] [stderr]    Doc-tests libaaarg
[INFO] [stdout] 
[INFO] [stdout] running 1 test
[INFO] [stdout] test src/lib.rs - (line 13) ... FAILED
[INFO] [stdout] 
[INFO] [stdout] failures:
[INFO] [stdout] 
[INFO] [stdout] ---- src/lib.rs - (line 13) stdout ----
[INFO] [stdout] error[E0599]: no method named `convert_samples` found for struct `Decoder` in the current scope
[INFO] [stdout]    --> src/lib.rs:31:22
[INFO] [stdout]     |
[INFO] [stdout] 21  | let samples = source.convert_samples::<f32>();
[INFO] [stdout]     |                      ^^^^^^^^^^^^^^^ method not found in `Decoder<BufReader<File>>`
[INFO] [stdout]     |
[INFO] [stdout]    ::: /opt/rustwide/cargo-home/registry/src/index.crates.io-6f17d22bba15001f/rodio-0.15.0/src/source/mod.rs:292:8
[INFO] [stdout]     |
[INFO] [stdout] 292 |     fn convert_samples<D>(self) -> SamplesConverter<Self, D>
[INFO] [stdout]     |        --------------- the method is available for `Decoder<BufReader<File>>` here
[INFO] [stdout]     |
[INFO] [stdout]     = help: items from traits can only be used if the trait is in scope
[INFO] [stdout] help: the following trait is implemented but not in scope; perhaps add a `use` for it:
[INFO] [stdout]     |
[INFO] [stdout] 2   + use rodio::Source;
[INFO] [stdout]     |
[INFO] [stdout] 
[INFO] [stdout] error[E0063]: missing fields `factor_variation`, `stutter_count`, `stutter_duration` and 1 other field in initializer of `AliasingParams`
[INFO] [stdout]   --> src/lib.rs:34:41
[INFO] [stdout]    |
[INFO] [stdout] 24 | let aliased = libaaarg::alias(samples, &AliasingParams {
[INFO] [stdout]    |                                         ^^^^^^^^^^^^^^ missing `factor_variation`, `stutter_count`, `stutter_duration` and 1 other field
[INFO] [stdout] 
[INFO] [stdout] error: aborting due to 2 previous errors
[INFO] [stdout] 
[INFO] [stdout] Some errors have detailed explanations: E0063, E0599.
[INFO] [stdout] For more information about an error, try `rustc --explain E0063`.
[INFO] [stdout] Couldn't compile the test.
[INFO] [stdout] 
[INFO] [stdout] failures:
[INFO] [stdout]     src/lib.rs - (line 13)
[INFO] [stdout] 
[INFO] [stdout] test result: FAILED. 0 passed; 1 failed; 0 ignored; 0 measured; 0 filtered out; finished in 0.05s
[INFO] [stdout] 
[INFO] [stderr] error: doctest failed, to rerun pass `--doc`
[INFO] running `Command { std: "docker" "inspect" "30e98abb734e15dc210ec94cdcba44d02800c9213285a21257b863a5e65ddcba", kill_on_drop: false }`
[INFO] running `Command { std: "docker" "rm" "-f" "30e98abb734e15dc210ec94cdcba44d02800c9213285a21257b863a5e65ddcba", kill_on_drop: false }`
[INFO] [stdout] 30e98abb734e15dc210ec94cdcba44d02800c9213285a21257b863a5e65ddcba
