[INFO] fetching crate lhash 1.0.1...
[INFO] testing lhash-1.0.1 against 1.75.0 for beta-1.76-1
[INFO] extracting crate lhash 1.0.1 into /workspace/builds/worker-3-tc1/source
[INFO] validating manifest of crates.io crate lhash 1.0.1 on toolchain 1.75.0
[INFO] running `Command { std: CARGO_HOME="/workspace/cargo-home" RUSTUP_HOME="/workspace/rustup-home" "/workspace/cargo-home/bin/cargo" "+1.75.0" "metadata" "--manifest-path" "Cargo.toml" "--no-deps", kill_on_drop: false }`
[INFO] started tweaking crates.io crate lhash 1.0.1
[INFO] finished tweaking crates.io crate lhash 1.0.1
[INFO] tweaked toml for crates.io crate lhash 1.0.1 written to /workspace/builds/worker-3-tc1/source/Cargo.toml
[INFO] running `Command { std: CARGO_HOME="/workspace/cargo-home" RUSTUP_HOME="/workspace/rustup-home" "/workspace/cargo-home/bin/cargo" "+1.75.0" "generate-lockfile" "--manifest-path" "Cargo.toml", kill_on_drop: false }`
[INFO] running `Command { std: CARGO_HOME="/workspace/cargo-home" RUSTUP_HOME="/workspace/rustup-home" "/workspace/cargo-home/bin/cargo" "+1.75.0" "fetch" "--manifest-path" "Cargo.toml", kill_on_drop: false }`
[INFO] running `Command { std: "docker" "create" "-v" "/var/lib/crater-agent-workspace/builds/worker-3-tc1/target:/opt/rustwide/target:rw,Z" "-v" "/var/lib/crater-agent-workspace/builds/worker-3-tc1/source:/opt/rustwide/workdir:ro,Z" "-v" "/var/lib/crater-agent-workspace/cargo-home:/opt/rustwide/cargo-home:ro,Z" "-v" "/var/lib/crater-agent-workspace/rustup-home:/opt/rustwide/rustup-home:ro,Z" "-e" "SOURCE_DIR=/opt/rustwide/workdir" "-e" "CARGO_TARGET_DIR=/opt/rustwide/target" "-e" "CARGO_HOME=/opt/rustwide/cargo-home" "-e" "RUSTUP_HOME=/opt/rustwide/rustup-home" "-w" "/opt/rustwide/workdir" "-m" "1610612736" "--user" "0:0" "--network" "none" "ghcr.io/rust-lang/crates-build-env/linux@sha256:2788e3201cd34a07e3172128adcd8b3090168a8e3bcc40d7c032b9dda1df7d1c" "/opt/rustwide/cargo-home/bin/cargo" "+1.75.0" "metadata" "--no-deps" "--format-version=1", kill_on_drop: false }`
[INFO] [stdout] 3e65a5e0028256ea6890bc6f03926c756cb6f96b64a8da4465a332431b0a414a
[INFO] running `Command { std: "docker" "start" "-a" "3e65a5e0028256ea6890bc6f03926c756cb6f96b64a8da4465a332431b0a414a", kill_on_drop: false }`
[INFO] running `Command { std: "docker" "inspect" "3e65a5e0028256ea6890bc6f03926c756cb6f96b64a8da4465a332431b0a414a", kill_on_drop: false }`
[INFO] running `Command { std: "docker" "rm" "-f" "3e65a5e0028256ea6890bc6f03926c756cb6f96b64a8da4465a332431b0a414a", kill_on_drop: false }`
[INFO] [stdout] 3e65a5e0028256ea6890bc6f03926c756cb6f96b64a8da4465a332431b0a414a
[INFO] running `Command { std: "docker" "create" "-v" "/var/lib/crater-agent-workspace/builds/worker-3-tc1/target:/opt/rustwide/target:rw,Z" "-v" "/var/lib/crater-agent-workspace/builds/worker-3-tc1/source:/opt/rustwide/workdir:ro,Z" "-v" "/var/lib/crater-agent-workspace/cargo-home:/opt/rustwide/cargo-home:ro,Z" "-v" "/var/lib/crater-agent-workspace/rustup-home:/opt/rustwide/rustup-home:ro,Z" "-e" "SOURCE_DIR=/opt/rustwide/workdir" "-e" "CARGO_TARGET_DIR=/opt/rustwide/target" "-e" "CARGO_INCREMENTAL=0" "-e" "RUST_BACKTRACE=full" "-e" "RUSTFLAGS=--cap-lints=warn" "-e" "RUSTDOCFLAGS=--cap-lints=warn" "-e" "CARGO_HOME=/opt/rustwide/cargo-home" "-e" "RUSTUP_HOME=/opt/rustwide/rustup-home" "-w" "/opt/rustwide/workdir" "-m" "1610612736" "--user" "0:0" "--network" "none" "ghcr.io/rust-lang/crates-build-env/linux@sha256:2788e3201cd34a07e3172128adcd8b3090168a8e3bcc40d7c032b9dda1df7d1c" "/opt/rustwide/cargo-home/bin/cargo" "+1.75.0" "build" "--frozen" "--message-format=json", kill_on_drop: false }`
[INFO] [stdout] 4d43dcb4218dfdbfc4c67f87dec6a40cc15c18a37fb5f7e0e8da196e227098ff
[INFO] running `Command { std: "docker" "start" "-a" "4d43dcb4218dfdbfc4c67f87dec6a40cc15c18a37fb5f7e0e8da196e227098ff", kill_on_drop: false }`
[INFO] [stderr]    Compiling lhash v1.0.1 (/opt/rustwide/workdir)
[INFO] [stderr]     Finished dev [unoptimized + debuginfo] target(s) in 0.07s
[INFO] running `Command { std: "docker" "inspect" "4d43dcb4218dfdbfc4c67f87dec6a40cc15c18a37fb5f7e0e8da196e227098ff", kill_on_drop: false }`
[INFO] running `Command { std: "docker" "rm" "-f" "4d43dcb4218dfdbfc4c67f87dec6a40cc15c18a37fb5f7e0e8da196e227098ff", kill_on_drop: false }`
[INFO] [stdout] 4d43dcb4218dfdbfc4c67f87dec6a40cc15c18a37fb5f7e0e8da196e227098ff
[INFO] running `Command { std: "docker" "create" "-v" "/var/lib/crater-agent-workspace/builds/worker-3-tc1/target:/opt/rustwide/target:rw,Z" "-v" "/var/lib/crater-agent-workspace/builds/worker-3-tc1/source:/opt/rustwide/workdir:ro,Z" "-v" "/var/lib/crater-agent-workspace/cargo-home:/opt/rustwide/cargo-home:ro,Z" "-v" "/var/lib/crater-agent-workspace/rustup-home:/opt/rustwide/rustup-home:ro,Z" "-e" "SOURCE_DIR=/opt/rustwide/workdir" "-e" "CARGO_TARGET_DIR=/opt/rustwide/target" "-e" "CARGO_INCREMENTAL=0" "-e" "RUST_BACKTRACE=full" "-e" "RUSTFLAGS=--cap-lints=warn" "-e" "RUSTDOCFLAGS=--cap-lints=warn" "-e" "CARGO_HOME=/opt/rustwide/cargo-home" "-e" "RUSTUP_HOME=/opt/rustwide/rustup-home" "-w" "/opt/rustwide/workdir" "-m" "1610612736" "--user" "0:0" "--network" "none" "ghcr.io/rust-lang/crates-build-env/linux@sha256:2788e3201cd34a07e3172128adcd8b3090168a8e3bcc40d7c032b9dda1df7d1c" "/opt/rustwide/cargo-home/bin/cargo" "+1.75.0" "test" "--frozen" "--no-run" "--message-format=json", kill_on_drop: false }`
[INFO] [stdout] 17df9d4d4d95971c56290156bae0f433eb0a145debba415ebe536d08621f82d2
[INFO] running `Command { std: "docker" "start" "-a" "17df9d4d4d95971c56290156bae0f433eb0a145debba415ebe536d08621f82d2", kill_on_drop: false }`
[INFO] [stderr]    Compiling lhash v1.0.1 (/opt/rustwide/workdir)
[INFO] [stderr]     Finished test [unoptimized + debuginfo] target(s) in 0.18s
[INFO] running `Command { std: "docker" "inspect" "17df9d4d4d95971c56290156bae0f433eb0a145debba415ebe536d08621f82d2", kill_on_drop: false }`
[INFO] running `Command { std: "docker" "rm" "-f" "17df9d4d4d95971c56290156bae0f433eb0a145debba415ebe536d08621f82d2", kill_on_drop: false }`
[INFO] [stdout] 17df9d4d4d95971c56290156bae0f433eb0a145debba415ebe536d08621f82d2
[INFO] running `Command { std: "docker" "create" "-v" "/var/lib/crater-agent-workspace/builds/worker-3-tc1/target:/opt/rustwide/target:rw,Z" "-v" "/var/lib/crater-agent-workspace/builds/worker-3-tc1/source:/opt/rustwide/workdir:ro,Z" "-v" "/var/lib/crater-agent-workspace/cargo-home:/opt/rustwide/cargo-home:ro,Z" "-v" "/var/lib/crater-agent-workspace/rustup-home:/opt/rustwide/rustup-home:ro,Z" "-e" "SOURCE_DIR=/opt/rustwide/workdir" "-e" "CARGO_TARGET_DIR=/opt/rustwide/target" "-e" "CARGO_INCREMENTAL=0" "-e" "RUST_BACKTRACE=full" "-e" "RUSTFLAGS=--cap-lints=warn" "-e" "RUSTDOCFLAGS=--cap-lints=warn" "-e" "CARGO_HOME=/opt/rustwide/cargo-home" "-e" "RUSTUP_HOME=/opt/rustwide/rustup-home" "-w" "/opt/rustwide/workdir" "-m" "1610612736" "--user" "0:0" "--network" "none" "ghcr.io/rust-lang/crates-build-env/linux@sha256:2788e3201cd34a07e3172128adcd8b3090168a8e3bcc40d7c032b9dda1df7d1c" "/opt/rustwide/cargo-home/bin/cargo" "+1.75.0" "test" "--frozen", kill_on_drop: false }`
[INFO] [stdout] 7dda1298c550e7b20ceabd35a3047fb7ba6b90ad1c16ba2b90ccb3cf0e98930e
[INFO] running `Command { std: "docker" "start" "-a" "7dda1298c550e7b20ceabd35a3047fb7ba6b90ad1c16ba2b90ccb3cf0e98930e", kill_on_drop: false }`
[INFO] [stderr]     Finished test [unoptimized + debuginfo] target(s) in 0.00s
[INFO] [stderr]      Running unittests src/lib.rs (/opt/rustwide/target/debug/deps/lhash-474ce72474dc6231)
[INFO] [stdout] 
[INFO] [stdout] running 0 tests
[INFO] [stdout] 
[INFO] [stdout] test result: ok. 0 passed; 0 failed; 0 ignored; 0 measured; 0 filtered out; finished in 0.00s
[INFO] [stdout] 
[INFO] [stderr]    Doc-tests lhash
[INFO] [stdout] 
[INFO] [stdout] running 1 test
[INFO] [stdout] test src/lib.rs - DigestFmt (line 108) ... FAILED
[INFO] [stdout] 
[INFO] [stdout] failures:
[INFO] [stdout] 
[INFO] [stdout] ---- src/lib.rs - DigestFmt (line 108) stdout ----
[INFO] [stdout] error[E0432]: unresolved import `lhash::sha1`
[INFO] [stdout]    --> src/lib.rs:110:5
[INFO] [stdout]     |
[INFO] [stdout] 5   | use lhash::sha1;
[INFO] [stdout]     |     ^^^^^^^^^^^ no `sha1` in the root
[INFO] [stdout]     |
[INFO] [stdout] note: found an item that was configured out
[INFO] [stdout]    --> /opt/rustwide/workdir/src/lib.rs:127:5
[INFO] [stdout]     |
[INFO] [stdout] 127 | mod sha1;
[INFO] [stdout]     |     ^^^^
[INFO] [stdout]     = note: the item is gated behind the `sha1` feature
[INFO] [stdout] note: found an item that was configured out
[INFO] [stdout]    --> /opt/rustwide/workdir/src/lib.rs:129:16
[INFO] [stdout]     |
[INFO] [stdout] 129 | pub use sha1::{sha1, Sha1};
[INFO] [stdout]     |                ^^^^
[INFO] [stdout]     = note: the item is gated behind the `sha1` feature
[INFO] [stdout] 
[INFO] [stdout] error: aborting due to previous error
[INFO] [stdout] 
[INFO] [stdout] For more information about this error, try `rustc --explain E0432`.
[INFO] [stdout] Couldn't compile the test.
[INFO] [stdout] 
[INFO] [stdout] failures:
[INFO] [stdout]     src/lib.rs - DigestFmt (line 108)
[INFO] [stdout] 
[INFO] [stdout] test result: FAILED. 0 passed; 1 failed; 0 ignored; 0 measured; 0 filtered out; finished in 0.04s
[INFO] [stdout] 
[INFO] [stderr] error: doctest failed, to rerun pass `--doc`
[INFO] running `Command { std: "docker" "inspect" "7dda1298c550e7b20ceabd35a3047fb7ba6b90ad1c16ba2b90ccb3cf0e98930e", kill_on_drop: false }`
[INFO] running `Command { std: "docker" "rm" "-f" "7dda1298c550e7b20ceabd35a3047fb7ba6b90ad1c16ba2b90ccb3cf0e98930e", kill_on_drop: false }`
[INFO] [stdout] 7dda1298c550e7b20ceabd35a3047fb7ba6b90ad1c16ba2b90ccb3cf0e98930e
[INFO] testing lhash-1.0.1 against beta-2023-12-22 for beta-1.76-1
[INFO] extracting crate lhash 1.0.1 into /workspace/builds/worker-3-tc2/source
[INFO] validating manifest of crates.io crate lhash 1.0.1 on toolchain beta-2023-12-22
[INFO] running `Command { std: CARGO_HOME="/workspace/cargo-home" RUSTUP_HOME="/workspace/rustup-home" "/workspace/cargo-home/bin/cargo" "+beta-2023-12-22" "metadata" "--manifest-path" "Cargo.toml" "--no-deps", kill_on_drop: false }`
[INFO] started tweaking crates.io crate lhash 1.0.1
[INFO] finished tweaking crates.io crate lhash 1.0.1
[INFO] tweaked toml for crates.io crate lhash 1.0.1 written to /workspace/builds/worker-3-tc2/source/Cargo.toml
[INFO] running `Command { std: CARGO_HOME="/workspace/cargo-home" RUSTUP_HOME="/workspace/rustup-home" "/workspace/cargo-home/bin/cargo" "+beta-2023-12-22" "generate-lockfile" "--manifest-path" "Cargo.toml", kill_on_drop: false }`
[INFO] running `Command { std: CARGO_HOME="/workspace/cargo-home" RUSTUP_HOME="/workspace/rustup-home" "/workspace/cargo-home/bin/cargo" "+beta-2023-12-22" "fetch" "--manifest-path" "Cargo.toml", kill_on_drop: false }`
[INFO] running `Command { std: "docker" "create" "-v" "/var/lib/crater-agent-workspace/builds/worker-3-tc2/target:/opt/rustwide/target:rw,Z" "-v" "/var/lib/crater-agent-workspace/builds/worker-3-tc2/source:/opt/rustwide/workdir:ro,Z" "-v" "/var/lib/crater-agent-workspace/cargo-home:/opt/rustwide/cargo-home:ro,Z" "-v" "/var/lib/crater-agent-workspace/rustup-home:/opt/rustwide/rustup-home:ro,Z" "-e" "SOURCE_DIR=/opt/rustwide/workdir" "-e" "CARGO_TARGET_DIR=/opt/rustwide/target" "-e" "CARGO_HOME=/opt/rustwide/cargo-home" "-e" "RUSTUP_HOME=/opt/rustwide/rustup-home" "-w" "/opt/rustwide/workdir" "-m" "1610612736" "--user" "0:0" "--network" "none" "ghcr.io/rust-lang/crates-build-env/linux@sha256:2788e3201cd34a07e3172128adcd8b3090168a8e3bcc40d7c032b9dda1df7d1c" "/opt/rustwide/cargo-home/bin/cargo" "+beta-2023-12-22" "metadata" "--no-deps" "--format-version=1", kill_on_drop: false }`
[INFO] [stdout] a64b495e2ceb2b1a9b1ea3dc986b0afca51c90d6c122fc85f00d9196017a8f1a
[INFO] running `Command { std: "docker" "start" "-a" "a64b495e2ceb2b1a9b1ea3dc986b0afca51c90d6c122fc85f00d9196017a8f1a", kill_on_drop: false }`
[INFO] running `Command { std: "docker" "inspect" "a64b495e2ceb2b1a9b1ea3dc986b0afca51c90d6c122fc85f00d9196017a8f1a", kill_on_drop: false }`
[INFO] running `Command { std: "docker" "rm" "-f" "a64b495e2ceb2b1a9b1ea3dc986b0afca51c90d6c122fc85f00d9196017a8f1a", kill_on_drop: false }`
[INFO] [stdout] a64b495e2ceb2b1a9b1ea3dc986b0afca51c90d6c122fc85f00d9196017a8f1a
[INFO] running `Command { std: "docker" "create" "-v" "/var/lib/crater-agent-workspace/builds/worker-3-tc2/target:/opt/rustwide/target:rw,Z" "-v" "/var/lib/crater-agent-workspace/builds/worker-3-tc2/source:/opt/rustwide/workdir:ro,Z" "-v" "/var/lib/crater-agent-workspace/cargo-home:/opt/rustwide/cargo-home:ro,Z" "-v" "/var/lib/crater-agent-workspace/rustup-home:/opt/rustwide/rustup-home:ro,Z" "-e" "SOURCE_DIR=/opt/rustwide/workdir" "-e" "CARGO_TARGET_DIR=/opt/rustwide/target" "-e" "CARGO_INCREMENTAL=0" "-e" "RUST_BACKTRACE=full" "-e" "RUSTFLAGS=--cap-lints=warn" "-e" "RUSTDOCFLAGS=--cap-lints=warn" "-e" "CARGO_HOME=/opt/rustwide/cargo-home" "-e" "RUSTUP_HOME=/opt/rustwide/rustup-home" "-w" "/opt/rustwide/workdir" "-m" "1610612736" "--user" "0:0" "--network" "none" "ghcr.io/rust-lang/crates-build-env/linux@sha256:2788e3201cd34a07e3172128adcd8b3090168a8e3bcc40d7c032b9dda1df7d1c" "/opt/rustwide/cargo-home/bin/cargo" "+beta-2023-12-22" "build" "--frozen" "--message-format=json", kill_on_drop: false }`
[INFO] [stdout] 9512760b077c13e2dffcc908d5c6eb8854c03aeec0757333a897fd30c4fe81f7
[INFO] running `Command { std: "docker" "start" "-a" "9512760b077c13e2dffcc908d5c6eb8854c03aeec0757333a897fd30c4fe81f7", kill_on_drop: false }`
[INFO] [stderr]    Compiling lhash v1.0.1 (/opt/rustwide/workdir)
[INFO] [stderr]     Finished dev [unoptimized + debuginfo] target(s) in 0.04s
[INFO] running `Command { std: "docker" "inspect" "9512760b077c13e2dffcc908d5c6eb8854c03aeec0757333a897fd30c4fe81f7", kill_on_drop: false }`
[INFO] running `Command { std: "docker" "rm" "-f" "9512760b077c13e2dffcc908d5c6eb8854c03aeec0757333a897fd30c4fe81f7", kill_on_drop: false }`
[INFO] [stdout] 9512760b077c13e2dffcc908d5c6eb8854c03aeec0757333a897fd30c4fe81f7
[INFO] running `Command { std: "docker" "create" "-v" "/var/lib/crater-agent-workspace/builds/worker-3-tc2/target:/opt/rustwide/target:rw,Z" "-v" "/var/lib/crater-agent-workspace/builds/worker-3-tc2/source:/opt/rustwide/workdir:ro,Z" "-v" "/var/lib/crater-agent-workspace/cargo-home:/opt/rustwide/cargo-home:ro,Z" "-v" "/var/lib/crater-agent-workspace/rustup-home:/opt/rustwide/rustup-home:ro,Z" "-e" "SOURCE_DIR=/opt/rustwide/workdir" "-e" "CARGO_TARGET_DIR=/opt/rustwide/target" "-e" "CARGO_INCREMENTAL=0" "-e" "RUST_BACKTRACE=full" "-e" "RUSTFLAGS=--cap-lints=warn" "-e" "RUSTDOCFLAGS=--cap-lints=warn" "-e" "CARGO_HOME=/opt/rustwide/cargo-home" "-e" "RUSTUP_HOME=/opt/rustwide/rustup-home" "-w" "/opt/rustwide/workdir" "-m" "1610612736" "--user" "0:0" "--network" "none" "ghcr.io/rust-lang/crates-build-env/linux@sha256:2788e3201cd34a07e3172128adcd8b3090168a8e3bcc40d7c032b9dda1df7d1c" "/opt/rustwide/cargo-home/bin/cargo" "+beta-2023-12-22" "test" "--frozen" "--no-run" "--message-format=json", kill_on_drop: false }`
[INFO] [stdout] 74da137ded1cff16885b7defff0ba224b31645ffbdf07bf882b22b071d165838
[INFO] running `Command { std: "docker" "start" "-a" "74da137ded1cff16885b7defff0ba224b31645ffbdf07bf882b22b071d165838", kill_on_drop: false }`
[INFO] [stderr]    Compiling lhash v1.0.1 (/opt/rustwide/workdir)
[INFO] [stderr]     Finished test [unoptimized + debuginfo] target(s) in 0.24s
[INFO] running `Command { std: "docker" "inspect" "74da137ded1cff16885b7defff0ba224b31645ffbdf07bf882b22b071d165838", kill_on_drop: false }`
[INFO] running `Command { std: "docker" "rm" "-f" "74da137ded1cff16885b7defff0ba224b31645ffbdf07bf882b22b071d165838", kill_on_drop: false }`
[INFO] [stdout] 74da137ded1cff16885b7defff0ba224b31645ffbdf07bf882b22b071d165838
[INFO] running `Command { std: "docker" "create" "-v" "/var/lib/crater-agent-workspace/builds/worker-3-tc2/target:/opt/rustwide/target:rw,Z" "-v" "/var/lib/crater-agent-workspace/builds/worker-3-tc2/source:/opt/rustwide/workdir:ro,Z" "-v" "/var/lib/crater-agent-workspace/cargo-home:/opt/rustwide/cargo-home:ro,Z" "-v" "/var/lib/crater-agent-workspace/rustup-home:/opt/rustwide/rustup-home:ro,Z" "-e" "SOURCE_DIR=/opt/rustwide/workdir" "-e" "CARGO_TARGET_DIR=/opt/rustwide/target" "-e" "CARGO_INCREMENTAL=0" "-e" "RUST_BACKTRACE=full" "-e" "RUSTFLAGS=--cap-lints=warn" "-e" "RUSTDOCFLAGS=--cap-lints=warn" "-e" "CARGO_HOME=/opt/rustwide/cargo-home" "-e" "RUSTUP_HOME=/opt/rustwide/rustup-home" "-w" "/opt/rustwide/workdir" "-m" "1610612736" "--user" "0:0" "--network" "none" "ghcr.io/rust-lang/crates-build-env/linux@sha256:2788e3201cd34a07e3172128adcd8b3090168a8e3bcc40d7c032b9dda1df7d1c" "/opt/rustwide/cargo-home/bin/cargo" "+beta-2023-12-22" "test" "--frozen", kill_on_drop: false }`
[INFO] [stdout] 322c655b2b0139d63283d58ef0273606c2d024b26b1057fa92e7ecd1e3748e73
[INFO] running `Command { std: "docker" "start" "-a" "322c655b2b0139d63283d58ef0273606c2d024b26b1057fa92e7ecd1e3748e73", kill_on_drop: false }`
[INFO] [stderr]     Finished test [unoptimized + debuginfo] target(s) in 0.00s
[INFO] [stderr]      Running unittests src/lib.rs (/opt/rustwide/target/debug/deps/lhash-1a6a5c5cfebd39e4)
[INFO] [stdout] 
[INFO] [stdout] running 0 tests
[INFO] [stdout] 
[INFO] [stdout] test result: ok. 0 passed; 0 failed; 0 ignored; 0 measured; 0 filtered out; finished in 0.00s
[INFO] [stdout] 
[INFO] [stderr]    Doc-tests lhash
[INFO] [stdout] 
[INFO] [stdout] running 1 test
[INFO] [stdout] test src/lib.rs - DigestFmt (line 108) ... FAILED
[INFO] [stdout] 
[INFO] [stdout] failures:
[INFO] [stdout] 
[INFO] [stdout] ---- src/lib.rs - DigestFmt (line 108) stdout ----
[INFO] [stdout] error[E0432]: unresolved import `lhash::sha1`
[INFO] [stdout]    --> src/lib.rs:110:5
[INFO] [stdout]     |
[INFO] [stdout] 5   | use lhash::sha1;
[INFO] [stdout]     |     ^^^^^^^^^^^ no `sha1` in the root
[INFO] [stdout]     |
[INFO] [stdout] note: found an item that was configured out
[INFO] [stdout]    --> /opt/rustwide/workdir/src/lib.rs:127:5
[INFO] [stdout]     |
[INFO] [stdout] 127 | mod sha1;
[INFO] [stdout]     |     ^^^^
[INFO] [stdout]     = note: the item is gated behind the `sha1` feature
[INFO] [stdout] note: found an item that was configured out
[INFO] [stdout]    --> /opt/rustwide/workdir/src/lib.rs:129:16
[INFO] [stdout]     |
[INFO] [stdout] 129 | pub use sha1::{sha1, Sha1};
[INFO] [stdout]     |                ^^^^
[INFO] [stdout]     = note: the item is gated behind the `sha1` feature
[INFO] [stdout] 
[INFO] [stdout] error: aborting due to 1 previous error
[INFO] [stdout] 
[INFO] [stdout] For more information about this error, try `rustc --explain E0432`.
[INFO] [stdout] Couldn't compile the test.
[INFO] [stdout] 
[INFO] [stdout] failures:
[INFO] [stdout]     src/lib.rs - DigestFmt (line 108)
[INFO] [stdout] 
[INFO] [stdout] test result: FAILED. 0 passed; 1 failed; 0 ignored; 0 measured; 0 filtered out; finished in 0.05s
[INFO] [stdout] 
[INFO] [stderr] error: doctest failed, to rerun pass `--doc`
[INFO] running `Command { std: "docker" "inspect" "322c655b2b0139d63283d58ef0273606c2d024b26b1057fa92e7ecd1e3748e73", kill_on_drop: false }`
[INFO] running `Command { std: "docker" "rm" "-f" "322c655b2b0139d63283d58ef0273606c2d024b26b1057fa92e7ecd1e3748e73", kill_on_drop: false }`
[INFO] [stdout] 322c655b2b0139d63283d58ef0273606c2d024b26b1057fa92e7ecd1e3748e73
