[INFO] fetching crate leptosfmt-prettyplease 0.2.15...
[INFO] testing leptosfmt-prettyplease-0.2.15 against 1.75.0 for beta-1.76-1
[INFO] extracting crate leptosfmt-prettyplease 0.2.15 into /workspace/builds/worker-0-tc1/source
[INFO] validating manifest of crates.io crate leptosfmt-prettyplease 0.2.15 on toolchain 1.75.0
[INFO] running `Command { std: CARGO_HOME="/workspace/cargo-home" RUSTUP_HOME="/workspace/rustup-home" "/workspace/cargo-home/bin/cargo" "+1.75.0" "metadata" "--manifest-path" "Cargo.toml" "--no-deps", kill_on_drop: false }`
[INFO] started tweaking crates.io crate leptosfmt-prettyplease 0.2.15
[INFO] finished tweaking crates.io crate leptosfmt-prettyplease 0.2.15
[INFO] tweaked toml for crates.io crate leptosfmt-prettyplease 0.2.15 written to /workspace/builds/worker-0-tc1/source/Cargo.toml
[INFO] running `Command { std: CARGO_HOME="/workspace/cargo-home" RUSTUP_HOME="/workspace/rustup-home" "/workspace/cargo-home/bin/cargo" "+1.75.0" "generate-lockfile" "--manifest-path" "Cargo.toml", kill_on_drop: false }`
[INFO] [stderr]     Updating crates.io index
[INFO] running `Command { std: CARGO_HOME="/workspace/cargo-home" RUSTUP_HOME="/workspace/rustup-home" "/workspace/cargo-home/bin/cargo" "+1.75.0" "fetch" "--manifest-path" "Cargo.toml", kill_on_drop: false }`
[INFO] [stderr]  Downloading crates ...
[INFO] [stderr]   Downloaded leptosfmt-pretty-printer v0.1.8
[INFO] running `Command { std: "docker" "create" "-v" "/var/lib/crater-agent-workspace/builds/worker-0-tc1/target:/opt/rustwide/target:rw,Z" "-v" "/var/lib/crater-agent-workspace/builds/worker-0-tc1/source:/opt/rustwide/workdir:ro,Z" "-v" "/var/lib/crater-agent-workspace/cargo-home:/opt/rustwide/cargo-home:ro,Z" "-v" "/var/lib/crater-agent-workspace/rustup-home:/opt/rustwide/rustup-home:ro,Z" "-e" "SOURCE_DIR=/opt/rustwide/workdir" "-e" "CARGO_TARGET_DIR=/opt/rustwide/target" "-e" "CARGO_HOME=/opt/rustwide/cargo-home" "-e" "RUSTUP_HOME=/opt/rustwide/rustup-home" "-w" "/opt/rustwide/workdir" "-m" "1610612736" "--user" "0:0" "--network" "none" "ghcr.io/rust-lang/crates-build-env/linux@sha256:2788e3201cd34a07e3172128adcd8b3090168a8e3bcc40d7c032b9dda1df7d1c" "/opt/rustwide/cargo-home/bin/cargo" "+1.75.0" "metadata" "--no-deps" "--format-version=1", kill_on_drop: false }`
[INFO] [stdout] da69f45eb833863744f006e33d94dc4a07c67b0111b1217f269dc12dd54d5b53
[INFO] running `Command { std: "docker" "start" "-a" "da69f45eb833863744f006e33d94dc4a07c67b0111b1217f269dc12dd54d5b53", kill_on_drop: false }`
[INFO] running `Command { std: "docker" "inspect" "da69f45eb833863744f006e33d94dc4a07c67b0111b1217f269dc12dd54d5b53", kill_on_drop: false }`
[INFO] running `Command { std: "docker" "rm" "-f" "da69f45eb833863744f006e33d94dc4a07c67b0111b1217f269dc12dd54d5b53", kill_on_drop: false }`
[INFO] [stdout] da69f45eb833863744f006e33d94dc4a07c67b0111b1217f269dc12dd54d5b53
[INFO] running `Command { std: "docker" "create" "-v" "/var/lib/crater-agent-workspace/builds/worker-0-tc1/target:/opt/rustwide/target:rw,Z" "-v" "/var/lib/crater-agent-workspace/builds/worker-0-tc1/source:/opt/rustwide/workdir:ro,Z" "-v" "/var/lib/crater-agent-workspace/cargo-home:/opt/rustwide/cargo-home:ro,Z" "-v" "/var/lib/crater-agent-workspace/rustup-home:/opt/rustwide/rustup-home:ro,Z" "-e" "SOURCE_DIR=/opt/rustwide/workdir" "-e" "CARGO_TARGET_DIR=/opt/rustwide/target" "-e" "CARGO_INCREMENTAL=0" "-e" "RUST_BACKTRACE=full" "-e" "RUSTFLAGS=--cap-lints=warn" "-e" "RUSTDOCFLAGS=--cap-lints=warn" "-e" "CARGO_HOME=/opt/rustwide/cargo-home" "-e" "RUSTUP_HOME=/opt/rustwide/rustup-home" "-w" "/opt/rustwide/workdir" "-m" "1610612736" "--user" "0:0" "--network" "none" "ghcr.io/rust-lang/crates-build-env/linux@sha256:2788e3201cd34a07e3172128adcd8b3090168a8e3bcc40d7c032b9dda1df7d1c" "/opt/rustwide/cargo-home/bin/cargo" "+1.75.0" "build" "--frozen" "--message-format=json", kill_on_drop: false }`
[INFO] [stdout] d732d8239c950882d5aa56969832ebb130c00338e81affe3c1ea42c21b562ed5
[INFO] running `Command { std: "docker" "start" "-a" "d732d8239c950882d5aa56969832ebb130c00338e81affe3c1ea42c21b562ed5", kill_on_drop: false }`
[INFO] [stderr]    Compiling proc-macro2 v1.0.75
[INFO] [stderr]    Compiling unicode-ident v1.0.12
[INFO] [stderr]    Compiling leptosfmt-prettyplease v0.2.15 (/opt/rustwide/workdir)
[INFO] [stderr]    Compiling leptosfmt-pretty-printer v0.1.8
[INFO] [stderr]    Compiling syn v2.0.48
[INFO] [stdout] warning: constant `MARGIN` is never used
[INFO] [stdout]    --> src/lib.rs:367:7
[INFO] [stdout]     |
[INFO] [stdout] 367 | const MARGIN: isize = 89;
[INFO] [stdout]     |       ^^^^^^
[INFO] [stdout]     |
[INFO] [stdout]     = note: `#[warn(dead_code)]` on by default
[INFO] [stdout] 
[INFO] [stdout] 
[INFO] [stdout] warning: constant `MIN_SPACE` is never used
[INFO] [stdout]    --> src/lib.rs:373:7
[INFO] [stdout]     |
[INFO] [stdout] 373 | const MIN_SPACE: isize = 60;
[INFO] [stdout]     |       ^^^^^^^^^
[INFO] [stdout] 
[INFO] [stdout] 
[INFO] [stdout] warning: methods `scan_begin`, `scan_end`, and `scan_string` are never used
[INFO] [stdout]   --> src/algorithm.rs:25:12
[INFO] [stdout]    |
[INFO] [stdout] 14 | impl<'a> Printer<'a> {
[INFO] [stdout]    | -------------------- methods in this implementation
[INFO] [stdout] ...
[INFO] [stdout] 25 |     pub fn scan_begin(&mut self, token: BeginToken) {
[INFO] [stdout]    |            ^^^^^^^^^^
[INFO] [stdout] ...
[INFO] [stdout] 29 |     pub fn scan_end(&mut self) {
[INFO] [stdout]    |            ^^^^^^^^
[INFO] [stdout] ...
[INFO] [stdout] 37 |     pub fn scan_string(&mut self, string: Cow<'static, str>) {
[INFO] [stdout]    |            ^^^^^^^^^^^
[INFO] [stdout] 
[INFO] [stdout] 
[INFO] [stdout] warning: method `spaces` is never used
[INFO] [stdout]   --> src/convenience.rs:22:8
[INFO] [stdout]    |
[INFO] [stdout] 5  | impl Printer<'_> {
[INFO] [stdout]    | ---------------- method in this implementation
[INFO] [stdout] ...
[INFO] [stdout] 22 |     fn spaces(&mut self, n: usize) {
[INFO] [stdout]    |        ^^^^^^
[INFO] [stdout] 
[INFO] [stdout] 
[INFO] [stdout] warning: 4 warnings emitted
[INFO] [stdout] 
[INFO] [stdout] 
[INFO] [stderr]     Finished dev [unoptimized + debuginfo] target(s) in 0.97s
[INFO] running `Command { std: "docker" "inspect" "d732d8239c950882d5aa56969832ebb130c00338e81affe3c1ea42c21b562ed5", kill_on_drop: false }`
[INFO] running `Command { std: "docker" "rm" "-f" "d732d8239c950882d5aa56969832ebb130c00338e81affe3c1ea42c21b562ed5", kill_on_drop: false }`
[INFO] [stdout] d732d8239c950882d5aa56969832ebb130c00338e81affe3c1ea42c21b562ed5
[INFO] running `Command { std: "docker" "create" "-v" "/var/lib/crater-agent-workspace/builds/worker-0-tc1/target:/opt/rustwide/target:rw,Z" "-v" "/var/lib/crater-agent-workspace/builds/worker-0-tc1/source:/opt/rustwide/workdir:ro,Z" "-v" "/var/lib/crater-agent-workspace/cargo-home:/opt/rustwide/cargo-home:ro,Z" "-v" "/var/lib/crater-agent-workspace/rustup-home:/opt/rustwide/rustup-home:ro,Z" "-e" "SOURCE_DIR=/opt/rustwide/workdir" "-e" "CARGO_TARGET_DIR=/opt/rustwide/target" "-e" "CARGO_INCREMENTAL=0" "-e" "RUST_BACKTRACE=full" "-e" "RUSTFLAGS=--cap-lints=warn" "-e" "RUSTDOCFLAGS=--cap-lints=warn" "-e" "CARGO_HOME=/opt/rustwide/cargo-home" "-e" "RUSTUP_HOME=/opt/rustwide/rustup-home" "-w" "/opt/rustwide/workdir" "-m" "1610612736" "--user" "0:0" "--network" "none" "ghcr.io/rust-lang/crates-build-env/linux@sha256:2788e3201cd34a07e3172128adcd8b3090168a8e3bcc40d7c032b9dda1df7d1c" "/opt/rustwide/cargo-home/bin/cargo" "+1.75.0" "test" "--frozen" "--no-run" "--message-format=json", kill_on_drop: false }`
[INFO] [stdout] b67f9796eac04453db8f337fa0d85486d80e8ce4c1ad58da9e5e65556148b667
[INFO] running `Command { std: "docker" "start" "-a" "b67f9796eac04453db8f337fa0d85486d80e8ce4c1ad58da9e5e65556148b667", kill_on_drop: false }`
[INFO] [stderr]    Compiling syn v2.0.48
[INFO] [stderr]    Compiling leptosfmt-prettyplease v0.2.15 (/opt/rustwide/workdir)
[INFO] [stdout] warning: constant `MARGIN` is never used
[INFO] [stdout]    --> src/lib.rs:367:7
[INFO] [stdout]     |
[INFO] [stdout] 367 | const MARGIN: isize = 89;
[INFO] [stdout]     |       ^^^^^^
[INFO] [stdout]     |
[INFO] [stdout]     = note: `#[warn(dead_code)]` on by default
[INFO] [stdout] 
[INFO] [stdout] 
[INFO] [stdout] warning: constant `MIN_SPACE` is never used
[INFO] [stdout]    --> src/lib.rs:373:7
[INFO] [stdout]     |
[INFO] [stdout] 373 | const MIN_SPACE: isize = 60;
[INFO] [stdout]     |       ^^^^^^^^^
[INFO] [stdout] 
[INFO] [stdout] 
[INFO] [stdout] warning: methods `scan_begin`, `scan_end`, and `scan_string` are never used
[INFO] [stdout]   --> src/algorithm.rs:25:12
[INFO] [stdout]    |
[INFO] [stdout] 14 | impl<'a> Printer<'a> {
[INFO] [stdout]    | -------------------- methods in this implementation
[INFO] [stdout] ...
[INFO] [stdout] 25 |     pub fn scan_begin(&mut self, token: BeginToken) {
[INFO] [stdout]    |            ^^^^^^^^^^
[INFO] [stdout] ...
[INFO] [stdout] 29 |     pub fn scan_end(&mut self) {
[INFO] [stdout]    |            ^^^^^^^^
[INFO] [stdout] ...
[INFO] [stdout] 37 |     pub fn scan_string(&mut self, string: Cow<'static, str>) {
[INFO] [stdout]    |            ^^^^^^^^^^^
[INFO] [stdout] 
[INFO] [stdout] 
[INFO] [stdout] warning: method `spaces` is never used
[INFO] [stdout]   --> src/convenience.rs:22:8
[INFO] [stdout]    |
[INFO] [stdout] 5  | impl Printer<'_> {
[INFO] [stdout]    | ---------------- method in this implementation
[INFO] [stdout] ...
[INFO] [stdout] 22 |     fn spaces(&mut self, n: usize) {
[INFO] [stdout]    |        ^^^^^^
[INFO] [stdout] 
[INFO] [stdout] 
[INFO] [stdout] warning: 4 warnings emitted
[INFO] [stdout] 
[INFO] [stdout] 
[INFO] [stdout] warning: constant `MARGIN` is never used
[INFO] [stdout]    --> src/lib.rs:367:7
[INFO] [stdout]     |
[INFO] [stdout] 367 | const MARGIN: isize = 89;
[INFO] [stdout]     |       ^^^^^^
[INFO] [stdout]     |
[INFO] [stdout]     = note: `#[warn(dead_code)]` on by default
[INFO] [stdout] 
[INFO] [stdout] 
[INFO] [stdout] warning: constant `MIN_SPACE` is never used
[INFO] [stdout]    --> src/lib.rs:373:7
[INFO] [stdout]     |
[INFO] [stdout] 373 | const MIN_SPACE: isize = 60;
[INFO] [stdout]     |       ^^^^^^^^^
[INFO] [stdout] 
[INFO] [stdout] 
[INFO] [stdout] warning: methods `scan_begin`, `scan_end`, and `scan_string` are never used
[INFO] [stdout]   --> src/algorithm.rs:25:12
[INFO] [stdout]    |
[INFO] [stdout] 14 | impl<'a> Printer<'a> {
[INFO] [stdout]    | -------------------- methods in this implementation
[INFO] [stdout] ...
[INFO] [stdout] 25 |     pub fn scan_begin(&mut self, token: BeginToken) {
[INFO] [stdout]    |            ^^^^^^^^^^
[INFO] [stdout] ...
[INFO] [stdout] 29 |     pub fn scan_end(&mut self) {
[INFO] [stdout]    |            ^^^^^^^^
[INFO] [stdout] ...
[INFO] [stdout] 37 |     pub fn scan_string(&mut self, string: Cow<'static, str>) {
[INFO] [stdout]    |            ^^^^^^^^^^^
[INFO] [stdout] 
[INFO] [stdout] 
[INFO] [stdout] warning: method `spaces` is never used
[INFO] [stdout]   --> src/convenience.rs:22:8
[INFO] [stdout]    |
[INFO] [stdout] 5  | impl Printer<'_> {
[INFO] [stdout]    | ---------------- method in this implementation
[INFO] [stdout] ...
[INFO] [stdout] 22 |     fn spaces(&mut self, n: usize) {
[INFO] [stdout]    |        ^^^^^^
[INFO] [stdout] 
[INFO] [stdout] 
[INFO] [stdout] warning: 4 warnings emitted
[INFO] [stdout] 
[INFO] [stdout] 
[INFO] [stderr]     Finished test [unoptimized + debuginfo] target(s) in 1.86s
[INFO] running `Command { std: "docker" "inspect" "b67f9796eac04453db8f337fa0d85486d80e8ce4c1ad58da9e5e65556148b667", kill_on_drop: false }`
[INFO] running `Command { std: "docker" "rm" "-f" "b67f9796eac04453db8f337fa0d85486d80e8ce4c1ad58da9e5e65556148b667", kill_on_drop: false }`
[INFO] [stdout] b67f9796eac04453db8f337fa0d85486d80e8ce4c1ad58da9e5e65556148b667
[INFO] running `Command { std: "docker" "create" "-v" "/var/lib/crater-agent-workspace/builds/worker-0-tc1/target:/opt/rustwide/target:rw,Z" "-v" "/var/lib/crater-agent-workspace/builds/worker-0-tc1/source:/opt/rustwide/workdir:ro,Z" "-v" "/var/lib/crater-agent-workspace/cargo-home:/opt/rustwide/cargo-home:ro,Z" "-v" "/var/lib/crater-agent-workspace/rustup-home:/opt/rustwide/rustup-home:ro,Z" "-e" "SOURCE_DIR=/opt/rustwide/workdir" "-e" "CARGO_TARGET_DIR=/opt/rustwide/target" "-e" "CARGO_INCREMENTAL=0" "-e" "RUST_BACKTRACE=full" "-e" "RUSTFLAGS=--cap-lints=warn" "-e" "RUSTDOCFLAGS=--cap-lints=warn" "-e" "CARGO_HOME=/opt/rustwide/cargo-home" "-e" "RUSTUP_HOME=/opt/rustwide/rustup-home" "-w" "/opt/rustwide/workdir" "-m" "1610612736" "--user" "0:0" "--network" "none" "ghcr.io/rust-lang/crates-build-env/linux@sha256:2788e3201cd34a07e3172128adcd8b3090168a8e3bcc40d7c032b9dda1df7d1c" "/opt/rustwide/cargo-home/bin/cargo" "+1.75.0" "test" "--frozen", kill_on_drop: false }`
[INFO] [stdout] bcbaa6ee5286cb420808d8e36ae9d418a315f8b67e4270631da5f28e21e06588
[INFO] running `Command { std: "docker" "start" "-a" "bcbaa6ee5286cb420808d8e36ae9d418a315f8b67e4270631da5f28e21e06588", kill_on_drop: false }`
[INFO] [stderr] warning: constant `MARGIN` is never used
[INFO] [stderr]    --> src/lib.rs:367:7
[INFO] [stderr]     |
[INFO] [stderr] 367 | const MARGIN: isize = 89;
[INFO] [stderr]     |       ^^^^^^
[INFO] [stderr]     |
[INFO] [stderr]     = note: `#[warn(dead_code)]` on by default
[INFO] [stderr] 
[INFO] [stderr] warning: constant `MIN_SPACE` is never used
[INFO] [stderr]    --> src/lib.rs:373:7
[INFO] [stderr]     |
[INFO] [stderr] 373 | const MIN_SPACE: isize = 60;
[INFO] [stderr]     |       ^^^^^^^^^
[INFO] [stderr] 
[INFO] [stderr] warning: methods `scan_begin`, `scan_end`, and `scan_string` are never used
[INFO] [stderr]   --> src/algorithm.rs:25:12
[INFO] [stderr]    |
[INFO] [stderr] 14 | impl<'a> Printer<'a> {
[INFO] [stderr]    | -------------------- methods in this implementation
[INFO] [stderr] ...
[INFO] [stderr] 25 |     pub fn scan_begin(&mut self, token: BeginToken) {
[INFO] [stderr]    |            ^^^^^^^^^^
[INFO] [stderr] ...
[INFO] [stderr] 29 |     pub fn scan_end(&mut self) {
[INFO] [stderr]    |            ^^^^^^^^
[INFO] [stderr] ...
[INFO] [stderr] 37 |     pub fn scan_string(&mut self, string: Cow<'static, str>) {
[INFO] [stderr]    |            ^^^^^^^^^^^
[INFO] [stderr] 
[INFO] [stderr] warning: method `spaces` is never used
[INFO] [stderr]   --> src/convenience.rs:22:8
[INFO] [stderr]    |
[INFO] [stderr] 5  | impl Printer<'_> {
[INFO] [stderr]    | ---------------- method in this implementation
[INFO] [stderr] ...
[INFO] [stderr] 22 |     fn spaces(&mut self, n: usize) {
[INFO] [stderr]    |        ^^^^^^
[INFO] [stderr] 
[INFO] [stderr] warning: `leptosfmt-prettyplease` (lib) generated 4 warnings
[INFO] [stderr] warning: `leptosfmt-prettyplease` (lib test) generated 4 warnings (4 duplicates)
[INFO] [stderr]     Finished test [unoptimized + debuginfo] target(s) in 0.00s
[INFO] [stderr]      Running unittests src/lib.rs (/opt/rustwide/target/debug/deps/leptosfmt_prettyplease-948b5ccaea4bda87)
[INFO] [stdout] 
[INFO] [stdout] running 0 tests
[INFO] [stdout] 
[INFO] [stdout] test result: ok. 0 passed; 0 failed; 0 ignored; 0 measured; 0 filtered out; finished in 0.00s
[INFO] [stdout] 
[INFO] [stderr]    Doc-tests leptosfmt-prettyplease
[INFO] [stdout] 
[INFO] [stdout] running 7 tests
[INFO] [stdout] test src/lib.rs - (line 180) ... FAILED
[INFO] [stdout] test src/lib.rs - (line 283) ... ok
[INFO] [stdout] test src/lib.rs - (line 301) ... ok
[INFO] [stdout] test src/lib.rs - (line 144) ... ok
[INFO] [stdout] test src/lib.rs - (line 161) ... ok
[INFO] [stdout] test src/lib.rs - (line 133) ... ok
[INFO] [stdout] test src/lib.rs - (line 76) ... ok
[INFO] [stdout] 
[INFO] [stdout] failures:
[INFO] [stdout] 
[INFO] [stdout] ---- src/lib.rs - (line 180) stdout ----
[INFO] [stdout] error[E0433]: failed to resolve: use of undeclared crate or module `prettyplease`
[INFO] [stdout]   --> src/lib.rs:199:21
[INFO] [stdout]    |
[INFO] [stdout] 20 |     let formatted = prettyplease::unparse(&syntax_tree);
[INFO] [stdout]    |                     ^^^^^^^^^^^^ use of undeclared crate or module `prettyplease`
[INFO] [stdout] 
[INFO] [stdout] error: aborting due to previous error
[INFO] [stdout] 
[INFO] [stdout] For more information about this error, try `rustc --explain E0433`.
[INFO] [stdout] Couldn't compile the test.
[INFO] [stdout] 
[INFO] [stdout] failures:
[INFO] [stdout]     src/lib.rs - (line 180)
[INFO] [stdout] 
[INFO] [stdout] test result: FAILED. 6 passed; 1 failed; 0 ignored; 0 measured; 0 filtered out; finished in 0.21s
[INFO] [stdout] 
[INFO] [stderr] error: doctest failed, to rerun pass `--doc`
[INFO] running `Command { std: "docker" "inspect" "bcbaa6ee5286cb420808d8e36ae9d418a315f8b67e4270631da5f28e21e06588", kill_on_drop: false }`
[INFO] running `Command { std: "docker" "rm" "-f" "bcbaa6ee5286cb420808d8e36ae9d418a315f8b67e4270631da5f28e21e06588", kill_on_drop: false }`
[INFO] [stdout] bcbaa6ee5286cb420808d8e36ae9d418a315f8b67e4270631da5f28e21e06588
