[INFO] fetching crate leptos_server 0.5.4...
[INFO] testing leptos_server-0.5.4 against 1.75.0 for beta-1.76-1
[INFO] extracting crate leptos_server 0.5.4 into /workspace/builds/worker-0-tc1/source
[INFO] validating manifest of crates.io crate leptos_server 0.5.4 on toolchain 1.75.0
[INFO] running `Command { std: CARGO_HOME="/workspace/cargo-home" RUSTUP_HOME="/workspace/rustup-home" "/workspace/cargo-home/bin/cargo" "+1.75.0" "metadata" "--manifest-path" "Cargo.toml" "--no-deps", kill_on_drop: false }`
[INFO] started tweaking crates.io crate leptos_server 0.5.4
[INFO] finished tweaking crates.io crate leptos_server 0.5.4
[INFO] tweaked toml for crates.io crate leptos_server 0.5.4 written to /workspace/builds/worker-0-tc1/source/Cargo.toml
[INFO] running `Command { std: CARGO_HOME="/workspace/cargo-home" RUSTUP_HOME="/workspace/rustup-home" "/workspace/cargo-home/bin/cargo" "+1.75.0" "generate-lockfile" "--manifest-path" "Cargo.toml", kill_on_drop: false }`
[INFO] [stderr]     Updating crates.io index
[INFO] running `Command { std: CARGO_HOME="/workspace/cargo-home" RUSTUP_HOME="/workspace/rustup-home" "/workspace/cargo-home/bin/cargo" "+1.75.0" "fetch" "--manifest-path" "Cargo.toml", kill_on_drop: false }`
[INFO] running `Command { std: "docker" "create" "-v" "/var/lib/crater-agent-workspace/builds/worker-0-tc1/target:/opt/rustwide/target:rw,Z" "-v" "/var/lib/crater-agent-workspace/builds/worker-0-tc1/source:/opt/rustwide/workdir:ro,Z" "-v" "/var/lib/crater-agent-workspace/cargo-home:/opt/rustwide/cargo-home:ro,Z" "-v" "/var/lib/crater-agent-workspace/rustup-home:/opt/rustwide/rustup-home:ro,Z" "-e" "SOURCE_DIR=/opt/rustwide/workdir" "-e" "CARGO_TARGET_DIR=/opt/rustwide/target" "-e" "CARGO_HOME=/opt/rustwide/cargo-home" "-e" "RUSTUP_HOME=/opt/rustwide/rustup-home" "-w" "/opt/rustwide/workdir" "-m" "1610612736" "--user" "0:0" "--network" "none" "ghcr.io/rust-lang/crates-build-env/linux@sha256:2788e3201cd34a07e3172128adcd8b3090168a8e3bcc40d7c032b9dda1df7d1c" "/opt/rustwide/cargo-home/bin/cargo" "+1.75.0" "metadata" "--no-deps" "--format-version=1", kill_on_drop: false }`
[INFO] [stdout] 88380591366a6135f6aacc05ab21e8d3ee4e8033e2d7e66c779dbc14f34f1293
[INFO] running `Command { std: "docker" "start" "-a" "88380591366a6135f6aacc05ab21e8d3ee4e8033e2d7e66c779dbc14f34f1293", kill_on_drop: false }`
[INFO] running `Command { std: "docker" "inspect" "88380591366a6135f6aacc05ab21e8d3ee4e8033e2d7e66c779dbc14f34f1293", kill_on_drop: false }`
[INFO] running `Command { std: "docker" "rm" "-f" "88380591366a6135f6aacc05ab21e8d3ee4e8033e2d7e66c779dbc14f34f1293", kill_on_drop: false }`
[INFO] [stdout] 88380591366a6135f6aacc05ab21e8d3ee4e8033e2d7e66c779dbc14f34f1293
[INFO] running `Command { std: "docker" "create" "-v" "/var/lib/crater-agent-workspace/builds/worker-0-tc1/target:/opt/rustwide/target:rw,Z" "-v" "/var/lib/crater-agent-workspace/builds/worker-0-tc1/source:/opt/rustwide/workdir:ro,Z" "-v" "/var/lib/crater-agent-workspace/cargo-home:/opt/rustwide/cargo-home:ro,Z" "-v" "/var/lib/crater-agent-workspace/rustup-home:/opt/rustwide/rustup-home:ro,Z" "-e" "SOURCE_DIR=/opt/rustwide/workdir" "-e" "CARGO_TARGET_DIR=/opt/rustwide/target" "-e" "CARGO_INCREMENTAL=0" "-e" "RUST_BACKTRACE=full" "-e" "RUSTFLAGS=--cap-lints=warn" "-e" "RUSTDOCFLAGS=--cap-lints=warn" "-e" "CARGO_HOME=/opt/rustwide/cargo-home" "-e" "RUSTUP_HOME=/opt/rustwide/rustup-home" "-w" "/opt/rustwide/workdir" "-m" "1610612736" "--user" "0:0" "--network" "none" "ghcr.io/rust-lang/crates-build-env/linux@sha256:2788e3201cd34a07e3172128adcd8b3090168a8e3bcc40d7c032b9dda1df7d1c" "/opt/rustwide/cargo-home/bin/cargo" "+1.75.0" "build" "--frozen" "--message-format=json", kill_on_drop: false }`
[INFO] [stdout] 4f3815eb038b48952f6f77a637298b9e03819ee1b9b54c9726b67ec2f6e4251f
[INFO] running `Command { std: "docker" "start" "-a" "4f3815eb038b48952f6f77a637298b9e03819ee1b9b54c9726b67ec2f6e4251f", kill_on_drop: false }`
[INFO] [stderr]    Compiling unicode-ident v1.0.12
[INFO] [stderr]    Compiling proc-macro2 v1.0.75
[INFO] [stderr]    Compiling serde v1.0.194
[INFO] [stderr]    Compiling wasm-bindgen-shared v0.2.89
[INFO] [stderr]    Compiling smallvec v1.11.2
[INFO] [stderr]    Compiling proc-macro-error v1.0.4
[INFO] [stderr]    Compiling hashbrown v0.14.3
[INFO] [stderr]    Compiling bumpalo v3.14.0
[INFO] [stderr]    Compiling unicode-xid v0.2.4
[INFO] [stderr]    Compiling tokio v1.35.1
[INFO] [stderr]    Compiling proc-macro2-diagnostics v0.10.1
[INFO] [stderr]    Compiling wasm-bindgen v0.2.89
[INFO] [stderr]    Compiling parking_lot_core v0.9.9
[INFO] [stderr]    Compiling lock_api v0.4.11
[INFO] [stderr]    Compiling xxhash-rust v0.8.8
[INFO] [stderr]    Compiling yansi v1.0.0-rc.1
[INFO] [stderr]    Compiling scopeguard v1.2.0
[INFO] [stderr]    Compiling camino v1.1.6
[INFO] [stderr]    Compiling slotmap v1.0.7
[INFO] [stderr]    Compiling same-file v1.0.6
[INFO] [stderr]    Compiling ciborium-io v0.2.1
[INFO] [stderr]    Compiling interpolator v0.5.0
[INFO] [stderr]    Compiling collection_literals v1.0.1
[INFO] [stderr]    Compiling ciborium-ll v0.2.1
[INFO] [stderr]    Compiling walkdir v2.4.0
[INFO] [stderr]    Compiling getrandom v0.2.11
[INFO] [stderr]    Compiling either v1.9.0
[INFO] [stderr]    Compiling unicode-segmentation v1.10.1
[INFO] [stderr]    Compiling utf8-width v0.1.7
[INFO] [stderr]    Compiling parking_lot v0.12.1
[INFO] [stderr]    Compiling html-escape v0.2.13
[INFO] [stderr]    Compiling self_cell v1.0.3
[INFO] [stderr]    Compiling rustc-hash v1.1.0
[INFO] [stderr]    Compiling uuid v1.6.1
[INFO] [stderr]    Compiling inventory v0.3.14
[INFO] [stderr]    Compiling itertools v0.11.0
[INFO] [stderr]    Compiling quote v1.0.35
[INFO] [stderr]    Compiling indexmap v2.1.0
[INFO] [stderr]    Compiling syn v2.0.48
[INFO] [stderr]    Compiling convert_case v0.6.0
[INFO] [stderr]    Compiling proc-macro-utils v0.8.0
[INFO] [stderr]    Compiling proc-macro-error-attr v1.0.4
[INFO] [stderr]    Compiling const_format_proc_macros v0.2.32
[INFO] [stderr]    Compiling manyhow-macros v0.8.1
[INFO] [stderr]    Compiling const_format v0.2.32
[INFO] [stderr]    Compiling wasm-bindgen-backend v0.2.89
[INFO] [stderr]    Compiling manyhow v0.8.1
[INFO] [stderr]    Compiling prettyplease v0.2.16
[INFO] [stderr]    Compiling serde_derive v1.0.194
[INFO] [stderr]    Compiling futures-macro v0.3.30
[INFO] [stderr]    Compiling tracing-attributes v0.1.27
[INFO] [stderr]    Compiling thiserror-impl v1.0.56
[INFO] [stderr]    Compiling derive-where v1.2.7
[INFO] [stderr]    Compiling syn_derive v0.1.8
[INFO] [stderr]    Compiling pin-project-internal v1.1.3
[INFO] [stderr]    Compiling wasm-bindgen-macro-support v0.2.89
[INFO] [stderr]    Compiling futures-util v0.3.30
[INFO] [stderr]    Compiling wasm-bindgen-macro v0.2.89
[INFO] [stderr]    Compiling thiserror v1.0.56
[INFO] [stderr]    Compiling rstml v0.11.2
[INFO] [stderr]    Compiling pin-project v1.1.3
[INFO] [stderr]    Compiling quote-use-macros v0.7.2
[INFO] [stderr]    Compiling tracing v0.1.40
[INFO] [stderr]    Compiling tokio-util v0.7.10
[INFO] [stderr]    Compiling quote-use v0.7.2
[INFO] [stderr]    Compiling attribute-derive-macro v0.8.1
[INFO] [stderr]    Compiling js-sys v0.3.66
[INFO] [stderr]    Compiling attribute-derive v0.8.1
[INFO] [stderr]    Compiling h2 v0.3.22
[INFO] [stderr]    Compiling futures-executor v0.3.30
[INFO] [stderr]    Compiling futures v0.3.30
[INFO] [stderr]    Compiling server_fn_macro v0.5.4
[INFO] [stderr]    Compiling leptos_hot_reload v0.5.4
[INFO] [stderr]    Compiling serde_json v1.0.111
[INFO] [stderr]    Compiling serde_urlencoded v0.7.1
[INFO] [stderr]    Compiling ciborium v0.2.1
[INFO] [stderr]    Compiling serde_qs v0.12.0
[INFO] [stderr]    Compiling serde-wasm-bindgen v0.5.0
[INFO] [stderr]    Compiling server_fn_macro_default v0.5.4
[INFO] [stderr]    Compiling hyper v0.14.28
[INFO] [stderr]    Compiling leptos_macro v0.5.4
[INFO] [stderr]    Compiling leptos_reactive v0.5.4
[INFO] [stderr]    Compiling reqwest v0.11.23
[INFO] [stderr]    Compiling server_fn v0.5.4
[INFO] [stderr]    Compiling leptos_server v0.5.4 (/opt/rustwide/workdir)
[INFO] [stderr]     Finished dev [unoptimized + debuginfo] target(s) in 15.15s
[INFO] running `Command { std: "docker" "inspect" "4f3815eb038b48952f6f77a637298b9e03819ee1b9b54c9726b67ec2f6e4251f", kill_on_drop: false }`
[INFO] running `Command { std: "docker" "rm" "-f" "4f3815eb038b48952f6f77a637298b9e03819ee1b9b54c9726b67ec2f6e4251f", kill_on_drop: false }`
[INFO] [stdout] 4f3815eb038b48952f6f77a637298b9e03819ee1b9b54c9726b67ec2f6e4251f
[INFO] running `Command { std: "docker" "create" "-v" "/var/lib/crater-agent-workspace/builds/worker-0-tc1/target:/opt/rustwide/target:rw,Z" "-v" "/var/lib/crater-agent-workspace/builds/worker-0-tc1/source:/opt/rustwide/workdir:ro,Z" "-v" "/var/lib/crater-agent-workspace/cargo-home:/opt/rustwide/cargo-home:ro,Z" "-v" "/var/lib/crater-agent-workspace/rustup-home:/opt/rustwide/rustup-home:ro,Z" "-e" "SOURCE_DIR=/opt/rustwide/workdir" "-e" "CARGO_TARGET_DIR=/opt/rustwide/target" "-e" "CARGO_INCREMENTAL=0" "-e" "RUST_BACKTRACE=full" "-e" "RUSTFLAGS=--cap-lints=warn" "-e" "RUSTDOCFLAGS=--cap-lints=warn" "-e" "CARGO_HOME=/opt/rustwide/cargo-home" "-e" "RUSTUP_HOME=/opt/rustwide/rustup-home" "-w" "/opt/rustwide/workdir" "-m" "1610612736" "--user" "0:0" "--network" "none" "ghcr.io/rust-lang/crates-build-env/linux@sha256:2788e3201cd34a07e3172128adcd8b3090168a8e3bcc40d7c032b9dda1df7d1c" "/opt/rustwide/cargo-home/bin/cargo" "+1.75.0" "test" "--frozen" "--no-run" "--message-format=json", kill_on_drop: false }`
[INFO] [stdout] 4508384c74439b54dd168a0717402276999723b03e589d0d0a23c2fa183cb33b
[INFO] running `Command { std: "docker" "start" "-a" "4508384c74439b54dd168a0717402276999723b03e589d0d0a23c2fa183cb33b", kill_on_drop: false }`
[INFO] [stderr]    Compiling leptos_server v0.5.4 (/opt/rustwide/workdir)
[INFO] [stderr]     Finished test [unoptimized + debuginfo] target(s) in 0.53s
[INFO] running `Command { std: "docker" "inspect" "4508384c74439b54dd168a0717402276999723b03e589d0d0a23c2fa183cb33b", kill_on_drop: false }`
[INFO] running `Command { std: "docker" "rm" "-f" "4508384c74439b54dd168a0717402276999723b03e589d0d0a23c2fa183cb33b", kill_on_drop: false }`
[INFO] [stdout] 4508384c74439b54dd168a0717402276999723b03e589d0d0a23c2fa183cb33b
[INFO] running `Command { std: "docker" "create" "-v" "/var/lib/crater-agent-workspace/builds/worker-0-tc1/target:/opt/rustwide/target:rw,Z" "-v" "/var/lib/crater-agent-workspace/builds/worker-0-tc1/source:/opt/rustwide/workdir:ro,Z" "-v" "/var/lib/crater-agent-workspace/cargo-home:/opt/rustwide/cargo-home:ro,Z" "-v" "/var/lib/crater-agent-workspace/rustup-home:/opt/rustwide/rustup-home:ro,Z" "-e" "SOURCE_DIR=/opt/rustwide/workdir" "-e" "CARGO_TARGET_DIR=/opt/rustwide/target" "-e" "CARGO_INCREMENTAL=0" "-e" "RUST_BACKTRACE=full" "-e" "RUSTFLAGS=--cap-lints=warn" "-e" "RUSTDOCFLAGS=--cap-lints=warn" "-e" "CARGO_HOME=/opt/rustwide/cargo-home" "-e" "RUSTUP_HOME=/opt/rustwide/rustup-home" "-w" "/opt/rustwide/workdir" "-m" "1610612736" "--user" "0:0" "--network" "none" "ghcr.io/rust-lang/crates-build-env/linux@sha256:2788e3201cd34a07e3172128adcd8b3090168a8e3bcc40d7c032b9dda1df7d1c" "/opt/rustwide/cargo-home/bin/cargo" "+1.75.0" "test" "--frozen", kill_on_drop: false }`
[INFO] [stdout] 37f9df34265956968fbc5205f5f6f84330f96eafaeb889e438394e0c299de417
[INFO] running `Command { std: "docker" "start" "-a" "37f9df34265956968fbc5205f5f6f84330f96eafaeb889e438394e0c299de417", kill_on_drop: false }`
[INFO] [stderr]     Finished test [unoptimized + debuginfo] target(s) in 0.09s
[INFO] [stderr]      Running unittests src/lib.rs (/opt/rustwide/target/debug/deps/leptos_server-37ad31ba0efc1a6f)
[INFO] [stdout] 
[INFO] [stdout] running 0 tests
[INFO] [stdout] 
[INFO] [stdout] test result: ok. 0 passed; 0 failed; 0 ignored; 0 measured; 0 filtered out; finished in 0.00s
[INFO] [stdout] 
[INFO] [stderr]    Doc-tests leptos_server
[INFO] [stdout] 
[INFO] [stdout] running 15 tests
[INFO] [stdout] test src/lib.rs - (line 35) ... ignored
[INFO] [stdout] test src/lib.rs - (line 78) ... ignored
[INFO] [stdout] test src/lib.rs - server_fn_trait_obj_by_path (line 288) ... ignored
[INFO] [stdout] test src/action.rs - action::create_action (line 437) ... FAILED
[INFO] [stdout] test src/action.rs - action::Action (line 64) ... FAILED
[INFO] [stdout] test src/multi_action.rs - multi_action::MultiAction (line 45) ... FAILED
[INFO] [stdout] test src/multi_action.rs - multi_action::MultiAction (line 19) ... FAILED
[INFO] [stdout] test src/action.rs - action::create_action (line 387) ... FAILED
[INFO] [stdout] test src/multi_action.rs - multi_action::create_multi_action (line 257) ... FAILED
[INFO] [stdout] test src/multi_action.rs - multi_action::create_multi_action (line 284) ... FAILED
[INFO] [stdout] test src/action.rs - action::Action (line 14) ... FAILED
[INFO] [stdout] test src/action.rs - action::Action<I,O>::new (line 105) ... FAILED
[INFO] [stdout] test src/action.rs - action::create_server_action (line 469) ... FAILED
[INFO] [stdout] test src/multi_action.rs - multi_action::create_server_multi_action (line 329) ... FAILED
[INFO] [stdout] test src/action.rs - action::Action<I,O>::server (line 176) ... FAILED
[INFO] [stdout] 
[INFO] [stdout] failures:
[INFO] [stdout] 
[INFO] [stdout] ---- src/action.rs - action::create_action (line 437) stdout ----
[INFO] [stdout] error[E0432]: unresolved import `leptos`
[INFO] [stdout]  --> src/action.rs:438:5
[INFO] [stdout]   |
[INFO] [stdout] 3 | use leptos::*;
[INFO] [stdout]   |     ^^^^^^ use of undeclared crate or module `leptos`
[INFO] [stdout] 
[INFO] [stdout] error[E0425]: cannot find function `create_runtime` in this scope
[INFO] [stdout]  --> src/action.rs:439:15
[INFO] [stdout]   |
[INFO] [stdout] 4 | let runtime = create_runtime();
[INFO] [stdout]   |               ^^^^^^^^^^^^^^ not found in this scope
[INFO] [stdout]   |
[INFO] [stdout] help: consider importing this function
[INFO] [stdout]   |
[INFO] [stdout] 2 + use leptos_reactive::create_runtime;
[INFO] [stdout]   |
[INFO] [stdout] 
[INFO] [stdout] error[E0425]: cannot find function `create_action` in this scope
[INFO] [stdout]  --> src/action.rs:441:15
[INFO] [stdout]   |
[INFO] [stdout] 6 | let action1 = create_action(|input: &String| {
[INFO] [stdout]   |               ^^^^^^^^^^^^^ not found in this scope
[INFO] [stdout]   |
[INFO] [stdout] help: consider importing this function
[INFO] [stdout]   |
[INFO] [stdout] 2 + use leptos_server::create_action;
[INFO] [stdout]   |
[INFO] [stdout] 
[INFO] [stdout] error[E0425]: cannot find function `create_action` in this scope
[INFO] [stdout]   --> src/action.rs:447:15
[INFO] [stdout]    |
[INFO] [stdout] 12 | let action2 = create_action(|input: &()| async { todo!() });
[INFO] [stdout]    |               ^^^^^^^^^^^^^ not found in this scope
[INFO] [stdout]    |
[INFO] [stdout] help: consider importing this function
[INFO] [stdout]    |
[INFO] [stdout] 2  + use leptos_server::create_action;
[INFO] [stdout]    |
[INFO] [stdout] 
[INFO] [stdout] error[E0425]: cannot find function `create_action` in this scope
[INFO] [stdout]   --> src/action.rs:450:15
[INFO] [stdout]    |
[INFO] [stdout] 15 | let action3 = create_action(|input: &(usize, String)| async { todo!() });
[INFO] [stdout]    |               ^^^^^^^^^^^^^ not found in this scope
[INFO] [stdout]    |
[INFO] [stdout] help: consider importing this function
[INFO] [stdout]    |
[INFO] [stdout] 2  + use leptos_server::create_action;
[INFO] [stdout]    |
[INFO] [stdout] 
[INFO] [stdout] error: aborting due to 5 previous errors
[INFO] [stdout] 
[INFO] [stdout] Some errors have detailed explanations: E0425, E0432.
[INFO] [stdout] For more information about an error, try `rustc --explain E0425`.
[INFO] [stdout] Couldn't compile the test.
[INFO] [stdout] ---- src/action.rs - action::Action (line 64) stdout ----
[INFO] [stdout] error[E0432]: unresolved import `leptos`
[INFO] [stdout]  --> src/action.rs:65:5
[INFO] [stdout]   |
[INFO] [stdout] 3 | use leptos::*;
[INFO] [stdout]   |     ^^^^^^ use of undeclared crate or module `leptos`
[INFO] [stdout] 
[INFO] [stdout] error[E0425]: cannot find function `create_runtime` in this scope
[INFO] [stdout]  --> src/action.rs:66:15
[INFO] [stdout]   |
[INFO] [stdout] 4 | let runtime = create_runtime();
[INFO] [stdout]   |               ^^^^^^^^^^^^^^ not found in this scope
[INFO] [stdout]   |
[INFO] [stdout] help: consider importing this function
[INFO] [stdout]   |
[INFO] [stdout] 2 + use leptos_reactive::create_runtime;
[INFO] [stdout]   |
[INFO] [stdout] 
[INFO] [stdout] error[E0425]: cannot find function `create_action` in this scope
[INFO] [stdout]  --> src/action.rs:68:15
[INFO] [stdout]   |
[INFO] [stdout] 6 | let action1 = create_action(|input: &String| {
[INFO] [stdout]   |               ^^^^^^^^^^^^^ not found in this scope
[INFO] [stdout]   |
[INFO] [stdout] help: consider importing this function
[INFO] [stdout]   |
[INFO] [stdout] 2 + use leptos_server::create_action;
[INFO] [stdout]   |
[INFO] [stdout] 
[INFO] [stdout] error[E0425]: cannot find function `create_action` in this scope
[INFO] [stdout]   --> src/action.rs:74:15
[INFO] [stdout]    |
[INFO] [stdout] 12 | let action2 = create_action(|input: &()| async { todo!() });
[INFO] [stdout]    |               ^^^^^^^^^^^^^ not found in this scope
[INFO] [stdout]    |
[INFO] [stdout] help: consider importing this function
[INFO] [stdout]    |
[INFO] [stdout] 2  + use leptos_server::create_action;
[INFO] [stdout]    |
[INFO] [stdout] 
[INFO] [stdout] error[E0425]: cannot find function `create_action` in this scope
[INFO] [stdout]   --> src/action.rs:77:15
[INFO] [stdout]    |
[INFO] [stdout] 15 | let action3 = create_action(|input: &(usize, String)| async { todo!() });
[INFO] [stdout]    |               ^^^^^^^^^^^^^ not found in this scope
[INFO] [stdout]    |
[INFO] [stdout] help: consider importing this function
[INFO] [stdout]    |
[INFO] [stdout] 2  + use leptos_server::create_action;
[INFO] [stdout]    |
[INFO] [stdout] 
[INFO] [stdout] error: aborting due to 5 previous errors
[INFO] [stdout] 
[INFO] [stdout] Some errors have detailed explanations: E0425, E0432.
[INFO] [stdout] For more information about an error, try `rustc --explain E0425`.
[INFO] [stdout] Couldn't compile the test.
[INFO] [stdout] ---- src/multi_action.rs - multi_action::MultiAction (line 45) stdout ----
[INFO] [stdout] error[E0432]: unresolved import `leptos`
[INFO] [stdout]  --> src/multi_action.rs:46:5
[INFO] [stdout]   |
[INFO] [stdout] 3 | use leptos::*;
[INFO] [stdout]   |     ^^^^^^ use of undeclared crate or module `leptos`
[INFO] [stdout] 
[INFO] [stdout] error[E0425]: cannot find function `create_runtime` in this scope
[INFO] [stdout]  --> src/multi_action.rs:47:15
[INFO] [stdout]   |
[INFO] [stdout] 4 | let runtime = create_runtime();
[INFO] [stdout]   |               ^^^^^^^^^^^^^^ not found in this scope
[INFO] [stdout]   |
[INFO] [stdout] help: consider importing this function
[INFO] [stdout]   |
[INFO] [stdout] 2 + use leptos_reactive::create_runtime;
[INFO] [stdout]   |
[INFO] [stdout] 
[INFO] [stdout] error[E0425]: cannot find function `create_multi_action` in this scope
[INFO] [stdout]  --> src/multi_action.rs:49:15
[INFO] [stdout]   |
[INFO] [stdout] 6 | let action1 = create_multi_action(|input: &String| {
[INFO] [stdout]   |               ^^^^^^^^^^^^^^^^^^^ not found in this scope
[INFO] [stdout]   |
[INFO] [stdout] help: consider importing this function
[INFO] [stdout]   |
[INFO] [stdout] 2 + use leptos_server::create_multi_action;
[INFO] [stdout]   |
[INFO] [stdout] 
[INFO] [stdout] error[E0425]: cannot find function `create_multi_action` in this scope
[INFO] [stdout]   --> src/multi_action.rs:55:15
[INFO] [stdout]    |
[INFO] [stdout] 12 | let action2 = create_multi_action(|input: &()| async { todo!() });
[INFO] [stdout]    |               ^^^^^^^^^^^^^^^^^^^ not found in this scope
[INFO] [stdout]    |
[INFO] [stdout] help: consider importing this function
[INFO] [stdout]    |
[INFO] [stdout] 2  + use leptos_server::create_multi_action;
[INFO] [stdout]    |
[INFO] [stdout] 
[INFO] [stdout] error[E0425]: cannot find function `create_multi_action` in this scope
[INFO] [stdout]   --> src/multi_action.rs:59:5
[INFO] [stdout]    |
[INFO] [stdout] 16 |     create_multi_action(|input: &(usize, String)| async { todo!() });
[INFO] [stdout]    |     ^^^^^^^^^^^^^^^^^^^ not found in this scope
[INFO] [stdout]    |
[INFO] [stdout] help: consider importing this function
[INFO] [stdout]    |
[INFO] [stdout] 2  + use leptos_server::create_multi_action;
[INFO] [stdout]    |
[INFO] [stdout] 
[INFO] [stdout] error: aborting due to 5 previous errors
[INFO] [stdout] 
[INFO] [stdout] Some errors have detailed explanations: E0425, E0432.
[INFO] [stdout] For more information about an error, try `rustc --explain E0425`.
[INFO] [stdout] Couldn't compile the test.
[INFO] [stdout] ---- src/multi_action.rs - multi_action::MultiAction (line 19) stdout ----
[INFO] [stdout] error[E0432]: unresolved import `leptos`
[INFO] [stdout]  --> src/multi_action.rs:20:5
[INFO] [stdout]   |
[INFO] [stdout] 3 | use leptos::*;
[INFO] [stdout]   |     ^^^^^^ use of undeclared crate or module `leptos`
[INFO] [stdout] 
[INFO] [stdout] error[E0425]: cannot find function `create_runtime` in this scope
[INFO] [stdout]  --> src/multi_action.rs:21:15
[INFO] [stdout]   |
[INFO] [stdout] 4 | let runtime = create_runtime();
[INFO] [stdout]   |               ^^^^^^^^^^^^^^ not found in this scope
[INFO] [stdout]   |
[INFO] [stdout] help: consider importing this function
[INFO] [stdout]   |
[INFO] [stdout] 2 + use leptos_reactive::create_runtime;
[INFO] [stdout]   |
[INFO] [stdout] 
[INFO] [stdout] error[E0425]: cannot find function `create_multi_action` in this scope
[INFO] [stdout]   --> src/multi_action.rs:27:16
[INFO] [stdout]    |
[INFO] [stdout] 10 | let add_todo = create_multi_action(|task: &String| {
[INFO] [stdout]    |                ^^^^^^^^^^^^^^^^^^^ not found in this scope
[INFO] [stdout]    |
[INFO] [stdout] help: consider importing this function
[INFO] [stdout]    |
[INFO] [stdout] 2  + use leptos_server::create_multi_action;
[INFO] [stdout]    |
[INFO] [stdout] 
[INFO] [stdout] error: aborting due to 3 previous errors
[INFO] [stdout] 
[INFO] [stdout] Some errors have detailed explanations: E0425, E0432.
[INFO] [stdout] For more information about an error, try `rustc --explain E0425`.
[INFO] [stdout] Couldn't compile the test.
[INFO] [stdout] ---- src/action.rs - action::create_action (line 387) stdout ----
[INFO] [stdout] error[E0432]: unresolved import `leptos`
[INFO] [stdout]  --> src/action.rs:388:5
[INFO] [stdout]   |
[INFO] [stdout] 3 | use leptos::*;
[INFO] [stdout]   |     ^^^^^^ use of undeclared crate or module `leptos`
[INFO] [stdout] 
[INFO] [stdout] error[E0425]: cannot find function `create_runtime` in this scope
[INFO] [stdout]  --> src/action.rs:389:15
[INFO] [stdout]   |
[INFO] [stdout] 4 | let runtime = create_runtime();
[INFO] [stdout]   |               ^^^^^^^^^^^^^^ not found in this scope
[INFO] [stdout]   |
[INFO] [stdout] help: consider importing this function
[INFO] [stdout]   |
[INFO] [stdout] 2 + use leptos_reactive::create_runtime;
[INFO] [stdout]   |
[INFO] [stdout] 
[INFO] [stdout] error[E0425]: cannot find function `create_action` in this scope
[INFO] [stdout]   --> src/action.rs:395:17
[INFO] [stdout]    |
[INFO] [stdout] 10 | let save_data = create_action(|task: &String| {
[INFO] [stdout]    |                 ^^^^^^^^^^^^^ not found in this scope
[INFO] [stdout]    |
[INFO] [stdout] help: consider importing this function
[INFO] [stdout]    |
[INFO] [stdout] 2  + use leptos_server::create_action;
[INFO] [stdout]    |
[INFO] [stdout] 
[INFO] [stdout] error: aborting due to 3 previous errors
[INFO] [stdout] 
[INFO] [stdout] Some errors have detailed explanations: E0425, E0432.
[INFO] [stdout] For more information about an error, try `rustc --explain E0425`.
[INFO] [stdout] Couldn't compile the test.
[INFO] [stdout] ---- src/multi_action.rs - multi_action::create_multi_action (line 257) stdout ----
[INFO] [stdout] error[E0432]: unresolved import `leptos`
[INFO] [stdout]  --> src/multi_action.rs:258:5
[INFO] [stdout]   |
[INFO] [stdout] 3 | use leptos::*;
[INFO] [stdout]   |     ^^^^^^ use of undeclared crate or module `leptos`
[INFO] [stdout] 
[INFO] [stdout] error[E0425]: cannot find function `create_runtime` in this scope
[INFO] [stdout]  --> src/multi_action.rs:259:15
[INFO] [stdout]   |
[INFO] [stdout] 4 | let runtime = create_runtime();
[INFO] [stdout]   |               ^^^^^^^^^^^^^^ not found in this scope
[INFO] [stdout]   |
[INFO] [stdout] help: consider importing this function
[INFO] [stdout]   |
[INFO] [stdout] 2 + use leptos_reactive::create_runtime;
[INFO] [stdout]   |
[INFO] [stdout] 
[INFO] [stdout] error[E0425]: cannot find function `create_multi_action` in this scope
[INFO] [stdout]   --> src/multi_action.rs:265:16
[INFO] [stdout]    |
[INFO] [stdout] 10 | let add_todo = create_multi_action(|task: &String| {
[INFO] [stdout]    |                ^^^^^^^^^^^^^^^^^^^ not found in this scope
[INFO] [stdout]    |
[INFO] [stdout] help: consider importing this function
[INFO] [stdout]    |
[INFO] [stdout] 2  + use leptos_server::create_multi_action;
[INFO] [stdout]    |
[INFO] [stdout] 
[INFO] [stdout] error: aborting due to 3 previous errors
[INFO] [stdout] 
[INFO] [stdout] Some errors have detailed explanations: E0425, E0432.
[INFO] [stdout] For more information about an error, try `rustc --explain E0425`.
[INFO] [stdout] Couldn't compile the test.
[INFO] [stdout] ---- src/multi_action.rs - multi_action::create_multi_action (line 284) stdout ----
[INFO] [stdout] error[E0432]: unresolved import `leptos`
[INFO] [stdout]  --> src/multi_action.rs:285:5
[INFO] [stdout]   |
[INFO] [stdout] 3 | use leptos::*;
[INFO] [stdout]   |     ^^^^^^ use of undeclared crate or module `leptos`
[INFO] [stdout] 
[INFO] [stdout] error[E0425]: cannot find function `create_runtime` in this scope
[INFO] [stdout]  --> src/multi_action.rs:286:15
[INFO] [stdout]   |
[INFO] [stdout] 4 | let runtime = create_runtime();
[INFO] [stdout]   |               ^^^^^^^^^^^^^^ not found in this scope
[INFO] [stdout]   |
[INFO] [stdout] help: consider importing this function
[INFO] [stdout]   |
[INFO] [stdout] 2 + use leptos_reactive::create_runtime;
[INFO] [stdout]   |
[INFO] [stdout] 
[INFO] [stdout] error[E0425]: cannot find function `create_multi_action` in this scope
[INFO] [stdout]  --> src/multi_action.rs:288:15
[INFO] [stdout]   |
[INFO] [stdout] 6 | let action1 = create_multi_action(|input: &String| {
[INFO] [stdout]   |               ^^^^^^^^^^^^^^^^^^^ not found in this scope
[INFO] [stdout]   |
[INFO] [stdout] help: consider importing this function
[INFO] [stdout]   |
[INFO] [stdout] 2 + use leptos_server::create_multi_action;
[INFO] [stdout]   |
[INFO] [stdout] 
[INFO] [stdout] error[E0425]: cannot find function `create_multi_action` in this scope
[INFO] [stdout]   --> src/multi_action.rs:294:15
[INFO] [stdout]    |
[INFO] [stdout] 12 | let action2 = create_multi_action(|input: &()| async { todo!() });
[INFO] [stdout]    |               ^^^^^^^^^^^^^^^^^^^ not found in this scope
[INFO] [stdout]    |
[INFO] [stdout] help: consider importing this function
[INFO] [stdout]    |
[INFO] [stdout] 2  + use leptos_server::create_multi_action;
[INFO] [stdout]    |
[INFO] [stdout] 
[INFO] [stdout] error[E0425]: cannot find function `create_multi_action` in this scope
[INFO] [stdout]   --> src/multi_action.rs:298:5
[INFO] [stdout]    |
[INFO] [stdout] 16 |     create_multi_action(|input: &(usize, String)| async { todo!() });
[INFO] [stdout]    |     ^^^^^^^^^^^^^^^^^^^ not found in this scope
[INFO] [stdout]    |
[INFO] [stdout] help: consider importing this function
[INFO] [stdout]    |
[INFO] [stdout] 2  + use leptos_server::create_multi_action;
[INFO] [stdout]    |
[INFO] [stdout] 
[INFO] [stdout] error: aborting due to 5 previous errors
[INFO] [stdout] 
[INFO] [stdout] Some errors have detailed explanations: E0425, E0432.
[INFO] [stdout] For more information about an error, try `rustc --explain E0425`.
[INFO] [stdout] Couldn't compile the test.
[INFO] [stdout] ---- src/action.rs - action::Action (line 14) stdout ----
[INFO] [stdout] error[E0432]: unresolved import `leptos`
[INFO] [stdout]  --> src/action.rs:15:5
[INFO] [stdout]   |
[INFO] [stdout] 3 | use leptos::*;
[INFO] [stdout]   |     ^^^^^^ use of undeclared crate or module `leptos`
[INFO] [stdout] 
[INFO] [stdout] error[E0425]: cannot find function `create_runtime` in this scope
[INFO] [stdout]  --> src/action.rs:16:15
[INFO] [stdout]   |
[INFO] [stdout] 4 | let runtime = create_runtime();
[INFO] [stdout]   |               ^^^^^^^^^^^^^^ not found in this scope
[INFO] [stdout]   |
[INFO] [stdout] help: consider importing this function
[INFO] [stdout]   |
[INFO] [stdout] 2 + use leptos_reactive::create_runtime;
[INFO] [stdout]   |
[INFO] [stdout] 
[INFO] [stdout] error[E0425]: cannot find function `create_action` in this scope
[INFO] [stdout]   --> src/action.rs:22:17
[INFO] [stdout]    |
[INFO] [stdout] 10 | let save_data = create_action(|task: &String| {
[INFO] [stdout]    |                 ^^^^^^^^^^^^^ not found in this scope
[INFO] [stdout]    |
[INFO] [stdout] help: consider importing this function
[INFO] [stdout]    |
[INFO] [stdout] 2  + use leptos_server::create_action;
[INFO] [stdout]    |
[INFO] [stdout] 
[INFO] [stdout] error: aborting due to 3 previous errors
[INFO] [stdout] 
[INFO] [stdout] Some errors have detailed explanations: E0425, E0432.
[INFO] [stdout] For more information about an error, try `rustc --explain E0425`.
[INFO] [stdout] Couldn't compile the test.
[INFO] [stdout] ---- src/action.rs - action::Action<I,O>::new (line 105) stdout ----
[INFO] [stdout] error[E0432]: unresolved import `leptos`
[INFO] [stdout]  --> src/action.rs:106:5
[INFO] [stdout]   |
[INFO] [stdout] 3 | use leptos::*;
[INFO] [stdout]   |     ^^^^^^ use of undeclared crate or module `leptos`
[INFO] [stdout] 
[INFO] [stdout] error[E0425]: cannot find function `create_runtime` in this scope
[INFO] [stdout]  --> src/action.rs:107:15
[INFO] [stdout]   |
[INFO] [stdout] 4 | let runtime = create_runtime();
[INFO] [stdout]   |               ^^^^^^^^^^^^^^ not found in this scope
[INFO] [stdout]   |
[INFO] [stdout] help: consider importing this function
[INFO] [stdout]   |
[INFO] [stdout] 2 + use leptos_reactive::create_runtime;
[INFO] [stdout]   |
[INFO] [stdout] 
[INFO] [stdout] error[E0433]: failed to resolve: use of undeclared type `Action`
[INFO] [stdout]  --> src/action.rs:109:11
[INFO] [stdout]   |
[INFO] [stdout] 6 | let act = Action::new(|n: &u8| {
[INFO] [stdout]   |           ^^^^^^ use of undeclared type `Action`
[INFO] [stdout]   |
[INFO] [stdout] help: an enum with a similar name exists
[INFO] [stdout]   |
[INFO] [stdout] 6 | let act = Option::new(|n: &u8| {
[INFO] [stdout]   |           ~~~~~~
[INFO] [stdout] help: consider importing this struct
[INFO] [stdout]   |
[INFO] [stdout] 2 + use leptos_server::Action;
[INFO] [stdout]   |
[INFO] [stdout] 
[INFO] [stdout] error[E0433]: failed to resolve: use of undeclared type `Action`
[INFO] [stdout]   --> src/action.rs:120:12
[INFO] [stdout]    |
[INFO] [stdout] 17 | let act2 = Action::new(|n: &String| yell(n.to_owned()));
[INFO] [stdout]    |            ^^^^^^ use of undeclared type `Action`
[INFO] [stdout]    |
[INFO] [stdout] help: an enum with a similar name exists
[INFO] [stdout]    |
[INFO] [stdout] 17 | let act2 = Option::new(|n: &String| yell(n.to_owned()));
[INFO] [stdout]    |            ~~~~~~
[INFO] [stdout] help: consider importing this struct
[INFO] [stdout]    |
[INFO] [stdout] 2  + use leptos_server::Action;
[INFO] [stdout]    |
[INFO] [stdout] 
[INFO] [stdout] error: aborting due to 4 previous errors
[INFO] [stdout] 
[INFO] [stdout] Some errors have detailed explanations: E0425, E0432, E0433.
[INFO] [stdout] For more information about an error, try `rustc --explain E0425`.
[INFO] [stdout] Couldn't compile the test.
[INFO] [stdout] ---- src/action.rs - action::create_server_action (line 469) stdout ----
[INFO] [stdout] error[E0432]: unresolved import `leptos`
[INFO] [stdout]  --> src/action.rs:470:5
[INFO] [stdout]   |
[INFO] [stdout] 3 | use leptos::*;
[INFO] [stdout]   |     ^^^^^^ use of undeclared crate or module `leptos`
[INFO] [stdout] 
[INFO] [stdout] error: cannot find attribute `server` in this scope
[INFO] [stdout]  --> src/action.rs:472:3
[INFO] [stdout]   |
[INFO] [stdout] 5 | #[server(MyServerFn)]
[INFO] [stdout]   |   ^^^^^^
[INFO] [stdout]   |
[INFO] [stdout] help: consider importing one of these items
[INFO] [stdout]   |
[INFO] [stdout] 2 + use leptos_macro::server;
[INFO] [stdout]   |
[INFO] [stdout] 2 + use server_fn::server;
[INFO] [stdout]   |
[INFO] [stdout] 
[INFO] [stdout] error[E0412]: cannot find type `ServerFnError` in this scope
[INFO] [stdout]  --> src/action.rs:473:39
[INFO] [stdout]   |
[INFO] [stdout] 6 | async fn my_server_fn() -> Result<(), ServerFnError> {
[INFO] [stdout]   |                                       ^^^^^^^^^^^^^ not found in this scope
[INFO] [stdout]   |
[INFO] [stdout] help: consider importing one of these items
[INFO] [stdout]   |
[INFO] [stdout] 2 + use leptos_server::ServerFnError;
[INFO] [stdout]   |
[INFO] [stdout] 2 + use server_fn::ServerFnError;
[INFO] [stdout]   |
[INFO] [stdout] 
[INFO] [stdout] error[E0425]: cannot find function `create_runtime` in this scope
[INFO] [stdout]   --> src/action.rs:477:15
[INFO] [stdout]    |
[INFO] [stdout] 10 | let runtime = create_runtime();
[INFO] [stdout]    |               ^^^^^^^^^^^^^^ not found in this scope
[INFO] [stdout]    |
[INFO] [stdout] help: consider importing this function
[INFO] [stdout]    |
[INFO] [stdout] 2  + use leptos_reactive::create_runtime;
[INFO] [stdout]    |
[INFO] [stdout] 
[INFO] [stdout] error[E0425]: cannot find function `create_server_action` in this scope
[INFO] [stdout]   --> src/action.rs:478:24
[INFO] [stdout]    |
[INFO] [stdout] 11 | let my_server_action = create_server_action::<MyServerFn>();
[INFO] [stdout]    |                        ^^^^^^^^^^^^^^^^^^^^ not found in this scope
[INFO] [stdout]    |
[INFO] [stdout] help: consider importing this function
[INFO] [stdout]    |
[INFO] [stdout] 2  + use leptos_server::create_server_action;
[INFO] [stdout]    |
[INFO] [stdout] 
[INFO] [stdout] error[E0412]: cannot find type `MyServerFn` in this scope
[INFO] [stdout]   --> src/action.rs:478:47
[INFO] [stdout]    |
[INFO] [stdout] 11 | let my_server_action = create_server_action::<MyServerFn>();
[INFO] [stdout]    |                                               ^^^^^^^^^^ not found in this scope
[INFO] [stdout]    |
[INFO] [stdout] help: you might be missing a type parameter
[INFO] [stdout]    |
[INFO] [stdout] 2  | fn main() { #[allow(non_snake_case)] fn _doctest_main_src_action_rs_469_0<MyServerFn>() {
[INFO] [stdout]    |                                                                          ++++++++++++
[INFO] [stdout] 
[INFO] [stdout] error: aborting due to 6 previous errors
[INFO] [stdout] 
[INFO] [stdout] Some errors have detailed explanations: E0412, E0425, E0432.
[INFO] [stdout] For more information about an error, try `rustc --explain E0412`.
[INFO] [stdout] Couldn't compile the test.
[INFO] [stdout] ---- src/multi_action.rs - multi_action::create_server_multi_action (line 329) stdout ----
[INFO] [stdout] error[E0432]: unresolved import `leptos`
[INFO] [stdout]  --> src/multi_action.rs:330:5
[INFO] [stdout]   |
[INFO] [stdout] 3 | use leptos::*;
[INFO] [stdout]   |     ^^^^^^ use of undeclared crate or module `leptos`
[INFO] [stdout] 
[INFO] [stdout] error: cannot find attribute `server` in this scope
[INFO] [stdout]  --> src/multi_action.rs:332:3
[INFO] [stdout]   |
[INFO] [stdout] 5 | #[server(MyServerFn)]
[INFO] [stdout]   |   ^^^^^^
[INFO] [stdout]   |
[INFO] [stdout] help: consider importing one of these items
[INFO] [stdout]   |
[INFO] [stdout] 2 + use leptos_macro::server;
[INFO] [stdout]   |
[INFO] [stdout] 2 + use server_fn::server;
[INFO] [stdout]   |
[INFO] [stdout] 
[INFO] [stdout] error[E0412]: cannot find type `ServerFnError` in this scope
[INFO] [stdout]  --> src/multi_action.rs:333:39
[INFO] [stdout]   |
[INFO] [stdout] 6 | async fn my_server_fn() -> Result<(), ServerFnError> {
[INFO] [stdout]   |                                       ^^^^^^^^^^^^^ not found in this scope
[INFO] [stdout]   |
[INFO] [stdout] help: consider importing one of these items
[INFO] [stdout]   |
[INFO] [stdout] 2 + use leptos_server::ServerFnError;
[INFO] [stdout]   |
[INFO] [stdout] 2 + use server_fn::ServerFnError;
[INFO] [stdout]   |
[INFO] [stdout] 
[INFO] [stdout] error[E0425]: cannot find function `create_runtime` in this scope
[INFO] [stdout]   --> src/multi_action.rs:337:15
[INFO] [stdout]    |
[INFO] [stdout] 10 | let runtime = create_runtime();
[INFO] [stdout]    |               ^^^^^^^^^^^^^^ not found in this scope
[INFO] [stdout]    |
[INFO] [stdout] help: consider importing this function
[INFO] [stdout]    |
[INFO] [stdout] 2  + use leptos_reactive::create_runtime;
[INFO] [stdout]    |
[INFO] [stdout] 
[INFO] [stdout] error[E0425]: cannot find function `create_server_multi_action` in this scope
[INFO] [stdout]   --> src/multi_action.rs:338:30
[INFO] [stdout]    |
[INFO] [stdout] 11 | let my_server_multi_action = create_server_multi_action::<MyServerFn>();
[INFO] [stdout]    |                              ^^^^^^^^^^^^^^^^^^^^^^^^^^ not found in this scope
[INFO] [stdout]    |
[INFO] [stdout] help: consider importing this function
[INFO] [stdout]    |
[INFO] [stdout] 2  + use leptos_server::create_server_multi_action;
[INFO] [stdout]    |
[INFO] [stdout] 
[INFO] [stdout] error[E0412]: cannot find type `MyServerFn` in this scope
[INFO] [stdout]   --> src/multi_action.rs:338:59
[INFO] [stdout]    |
[INFO] [stdout] 11 | let my_server_multi_action = create_server_multi_action::<MyServerFn>();
[INFO] [stdout]    |                                                           ^^^^^^^^^^ not found in this scope
[INFO] [stdout]    |
[INFO] [stdout] help: you might be missing a type parameter
[INFO] [stdout]    |
[INFO] [stdout] 2  | fn main() { #[allow(non_snake_case)] fn _doctest_main_src_multi_action_rs_329_0<MyServerFn>() {
[INFO] [stdout]    |                                                                                ++++++++++++
[INFO] [stdout] 
[INFO] [stdout] error: aborting due to 6 previous errors
[INFO] [stdout] 
[INFO] [stdout] Some errors have detailed explanations: E0412, E0425, E0432.
[INFO] [stdout] For more information about an error, try `rustc --explain E0412`.
[INFO] [stdout] Couldn't compile the test.
[INFO] [stdout] ---- src/action.rs - action::Action<I,O>::server (line 176) stdout ----
[INFO] [stdout] error[E0432]: unresolved import `leptos`
[INFO] [stdout]  --> src/action.rs:179:5
[INFO] [stdout]   |
[INFO] [stdout] 5 | use leptos::*;
[INFO] [stdout]   |     ^^^^^^ use of undeclared crate or module `leptos`
[INFO] [stdout] 
[INFO] [stdout] error: cannot find attribute `server` in this scope
[INFO] [stdout]   --> src/action.rs:197:3
[INFO] [stdout]    |
[INFO] [stdout] 23 | #[server]
[INFO] [stdout]    |   ^^^^^^
[INFO] [stdout]    |
[INFO] [stdout] help: consider importing one of these items
[INFO] [stdout]    |
[INFO] [stdout] 3  + use leptos_macro::server;
[INFO] [stdout]    |
[INFO] [stdout] 3  + use server_fn::server;
[INFO] [stdout]    |
[INFO] [stdout] 
[INFO] [stdout] error: cannot find attribute `server` in this scope
[INFO] [stdout]   --> src/action.rs:202:3
[INFO] [stdout]    |
[INFO] [stdout] 28 | #[server]
[INFO] [stdout]    |   ^^^^^^
[INFO] [stdout]    |
[INFO] [stdout] help: consider importing one of these items
[INFO] [stdout]    |
[INFO] [stdout] 3  + use leptos_macro::server;
[INFO] [stdout]    |
[INFO] [stdout] 3  + use server_fn::server;
[INFO] [stdout]    |
[INFO] [stdout] 
[INFO] [stdout] error[E0425]: cannot find function `create_runtime` in this scope
[INFO] [stdout]  --> src/action.rs:180:10
[INFO] [stdout]   |
[INFO] [stdout] 6 | let rt = create_runtime();
[INFO] [stdout]   |          ^^^^^^^^^^^^^^ not found in this scope
[INFO] [stdout]   |
[INFO] [stdout] help: consider importing this function
[INFO] [stdout]   |
[INFO] [stdout] 3 + use leptos_reactive::create_runtime;
[INFO] [stdout]   |
[INFO] [stdout] 
[INFO] [stdout] error[E0433]: failed to resolve: use of undeclared type `Action`
[INFO] [stdout]  --> src/action.rs:183:11
[INFO] [stdout]   |
[INFO] [stdout] 9 | let act = Action::<Add, _>::server();
[INFO] [stdout]   |           ^^^^^^ use of undeclared type `Action`
[INFO] [stdout]   |
[INFO] [stdout] help: an enum with a similar name exists
[INFO] [stdout]   |
[INFO] [stdout] 9 | let act = Option::<Add, _>::server();
[INFO] [stdout]   |           ~~~~~~
[INFO] [stdout] help: consider importing this struct
[INFO] [stdout]   |
[INFO] [stdout] 3 + use leptos_server::Action;
[INFO] [stdout]   |
[INFO] [stdout] 
[INFO] [stdout] error[E0412]: cannot find type `Add` in this scope
[INFO] [stdout]  --> src/action.rs:183:20
[INFO] [stdout]   |
[INFO] [stdout] 9 | let act = Action::<Add, _>::server();
[INFO] [stdout]   |                    ^^^ not found in this scope
[INFO] [stdout]   |
[INFO] [stdout] help: consider importing one of these items
[INFO] [stdout]   |
[INFO] [stdout] 3 + use core::ops::Add;
[INFO] [stdout]   |
[INFO] [stdout] 3 + use std::ops::Add;
[INFO] [stdout]   |
[INFO] [stdout] 
[INFO] [stdout] error[E0422]: cannot find struct, variant or union type `Add` in this scope
[INFO] [stdout]   --> src/action.rs:184:12
[INFO] [stdout]    |
[INFO] [stdout] 10 | let args = Add { lhs: 5, rhs: 7 };
[INFO] [stdout]    |            ^^^ not found in this scope
[INFO] [stdout] 
[INFO] [stdout] error[E0412]: cannot find type `Action` in this scope
[INFO] [stdout]   --> src/action.rs:189:10
[INFO] [stdout]    |
[INFO] [stdout] 15 | let act: Action<Sub, _> = Action::server();
[INFO] [stdout]    |          ^^^^^^
[INFO] [stdout]   --> /rustc/82e1608dfa6e0b5569232559e3d385fea5a93112/library/core/src/option.rs:569:1
[INFO] [stdout]    |
[INFO] [stdout]    = note: similarly named enum `Option` defined here
[INFO] [stdout]    |
[INFO] [stdout] help: an enum with a similar name exists
[INFO] [stdout]    |
[INFO] [stdout] 15 | let act: Option<Sub, _> = Action::server();
[INFO] [stdout]    |          ~~~~~~
[INFO] [stdout] help: consider importing this struct
[INFO] [stdout]    |
[INFO] [stdout] 3  + use leptos_server::Action;
[INFO] [stdout]    |
[INFO] [stdout] 
[INFO] [stdout] error[E0412]: cannot find type `Sub` in this scope
[INFO] [stdout]   --> src/action.rs:189:17
[INFO] [stdout]    |
[INFO] [stdout] 15 | let act: Action<Sub, _> = Action::server();
[INFO] [stdout]    |                 ^^^ not found in this scope
[INFO] [stdout]    |
[INFO] [stdout] help: consider importing one of these items
[INFO] [stdout]    |
[INFO] [stdout] 3  + use core::ops::Sub;
[INFO] [stdout]    |
[INFO] [stdout] 3  + use std::ops::Sub;
[INFO] [stdout]    |
[INFO] [stdout] 
[INFO] [stdout] error[E0433]: failed to resolve: use of undeclared type `Action`
[INFO] [stdout]   --> src/action.rs:189:27
[INFO] [stdout]    |
[INFO] [stdout] 15 | let act: Action<Sub, _> = Action::server();
[INFO] [stdout]    |                           ^^^^^^ use of undeclared type `Action`
[INFO] [stdout]    |
[INFO] [stdout] help: an enum with a similar name exists
[INFO] [stdout]    |
[INFO] [stdout] 15 | let act: Action<Sub, _> = Option::server();
[INFO] [stdout]    |                           ~~~~~~
[INFO] [stdout] help: consider importing this struct
[INFO] [stdout]    |
[INFO] [stdout] 3  + use leptos_server::Action;
[INFO] [stdout]    |
[INFO] [stdout] 
[INFO] [stdout] error[E0422]: cannot find struct, variant or union type `Sub` in this scope
[INFO] [stdout]   --> src/action.rs:190:12
[INFO] [stdout]    |
[INFO] [stdout] 16 | let args = Sub { lhs: 20, rhs: 5 };
[INFO] [stdout]    |            ^^^ not found in this scope
[INFO] [stdout] 
[INFO] [stdout] error[E0433]: failed to resolve: use of undeclared type `Action`
[INFO] [stdout]   --> src/action.rs:194:22
[INFO] [stdout]    |
[INFO] [stdout] 20 | let not_dispatched = Action::<Add, _>::server();
[INFO] [stdout]    |                      ^^^^^^ use of undeclared type `Action`
[INFO] [stdout]    |
[INFO] [stdout] help: an enum with a similar name exists
[INFO] [stdout]    |
[INFO] [stdout] 20 | let not_dispatched = Option::<Add, _>::server();
[INFO] [stdout]    |                      ~~~~~~
[INFO] [stdout] help: consider importing this struct
[INFO] [stdout]    |
[INFO] [stdout] 3  + use leptos_server::Action;
[INFO] [stdout]    |
[INFO] [stdout] 
[INFO] [stdout] error[E0412]: cannot find type `Add` in this scope
[INFO] [stdout]   --> src/action.rs:194:31
[INFO] [stdout]    |
[INFO] [stdout] 20 | let not_dispatched = Action::<Add, _>::server();
[INFO] [stdout]    |                               ^^^ not found in this scope
[INFO] [stdout]    |
[INFO] [stdout] help: consider importing one of these items
[INFO] [stdout]    |
[INFO] [stdout] 3  + use core::ops::Add;
[INFO] [stdout]    |
[INFO] [stdout] 3  + use std::ops::Add;
[INFO] [stdout]    |
[INFO] [stdout] 
[INFO] [stdout] error[E0412]: cannot find type `ServerFnError` in this scope
[INFO] [stdout]   --> src/action.rs:198:46
[INFO] [stdout]    |
[INFO] [stdout] 24 | async fn add(lhs: u8, rhs: u8) -> Result<u8, ServerFnError> {
[INFO] [stdout]    |                                              ^^^^^^^^^^^^^ not found in this scope
[INFO] [stdout]    |
[INFO] [stdout] help: consider importing one of these items
[INFO] [stdout]    |
[INFO] [stdout] 3  + use leptos_server::ServerFnError;
[INFO] [stdout]    |
[INFO] [stdout] 3  + use server_fn::ServerFnError;
[INFO] [stdout]    |
[INFO] [stdout] 
[INFO] [stdout] error[E0412]: cannot find type `ServerFnError` in this scope
[INFO] [stdout]   --> src/action.rs:203:46
[INFO] [stdout]    |
[INFO] [stdout] 29 | async fn sub(lhs: u8, rhs: u8) -> Result<u8, ServerFnError> {
[INFO] [stdout]    |                                              ^^^^^^^^^^^^^ not found in this scope
[INFO] [stdout]    |
[INFO] [stdout] help: consider importing one of these items
[INFO] [stdout]    |
[INFO] [stdout] 3  + use leptos_server::ServerFnError;
[INFO] [stdout]    |
[INFO] [stdout] 3  + use server_fn::ServerFnError;
[INFO] [stdout]    |
[INFO] [stdout] 
[INFO] [stdout] error[E0282]: type annotations needed
[INFO] [stdout]   --> src/action.rs:199:5
[INFO] [stdout]    |
[INFO] [stdout] 25 |     Ok(lhs + rhs)
[INFO] [stdout]    |     ^^ cannot infer type of the type parameter `E` declared on the enum `Result`
[INFO] [stdout]    |
[INFO] [stdout] help: consider specifying the generic arguments
[INFO] [stdout]    |
[INFO] [stdout] 25 |     Ok::<u8, E>(lhs + rhs)
[INFO] [stdout]    |       +++++++++
[INFO] [stdout] 
[INFO] [stdout] error[E0282]: type annotations needed
[INFO] [stdout]   --> src/action.rs:204:5
[INFO] [stdout]    |
[INFO] [stdout] 30 |     Ok(lhs - rhs)
[INFO] [stdout]    |     ^^ cannot infer type of the type parameter `E` declared on the enum `Result`
[INFO] [stdout]    |
[INFO] [stdout] help: consider specifying the generic arguments
[INFO] [stdout]    |
[INFO] [stdout] 30 |     Ok::<u8, E>(lhs - rhs)
[INFO] [stdout]    |       +++++++++
[INFO] [stdout] 
[INFO] [stdout] error: aborting due to 17 previous errors
[INFO] [stdout] 
[INFO] [stdout] Some errors have detailed explanations: E0282, E0412, E0422, E0425, E0432, E0433.
[INFO] [stdout] For more information about an error, try `rustc --explain E0282`.
[INFO] [stdout] Couldn't compile the test.
[INFO] [stdout] 
[INFO] [stdout] failures:
[INFO] [stdout]     src/action.rs - action::Action (line 14)
[INFO] [stdout]     src/action.rs - action::Action (line 64)
[INFO] [stdout]     src/action.rs - action::Action<I,O>::new (line 105)
[INFO] [stdout]     src/action.rs - action::Action<I,O>::server (line 176)
[INFO] [stdout]     src/action.rs - action::create_action (line 387)
[INFO] [stdout]     src/action.rs - action::create_action (line 437)
[INFO] [stdout]     src/action.rs - action::create_server_action (line 469)
[INFO] [stdout]     src/multi_action.rs - multi_action::MultiAction (line 19)
[INFO] [stdout]     src/multi_action.rs - multi_action::MultiAction (line 45)
[INFO] [stdout]     src/multi_action.rs - multi_action::create_multi_action (line 257)
[INFO] [stdout]     src/multi_action.rs - multi_action::create_multi_action (line 284)
[INFO] [stdout]     src/multi_action.rs - multi_action::create_server_multi_action (line 329)
[INFO] [stdout] 
[INFO] [stdout] test result: FAILED. 0 passed; 12 failed; 3 ignored; 0 measured; 0 filtered out; finished in 0.09s
[INFO] [stdout] 
[INFO] [stderr] error: doctest failed, to rerun pass `--doc`
[INFO] running `Command { std: "docker" "inspect" "37f9df34265956968fbc5205f5f6f84330f96eafaeb889e438394e0c299de417", kill_on_drop: false }`
[INFO] running `Command { std: "docker" "rm" "-f" "37f9df34265956968fbc5205f5f6f84330f96eafaeb889e438394e0c299de417", kill_on_drop: false }`
[INFO] [stdout] 37f9df34265956968fbc5205f5f6f84330f96eafaeb889e438394e0c299de417
