[INFO] fetching crate leptos_form 0.1.8...
[INFO] testing leptos_form-0.1.8 against 1.75.0 for beta-1.76-1
[INFO] extracting crate leptos_form 0.1.8 into /workspace/builds/worker-4-tc1/source
[INFO] validating manifest of crates.io crate leptos_form 0.1.8 on toolchain 1.75.0
[INFO] running `Command { std: CARGO_HOME="/workspace/cargo-home" RUSTUP_HOME="/workspace/rustup-home" "/workspace/cargo-home/bin/cargo" "+1.75.0" "metadata" "--manifest-path" "Cargo.toml" "--no-deps", kill_on_drop: false }`
[INFO] started tweaking crates.io crate leptos_form 0.1.8
[INFO] finished tweaking crates.io crate leptos_form 0.1.8
[INFO] tweaked toml for crates.io crate leptos_form 0.1.8 written to /workspace/builds/worker-4-tc1/source/Cargo.toml
[INFO] running `Command { std: CARGO_HOME="/workspace/cargo-home" RUSTUP_HOME="/workspace/rustup-home" "/workspace/cargo-home/bin/cargo" "+1.75.0" "generate-lockfile" "--manifest-path" "Cargo.toml", kill_on_drop: false }`
[INFO] [stderr]     Updating crates.io index
[INFO] running `Command { std: CARGO_HOME="/workspace/cargo-home" RUSTUP_HOME="/workspace/rustup-home" "/workspace/cargo-home/bin/cargo" "+1.75.0" "fetch" "--manifest-path" "Cargo.toml", kill_on_drop: false }`
[INFO] [stderr]  Downloading crates ...
[INFO] [stderr]   Downloaded server_fn v0.5.4
[INFO] [stderr]   Downloaded linear-map v1.2.0
[INFO] [stderr]   Downloaded leptos_macro v0.5.4
[INFO] [stderr]   Downloaded server_fn_macro_default v0.5.4
[INFO] [stderr]   Downloaded pad-adapter v0.1.1
[INFO] [stderr]   Downloaded drain_filter_polyfill v0.1.3
[INFO] [stderr]   Downloaded leptos_hot_reload v0.5.4
[INFO] [stderr]   Downloaded gloo-net v0.2.6
[INFO] [stderr]   Downloaded leptos v0.5.4
[INFO] [stderr]   Downloaded leptos_router v0.5.4
[INFO] [stderr]   Downloaded leptos_form_proc_macros v0.1.8
[INFO] [stderr]   Downloaded leptos_reactive v0.5.4
[INFO] [stderr]   Downloaded leptos_dom v0.5.4
[INFO] [stderr]   Downloaded leptos_form_proc_macros_core v0.1.8
[INFO] [stderr]   Downloaded typed-builder-macro v0.18.0
[INFO] [stderr]   Downloaded leptos_config v0.5.4
[INFO] [stderr]   Downloaded inventory v0.3.14
[INFO] [stderr]   Downloaded leptos_server v0.5.4
[INFO] [stderr]   Downloaded server_fn_macro v0.5.4
[INFO] [stderr]   Downloaded typed-builder v0.18.0
[INFO] [stderr]   Downloaded leptos_form_core v0.1.8
[INFO] running `Command { std: "docker" "create" "-v" "/var/lib/crater-agent-workspace/builds/worker-4-tc1/target:/opt/rustwide/target:rw,Z" "-v" "/var/lib/crater-agent-workspace/builds/worker-4-tc1/source:/opt/rustwide/workdir:ro,Z" "-v" "/var/lib/crater-agent-workspace/cargo-home:/opt/rustwide/cargo-home:ro,Z" "-v" "/var/lib/crater-agent-workspace/rustup-home:/opt/rustwide/rustup-home:ro,Z" "-e" "SOURCE_DIR=/opt/rustwide/workdir" "-e" "CARGO_TARGET_DIR=/opt/rustwide/target" "-e" "CARGO_HOME=/opt/rustwide/cargo-home" "-e" "RUSTUP_HOME=/opt/rustwide/rustup-home" "-w" "/opt/rustwide/workdir" "-m" "1610612736" "--user" "0:0" "--network" "none" "ghcr.io/rust-lang/crates-build-env/linux@sha256:2788e3201cd34a07e3172128adcd8b3090168a8e3bcc40d7c032b9dda1df7d1c" "/opt/rustwide/cargo-home/bin/cargo" "+1.75.0" "metadata" "--no-deps" "--format-version=1", kill_on_drop: false }`
[INFO] [stdout] 62990febc591f7ced10f48701683c733f46b0347fe9c4fafd4f750046575b2f8
[INFO] running `Command { std: "docker" "start" "-a" "62990febc591f7ced10f48701683c733f46b0347fe9c4fafd4f750046575b2f8", kill_on_drop: false }`
[INFO] running `Command { std: "docker" "inspect" "62990febc591f7ced10f48701683c733f46b0347fe9c4fafd4f750046575b2f8", kill_on_drop: false }`
[INFO] running `Command { std: "docker" "rm" "-f" "62990febc591f7ced10f48701683c733f46b0347fe9c4fafd4f750046575b2f8", kill_on_drop: false }`
[INFO] [stdout] 62990febc591f7ced10f48701683c733f46b0347fe9c4fafd4f750046575b2f8
[INFO] running `Command { std: "docker" "create" "-v" "/var/lib/crater-agent-workspace/builds/worker-4-tc1/target:/opt/rustwide/target:rw,Z" "-v" "/var/lib/crater-agent-workspace/builds/worker-4-tc1/source:/opt/rustwide/workdir:ro,Z" "-v" "/var/lib/crater-agent-workspace/cargo-home:/opt/rustwide/cargo-home:ro,Z" "-v" "/var/lib/crater-agent-workspace/rustup-home:/opt/rustwide/rustup-home:ro,Z" "-e" "SOURCE_DIR=/opt/rustwide/workdir" "-e" "CARGO_TARGET_DIR=/opt/rustwide/target" "-e" "CARGO_INCREMENTAL=0" "-e" "RUST_BACKTRACE=full" "-e" "RUSTFLAGS=--cap-lints=warn" "-e" "RUSTDOCFLAGS=--cap-lints=warn" "-e" "CARGO_HOME=/opt/rustwide/cargo-home" "-e" "RUSTUP_HOME=/opt/rustwide/rustup-home" "-w" "/opt/rustwide/workdir" "-m" "1610612736" "--user" "0:0" "--network" "none" "ghcr.io/rust-lang/crates-build-env/linux@sha256:2788e3201cd34a07e3172128adcd8b3090168a8e3bcc40d7c032b9dda1df7d1c" "/opt/rustwide/cargo-home/bin/cargo" "+1.75.0" "build" "--frozen" "--message-format=json", kill_on_drop: false }`
[INFO] [stdout] 2679b0461ca02c328da67df3d0f574fbffb77656d93df1c7da0838e1a1e9df8a
[INFO] running `Command { std: "docker" "start" "-a" "2679b0461ca02c328da67df3d0f574fbffb77656d93df1c7da0838e1a1e9df8a", kill_on_drop: false }`
[INFO] [stderr]    Compiling unicode-ident v1.0.12
[INFO] [stderr]    Compiling proc-macro2 v1.0.75
[INFO] [stderr]    Compiling proc-macro-error v1.0.4
[INFO] [stderr]    Compiling wasm-bindgen v0.2.89
[INFO] [stderr]    Compiling smallvec v1.11.2
[INFO] [stderr]    Compiling mio v0.8.10
[INFO] [stderr]    Compiling socket2 v0.5.5
[INFO] [stderr]    Compiling serde v1.0.194
[INFO] [stderr]    Compiling proc-macro2-diagnostics v0.10.1
[INFO] [stderr]    Compiling xxhash-rust v0.8.8
[INFO] [stderr]    Compiling lock_api v0.4.11
[INFO] [stderr]    Compiling parking_lot_core v0.9.9
[INFO] [stderr]    Compiling slotmap v1.0.7
[INFO] [stderr]    Compiling scopeguard v1.2.0
[INFO] [stderr]    Compiling yansi v1.0.0-rc.1
[INFO] [stderr]    Compiling camino v1.1.6
[INFO] [stderr]    Compiling paste v1.0.14
[INFO] [stderr]    Compiling unicode-segmentation v1.10.1
[INFO] [stderr]    Compiling semver v1.0.21
[INFO] [stderr]    Compiling anyhow v1.0.79
[INFO] [stderr]    Compiling interpolator v0.5.0
[INFO] [stderr]    Compiling collection_literals v1.0.1
[INFO] [stderr]    Compiling prettyplease v0.2.16
[INFO] [stderr]    Compiling utf8-width v0.1.7
[INFO] [stderr]    Compiling html-escape v0.2.13
[INFO] [stderr]    Compiling getrandom v0.2.11
[INFO] [stderr]    Compiling self_cell v1.0.3
[INFO] [stderr]    Compiling tokio v1.35.1
[INFO] [stderr]    Compiling parking_lot v0.12.1
[INFO] [stderr]    Compiling convert_case v0.6.0
[INFO] [stderr]    Compiling quote v1.0.35
[INFO] [stderr]    Compiling uuid v1.6.1
[INFO] [stderr]    Compiling rustc_version v0.4.0
[INFO] [stderr]    Compiling itertools v0.11.0
[INFO] [stderr]    Compiling pathdiff v0.2.1
[INFO] [stderr]    Compiling inventory v0.3.14
[INFO] [stderr]    Compiling drain_filter_polyfill v0.1.3
[INFO] [stderr]    Compiling syn v2.0.48
[INFO] [stderr]    Compiling convert_case v0.4.0
[INFO] [stderr]    Compiling pad-adapter v0.1.1
[INFO] [stderr]    Compiling itertools v0.12.0
[INFO] [stderr]    Compiling leptos_form_core v0.1.8
[INFO] [stderr]    Compiling leptos_form v0.1.8 (/opt/rustwide/workdir)
[INFO] [stderr]    Compiling proc-macro-utils v0.8.0
[INFO] [stderr]    Compiling syn v1.0.109
[INFO] [stderr]    Compiling proc-macro-error-attr v1.0.4
[INFO] [stderr]    Compiling const_format_proc_macros v0.2.32
[INFO] [stderr]    Compiling manyhow-macros v0.8.1
[INFO] [stderr]    Compiling const_format v0.2.32
[INFO] [stderr]    Compiling derive_more v0.99.17
[INFO] [stderr]    Compiling derivative v2.2.0
[INFO] [stderr]    Compiling wasm-bindgen-backend v0.2.89
[INFO] [stderr]    Compiling manyhow v0.8.1
[INFO] [stderr]    Compiling darling_core v0.20.3
[INFO] [stderr]    Compiling serde_derive v1.0.194
[INFO] [stderr]    Compiling thiserror-impl v1.0.56
[INFO] [stderr]    Compiling tracing-attributes v0.1.27
[INFO] [stderr]    Compiling futures-macro v0.3.30
[INFO] [stderr]    Compiling derive-where v1.2.7
[INFO] [stderr]    Compiling pin-project-internal v1.1.3
[INFO] [stderr]    Compiling syn_derive v0.1.8
[INFO] [stderr]    Compiling async-trait v0.1.77
[INFO] [stderr]    Compiling typed-builder-macro v0.18.0
[INFO] [stderr]    Compiling async-recursion v1.0.5
[INFO] [stderr]    Compiling wasm-bindgen-macro-support v0.2.89
[INFO] [stderr]    Compiling wasm-bindgen-macro v0.2.89
[INFO] [stderr]    Compiling darling_macro v0.20.3
[INFO] [stderr]    Compiling futures-util v0.3.30
[INFO] [stderr]    Compiling thiserror v1.0.56
[INFO] [stderr]    Compiling pin-project v1.1.3
[INFO] [stderr]    Compiling rstml v0.11.2
[INFO] [stderr]    Compiling typed-builder v0.18.0
[INFO] [stderr]    Compiling tracing v0.1.40
[INFO] [stderr]    Compiling quote-use-macros v0.7.2
[INFO] [stderr]    Compiling tokio-util v0.7.10
[INFO] [stderr]    Compiling darling v0.20.3
[INFO] [stderr]    Compiling leptos_form_proc_macros_core v0.1.8
[INFO] [stderr]    Compiling js-sys v0.3.66
[INFO] [stderr]    Compiling quote-use v0.7.2
[INFO] [stderr]    Compiling attribute-derive-macro v0.8.1
[INFO] [stderr]    Compiling leptos_form_proc_macros v0.1.8
[INFO] [stderr]    Compiling attribute-derive v0.8.1
[INFO] [stderr]    Compiling h2 v0.3.22
[INFO] [stderr]    Compiling futures-executor v0.3.30
[INFO] [stderr]    Compiling futures v0.3.30
[INFO] [stderr]    Compiling web-sys v0.3.66
[INFO] [stderr]    Compiling wasm-bindgen-futures v0.4.39
[INFO] [stderr]    Compiling server_fn_macro v0.5.4
[INFO] [stderr]    Compiling leptos_hot_reload v0.5.4
[INFO] [stderr]    Compiling serde_json v1.0.111
[INFO] [stderr]    Compiling serde_urlencoded v0.7.1
[INFO] [stderr]    Compiling ciborium v0.2.1
[INFO] [stderr]    Compiling serde-wasm-bindgen v0.5.0
[INFO] [stderr]    Compiling serde_qs v0.12.0
[INFO] [stderr]    Compiling toml v0.5.11
[INFO] [stderr]    Compiling serde_test v1.0.176
[INFO] [stderr]    Compiling server_fn_macro_default v0.5.4
[INFO] [stderr]    Compiling hyper v0.14.28
[INFO] [stderr]    Compiling linear-map v1.2.0
[INFO] [stderr]    Compiling leptos_macro v0.5.4
[INFO] [stderr]    Compiling config v0.13.4
[INFO] [stderr]    Compiling leptos_reactive v0.5.4
[INFO] [stderr]    Compiling leptos_config v0.5.4
[INFO] [stderr]    Compiling reqwest v0.11.23
[INFO] [stderr]    Compiling server_fn v0.5.4
[INFO] [stderr]    Compiling leptos_server v0.5.4
[INFO] [stderr]    Compiling leptos_dom v0.5.4
[INFO] [stderr]    Compiling gloo-utils v0.1.7
[INFO] [stderr]    Compiling gloo-net v0.2.6
[INFO] [stderr]    Compiling leptos v0.5.4
[INFO] [stderr]    Compiling leptos_router v0.5.4
[INFO] [stderr]     Finished dev [unoptimized + debuginfo] target(s) in 31.46s
[INFO] running `Command { std: "docker" "inspect" "2679b0461ca02c328da67df3d0f574fbffb77656d93df1c7da0838e1a1e9df8a", kill_on_drop: false }`
[INFO] running `Command { std: "docker" "rm" "-f" "2679b0461ca02c328da67df3d0f574fbffb77656d93df1c7da0838e1a1e9df8a", kill_on_drop: false }`
[INFO] [stdout] 2679b0461ca02c328da67df3d0f574fbffb77656d93df1c7da0838e1a1e9df8a
[INFO] running `Command { std: "docker" "create" "-v" "/var/lib/crater-agent-workspace/builds/worker-4-tc1/target:/opt/rustwide/target:rw,Z" "-v" "/var/lib/crater-agent-workspace/builds/worker-4-tc1/source:/opt/rustwide/workdir:ro,Z" "-v" "/var/lib/crater-agent-workspace/cargo-home:/opt/rustwide/cargo-home:ro,Z" "-v" "/var/lib/crater-agent-workspace/rustup-home:/opt/rustwide/rustup-home:ro,Z" "-e" "SOURCE_DIR=/opt/rustwide/workdir" "-e" "CARGO_TARGET_DIR=/opt/rustwide/target" "-e" "CARGO_INCREMENTAL=0" "-e" "RUST_BACKTRACE=full" "-e" "RUSTFLAGS=--cap-lints=warn" "-e" "RUSTDOCFLAGS=--cap-lints=warn" "-e" "CARGO_HOME=/opt/rustwide/cargo-home" "-e" "RUSTUP_HOME=/opt/rustwide/rustup-home" "-w" "/opt/rustwide/workdir" "-m" "1610612736" "--user" "0:0" "--network" "none" "ghcr.io/rust-lang/crates-build-env/linux@sha256:2788e3201cd34a07e3172128adcd8b3090168a8e3bcc40d7c032b9dda1df7d1c" "/opt/rustwide/cargo-home/bin/cargo" "+1.75.0" "test" "--frozen" "--no-run" "--message-format=json", kill_on_drop: false }`
[INFO] [stdout] 9cdc385d555d9f0368baf0a032f7a98ee8de5d5d631be5e9b1f8aded54549dfb
[INFO] running `Command { std: "docker" "start" "-a" "9cdc385d555d9f0368baf0a032f7a98ee8de5d5d631be5e9b1f8aded54549dfb", kill_on_drop: false }`
[INFO] [stderr]    Compiling getrandom v0.2.11
[INFO] [stderr]    Compiling uuid v1.6.1
[INFO] [stderr]    Compiling leptos_macro v0.5.4
[INFO] [stderr]    Compiling leptos_server v0.5.4
[INFO] [stderr]    Compiling leptos v0.5.4
[INFO] [stderr]    Compiling leptos_form_core v0.1.8
[INFO] [stderr]    Compiling leptos_router v0.5.4
[INFO] [stderr]    Compiling leptos_form v0.1.8 (/opt/rustwide/workdir)
[INFO] [stderr]     Finished test [unoptimized + debuginfo] target(s) in 5.47s
[INFO] running `Command { std: "docker" "inspect" "9cdc385d555d9f0368baf0a032f7a98ee8de5d5d631be5e9b1f8aded54549dfb", kill_on_drop: false }`
[INFO] running `Command { std: "docker" "rm" "-f" "9cdc385d555d9f0368baf0a032f7a98ee8de5d5d631be5e9b1f8aded54549dfb", kill_on_drop: false }`
[INFO] [stdout] 9cdc385d555d9f0368baf0a032f7a98ee8de5d5d631be5e9b1f8aded54549dfb
[INFO] running `Command { std: "docker" "create" "-v" "/var/lib/crater-agent-workspace/builds/worker-4-tc1/target:/opt/rustwide/target:rw,Z" "-v" "/var/lib/crater-agent-workspace/builds/worker-4-tc1/source:/opt/rustwide/workdir:ro,Z" "-v" "/var/lib/crater-agent-workspace/cargo-home:/opt/rustwide/cargo-home:ro,Z" "-v" "/var/lib/crater-agent-workspace/rustup-home:/opt/rustwide/rustup-home:ro,Z" "-e" "SOURCE_DIR=/opt/rustwide/workdir" "-e" "CARGO_TARGET_DIR=/opt/rustwide/target" "-e" "CARGO_INCREMENTAL=0" "-e" "RUST_BACKTRACE=full" "-e" "RUSTFLAGS=--cap-lints=warn" "-e" "RUSTDOCFLAGS=--cap-lints=warn" "-e" "CARGO_HOME=/opt/rustwide/cargo-home" "-e" "RUSTUP_HOME=/opt/rustwide/rustup-home" "-w" "/opt/rustwide/workdir" "-m" "1610612736" "--user" "0:0" "--network" "none" "ghcr.io/rust-lang/crates-build-env/linux@sha256:2788e3201cd34a07e3172128adcd8b3090168a8e3bcc40d7c032b9dda1df7d1c" "/opt/rustwide/cargo-home/bin/cargo" "+1.75.0" "test" "--frozen", kill_on_drop: false }`
[INFO] [stdout] 06396a6a77a3ed0a4a6a537c9ae0ba38f3b22549d4d4f9f009d793abf8ff4b19
[INFO] running `Command { std: "docker" "start" "-a" "06396a6a77a3ed0a4a6a537c9ae0ba38f3b22549d4d4f9f009d793abf8ff4b19", kill_on_drop: false }`
[INFO] [stderr]     Finished test [unoptimized + debuginfo] target(s) in 0.18s
[INFO] [stderr]      Running unittests src/lib.rs (/opt/rustwide/target/debug/deps/leptos_form-a9f4fef2af0d0999)
[INFO] [stdout] 
[INFO] [stdout] running 0 tests
[INFO] [stdout] 
[INFO] [stdout] test result: ok. 0 passed; 0 failed; 0 ignored; 0 measured; 0 filtered out; finished in 0.00s
[INFO] [stdout] 
[INFO] [stderr]    Doc-tests leptos_form
[INFO] [stdout] 
[INFO] [stdout] running 3 tests
[INFO] [stdout] test src/lib.rs - (line 57) ... ok
[INFO] [stdout] test src/lib.rs - Form (line 70) ... ok
[INFO] [stdout] test src/lib.rs - Form (line 180) ... FAILED
[INFO] [stdout] 
[INFO] [stdout] failures:
[INFO] [stdout] 
[INFO] [stdout] ---- src/lib.rs - Form (line 180) stdout ----
[INFO] [stdout] error[E0277]: the trait bound `uuid::Uuid: DefaultHtmlElement` is not satisfied
[INFO] [stdout]   --> src/lib.rs:207:41
[INFO] [stdout]    |
[INFO] [stdout] 30 |     #[derive(Clone, Debug, Deserialize, Form, Serialize, TypedBuilder)]
[INFO] [stdout]    |                                         ^^^^ the trait `DefaultHtmlElement` is not implemented for `uuid::Uuid`
[INFO] [stdout]    |
[INFO] [stdout]    = help: the following other types implement trait `DefaultHtmlElement`:
[INFO] [stdout]              isize
[INFO] [stdout]              i8
[INFO] [stdout]              i16
[INFO] [stdout]              i32
[INFO] [stdout]              i64
[INFO] [stdout]              i128
[INFO] [stdout]              usize
[INFO] [stdout]              u8
[INFO] [stdout]            and 13 others
[INFO] [stdout]    = note: this error originates in the derive macro `Form` (in Nightly builds, run with -Z macro-backtrace for more info)
[INFO] [stdout] 
[INFO] [stdout] error[E0277]: the trait bound `uuid::Uuid: leptos_form::FormField<_>` is not satisfied
[INFO] [stdout]   --> src/lib.rs:207:41
[INFO] [stdout]    |
[INFO] [stdout] 30 |     #[derive(Clone, Debug, Deserialize, Form, Serialize, TypedBuilder)]
[INFO] [stdout]    |                                         ^^^^ the trait `leptos_form::FormField<_>` is not implemented for `uuid::Uuid`
[INFO] [stdout]    |
[INFO] [stdout]    = help: the following other types implement trait `leptos_form::FormField<El>`:
[INFO] [stdout]              <isize as leptos_form::FormField<leptos::HtmlElement<leptos::html::Input>>>
[INFO] [stdout]              <i8 as leptos_form::FormField<leptos::HtmlElement<leptos::html::Input>>>
[INFO] [stdout]              <i16 as leptos_form::FormField<leptos::HtmlElement<leptos::html::Input>>>
[INFO] [stdout]              <i32 as leptos_form::FormField<leptos::HtmlElement<leptos::html::Input>>>
[INFO] [stdout]              <i64 as leptos_form::FormField<leptos::HtmlElement<leptos::html::Input>>>
[INFO] [stdout]              <i128 as leptos_form::FormField<leptos::HtmlElement<leptos::html::Input>>>
[INFO] [stdout]              <usize as leptos_form::FormField<leptos::HtmlElement<leptos::html::Input>>>
[INFO] [stdout]              <u8 as leptos_form::FormField<leptos::HtmlElement<leptos::html::Input>>>
[INFO] [stdout]            and 16 others
[INFO] [stdout]    = note: this error originates in the derive macro `Form` (in Nightly builds, run with -Z macro-backtrace for more info)
[INFO] [stdout] 
[INFO] [stdout] error[E0277]: the trait bound `uuid::Uuid: DefaultHtmlElement` is not satisfied
[INFO] [stdout]   --> src/lib.rs:225:17
[INFO] [stdout]    |
[INFO] [stdout] 48 |         pub id: Uuid,
[INFO] [stdout]    |                 ^^^^ the trait `DefaultHtmlElement` is not implemented for `uuid::Uuid`
[INFO] [stdout]    |
[INFO] [stdout]    = help: the following other types implement trait `DefaultHtmlElement`:
[INFO] [stdout]              isize
[INFO] [stdout]              i8
[INFO] [stdout]              i16
[INFO] [stdout]              i32
[INFO] [stdout]              i64
[INFO] [stdout]              i128
[INFO] [stdout]              usize
[INFO] [stdout]              u8
[INFO] [stdout]            and 13 others
[INFO] [stdout] 
[INFO] [stdout] error[E0277]: the trait bound `uuid::Uuid: leptos_form::FormField<_>` is not satisfied
[INFO] [stdout]   --> src/lib.rs:225:17
[INFO] [stdout]    |
[INFO] [stdout] 48 |         pub id: Uuid,
[INFO] [stdout]    |                 ^^^^ the trait `leptos_form::FormField<_>` is not implemented for `uuid::Uuid`
[INFO] [stdout]    |
[INFO] [stdout]    = help: the following other types implement trait `leptos_form::FormField<El>`:
[INFO] [stdout]              <isize as leptos_form::FormField<leptos::HtmlElement<leptos::html::Input>>>
[INFO] [stdout]              <i8 as leptos_form::FormField<leptos::HtmlElement<leptos::html::Input>>>
[INFO] [stdout]              <i16 as leptos_form::FormField<leptos::HtmlElement<leptos::html::Input>>>
[INFO] [stdout]              <i32 as leptos_form::FormField<leptos::HtmlElement<leptos::html::Input>>>
[INFO] [stdout]              <i64 as leptos_form::FormField<leptos::HtmlElement<leptos::html::Input>>>
[INFO] [stdout]              <i128 as leptos_form::FormField<leptos::HtmlElement<leptos::html::Input>>>
[INFO] [stdout]              <usize as leptos_form::FormField<leptos::HtmlElement<leptos::html::Input>>>
[INFO] [stdout]              <u8 as leptos_form::FormField<leptos::HtmlElement<leptos::html::Input>>>
[INFO] [stdout]            and 16 others
[INFO] [stdout] 
[INFO] [stdout] error[E0277]: the trait bound `uuid::Uuid: FormComponent<_>` is not satisfied
[INFO] [stdout]   --> src/lib.rs:207:41
[INFO] [stdout]    |
[INFO] [stdout] 30 |     #[derive(Clone, Debug, Deserialize, Form, Serialize, TypedBuilder)]
[INFO] [stdout]    |                                         ^^^^ the trait `FormComponent<_>` is not implemented for `uuid::Uuid`
[INFO] [stdout]    |
[INFO] [stdout]    = help: the following other types implement trait `FormComponent<El>`:
[INFO] [stdout]              <isize as FormComponent<leptos::HtmlElement<leptos::html::Input>>>
[INFO] [stdout]              <i8 as FormComponent<leptos::HtmlElement<leptos::html::Input>>>
[INFO] [stdout]              <i16 as FormComponent<leptos::HtmlElement<leptos::html::Input>>>
[INFO] [stdout]              <i32 as FormComponent<leptos::HtmlElement<leptos::html::Input>>>
[INFO] [stdout]              <i64 as FormComponent<leptos::HtmlElement<leptos::html::Input>>>
[INFO] [stdout]              <i128 as FormComponent<leptos::HtmlElement<leptos::html::Input>>>
[INFO] [stdout]              <usize as FormComponent<leptos::HtmlElement<leptos::html::Input>>>
[INFO] [stdout]              <u8 as FormComponent<leptos::HtmlElement<leptos::html::Input>>>
[INFO] [stdout]            and 16 others
[INFO] [stdout] note: required by a bound in `leptos_form_core::form_component::form_field_component::FormFieldPropsBuilder::<T, El, (__props, ())>::ty`
[INFO] [stdout]   --> /opt/rustwide/cargo-home/registry/src/index.crates.io-6f17d22bba15001f/leptos_form_core-0.1.8/src/form_component/mod.rs:21:25
[INFO] [stdout]    |
[INFO] [stdout] 21 |     pub fn FormField<T: FormComponent<El>, El>(
[INFO] [stdout]    |                         ^^^^^^^^^^^^^^^^^ required by this bound in `FormFieldPropsBuilder::<T, El, (__props, ())>::ty`
[INFO] [stdout] 22 |         props: RenderProps<T::Signal, T::Config>,
[INFO] [stdout] 23 |         #[prop(optional)] ty: PhantomData<(T, El)>,
[INFO] [stdout]    |                           -- required by a bound in this associated function
[INFO] [stdout]    = note: this error originates in the derive macro `Form` (in Nightly builds, run with -Z macro-backtrace for more info)
[INFO] [stdout] 
[INFO] [stdout] error[E0277]: the trait bound `uuid::Uuid: FormComponent<_>` is not satisfied
[INFO] [stdout]    --> src/lib.rs:207:41
[INFO] [stdout]     |
[INFO] [stdout] 30  |     #[derive(Clone, Debug, Deserialize, Form, Serialize, TypedBuilder)]
[INFO] [stdout]     |                                         ^^^^ the trait `FormComponent<_>` is not implemented for `uuid::Uuid`
[INFO] [stdout]     |
[INFO] [stdout]     = help: the following other types implement trait `FormComponent<El>`:
[INFO] [stdout]               <isize as FormComponent<leptos::HtmlElement<leptos::html::Input>>>
[INFO] [stdout]               <i8 as FormComponent<leptos::HtmlElement<leptos::html::Input>>>
[INFO] [stdout]               <i16 as FormComponent<leptos::HtmlElement<leptos::html::Input>>>
[INFO] [stdout]               <i32 as FormComponent<leptos::HtmlElement<leptos::html::Input>>>
[INFO] [stdout]               <i64 as FormComponent<leptos::HtmlElement<leptos::html::Input>>>
[INFO] [stdout]               <i128 as FormComponent<leptos::HtmlElement<leptos::html::Input>>>
[INFO] [stdout]               <usize as FormComponent<leptos::HtmlElement<leptos::html::Input>>>
[INFO] [stdout]               <u8 as FormComponent<leptos::HtmlElement<leptos::html::Input>>>
[INFO] [stdout]             and 16 others
[INFO] [stdout]     = note: required for `leptos_form_core::form_component::form_field_component::FormFieldProps<uuid::Uuid, _>` to implement `leptos::Props`
[INFO] [stdout]     = note: required for `fn(FormFieldProps<Uuid, _>) -> impl IntoView {FormField::<Uuid, _>}` to implement `leptos::Component<leptos_form_core::form_component::form_field_component::FormFieldProps<uuid::Uuid, _>>`
[INFO] [stdout]     = note: the full type name has been written to '/tmp/rustdoctestHDFHVx/rust_out.long-type-10099894037325632810.txt'
[INFO] [stdout] note: required by a bound in `component_props_builder`
[INFO] [stdout]    --> /opt/rustwide/cargo-home/registry/src/index.crates.io-6f17d22bba15001f/leptos-0.5.4/src/lib.rs:320:15
[INFO] [stdout]     |
[INFO] [stdout] 319 | pub fn component_props_builder<P: PropsOrNoPropsBuilder>(
[INFO] [stdout]     |        ----------------------- required by a bound in this function
[INFO] [stdout] 320 |     _f: &impl Component<P>,
[INFO] [stdout]     |               ^^^^^^^^^^^^ required by this bound in `component_props_builder`
[INFO] [stdout]     = note: this error originates in the macro `::leptos_form::internal::leptos::view` (in Nightly builds, run with -Z macro-backtrace for more info)
[INFO] [stdout] 
[INFO] [stdout] error[E0599]: the method `build` exists for struct `FormFieldPropsBuilder<Uuid, _, ((RenderProps<_, _>,), (PhantomData<(Uuid, _)>,))>`, but its trait bounds were not satisfied
[INFO] [stdout]    --> src/lib.rs:207:41
[INFO] [stdout]     |
[INFO] [stdout] 30  |     #[derive(Clone, Debug, Deserialize, Form, Serialize, TypedBuilder)]
[INFO] [stdout]     |                                         ^^^^ method cannot be called due to unsatisfied trait bounds
[INFO] [stdout]     |
[INFO] [stdout]    ::: /opt/rustwide/cargo-home/registry/src/index.crates.io-6f17d22bba15001f/uuid-1.6.1/src/lib.rs:451:1
[INFO] [stdout]     |
[INFO] [stdout] 451 | pub struct Uuid(Bytes);
[INFO] [stdout]     | ---------------
[INFO] [stdout]     | |
[INFO] [stdout]     | doesn't satisfy `<_ as FormField<_>>::Config = _`
[INFO] [stdout]     | doesn't satisfy `<_ as FormField<_>>::Signal = _`
[INFO] [stdout]     | doesn't satisfy `uuid::Uuid: FormComponent<_>`
[INFO] [stdout]     | doesn't satisfy `uuid::Uuid: leptos_form::FormField<_>`
[INFO] [stdout]     |
[INFO] [stdout]     = note: the full type name has been written to '/tmp/rustdoctestHDFHVx/rust_out.long-type-2138982079582180791.txt'
[INFO] [stdout]     = note: the following trait bounds were not satisfied:
[INFO] [stdout]             `uuid::Uuid: FormComponent<_>`
[INFO] [stdout]             `uuid::Uuid: leptos_form::FormField<_>`
[INFO] [stdout]             which is required by `uuid::Uuid: FormComponent<_>`
[INFO] [stdout]             `<uuid::Uuid as leptos_form::FormField<_>>::Signal = _`
[INFO] [stdout]             `<uuid::Uuid as leptos_form::FormField<_>>::Config = _`
[INFO] [stdout]     = note: this error originates in the macro `::leptos_form::internal::leptos::view` (in Nightly builds, run with -Z macro-backtrace for more info)
[INFO] [stdout] 
[INFO] [stdout] error: aborting due to 7 previous errors
[INFO] [stdout] 
[INFO] [stdout] Some errors have detailed explanations: E0277, E0599.
[INFO] [stdout] For more information about an error, try `rustc --explain E0277`.
[INFO] [stdout] Couldn't compile the test.
[INFO] [stdout] 
[INFO] [stdout] failures:
[INFO] [stdout]     src/lib.rs - Form (line 180)
[INFO] [stdout] 
[INFO] [stdout] test result: FAILED. 2 passed; 1 failed; 0 ignored; 0 measured; 0 filtered out; finished in 0.60s
[INFO] [stdout] 
[INFO] [stderr] error: doctest failed, to rerun pass `--doc`
[INFO] running `Command { std: "docker" "inspect" "06396a6a77a3ed0a4a6a537c9ae0ba38f3b22549d4d4f9f009d793abf8ff4b19", kill_on_drop: false }`
[INFO] running `Command { std: "docker" "rm" "-f" "06396a6a77a3ed0a4a6a537c9ae0ba38f3b22549d4d4f9f009d793abf8ff4b19", kill_on_drop: false }`
[INFO] [stdout] 06396a6a77a3ed0a4a6a537c9ae0ba38f3b22549d4d4f9f009d793abf8ff4b19
