[INFO] fetching crate leptos_element_plus 0.0.5...
[INFO] testing leptos_element_plus-0.0.5 against 1.75.0 for beta-1.76-1
[INFO] extracting crate leptos_element_plus 0.0.5 into /workspace/builds/worker-4-tc1/source
[INFO] validating manifest of crates.io crate leptos_element_plus 0.0.5 on toolchain 1.75.0
[INFO] running `Command { std: CARGO_HOME="/workspace/cargo-home" RUSTUP_HOME="/workspace/rustup-home" "/workspace/cargo-home/bin/cargo" "+1.75.0" "metadata" "--manifest-path" "Cargo.toml" "--no-deps", kill_on_drop: false }`
[INFO] started tweaking crates.io crate leptos_element_plus 0.0.5
[INFO] finished tweaking crates.io crate leptos_element_plus 0.0.5
[INFO] tweaked toml for crates.io crate leptos_element_plus 0.0.5 written to /workspace/builds/worker-4-tc1/source/Cargo.toml
[INFO] running `Command { std: CARGO_HOME="/workspace/cargo-home" RUSTUP_HOME="/workspace/rustup-home" "/workspace/cargo-home/bin/cargo" "+1.75.0" "generate-lockfile" "--manifest-path" "Cargo.toml", kill_on_drop: false }`
[INFO] [stderr]     Updating crates.io index
[INFO] running `Command { std: CARGO_HOME="/workspace/cargo-home" RUSTUP_HOME="/workspace/rustup-home" "/workspace/cargo-home/bin/cargo" "+1.75.0" "fetch" "--manifest-path" "Cargo.toml", kill_on_drop: false }`
[INFO] [stderr]  Downloading crates ...
[INFO] [stderr]   Downloaded server_fn v0.5.4
[INFO] [stderr]   Downloaded leptos_dom v0.5.4
[INFO] [stderr]   Downloaded server_fn_macro_default v0.5.4
[INFO] [stderr]   Downloaded leptos_config v0.5.4
[INFO] [stderr]   Downloaded leptos v0.5.4
[INFO] [stderr]   Downloaded leptos_reactive v0.5.4
[INFO] [stderr]   Downloaded include-flate-codegen v0.2.0
[INFO] [stderr]   Downloaded derive-where v1.2.7
[INFO] [stderr]   Downloaded include-flate v0.3.0
[INFO] [stderr]   Downloaded leptos_macro v0.5.4
[INFO] [stderr]   Downloaded server_fn_macro v0.5.4
[INFO] [stderr]   Downloaded leptos_meta v0.5.4
[INFO] [stderr]   Downloaded leptos_server v0.5.4
[INFO] [stderr]   Downloaded leptos_hot_reload v0.5.4
[INFO] running `Command { std: "docker" "create" "-v" "/var/lib/crater-agent-workspace/builds/worker-4-tc1/target:/opt/rustwide/target:rw,Z" "-v" "/var/lib/crater-agent-workspace/builds/worker-4-tc1/source:/opt/rustwide/workdir:ro,Z" "-v" "/var/lib/crater-agent-workspace/cargo-home:/opt/rustwide/cargo-home:ro,Z" "-v" "/var/lib/crater-agent-workspace/rustup-home:/opt/rustwide/rustup-home:ro,Z" "-e" "SOURCE_DIR=/opt/rustwide/workdir" "-e" "CARGO_TARGET_DIR=/opt/rustwide/target" "-e" "CARGO_HOME=/opt/rustwide/cargo-home" "-e" "RUSTUP_HOME=/opt/rustwide/rustup-home" "-w" "/opt/rustwide/workdir" "-m" "1610612736" "--user" "0:0" "--network" "none" "ghcr.io/rust-lang/crates-build-env/linux@sha256:2788e3201cd34a07e3172128adcd8b3090168a8e3bcc40d7c032b9dda1df7d1c" "/opt/rustwide/cargo-home/bin/cargo" "+1.75.0" "metadata" "--no-deps" "--format-version=1", kill_on_drop: false }`
[INFO] [stdout] dd4124b7297b05da28faba001034b003644a0c7fc448b72204542e566373bf64
[INFO] running `Command { std: "docker" "start" "-a" "dd4124b7297b05da28faba001034b003644a0c7fc448b72204542e566373bf64", kill_on_drop: false }`
[INFO] running `Command { std: "docker" "inspect" "dd4124b7297b05da28faba001034b003644a0c7fc448b72204542e566373bf64", kill_on_drop: false }`
[INFO] running `Command { std: "docker" "rm" "-f" "dd4124b7297b05da28faba001034b003644a0c7fc448b72204542e566373bf64", kill_on_drop: false }`
[INFO] [stdout] dd4124b7297b05da28faba001034b003644a0c7fc448b72204542e566373bf64
[INFO] running `Command { std: "docker" "create" "-v" "/var/lib/crater-agent-workspace/builds/worker-4-tc1/target:/opt/rustwide/target:rw,Z" "-v" "/var/lib/crater-agent-workspace/builds/worker-4-tc1/source:/opt/rustwide/workdir:ro,Z" "-v" "/var/lib/crater-agent-workspace/cargo-home:/opt/rustwide/cargo-home:ro,Z" "-v" "/var/lib/crater-agent-workspace/rustup-home:/opt/rustwide/rustup-home:ro,Z" "-e" "SOURCE_DIR=/opt/rustwide/workdir" "-e" "CARGO_TARGET_DIR=/opt/rustwide/target" "-e" "CARGO_INCREMENTAL=0" "-e" "RUST_BACKTRACE=full" "-e" "RUSTFLAGS=--cap-lints=warn" "-e" "RUSTDOCFLAGS=--cap-lints=warn" "-e" "CARGO_HOME=/opt/rustwide/cargo-home" "-e" "RUSTUP_HOME=/opt/rustwide/rustup-home" "-w" "/opt/rustwide/workdir" "-m" "1610612736" "--user" "0:0" "--network" "none" "ghcr.io/rust-lang/crates-build-env/linux@sha256:2788e3201cd34a07e3172128adcd8b3090168a8e3bcc40d7c032b9dda1df7d1c" "/opt/rustwide/cargo-home/bin/cargo" "+1.75.0" "build" "--frozen" "--message-format=json", kill_on_drop: false }`
[INFO] [stdout] 6c5e3713f5cd14eea8583f0a85bfbfdcc3109a2ccfbf67e2adae1046917366a2
[INFO] running `Command { std: "docker" "start" "-a" "6c5e3713f5cd14eea8583f0a85bfbfdcc3109a2ccfbf67e2adae1046917366a2", kill_on_drop: false }`
[INFO] [stderr]    Compiling unicode-ident v1.0.12
[INFO] [stderr]    Compiling proc-macro2 v1.0.75
[INFO] [stderr]    Compiling once_cell v1.19.0
[INFO] [stderr]    Compiling serde v1.0.194
[INFO] [stderr]    Compiling log v0.4.20
[INFO] [stderr]    Compiling futures-core v0.3.30
[INFO] [stderr]    Compiling futures-sink v0.3.30
[INFO] [stderr]    Compiling thiserror v1.0.56
[INFO] [stderr]    Compiling proc-macro-error v1.0.4
[INFO] [stderr]    Compiling bytes v1.5.0
[INFO] [stderr]    Compiling hashbrown v0.14.3
[INFO] [stderr]    Compiling smallvec v1.11.2
[INFO] [stderr]    Compiling equivalent v1.0.1
[INFO] [stderr]    Compiling wasm-bindgen v0.2.89
[INFO] [stderr]    Compiling mio v0.8.10
[INFO] [stderr]    Compiling socket2 v0.5.5
[INFO] [stderr]    Compiling unicode-xid v0.2.4
[INFO] [stderr]    Compiling futures-channel v0.3.30
[INFO] [stderr]    Compiling percent-encoding v2.3.1
[INFO] [stderr]    Compiling ahash v0.8.7
[INFO] [stderr]    Compiling unicode-normalization v0.1.22
[INFO] [stderr]    Compiling tracing-core v0.1.32
[INFO] [stderr]    Compiling form_urlencoded v1.2.1
[INFO] [stderr]    Compiling lock_api v0.4.11
[INFO] [stderr]    Compiling proc-macro2-diagnostics v0.10.1
[INFO] [stderr]    Compiling parking_lot_core v0.9.9
[INFO] [stderr]    Compiling xxhash-rust v0.8.8
[INFO] [stderr]    Compiling unicode-bidi v0.3.14
[INFO] [stderr]    Compiling try-lock v0.2.5
[INFO] [stderr]    Compiling zerocopy v0.7.32
[INFO] [stderr]    Compiling want v0.3.1
[INFO] [stderr]    Compiling slotmap v1.0.7
[INFO] [stderr]    Compiling camino v1.1.6
[INFO] [stderr]    Compiling anyhow v1.0.79
[INFO] [stderr]    Compiling paste v1.0.14
[INFO] [stderr]    Compiling scopeguard v1.2.0
[INFO] [stderr]    Compiling base64 v0.21.5
[INFO] [stderr]    Compiling ciborium-io v0.2.1
[INFO] [stderr]    Compiling http v0.2.11
[INFO] [stderr]    Compiling tokio v1.35.1
[INFO] [stderr]    Compiling idna v0.5.0
[INFO] [stderr]    Compiling indexmap v2.1.0
[INFO] [stderr]    Compiling half v1.8.2
[INFO] [stderr]    Compiling either v1.9.0
[INFO] [stderr]    Compiling yansi v1.0.0-rc.1
[INFO] [stderr]    Compiling httpdate v1.0.3
[INFO] [stderr]    Compiling quote v1.0.35
[INFO] [stderr]    Compiling ciborium-ll v0.2.1
[INFO] [stderr]    Compiling hashbrown v0.13.2
[INFO] [stderr]    Compiling encoding_rs v0.8.33
[INFO] [stderr]    Compiling syn v2.0.48
[INFO] [stderr]    Compiling proc-macro-utils v0.8.0
[INFO] [stderr]    Compiling crc32fast v1.3.2
[INFO] [stderr]    Compiling collection_literals v1.0.1
[INFO] [stderr]    Compiling utf8-width v0.1.7
[INFO] [stderr]    Compiling async-trait v0.1.77
[INFO] [stderr]    Compiling interpolator v0.5.0
[INFO] [stderr]    Compiling ipnet v2.9.0
[INFO] [stderr]    Compiling mime v0.3.17
[INFO] [stderr]    Compiling same-file v1.0.6
[INFO] [stderr]    Compiling http-body v0.4.6
[INFO] [stderr]    Compiling prettyplease v0.2.16
[INFO] [stderr]    Compiling proc-macro-error-attr v1.0.4
[INFO] [stderr]    Compiling const_format_proc_macros v0.2.32
[INFO] [stderr]    Compiling walkdir v2.4.0
[INFO] [stderr]    Compiling parking_lot v0.12.1
[INFO] [stderr]    Compiling html-escape v0.2.13
[INFO] [stderr]    Compiling url v2.5.0
[INFO] [stderr]    Compiling manyhow-macros v0.8.1
[INFO] [stderr]    Compiling getrandom v0.2.11
[INFO] [stderr]    Compiling aho-corasick v1.1.2
[INFO] [stderr]    Compiling rustc-hash v1.1.0
[INFO] [stderr]    Compiling unicode-segmentation v1.10.1
[INFO] [stderr]    Compiling memchr v2.7.1
[INFO] [stderr]    Compiling self_cell v1.0.3
[INFO] [stderr]    Compiling regex-syntax v0.8.2
[INFO] [stderr]    Compiling minimal-lexical v0.2.1
[INFO] [stderr]    Compiling uuid v1.6.1
[INFO] [stderr]    Compiling itertools v0.11.0
[INFO] [stderr]    Compiling nom v7.1.3
[INFO] [stderr]    Compiling adler32 v1.2.0
[INFO] [stderr]    Compiling pathdiff v0.2.1
[INFO] [stderr]    Compiling dary_heap v0.3.6
[INFO] [stderr]    Compiling itertools v0.10.5
[INFO] [stderr]    Compiling core2 v0.4.0
[INFO] [stderr]    Compiling convert_case v0.6.0
[INFO] [stderr]    Compiling pad-adapter v0.1.1
[INFO] [stderr]    Compiling drain_filter_polyfill v0.1.3
[INFO] [stderr]    Compiling libflate_lz77 v2.0.0
[INFO] [stderr]    Compiling inventory v0.3.14
[INFO] [stderr]    Compiling const_format v0.2.32
[INFO] [stderr]    Compiling libflate v2.0.0
[INFO] [stderr]    Compiling regex-automata v0.4.3
[INFO] [stderr]    Compiling wasm-bindgen-backend v0.2.89
[INFO] [stderr]    Compiling manyhow v0.8.1
[INFO] [stderr]    Compiling wasm-bindgen-macro-support v0.2.89
[INFO] [stderr]    Compiling serde_derive v1.0.194
[INFO] [stderr]    Compiling thiserror-impl v1.0.56
[INFO] [stderr]    Compiling futures-macro v0.3.30
[INFO] [stderr]    Compiling tracing-attributes v0.1.27
[INFO] [stderr]    Compiling derive-where v1.2.7
[INFO] [stderr]    Compiling syn_derive v0.1.8
[INFO] [stderr]    Compiling pin-project-internal v1.1.3
[INFO] [stderr]    Compiling typed-builder-macro v0.18.0
[INFO] [stderr]    Compiling async-recursion v1.0.5
[INFO] [stderr]    Compiling include-flate-codegen v0.2.0
[INFO] [stderr]    Compiling regex v1.10.2
[INFO] [stderr]    Compiling include-flate v0.3.0
[INFO] [stderr]    Compiling wasm-bindgen-macro v0.2.89
[INFO] [stderr]    Compiling futures-util v0.3.30
[INFO] [stderr]    Compiling pin-project v1.1.3
[INFO] [stderr]    Compiling rstml v0.11.2
[INFO] [stderr]    Compiling typed-builder v0.18.0
[INFO] [stderr]    Compiling tracing v0.1.40
[INFO] [stderr]    Compiling quote-use-macros v0.7.2
[INFO] [stderr]    Compiling tokio-util v0.7.10
[INFO] [stderr]    Compiling js-sys v0.3.66
[INFO] [stderr]    Compiling quote-use v0.7.2
[INFO] [stderr]    Compiling attribute-derive-macro v0.8.1
[INFO] [stderr]    Compiling h2 v0.3.22
[INFO] [stderr]    Compiling futures-executor v0.3.30
[INFO] [stderr]    Compiling futures v0.3.30
[INFO] [stderr]    Compiling attribute-derive v0.8.1
[INFO] [stderr]    Compiling wasm-bindgen-futures v0.4.39
[INFO] [stderr]    Compiling web-sys v0.3.66
[INFO] [stderr]    Compiling server_fn_macro v0.5.4
[INFO] [stderr]    Compiling leptos_hot_reload v0.5.4
[INFO] [stderr]    Compiling serde_json v1.0.111
[INFO] [stderr]    Compiling serde_urlencoded v0.7.1
[INFO] [stderr]    Compiling ciborium v0.2.1
[INFO] [stderr]    Compiling serde_qs v0.12.0
[INFO] [stderr]    Compiling serde-wasm-bindgen v0.5.0
[INFO] [stderr]    Compiling toml v0.5.11
[INFO] [stderr]    Compiling server_fn_macro_default v0.5.4
[INFO] [stderr]    Compiling leptos_macro v0.5.4
[INFO] [stderr]    Compiling hyper v0.14.28
[INFO] [stderr]    Compiling config v0.13.4
[INFO] [stderr]    Compiling leptos_config v0.5.4
[INFO] [stderr]    Compiling reqwest v0.11.23
[INFO] [stderr]    Compiling server_fn v0.5.4
[INFO] [stderr]    Compiling leptos_reactive v0.5.4
[INFO] [stderr]    Compiling leptos_server v0.5.4
[INFO] [stderr]    Compiling leptos_dom v0.5.4
[INFO] [stderr]    Compiling leptos v0.5.4
[INFO] [stderr]    Compiling leptos_meta v0.5.4
[INFO] [stderr]    Compiling leptos_element_plus v0.0.5 (/opt/rustwide/workdir)
[INFO] [stderr]     Finished dev [unoptimized + debuginfo] target(s) in 45.15s
[INFO] running `Command { std: "docker" "inspect" "6c5e3713f5cd14eea8583f0a85bfbfdcc3109a2ccfbf67e2adae1046917366a2", kill_on_drop: false }`
[INFO] running `Command { std: "docker" "rm" "-f" "6c5e3713f5cd14eea8583f0a85bfbfdcc3109a2ccfbf67e2adae1046917366a2", kill_on_drop: false }`
[INFO] [stdout] 6c5e3713f5cd14eea8583f0a85bfbfdcc3109a2ccfbf67e2adae1046917366a2
[INFO] running `Command { std: "docker" "create" "-v" "/var/lib/crater-agent-workspace/builds/worker-4-tc1/target:/opt/rustwide/target:rw,Z" "-v" "/var/lib/crater-agent-workspace/builds/worker-4-tc1/source:/opt/rustwide/workdir:ro,Z" "-v" "/var/lib/crater-agent-workspace/cargo-home:/opt/rustwide/cargo-home:ro,Z" "-v" "/var/lib/crater-agent-workspace/rustup-home:/opt/rustwide/rustup-home:ro,Z" "-e" "SOURCE_DIR=/opt/rustwide/workdir" "-e" "CARGO_TARGET_DIR=/opt/rustwide/target" "-e" "CARGO_INCREMENTAL=0" "-e" "RUST_BACKTRACE=full" "-e" "RUSTFLAGS=--cap-lints=warn" "-e" "RUSTDOCFLAGS=--cap-lints=warn" "-e" "CARGO_HOME=/opt/rustwide/cargo-home" "-e" "RUSTUP_HOME=/opt/rustwide/rustup-home" "-w" "/opt/rustwide/workdir" "-m" "1610612736" "--user" "0:0" "--network" "none" "ghcr.io/rust-lang/crates-build-env/linux@sha256:2788e3201cd34a07e3172128adcd8b3090168a8e3bcc40d7c032b9dda1df7d1c" "/opt/rustwide/cargo-home/bin/cargo" "+1.75.0" "test" "--frozen" "--no-run" "--message-format=json", kill_on_drop: false }`
[INFO] [stdout] fa132ece5e94bee281cdc27ab7aef920bf5dbe40c5ef83f4d5e285fe555db38a
[INFO] running `Command { std: "docker" "start" "-a" "fa132ece5e94bee281cdc27ab7aef920bf5dbe40c5ef83f4d5e285fe555db38a", kill_on_drop: false }`
[INFO] [stderr]    Compiling console_error_panic_hook v0.1.7
[INFO] [stderr]    Compiling wasm-bindgen-test-macro v0.3.39
[INFO] [stderr]    Compiling scoped-tls v1.0.1
[INFO] [stderr]    Compiling wasm-bindgen-test v0.3.39
[INFO] [stderr]    Compiling leptos_element_plus v0.0.5 (/opt/rustwide/workdir)
[INFO] [stderr]     Finished test [unoptimized + debuginfo] target(s) in 3.34s
[INFO] running `Command { std: "docker" "inspect" "fa132ece5e94bee281cdc27ab7aef920bf5dbe40c5ef83f4d5e285fe555db38a", kill_on_drop: false }`
[INFO] running `Command { std: "docker" "rm" "-f" "fa132ece5e94bee281cdc27ab7aef920bf5dbe40c5ef83f4d5e285fe555db38a", kill_on_drop: false }`
[INFO] [stdout] fa132ece5e94bee281cdc27ab7aef920bf5dbe40c5ef83f4d5e285fe555db38a
[INFO] running `Command { std: "docker" "create" "-v" "/var/lib/crater-agent-workspace/builds/worker-4-tc1/target:/opt/rustwide/target:rw,Z" "-v" "/var/lib/crater-agent-workspace/builds/worker-4-tc1/source:/opt/rustwide/workdir:ro,Z" "-v" "/var/lib/crater-agent-workspace/cargo-home:/opt/rustwide/cargo-home:ro,Z" "-v" "/var/lib/crater-agent-workspace/rustup-home:/opt/rustwide/rustup-home:ro,Z" "-e" "SOURCE_DIR=/opt/rustwide/workdir" "-e" "CARGO_TARGET_DIR=/opt/rustwide/target" "-e" "CARGO_INCREMENTAL=0" "-e" "RUST_BACKTRACE=full" "-e" "RUSTFLAGS=--cap-lints=warn" "-e" "RUSTDOCFLAGS=--cap-lints=warn" "-e" "CARGO_HOME=/opt/rustwide/cargo-home" "-e" "RUSTUP_HOME=/opt/rustwide/rustup-home" "-w" "/opt/rustwide/workdir" "-m" "1610612736" "--user" "0:0" "--network" "none" "ghcr.io/rust-lang/crates-build-env/linux@sha256:2788e3201cd34a07e3172128adcd8b3090168a8e3bcc40d7c032b9dda1df7d1c" "/opt/rustwide/cargo-home/bin/cargo" "+1.75.0" "test" "--frozen", kill_on_drop: false }`
[INFO] [stdout] 88d3b6f72613719305ccac1f923129921278ec1d019f136be88048045b340bf0
[INFO] running `Command { std: "docker" "start" "-a" "88d3b6f72613719305ccac1f923129921278ec1d019f136be88048045b340bf0", kill_on_drop: false }`
[INFO] [stderr]     Finished test [unoptimized + debuginfo] target(s) in 0.11s
[INFO] [stderr]      Running unittests src/lib.rs (/opt/rustwide/target/debug/deps/leptos_element_plus-97da3ed88d78636d)
[INFO] [stdout] 
[INFO] [stdout] running 0 tests
[INFO] [stdout] 
[INFO] [stdout] test result: ok. 0 passed; 0 failed; 0 ignored; 0 measured; 0 filtered out; finished in 0.00s
[INFO] [stdout] 
[INFO] [stderr]    Doc-tests leptos_element_plus
[INFO] [stdout] 
[INFO] [stdout] running 5 tests
[INFO] [stdout] test src/components/mod.rs - components::el_message (line 7) ... FAILED
[INFO] [stdout] test src/components/mod.rs - components::el_notification (line 144) ... FAILED
[INFO] [stdout] test src/lib.rs - (line 9) ... FAILED
[INFO] [stdout] test src/components/mod.rs - components::el_message_box (line 95) ... FAILED
[INFO] [stdout] test src/lib.rs - (line 31) ... ok
[INFO] [stdout] 
[INFO] [stdout] failures:
[INFO] [stdout] 
[INFO] [stdout] ---- src/components/mod.rs - components::el_message (line 7) stdout ----
[INFO] [stdout] error: cannot find macro `view` in this scope
[INFO] [stdout]  --> src/components/mod.rs:8:1
[INFO] [stdout]   |
[INFO] [stdout] 3 | view! {
[INFO] [stdout]   | ^^^^
[INFO] [stdout]   |
[INFO] [stdout] help: consider importing this macro
[INFO] [stdout]   |
[INFO] [stdout] 2 + use leptos::view;
[INFO] [stdout]   |
[INFO] [stdout] 
[INFO] [stdout] error: aborting due to previous error
[INFO] [stdout] 
[INFO] [stdout] Couldn't compile the test.
[INFO] [stdout] ---- src/components/mod.rs - components::el_notification (line 144) stdout ----
[INFO] [stdout] error: cannot find macro `view` in this scope
[INFO] [stdout]   --> src/components/mod.rs:154:1
[INFO] [stdout]    |
[INFO] [stdout] 12 | view! {
[INFO] [stdout]    | ^^^^
[INFO] [stdout]    |
[INFO] [stdout] help: consider importing this macro
[INFO] [stdout]    |
[INFO] [stdout] 3  + use leptos::view;
[INFO] [stdout]    |
[INFO] [stdout] 
[INFO] [stdout] error[E0433]: failed to resolve: use of undeclared type `Notification`
[INFO] [stdout]  --> src/components/mod.rs:146:24
[INFO] [stdout]   |
[INFO] [stdout] 4 | let mut notification = Notification::new();
[INFO] [stdout]   |                        ^^^^^^^^^^^^ use of undeclared type `Notification`
[INFO] [stdout]   |
[INFO] [stdout] help: consider importing this struct
[INFO] [stdout]   |
[INFO] [stdout] 3 + use leptos_element_plus::components::el_notification::Notification;
[INFO] [stdout]   |
[INFO] [stdout] 
[INFO] [stdout] error[E0433]: failed to resolve: use of undeclared type `Type`
[INFO] [stdout]  --> src/components/mod.rs:149:19
[INFO] [stdout]   |
[INFO] [stdout] 7 |     .message_type(Type::Success);
[INFO] [stdout]   |                   ^^^^ use of undeclared type `Type`
[INFO] [stdout]   |
[INFO] [stdout] help: consider importing one of these items
[INFO] [stdout]   |
[INFO] [stdout] 3 + use leptos_element_plus::components::common::Type;
[INFO] [stdout]   |
[INFO] [stdout] 3 + use leptos_element_plus::components::el_date_time_picker::Type;
[INFO] [stdout]   |
[INFO] [stdout] 
[INFO] [stdout] error[E0433]: failed to resolve: use of undeclared type `Arc`
[INFO] [stdout]  --> src/components/mod.rs:151:12
[INFO] [stdout]   |
[INFO] [stdout] 9 | let show = Arc::new(Mutex::new(notification));
[INFO] [stdout]   |            ^^^ use of undeclared type `Arc`
[INFO] [stdout]   |
[INFO] [stdout] help: consider importing this struct
[INFO] [stdout]   |
[INFO] [stdout] 3 + use std::sync::Arc;
[INFO] [stdout]   |
[INFO] [stdout] 
[INFO] [stdout] error[E0433]: failed to resolve: use of undeclared type `Mutex`
[INFO] [stdout]  --> src/components/mod.rs:151:21
[INFO] [stdout]   |
[INFO] [stdout] 9 | let show = Arc::new(Mutex::new(notification));
[INFO] [stdout]   |                     ^^^^^ use of undeclared type `Mutex`
[INFO] [stdout]   |
[INFO] [stdout] help: consider importing this struct
[INFO] [stdout]   |
[INFO] [stdout] 3 + use std::sync::Mutex;
[INFO] [stdout]   |
[INFO] [stdout] 
[INFO] [stdout] error[E0433]: failed to resolve: use of undeclared type `Arc`
[INFO] [stdout]   --> src/components/mod.rs:152:13
[INFO] [stdout]    |
[INFO] [stdout] 10 | let close = Arc::clone(&show);
[INFO] [stdout]    |             ^^^ use of undeclared type `Arc`
[INFO] [stdout]    |
[INFO] [stdout] help: consider importing this struct
[INFO] [stdout]    |
[INFO] [stdout] 3  + use std::sync::Arc;
[INFO] [stdout]    |
[INFO] [stdout] 
[INFO] [stdout] error: aborting due to 6 previous errors
[INFO] [stdout] 
[INFO] [stdout] For more information about this error, try `rustc --explain E0433`.
[INFO] [stdout] Couldn't compile the test.
[INFO] [stdout] ---- src/lib.rs - (line 9) stdout ----
[INFO] [stdout] error[E0583]: file not found for module `app`
[INFO] [stdout]  --> src/lib.rs:11:1
[INFO] [stdout]   |
[INFO] [stdout] 4 | mod app;
[INFO] [stdout]   | ^^^^^^^^
[INFO] [stdout]   |
[INFO] [stdout]   = help: to create the module `app`, create file "src/app.rs" or "src/app/mod.rs"
[INFO] [stdout]   = note: if there is a `mod app` elsewhere in the crate already, import it with `use crate::...` instead
[INFO] [stdout] 
[INFO] [stdout] error[E0433]: failed to resolve: use of undeclared crate or module `log`
[INFO] [stdout]   --> src/lib.rs:20:38
[INFO] [stdout]    |
[INFO] [stdout] 13 |     _ = console_log::init_with_level(log::Level::Debug);
[INFO] [stdout]    |                                      ^^^ use of undeclared crate or module `log`
[INFO] [stdout]    |
[INFO] [stdout] help: consider importing this struct
[INFO] [stdout]    |
[INFO] [stdout] 6  + use crate::tracing::Level;
[INFO] [stdout]    |
[INFO] [stdout] help: if you import `Level`, refer to it directly
[INFO] [stdout]    |
[INFO] [stdout] 13 -     _ = console_log::init_with_level(log::Level::Debug);
[INFO] [stdout] 13 +     _ = console_log::init_with_level(Level::Debug);
[INFO] [stdout]    |
[INFO] [stdout] 
[INFO] [stdout] error[E0425]: cannot find value `App` in this scope
[INFO] [stdout]   --> src/lib.rs:26:14
[INFO] [stdout]    |
[INFO] [stdout] 19 |             <App/>
[INFO] [stdout]    |              ^^^ not found in this scope
[INFO] [stdout] 
[INFO] [stdout] error[E0433]: failed to resolve: use of undeclared crate or module `console_log`
[INFO] [stdout]   --> src/lib.rs:20:9
[INFO] [stdout]    |
[INFO] [stdout] 13 |     _ = console_log::init_with_level(log::Level::Debug);
[INFO] [stdout]    |         ^^^^^^^^^^^ use of undeclared crate or module `console_log`
[INFO] [stdout] 
[INFO] [stdout] error: aborting due to 4 previous errors
[INFO] [stdout] 
[INFO] [stdout] Some errors have detailed explanations: E0425, E0433, E0583.
[INFO] [stdout] For more information about an error, try `rustc --explain E0425`.
[INFO] [stdout] Couldn't compile the test.
[INFO] [stdout] ---- src/components/mod.rs - components::el_message_box (line 95) stdout ----
[INFO] [stdout] error[E0433]: failed to resolve: use of undeclared type `MessageBox`
[INFO] [stdout]  --> src/components/mod.rs:97:1
[INFO] [stdout]   |
[INFO] [stdout] 4 | MessageBox::new()
[INFO] [stdout]   | ^^^^^^^^^^ use of undeclared type `MessageBox`
[INFO] [stdout]   |
[INFO] [stdout] help: consider importing this struct
[INFO] [stdout]   |
[INFO] [stdout] 3 + use leptos_element_plus::components::el_message_box::MessageBox;
[INFO] [stdout]   |
[INFO] [stdout] 
[INFO] [stdout] error[E0433]: failed to resolve: use of undeclared type `Message`
[INFO] [stdout]  --> src/components/mod.rs:100:9
[INFO] [stdout]   |
[INFO] [stdout] 7 |         Message::new()
[INFO] [stdout]   |         ^^^^^^^ use of undeclared type `Message`
[INFO] [stdout]   |
[INFO] [stdout] help: consider importing this struct
[INFO] [stdout]   |
[INFO] [stdout] 3 + use leptos_element_plus::components::el_message::Message;
[INFO] [stdout]   |
[INFO] [stdout] 
[INFO] [stdout] error[E0433]: failed to resolve: use of undeclared type `MessageBox`
[INFO] [stdout]   --> src/components/mod.rs:106:1
[INFO] [stdout]    |
[INFO] [stdout] 13 | MessageBox::new()
[INFO] [stdout]    | ^^^^^^^^^^ use of undeclared type `MessageBox`
[INFO] [stdout]    |
[INFO] [stdout] help: consider importing this struct
[INFO] [stdout]    |
[INFO] [stdout] 3  + use leptos_element_plus::components::el_message_box::MessageBox;
[INFO] [stdout]    |
[INFO] [stdout] 
[INFO] [stdout] error[E0433]: failed to resolve: use of undeclared type `Message`
[INFO] [stdout]   --> src/components/mod.rs:109:9
[INFO] [stdout]    |
[INFO] [stdout] 16 |         Message::new()
[INFO] [stdout]    |         ^^^^^^^ use of undeclared type `Message`
[INFO] [stdout]    |
[INFO] [stdout] help: consider importing this struct
[INFO] [stdout]    |
[INFO] [stdout] 3  + use leptos_element_plus::components::el_message::Message;
[INFO] [stdout]    |
[INFO] [stdout] 
[INFO] [stdout] error[E0433]: failed to resolve: use of undeclared type `Type`
[INFO] [stdout]   --> src/components/mod.rs:113:19
[INFO] [stdout]    |
[INFO] [stdout] 20 |     .message_type(Type::Warning)
[INFO] [stdout]    |                   ^^^^ use of undeclared type `Type`
[INFO] [stdout]    |
[INFO] [stdout] help: consider importing one of these items
[INFO] [stdout]    |
[INFO] [stdout] 3  + use leptos_element_plus::components::common::Type;
[INFO] [stdout]    |
[INFO] [stdout] 3  + use leptos_element_plus::components::el_date_time_picker::Type;
[INFO] [stdout]    |
[INFO] [stdout] 
[INFO] [stdout] error[E0433]: failed to resolve: use of undeclared type `MessageBox`
[INFO] [stdout]   --> src/components/mod.rs:116:1
[INFO] [stdout]    |
[INFO] [stdout] 23 | MessageBox::new()
[INFO] [stdout]    | ^^^^^^^^^^ use of undeclared type `MessageBox`
[INFO] [stdout]    |
[INFO] [stdout] help: consider importing this struct
[INFO] [stdout]    |
[INFO] [stdout] 3  + use leptos_element_plus::components::el_message_box::MessageBox;
[INFO] [stdout]    |
[INFO] [stdout] 
[INFO] [stdout] error[E0433]: failed to resolve: use of undeclared type `Message`
[INFO] [stdout]   --> src/components/mod.rs:118:9
[INFO] [stdout]    |
[INFO] [stdout] 25 |         Message::new()
[INFO] [stdout]    |         ^^^^^^^ use of undeclared type `Message`
[INFO] [stdout]    |
[INFO] [stdout] help: consider importing this struct
[INFO] [stdout]    |
[INFO] [stdout] 3  + use leptos_element_plus::components::el_message::Message;
[INFO] [stdout]    |
[INFO] [stdout] 
[INFO] [stdout] error[E0433]: failed to resolve: use of undeclared type `Type`
[INFO] [stdout]   --> src/components/mod.rs:124:19
[INFO] [stdout]    |
[INFO] [stdout] 31 |     .message_type(Type::Warning)
[INFO] [stdout]    |                   ^^^^ use of undeclared type `Type`
[INFO] [stdout]    |
[INFO] [stdout] help: consider importing one of these items
[INFO] [stdout]    |
[INFO] [stdout] 3  + use leptos_element_plus::components::common::Type;
[INFO] [stdout]    |
[INFO] [stdout] 3  + use leptos_element_plus::components::el_date_time_picker::Type;
[INFO] [stdout]    |
[INFO] [stdout] 
[INFO] [stdout] error[E0433]: failed to resolve: use of undeclared type `Message`
[INFO] [stdout]   --> src/components/mod.rs:127:13
[INFO] [stdout]    |
[INFO] [stdout] 34 |             Message::new()
[INFO] [stdout]    |             ^^^^^^^ use of undeclared type `Message`
[INFO] [stdout]    |
[INFO] [stdout] help: consider importing this struct
[INFO] [stdout]    |
[INFO] [stdout] 3  + use leptos_element_plus::components::el_message::Message;
[INFO] [stdout]    |
[INFO] [stdout] 
[INFO] [stdout] error[E0433]: failed to resolve: use of undeclared type `Type`
[INFO] [stdout]   --> src/components/mod.rs:128:31
[INFO] [stdout]    |
[INFO] [stdout] 35 |                 .message_type(Type::Success)
[INFO] [stdout]    |                               ^^^^ use of undeclared type `Type`
[INFO] [stdout]    |
[INFO] [stdout] help: consider importing one of these items
[INFO] [stdout]    |
[INFO] [stdout] 3  + use leptos_element_plus::components::common::Type;
[INFO] [stdout]    |
[INFO] [stdout] 3  + use leptos_element_plus::components::el_date_time_picker::Type;
[INFO] [stdout]    |
[INFO] [stdout] 
[INFO] [stdout] error[E0433]: failed to resolve: use of undeclared type `Message`
[INFO] [stdout]   --> src/components/mod.rs:133:13
[INFO] [stdout]    |
[INFO] [stdout] 40 |             Message::new()
[INFO] [stdout]    |             ^^^^^^^ use of undeclared type `Message`
[INFO] [stdout]    |
[INFO] [stdout] help: consider importing this struct
[INFO] [stdout]    |
[INFO] [stdout] 3  + use leptos_element_plus::components::el_message::Message;
[INFO] [stdout]    |
[INFO] [stdout] 
[INFO] [stdout] error[E0433]: failed to resolve: use of undeclared type `Type`
[INFO] [stdout]   --> src/components/mod.rs:134:31
[INFO] [stdout]    |
[INFO] [stdout] 41 |                 .message_type(Type::Info)
[INFO] [stdout]    |                               ^^^^ use of undeclared type `Type`
[INFO] [stdout]    |
[INFO] [stdout] help: consider importing one of these items
[INFO] [stdout]    |
[INFO] [stdout] 3  + use leptos_element_plus::components::common::Type;
[INFO] [stdout]    |
[INFO] [stdout] 3  + use leptos_element_plus::components::el_date_time_picker::Type;
[INFO] [stdout]    |
[INFO] [stdout] 
[INFO] [stdout] error: aborting due to 12 previous errors
[INFO] [stdout] 
[INFO] [stdout] For more information about this error, try `rustc --explain E0433`.
[INFO] [stdout] Couldn't compile the test.
[INFO] [stdout] 
[INFO] [stdout] failures:
[INFO] [stdout]     src/components/mod.rs - components::el_message (line 7)
[INFO] [stdout]     src/components/mod.rs - components::el_message_box (line 95)
[INFO] [stdout]     src/components/mod.rs - components::el_notification (line 144)
[INFO] [stdout]     src/lib.rs - (line 9)
[INFO] [stdout] 
[INFO] [stdout] test result: FAILED. 1 passed; 4 failed; 0 ignored; 0 measured; 0 filtered out; finished in 0.27s
[INFO] [stdout] 
[INFO] [stderr] error: doctest failed, to rerun pass `--doc`
[INFO] running `Command { std: "docker" "inspect" "88d3b6f72613719305ccac1f923129921278ec1d019f136be88048045b340bf0", kill_on_drop: false }`
[INFO] running `Command { std: "docker" "rm" "-f" "88d3b6f72613719305ccac1f923129921278ec1d019f136be88048045b340bf0", kill_on_drop: false }`
[INFO] [stdout] 88d3b6f72613719305ccac1f923129921278ec1d019f136be88048045b340bf0
[INFO] testing leptos_element_plus-0.0.5 against beta-2023-12-22 for beta-1.76-1
[INFO] extracting crate leptos_element_plus 0.0.5 into /workspace/builds/worker-4-tc2/source
[INFO] validating manifest of crates.io crate leptos_element_plus 0.0.5 on toolchain beta-2023-12-22
[INFO] running `Command { std: CARGO_HOME="/workspace/cargo-home" RUSTUP_HOME="/workspace/rustup-home" "/workspace/cargo-home/bin/cargo" "+beta-2023-12-22" "metadata" "--manifest-path" "Cargo.toml" "--no-deps", kill_on_drop: false }`
[INFO] started tweaking crates.io crate leptos_element_plus 0.0.5
[INFO] finished tweaking crates.io crate leptos_element_plus 0.0.5
[INFO] tweaked toml for crates.io crate leptos_element_plus 0.0.5 written to /workspace/builds/worker-4-tc2/source/Cargo.toml
[INFO] running `Command { std: CARGO_HOME="/workspace/cargo-home" RUSTUP_HOME="/workspace/rustup-home" "/workspace/cargo-home/bin/cargo" "+beta-2023-12-22" "generate-lockfile" "--manifest-path" "Cargo.toml", kill_on_drop: false }`
[INFO] [stderr]     Updating crates.io index
[INFO] running `Command { std: CARGO_HOME="/workspace/cargo-home" RUSTUP_HOME="/workspace/rustup-home" "/workspace/cargo-home/bin/cargo" "+beta-2023-12-22" "fetch" "--manifest-path" "Cargo.toml", kill_on_drop: false }`
[INFO] [stderr]     Blocking waiting for file lock on package cache
[INFO] [stderr]     Blocking waiting for file lock on package cache
[INFO] running `Command { std: "docker" "create" "-v" "/var/lib/crater-agent-workspace/builds/worker-4-tc2/target:/opt/rustwide/target:rw,Z" "-v" "/var/lib/crater-agent-workspace/builds/worker-4-tc2/source:/opt/rustwide/workdir:ro,Z" "-v" "/var/lib/crater-agent-workspace/cargo-home:/opt/rustwide/cargo-home:ro,Z" "-v" "/var/lib/crater-agent-workspace/rustup-home:/opt/rustwide/rustup-home:ro,Z" "-e" "SOURCE_DIR=/opt/rustwide/workdir" "-e" "CARGO_TARGET_DIR=/opt/rustwide/target" "-e" "CARGO_HOME=/opt/rustwide/cargo-home" "-e" "RUSTUP_HOME=/opt/rustwide/rustup-home" "-w" "/opt/rustwide/workdir" "-m" "1610612736" "--user" "0:0" "--network" "none" "ghcr.io/rust-lang/crates-build-env/linux@sha256:2788e3201cd34a07e3172128adcd8b3090168a8e3bcc40d7c032b9dda1df7d1c" "/opt/rustwide/cargo-home/bin/cargo" "+beta-2023-12-22" "metadata" "--no-deps" "--format-version=1", kill_on_drop: false }`
[INFO] [stdout] bc40cfac791a7345bf26de0754413c267c7aad0685b87ab53d88084b1dd5f740
[INFO] running `Command { std: "docker" "start" "-a" "bc40cfac791a7345bf26de0754413c267c7aad0685b87ab53d88084b1dd5f740", kill_on_drop: false }`
[INFO] running `Command { std: "docker" "inspect" "bc40cfac791a7345bf26de0754413c267c7aad0685b87ab53d88084b1dd5f740", kill_on_drop: false }`
[INFO] running `Command { std: "docker" "rm" "-f" "bc40cfac791a7345bf26de0754413c267c7aad0685b87ab53d88084b1dd5f740", kill_on_drop: false }`
[INFO] [stdout] bc40cfac791a7345bf26de0754413c267c7aad0685b87ab53d88084b1dd5f740
[INFO] running `Command { std: "docker" "create" "-v" "/var/lib/crater-agent-workspace/builds/worker-4-tc2/target:/opt/rustwide/target:rw,Z" "-v" "/var/lib/crater-agent-workspace/builds/worker-4-tc2/source:/opt/rustwide/workdir:ro,Z" "-v" "/var/lib/crater-agent-workspace/cargo-home:/opt/rustwide/cargo-home:ro,Z" "-v" "/var/lib/crater-agent-workspace/rustup-home:/opt/rustwide/rustup-home:ro,Z" "-e" "SOURCE_DIR=/opt/rustwide/workdir" "-e" "CARGO_TARGET_DIR=/opt/rustwide/target" "-e" "CARGO_INCREMENTAL=0" "-e" "RUST_BACKTRACE=full" "-e" "RUSTFLAGS=--cap-lints=warn" "-e" "RUSTDOCFLAGS=--cap-lints=warn" "-e" "CARGO_HOME=/opt/rustwide/cargo-home" "-e" "RUSTUP_HOME=/opt/rustwide/rustup-home" "-w" "/opt/rustwide/workdir" "-m" "1610612736" "--user" "0:0" "--network" "none" "ghcr.io/rust-lang/crates-build-env/linux@sha256:2788e3201cd34a07e3172128adcd8b3090168a8e3bcc40d7c032b9dda1df7d1c" "/opt/rustwide/cargo-home/bin/cargo" "+beta-2023-12-22" "build" "--frozen" "--message-format=json", kill_on_drop: false }`
[INFO] [stdout] 0cffc2915886a23cc4126ca3c89f6098b4d031d9be24f22e1f08dc8cd0aaacf9
[INFO] running `Command { std: "docker" "start" "-a" "0cffc2915886a23cc4126ca3c89f6098b4d031d9be24f22e1f08dc8cd0aaacf9", kill_on_drop: false }`
[INFO] [stderr]    Compiling unicode-ident v1.0.12
[INFO] [stderr]    Compiling proc-macro2 v1.0.75
[INFO] [stderr]    Compiling once_cell v1.19.0
[INFO] [stderr]    Compiling serde v1.0.194
[INFO] [stderr]    Compiling log v0.4.20
[INFO] [stderr]    Compiling futures-sink v0.3.30
[INFO] [stderr]    Compiling futures-core v0.3.30
[INFO] [stderr]    Compiling proc-macro-error v1.0.4
[INFO] [stderr]    Compiling thiserror v1.0.56
[INFO] [stderr]    Compiling equivalent v1.0.1
[INFO] [stderr]    Compiling hashbrown v0.14.3
[INFO] [stderr]    Compiling bytes v1.5.0
[INFO] [stderr]    Compiling smallvec v1.11.2
[INFO] [stderr]    Compiling wasm-bindgen v0.2.89
[INFO] [stderr]    Compiling mio v0.8.10
[INFO] [stderr]    Compiling socket2 v0.5.5
[INFO] [stderr]    Compiling futures-channel v0.3.30
[INFO] [stderr]    Compiling unicode-xid v0.2.4
[INFO] [stderr]    Compiling percent-encoding v2.3.1
[INFO] [stderr]    Compiling ahash v0.8.7
[INFO] [stderr]    Compiling tracing-core v0.1.32
[INFO] [stderr]    Compiling unicode-normalization v0.1.22
[INFO] [stderr]    Compiling form_urlencoded v1.2.1
[INFO] [stderr]    Compiling lock_api v0.4.11
[INFO] [stderr]    Compiling proc-macro2-diagnostics v0.10.1
[INFO] [stderr]    Compiling try-lock v0.2.5
[INFO] [stderr]    Compiling unicode-bidi v0.3.14
[INFO] [stderr]    Compiling xxhash-rust v0.8.8
[INFO] [stderr]    Compiling zerocopy v0.7.32
[INFO] [stderr]    Compiling parking_lot_core v0.9.9
[INFO] [stderr]    Compiling want v0.3.1
[INFO] [stderr]    Compiling tokio v1.35.1
[INFO] [stderr]    Compiling http v0.2.11
[INFO] [stderr]    Compiling slotmap v1.0.7
[INFO] [stderr]    Compiling paste v1.0.14
[INFO] [stderr]    Compiling scopeguard v1.2.0
[INFO] [stderr]    Compiling ciborium-io v0.2.1
[INFO] [stderr]    Compiling anyhow v1.0.79
[INFO] [stderr]    Compiling httpdate v1.0.3
[INFO] [stderr]    Compiling camino v1.1.6
[INFO] [stderr]    Compiling either v1.9.0
[INFO] [stderr]    Compiling indexmap v2.1.0
[INFO] [stderr]    Compiling idna v0.5.0
[INFO] [stderr]    Compiling base64 v0.21.5
[INFO] [stderr]    Compiling half v1.8.2
[INFO] [stderr]    Compiling yansi v1.0.0-rc.1
[INFO] [stderr]    Compiling hashbrown v0.13.2
[INFO] [stderr]    Compiling quote v1.0.35
[INFO] [stderr]    Compiling ciborium-ll v0.2.1
[INFO] [stderr]    Compiling encoding_rs v0.8.33
[INFO] [stderr]    Compiling async-trait v0.1.77
[INFO] [stderr]    Compiling syn v2.0.48
[INFO] [stderr]    Compiling proc-macro-utils v0.8.0
[INFO] [stderr]    Compiling http-body v0.4.6
[INFO] [stderr]    Compiling ipnet v2.9.0
[INFO] [stderr]    Compiling url v2.5.0
[INFO] [stderr]    Compiling utf8-width v0.1.7
[INFO] [stderr]    Compiling interpolator v0.5.0
[INFO] [stderr]    Compiling same-file v1.0.6
[INFO] [stderr]    Compiling mime v0.3.17
[INFO] [stderr]    Compiling prettyplease v0.2.16
[INFO] [stderr]    Compiling collection_literals v1.0.1
[INFO] [stderr]    Compiling crc32fast v1.3.2
[INFO] [stderr]    Compiling walkdir v2.4.0
[INFO] [stderr]    Compiling html-escape v0.2.13
[INFO] [stderr]    Compiling parking_lot v0.12.1
[INFO] [stderr]    Compiling proc-macro-error-attr v1.0.4
[INFO] [stderr]    Compiling const_format_proc_macros v0.2.32
[INFO] [stderr]    Compiling manyhow-macros v0.8.1
[INFO] [stderr]    Compiling getrandom v0.2.11
[INFO] [stderr]    Compiling aho-corasick v1.1.2
[INFO] [stderr]    Compiling self_cell v1.0.3
[INFO] [stderr]    Compiling unicode-segmentation v1.10.1
[INFO] [stderr]    Compiling memchr v2.7.1
[INFO] [stderr]    Compiling minimal-lexical v0.2.1
[INFO] [stderr]    Compiling rustc-hash v1.1.0
[INFO] [stderr]    Compiling regex-syntax v0.8.2
[INFO] [stderr]    Compiling uuid v1.6.1
[INFO] [stderr]    Compiling nom v7.1.3
[INFO] [stderr]    Compiling itertools v0.11.0
[INFO] [stderr]    Compiling convert_case v0.6.0
[INFO] [stderr]    Compiling dary_heap v0.3.6
[INFO] [stderr]    Compiling adler32 v1.2.0
[INFO] [stderr]    Compiling pathdiff v0.2.1
[INFO] [stderr]    Compiling itertools v0.10.5
[INFO] [stderr]    Compiling core2 v0.4.0
[INFO] [stderr]    Compiling drain_filter_polyfill v0.1.3
[INFO] [stderr]    Compiling pad-adapter v0.1.1
[INFO] [stderr]    Compiling inventory v0.3.14
[INFO] [stderr]    Compiling libflate_lz77 v2.0.0
[INFO] [stderr]    Compiling const_format v0.2.32
[INFO] [stderr]    Compiling libflate v2.0.0
[INFO] [stderr]    Compiling regex-automata v0.4.3
[INFO] [stderr]    Compiling wasm-bindgen-backend v0.2.89
[INFO] [stderr]    Compiling manyhow v0.8.1
[INFO] [stderr]    Compiling serde_derive v1.0.194
[INFO] [stderr]    Compiling thiserror-impl v1.0.56
[INFO] [stderr]    Compiling futures-macro v0.3.30
[INFO] [stderr]    Compiling tracing-attributes v0.1.27
[INFO] [stderr]    Compiling derive-where v1.2.7
[INFO] [stderr]    Compiling syn_derive v0.1.8
[INFO] [stderr]    Compiling pin-project-internal v1.1.3
[INFO] [stderr]    Compiling typed-builder-macro v0.18.0
[INFO] [stderr]    Compiling async-recursion v1.0.5
[INFO] [stderr]    Compiling wasm-bindgen-macro-support v0.2.89
[INFO] [stderr]    Compiling include-flate-codegen v0.2.0
[INFO] [stderr]    Compiling regex v1.10.2
[INFO] [stderr]    Compiling include-flate v0.3.0
[INFO] [stderr]    Compiling futures-util v0.3.30
[INFO] [stderr]    Compiling wasm-bindgen-macro v0.2.89
[INFO] [stderr]    Compiling pin-project v1.1.3
[INFO] [stderr]    Compiling rstml v0.11.2
[INFO] [stderr]    Compiling typed-builder v0.18.0
[INFO] [stderr]    Compiling quote-use-macros v0.7.2
[INFO] [stderr]    Compiling tracing v0.1.40
[INFO] [stderr]    Compiling tokio-util v0.7.10
[INFO] [stderr]    Compiling quote-use v0.7.2
[INFO] [stderr]    Compiling attribute-derive-macro v0.8.1
[INFO] [stderr]    Compiling js-sys v0.3.66
[INFO] [stderr]    Compiling attribute-derive v0.8.1
[INFO] [stderr]    Compiling h2 v0.3.22
[INFO] [stderr]    Compiling futures-executor v0.3.30
[INFO] [stderr]    Compiling futures v0.3.30
[INFO] [stderr]    Compiling wasm-bindgen-futures v0.4.39
[INFO] [stderr]    Compiling web-sys v0.3.66
[INFO] [stderr]    Compiling serde_urlencoded v0.7.1
[INFO] [stderr]    Compiling serde_json v1.0.111
[INFO] [stderr]    Compiling serde-wasm-bindgen v0.5.0
[INFO] [stderr]    Compiling ciborium v0.2.1
[INFO] [stderr]    Compiling serde_qs v0.12.0
[INFO] [stderr]    Compiling toml v0.5.11
[INFO] [stderr]    Compiling server_fn_macro v0.5.4
[INFO] [stderr]    Compiling leptos_hot_reload v0.5.4
[INFO] [stderr]    Compiling server_fn_macro_default v0.5.4
[INFO] [stderr]    Compiling leptos_macro v0.5.4
[INFO] [stderr]    Compiling hyper v0.14.28
[INFO] [stderr]    Compiling config v0.13.4
[INFO] [stderr]    Compiling leptos_config v0.5.4
[INFO] [stderr]    Compiling reqwest v0.11.23
[INFO] [stderr]    Compiling server_fn v0.5.4
[INFO] [stderr]    Compiling leptos_reactive v0.5.4
[INFO] [stderr]    Compiling leptos_dom v0.5.4
[INFO] [stderr]    Compiling leptos_server v0.5.4
[INFO] [stderr]    Compiling leptos v0.5.4
[INFO] [stderr]    Compiling leptos_meta v0.5.4
[INFO] [stderr]    Compiling leptos_element_plus v0.0.5 (/opt/rustwide/workdir)
[INFO] [stderr]     Finished dev [unoptimized + debuginfo] target(s) in 30.94s
[INFO] running `Command { std: "docker" "inspect" "0cffc2915886a23cc4126ca3c89f6098b4d031d9be24f22e1f08dc8cd0aaacf9", kill_on_drop: false }`
[INFO] running `Command { std: "docker" "rm" "-f" "0cffc2915886a23cc4126ca3c89f6098b4d031d9be24f22e1f08dc8cd0aaacf9", kill_on_drop: false }`
[INFO] [stdout] 0cffc2915886a23cc4126ca3c89f6098b4d031d9be24f22e1f08dc8cd0aaacf9
[INFO] running `Command { std: "docker" "create" "-v" "/var/lib/crater-agent-workspace/builds/worker-4-tc2/target:/opt/rustwide/target:rw,Z" "-v" "/var/lib/crater-agent-workspace/builds/worker-4-tc2/source:/opt/rustwide/workdir:ro,Z" "-v" "/var/lib/crater-agent-workspace/cargo-home:/opt/rustwide/cargo-home:ro,Z" "-v" "/var/lib/crater-agent-workspace/rustup-home:/opt/rustwide/rustup-home:ro,Z" "-e" "SOURCE_DIR=/opt/rustwide/workdir" "-e" "CARGO_TARGET_DIR=/opt/rustwide/target" "-e" "CARGO_INCREMENTAL=0" "-e" "RUST_BACKTRACE=full" "-e" "RUSTFLAGS=--cap-lints=warn" "-e" "RUSTDOCFLAGS=--cap-lints=warn" "-e" "CARGO_HOME=/opt/rustwide/cargo-home" "-e" "RUSTUP_HOME=/opt/rustwide/rustup-home" "-w" "/opt/rustwide/workdir" "-m" "1610612736" "--user" "0:0" "--network" "none" "ghcr.io/rust-lang/crates-build-env/linux@sha256:2788e3201cd34a07e3172128adcd8b3090168a8e3bcc40d7c032b9dda1df7d1c" "/opt/rustwide/cargo-home/bin/cargo" "+beta-2023-12-22" "test" "--frozen" "--no-run" "--message-format=json", kill_on_drop: false }`
[INFO] [stdout] cf4e89b85eddc0f8744a98ebfda92d8e41118106d16c146550d812f655f216ab
[INFO] running `Command { std: "docker" "start" "-a" "cf4e89b85eddc0f8744a98ebfda92d8e41118106d16c146550d812f655f216ab", kill_on_drop: false }`
[INFO] [stderr]    Compiling console_error_panic_hook v0.1.7
[INFO] [stderr]    Compiling wasm-bindgen-test-macro v0.3.39
[INFO] [stderr]    Compiling scoped-tls v1.0.1
[INFO] [stderr]    Compiling wasm-bindgen-test v0.3.39
[INFO] [stderr]    Compiling leptos_element_plus v0.0.5 (/opt/rustwide/workdir)
[INFO] [stderr]     Finished test [unoptimized + debuginfo] target(s) in 3.15s
[INFO] running `Command { std: "docker" "inspect" "cf4e89b85eddc0f8744a98ebfda92d8e41118106d16c146550d812f655f216ab", kill_on_drop: false }`
[INFO] running `Command { std: "docker" "rm" "-f" "cf4e89b85eddc0f8744a98ebfda92d8e41118106d16c146550d812f655f216ab", kill_on_drop: false }`
[INFO] [stdout] cf4e89b85eddc0f8744a98ebfda92d8e41118106d16c146550d812f655f216ab
[INFO] running `Command { std: "docker" "create" "-v" "/var/lib/crater-agent-workspace/builds/worker-4-tc2/target:/opt/rustwide/target:rw,Z" "-v" "/var/lib/crater-agent-workspace/builds/worker-4-tc2/source:/opt/rustwide/workdir:ro,Z" "-v" "/var/lib/crater-agent-workspace/cargo-home:/opt/rustwide/cargo-home:ro,Z" "-v" "/var/lib/crater-agent-workspace/rustup-home:/opt/rustwide/rustup-home:ro,Z" "-e" "SOURCE_DIR=/opt/rustwide/workdir" "-e" "CARGO_TARGET_DIR=/opt/rustwide/target" "-e" "CARGO_INCREMENTAL=0" "-e" "RUST_BACKTRACE=full" "-e" "RUSTFLAGS=--cap-lints=warn" "-e" "RUSTDOCFLAGS=--cap-lints=warn" "-e" "CARGO_HOME=/opt/rustwide/cargo-home" "-e" "RUSTUP_HOME=/opt/rustwide/rustup-home" "-w" "/opt/rustwide/workdir" "-m" "1610612736" "--user" "0:0" "--network" "none" "ghcr.io/rust-lang/crates-build-env/linux@sha256:2788e3201cd34a07e3172128adcd8b3090168a8e3bcc40d7c032b9dda1df7d1c" "/opt/rustwide/cargo-home/bin/cargo" "+beta-2023-12-22" "test" "--frozen", kill_on_drop: false }`
[INFO] [stdout] ee5f576096f6154aaf92dc0c8f5b21c7ccd4471b99cafc909fc79cc1b472e64f
[INFO] running `Command { std: "docker" "start" "-a" "ee5f576096f6154aaf92dc0c8f5b21c7ccd4471b99cafc909fc79cc1b472e64f", kill_on_drop: false }`
[INFO] [stderr]     Finished test [unoptimized + debuginfo] target(s) in 0.12s
[INFO] [stderr]      Running unittests src/lib.rs (/opt/rustwide/target/debug/deps/leptos_element_plus-203ae9093d782c0e)
[INFO] [stdout] 
[INFO] [stdout] running 0 tests
[INFO] [stdout] 
[INFO] [stdout] test result: ok. 0 passed; 0 failed; 0 ignored; 0 measured; 0 filtered out; finished in 0.00s
[INFO] [stdout] 
[INFO] [stderr]    Doc-tests leptos_element_plus
[INFO] [stdout] 
[INFO] [stdout] running 5 tests
[INFO] [stdout] test src/components/mod.rs - components::el_message (line 7) ... FAILED
[INFO] [stdout] test src/lib.rs - (line 9) ... FAILED
[INFO] [stdout] test src/components/mod.rs - components::el_notification (line 144) ... FAILED
[INFO] [stdout] test src/components/mod.rs - components::el_message_box (line 95) ... FAILED
[INFO] [stdout] test src/lib.rs - (line 31) ... ok
[INFO] [stdout] 
[INFO] [stdout] failures:
[INFO] [stdout] 
[INFO] [stdout] ---- src/components/mod.rs - components::el_message (line 7) stdout ----
[INFO] [stdout] error: cannot find macro `view` in this scope
[INFO] [stdout]  --> src/components/mod.rs:8:1
[INFO] [stdout]   |
[INFO] [stdout] 3 | view! {
[INFO] [stdout]   | ^^^^
[INFO] [stdout]   |
[INFO] [stdout] help: consider importing this macro
[INFO] [stdout]   |
[INFO] [stdout] 2 + use leptos::view;
[INFO] [stdout]   |
[INFO] [stdout] 
[INFO] [stdout] error: aborting due to 1 previous error
[INFO] [stdout] 
[INFO] [stdout] Couldn't compile the test.
[INFO] [stdout] ---- src/lib.rs - (line 9) stdout ----
[INFO] [stdout] error[E0583]: file not found for module `app`
[INFO] [stdout]  --> src/lib.rs:11:1
[INFO] [stdout]   |
[INFO] [stdout] 4 | mod app;
[INFO] [stdout]   | ^^^^^^^^
[INFO] [stdout]   |
[INFO] [stdout]   = help: to create the module `app`, create file "src/app.rs" or "src/app/mod.rs"
[INFO] [stdout]   = note: if there is a `mod app` elsewhere in the crate already, import it with `use crate::...` instead
[INFO] [stdout] 
[INFO] [stdout] error[E0433]: failed to resolve: use of undeclared crate or module `log`
[INFO] [stdout]   --> src/lib.rs:20:38
[INFO] [stdout]    |
[INFO] [stdout] 13 |     _ = console_log::init_with_level(log::Level::Debug);
[INFO] [stdout]    |                                      ^^^ use of undeclared crate or module `log`
[INFO] [stdout]    |
[INFO] [stdout] help: consider importing this struct
[INFO] [stdout]    |
[INFO] [stdout] 6  + use crate::tracing::Level;
[INFO] [stdout]    |
[INFO] [stdout] help: if you import `Level`, refer to it directly
[INFO] [stdout]    |
[INFO] [stdout] 13 -     _ = console_log::init_with_level(log::Level::Debug);
[INFO] [stdout] 13 +     _ = console_log::init_with_level(Level::Debug);
[INFO] [stdout]    |
[INFO] [stdout] 
[INFO] [stdout] error[E0425]: cannot find value `App` in this scope
[INFO] [stdout]   --> src/lib.rs:26:14
[INFO] [stdout]    |
[INFO] [stdout] 19 |             <App/>
[INFO] [stdout]    |              ^^^ not found in this scope
[INFO] [stdout] 
[INFO] [stdout] error[E0433]: failed to resolve: use of undeclared crate or module `console_log`
[INFO] [stdout]   --> src/lib.rs:20:9
[INFO] [stdout]    |
[INFO] [stdout] 13 |     _ = console_log::init_with_level(log::Level::Debug);
[INFO] [stdout]    |         ^^^^^^^^^^^ use of undeclared crate or module `console_log`
[INFO] [stdout] 
[INFO] [stdout] error: aborting due to 4 previous errors
[INFO] [stdout] 
[INFO] [stdout] Some errors have detailed explanations: E0425, E0433, E0583.
[INFO] [stdout] For more information about an error, try `rustc --explain E0425`.
[INFO] [stdout] Couldn't compile the test.
[INFO] [stdout] ---- src/components/mod.rs - components::el_notification (line 144) stdout ----
[INFO] [stdout] error: cannot find macro `view` in this scope
[INFO] [stdout]   --> src/components/mod.rs:154:1
[INFO] [stdout]    |
[INFO] [stdout] 12 | view! {
[INFO] [stdout]    | ^^^^
[INFO] [stdout]    |
[INFO] [stdout] help: consider importing this macro
[INFO] [stdout]    |
[INFO] [stdout] 3  + use leptos::view;
[INFO] [stdout]    |
[INFO] [stdout] 
[INFO] [stdout] error[E0433]: failed to resolve: use of undeclared type `Notification`
[INFO] [stdout]  --> src/components/mod.rs:146:24
[INFO] [stdout]   |
[INFO] [stdout] 4 | let mut notification = Notification::new();
[INFO] [stdout]   |                        ^^^^^^^^^^^^ use of undeclared type `Notification`
[INFO] [stdout]   |
[INFO] [stdout] help: consider importing this struct
[INFO] [stdout]   |
[INFO] [stdout] 3 + use leptos_element_plus::components::el_notification::Notification;
[INFO] [stdout]   |
[INFO] [stdout] 
[INFO] [stdout] error[E0433]: failed to resolve: use of undeclared type `Type`
[INFO] [stdout]  --> src/components/mod.rs:149:19
[INFO] [stdout]   |
[INFO] [stdout] 7 |     .message_type(Type::Success);
[INFO] [stdout]   |                   ^^^^ use of undeclared type `Type`
[INFO] [stdout]   |
[INFO] [stdout] help: consider importing one of these items
[INFO] [stdout]   |
[INFO] [stdout] 3 + use leptos_element_plus::components::common::Type;
[INFO] [stdout]   |
[INFO] [stdout] 3 + use leptos_element_plus::components::el_date_time_picker::Type;
[INFO] [stdout]   |
[INFO] [stdout] 
[INFO] [stdout] error[E0433]: failed to resolve: use of undeclared type `Arc`
[INFO] [stdout]  --> src/components/mod.rs:151:12
[INFO] [stdout]   |
[INFO] [stdout] 9 | let show = Arc::new(Mutex::new(notification));
[INFO] [stdout]   |            ^^^ use of undeclared type `Arc`
[INFO] [stdout]   |
[INFO] [stdout] help: consider importing this struct
[INFO] [stdout]   |
[INFO] [stdout] 3 + use std::sync::Arc;
[INFO] [stdout]   |
[INFO] [stdout] 
[INFO] [stdout] error[E0433]: failed to resolve: use of undeclared type `Mutex`
[INFO] [stdout]  --> src/components/mod.rs:151:21
[INFO] [stdout]   |
[INFO] [stdout] 9 | let show = Arc::new(Mutex::new(notification));
[INFO] [stdout]   |                     ^^^^^ use of undeclared type `Mutex`
[INFO] [stdout]   |
[INFO] [stdout] help: consider importing this struct
[INFO] [stdout]   |
[INFO] [stdout] 3 + use std::sync::Mutex;
[INFO] [stdout]   |
[INFO] [stdout] 
[INFO] [stdout] error[E0433]: failed to resolve: use of undeclared type `Arc`
[INFO] [stdout]   --> src/components/mod.rs:152:13
[INFO] [stdout]    |
[INFO] [stdout] 10 | let close = Arc::clone(&show);
[INFO] [stdout]    |             ^^^ use of undeclared type `Arc`
[INFO] [stdout]    |
[INFO] [stdout] help: consider importing this struct
[INFO] [stdout]    |
[INFO] [stdout] 3  + use std::sync::Arc;
[INFO] [stdout]    |
[INFO] [stdout] 
[INFO] [stdout] error: aborting due to 6 previous errors
[INFO] [stdout] 
[INFO] [stdout] For more information about this error, try `rustc --explain E0433`.
[INFO] [stdout] Couldn't compile the test.
[INFO] [stdout] ---- src/components/mod.rs - components::el_message_box (line 95) stdout ----
[INFO] [stdout] error[E0433]: failed to resolve: use of undeclared type `MessageBox`
[INFO] [stdout]  --> src/components/mod.rs:97:1
[INFO] [stdout]   |
[INFO] [stdout] 4 | MessageBox::new()
[INFO] [stdout]   | ^^^^^^^^^^ use of undeclared type `MessageBox`
[INFO] [stdout]   |
[INFO] [stdout] help: consider importing this struct
[INFO] [stdout]   |
[INFO] [stdout] 3 + use leptos_element_plus::components::el_message_box::MessageBox;
[INFO] [stdout]   |
[INFO] [stdout] 
[INFO] [stdout] error[E0433]: failed to resolve: use of undeclared type `Message`
[INFO] [stdout]  --> src/components/mod.rs:100:9
[INFO] [stdout]   |
[INFO] [stdout] 7 |         Message::new()
[INFO] [stdout]   |         ^^^^^^^ use of undeclared type `Message`
[INFO] [stdout]   |
[INFO] [stdout] help: consider importing this struct
[INFO] [stdout]   |
[INFO] [stdout] 3 + use leptos_element_plus::components::el_message::Message;
[INFO] [stdout]   |
[INFO] [stdout] 
[INFO] [stdout] error[E0433]: failed to resolve: use of undeclared type `MessageBox`
[INFO] [stdout]   --> src/components/mod.rs:106:1
[INFO] [stdout]    |
[INFO] [stdout] 13 | MessageBox::new()
[INFO] [stdout]    | ^^^^^^^^^^ use of undeclared type `MessageBox`
[INFO] [stdout]    |
[INFO] [stdout] help: consider importing this struct
[INFO] [stdout]    |
[INFO] [stdout] 3  + use leptos_element_plus::components::el_message_box::MessageBox;
[INFO] [stdout]    |
[INFO] [stdout] 
[INFO] [stdout] error[E0433]: failed to resolve: use of undeclared type `Message`
[INFO] [stdout]   --> src/components/mod.rs:109:9
[INFO] [stdout]    |
[INFO] [stdout] 16 |         Message::new()
[INFO] [stdout]    |         ^^^^^^^ use of undeclared type `Message`
[INFO] [stdout]    |
[INFO] [stdout] help: consider importing this struct
[INFO] [stdout]    |
[INFO] [stdout] 3  + use leptos_element_plus::components::el_message::Message;
[INFO] [stdout]    |
[INFO] [stdout] 
[INFO] [stdout] error[E0433]: failed to resolve: use of undeclared type `Type`
[INFO] [stdout]   --> src/components/mod.rs:113:19
[INFO] [stdout]    |
[INFO] [stdout] 20 |     .message_type(Type::Warning)
[INFO] [stdout]    |                   ^^^^ use of undeclared type `Type`
[INFO] [stdout]    |
[INFO] [stdout] help: consider importing one of these items
[INFO] [stdout]    |
[INFO] [stdout] 3  + use leptos_element_plus::components::common::Type;
[INFO] [stdout]    |
[INFO] [stdout] 3  + use leptos_element_plus::components::el_date_time_picker::Type;
[INFO] [stdout]    |
[INFO] [stdout] 
[INFO] [stdout] error[E0433]: failed to resolve: use of undeclared type `MessageBox`
[INFO] [stdout]   --> src/components/mod.rs:116:1
[INFO] [stdout]    |
[INFO] [stdout] 23 | MessageBox::new()
[INFO] [stdout]    | ^^^^^^^^^^ use of undeclared type `MessageBox`
[INFO] [stdout]    |
[INFO] [stdout] help: consider importing this struct
[INFO] [stdout]    |
[INFO] [stdout] 3  + use leptos_element_plus::components::el_message_box::MessageBox;
[INFO] [stdout]    |
[INFO] [stdout] 
[INFO] [stdout] error[E0433]: failed to resolve: use of undeclared type `Message`
[INFO] [stdout]   --> src/components/mod.rs:118:9
[INFO] [stdout]    |
[INFO] [stdout] 25 |         Message::new()
[INFO] [stdout]    |         ^^^^^^^ use of undeclared type `Message`
[INFO] [stdout]    |
[INFO] [stdout] help: consider importing this struct
[INFO] [stdout]    |
[INFO] [stdout] 3  + use leptos_element_plus::components::el_message::Message;
[INFO] [stdout]    |
[INFO] [stdout] 
[INFO] [stdout] error[E0433]: failed to resolve: use of undeclared type `Type`
[INFO] [stdout]   --> src/components/mod.rs:124:19
[INFO] [stdout]    |
[INFO] [stdout] 31 |     .message_type(Type::Warning)
[INFO] [stdout]    |                   ^^^^ use of undeclared type `Type`
[INFO] [stdout]    |
[INFO] [stdout] help: consider importing one of these items
[INFO] [stdout]    |
[INFO] [stdout] 3  + use leptos_element_plus::components::common::Type;
[INFO] [stdout]    |
[INFO] [stdout] 3  + use leptos_element_plus::components::el_date_time_picker::Type;
[INFO] [stdout]    |
[INFO] [stdout] 
[INFO] [stdout] error[E0433]: failed to resolve: use of undeclared type `Message`
[INFO] [stdout]   --> src/components/mod.rs:127:13
[INFO] [stdout]    |
[INFO] [stdout] 34 |             Message::new()
[INFO] [stdout]    |             ^^^^^^^ use of undeclared type `Message`
[INFO] [stdout]    |
[INFO] [stdout] help: consider importing this struct
[INFO] [stdout]    |
[INFO] [stdout] 3  + use leptos_element_plus::components::el_message::Message;
[INFO] [stdout]    |
[INFO] [stdout] 
[INFO] [stdout] error[E0433]: failed to resolve: use of undeclared type `Type`
[INFO] [stdout]   --> src/components/mod.rs:128:31
[INFO] [stdout]    |
[INFO] [stdout] 35 |                 .message_type(Type::Success)
[INFO] [stdout]    |                               ^^^^ use of undeclared type `Type`
[INFO] [stdout]    |
[INFO] [stdout] help: consider importing one of these items
[INFO] [stdout]    |
[INFO] [stdout] 3  + use leptos_element_plus::components::common::Type;
[INFO] [stdout]    |
[INFO] [stdout] 3  + use leptos_element_plus::components::el_date_time_picker::Type;
[INFO] [stdout]    |
[INFO] [stdout] 
[INFO] [stdout] error[E0433]: failed to resolve: use of undeclared type `Message`
[INFO] [stdout]   --> src/components/mod.rs:133:13
[INFO] [stdout]    |
[INFO] [stdout] 40 |             Message::new()
[INFO] [stdout]    |             ^^^^^^^ use of undeclared type `Message`
[INFO] [stdout]    |
[INFO] [stdout] help: consider importing this struct
[INFO] [stdout]    |
[INFO] [stdout] 3  + use leptos_element_plus::components::el_message::Message;
[INFO] [stdout]    |
[INFO] [stdout] 
[INFO] [stdout] error[E0433]: failed to resolve: use of undeclared type `Type`
[INFO] [stdout]   --> src/components/mod.rs:134:31
[INFO] [stdout]    |
[INFO] [stdout] 41 |                 .message_type(Type::Info)
[INFO] [stdout]    |                               ^^^^ use of undeclared type `Type`
[INFO] [stdout]    |
[INFO] [stdout] help: consider importing one of these items
[INFO] [stdout]    |
[INFO] [stdout] 3  + use leptos_element_plus::components::common::Type;
[INFO] [stdout]    |
[INFO] [stdout] 3  + use leptos_element_plus::components::el_date_time_picker::Type;
[INFO] [stdout]    |
[INFO] [stdout] 
[INFO] [stdout] error: aborting due to 12 previous errors
[INFO] [stdout] 
[INFO] [stdout] For more information about this error, try `rustc --explain E0433`.
[INFO] [stdout] Couldn't compile the test.
[INFO] [stdout] 
[INFO] [stderr] error: doctest failed, to rerun pass `--doc`
[INFO] [stdout] failures:
[INFO] [stdout]     src/components/mod.rs - components::el_message (line 7)
[INFO] [stdout]     src/components/mod.rs - components::el_message_box (line 95)
[INFO] [stdout]     src/components/mod.rs - components::el_notification (line 144)
[INFO] [stdout]     src/lib.rs - (line 9)
[INFO] [stdout] 
[INFO] [stdout] test result: FAILED. 1 passed; 4 failed; 0 ignored; 0 measured; 0 filtered out; finished in 0.47s
[INFO] [stdout] 
[INFO] running `Command { std: "docker" "inspect" "ee5f576096f6154aaf92dc0c8f5b21c7ccd4471b99cafc909fc79cc1b472e64f", kill_on_drop: false }`
[INFO] running `Command { std: "docker" "rm" "-f" "ee5f576096f6154aaf92dc0c8f5b21c7ccd4471b99cafc909fc79cc1b472e64f", kill_on_drop: false }`
[INFO] [stdout] ee5f576096f6154aaf92dc0c8f5b21c7ccd4471b99cafc909fc79cc1b472e64f
