[INFO] fetching crate leptos_dom 0.5.4...
[INFO] testing leptos_dom-0.5.4 against 1.75.0 for beta-1.76-1
[INFO] extracting crate leptos_dom 0.5.4 into /workspace/builds/worker-3-tc1/source
[INFO] validating manifest of crates.io crate leptos_dom 0.5.4 on toolchain 1.75.0
[INFO] running `Command { std: CARGO_HOME="/workspace/cargo-home" RUSTUP_HOME="/workspace/rustup-home" "/workspace/cargo-home/bin/cargo" "+1.75.0" "metadata" "--manifest-path" "Cargo.toml" "--no-deps", kill_on_drop: false }`
[INFO] removed /workspace/builds/worker-3-tc1/source/.cargo/config.toml
[INFO] started tweaking crates.io crate leptos_dom 0.5.4
[INFO] finished tweaking crates.io crate leptos_dom 0.5.4
[INFO] tweaked toml for crates.io crate leptos_dom 0.5.4 written to /workspace/builds/worker-3-tc1/source/Cargo.toml
[INFO] running `Command { std: CARGO_HOME="/workspace/cargo-home" RUSTUP_HOME="/workspace/rustup-home" "/workspace/cargo-home/bin/cargo" "+1.75.0" "generate-lockfile" "--manifest-path" "Cargo.toml", kill_on_drop: false }`
[INFO] [stderr]     Updating crates.io index
[INFO] running `Command { std: CARGO_HOME="/workspace/cargo-home" RUSTUP_HOME="/workspace/rustup-home" "/workspace/cargo-home/bin/cargo" "+1.75.0" "fetch" "--manifest-path" "Cargo.toml", kill_on_drop: false }`
[INFO] [stderr]  Downloading crates ...
[INFO] [stderr]   Downloaded server_fn_macro v0.5.4
[INFO] [stderr]   Downloaded server_fn_macro_default v0.5.4
[INFO] [stderr]   Downloaded leptos_reactive v0.5.4
[INFO] [stderr]   Downloaded drain_filter_polyfill v0.1.3
[INFO] [stderr]   Downloaded server_fn v0.5.4
[INFO] [stderr]   Downloaded serde_qs v0.12.0
[INFO] running `Command { std: "docker" "create" "-v" "/var/lib/crater-agent-workspace/builds/worker-3-tc1/target:/opt/rustwide/target:rw,Z" "-v" "/var/lib/crater-agent-workspace/builds/worker-3-tc1/source:/opt/rustwide/workdir:ro,Z" "-v" "/var/lib/crater-agent-workspace/cargo-home:/opt/rustwide/cargo-home:ro,Z" "-v" "/var/lib/crater-agent-workspace/rustup-home:/opt/rustwide/rustup-home:ro,Z" "-e" "SOURCE_DIR=/opt/rustwide/workdir" "-e" "CARGO_TARGET_DIR=/opt/rustwide/target" "-e" "CARGO_HOME=/opt/rustwide/cargo-home" "-e" "RUSTUP_HOME=/opt/rustwide/rustup-home" "-w" "/opt/rustwide/workdir" "-m" "1610612736" "--user" "0:0" "--network" "none" "ghcr.io/rust-lang/crates-build-env/linux@sha256:2788e3201cd34a07e3172128adcd8b3090168a8e3bcc40d7c032b9dda1df7d1c" "/opt/rustwide/cargo-home/bin/cargo" "+1.75.0" "metadata" "--no-deps" "--format-version=1", kill_on_drop: false }`
[INFO] [stdout] 31699122dfadd5c088efe93f4611b56577c540cde727364d11d9b6be8d7693e5
[INFO] running `Command { std: "docker" "start" "-a" "31699122dfadd5c088efe93f4611b56577c540cde727364d11d9b6be8d7693e5", kill_on_drop: false }`
[INFO] running `Command { std: "docker" "inspect" "31699122dfadd5c088efe93f4611b56577c540cde727364d11d9b6be8d7693e5", kill_on_drop: false }`
[INFO] running `Command { std: "docker" "rm" "-f" "31699122dfadd5c088efe93f4611b56577c540cde727364d11d9b6be8d7693e5", kill_on_drop: false }`
[INFO] [stdout] 31699122dfadd5c088efe93f4611b56577c540cde727364d11d9b6be8d7693e5
[INFO] running `Command { std: "docker" "create" "-v" "/var/lib/crater-agent-workspace/builds/worker-3-tc1/target:/opt/rustwide/target:rw,Z" "-v" "/var/lib/crater-agent-workspace/builds/worker-3-tc1/source:/opt/rustwide/workdir:ro,Z" "-v" "/var/lib/crater-agent-workspace/cargo-home:/opt/rustwide/cargo-home:ro,Z" "-v" "/var/lib/crater-agent-workspace/rustup-home:/opt/rustwide/rustup-home:ro,Z" "-e" "SOURCE_DIR=/opt/rustwide/workdir" "-e" "CARGO_TARGET_DIR=/opt/rustwide/target" "-e" "CARGO_INCREMENTAL=0" "-e" "RUST_BACKTRACE=full" "-e" "RUSTFLAGS=--cap-lints=warn" "-e" "RUSTDOCFLAGS=--cap-lints=warn" "-e" "CARGO_HOME=/opt/rustwide/cargo-home" "-e" "RUSTUP_HOME=/opt/rustwide/rustup-home" "-w" "/opt/rustwide/workdir" "-m" "1610612736" "--user" "0:0" "--network" "none" "ghcr.io/rust-lang/crates-build-env/linux@sha256:2788e3201cd34a07e3172128adcd8b3090168a8e3bcc40d7c032b9dda1df7d1c" "/opt/rustwide/cargo-home/bin/cargo" "+1.75.0" "build" "--frozen" "--message-format=json", kill_on_drop: false }`
[INFO] [stdout] 1a26c4e2be19889021fbc944491d786b8ade6fea2b3dfa117f8945eb1d691d7c
[INFO] running `Command { std: "docker" "start" "-a" "1a26c4e2be19889021fbc944491d786b8ade6fea2b3dfa117f8945eb1d691d7c", kill_on_drop: false }`
[INFO] [stderr]    Compiling proc-macro2 v1.0.75
[INFO] [stderr]    Compiling unicode-ident v1.0.12
[INFO] [stderr]    Compiling log v0.4.20
[INFO] [stderr]    Compiling futures-sink v0.3.30
[INFO] [stderr]    Compiling futures-core v0.3.30
[INFO] [stderr]    Compiling slab v0.4.9
[INFO] [stderr]    Compiling memchr v2.7.1
[INFO] [stderr]    Compiling futures-task v0.3.30
[INFO] [stderr]    Compiling futures-io v0.3.30
[INFO] [stderr]    Compiling tracing-core v0.1.32
[INFO] [stderr]    Compiling wasm-bindgen v0.2.89
[INFO] [stderr]    Compiling proc-macro-error-attr v1.0.4
[INFO] [stderr]    Compiling hashbrown v0.14.3
[INFO] [stderr]    Compiling mio v0.8.10
[INFO] [stderr]    Compiling socket2 v0.5.5
[INFO] [stderr]    Compiling equivalent v1.0.1
[INFO] [stderr]    Compiling futures-channel v0.3.30
[INFO] [stderr]    Compiling proc-macro-error v1.0.4
[INFO] [stderr]    Compiling httparse v1.8.0
[INFO] [stderr]    Compiling unicode-xid v0.2.4
[INFO] [stderr]    Compiling serde v1.0.194
[INFO] [stderr]    Compiling try-lock v0.2.5
[INFO] [stderr]    Compiling http-body v0.4.6
[INFO] [stderr]    Compiling slotmap v1.0.7
[INFO] [stderr]    Compiling want v0.3.1
[INFO] [stderr]    Compiling tower-service v0.3.2
[INFO] [stderr]    Compiling xxhash-rust v0.8.8
[INFO] [stderr]    Compiling ciborium-io v0.2.1
[INFO] [stderr]    Compiling half v1.8.2
[INFO] [stderr]    Compiling httpdate v1.0.3
[INFO] [stderr]    Compiling url v2.5.0
[INFO] [stderr]    Compiling encoding_rs v0.8.33
[INFO] [stderr]    Compiling ipnet v2.9.0
[INFO] [stderr]    Compiling mime v0.3.17
[INFO] [stderr]    Compiling tokio v1.35.1
[INFO] [stderr]    Compiling either v1.9.0
[INFO] [stderr]    Compiling quote v1.0.35
[INFO] [stderr]    Compiling ciborium-ll v0.2.1
[INFO] [stderr]    Compiling utf8-width v0.1.7
[INFO] [stderr]    Compiling self_cell v1.0.3
[INFO] [stderr]    Compiling html-escape v0.2.13
[INFO] [stderr]    Compiling indexmap v2.1.0
[INFO] [stderr]    Compiling syn v2.0.48
[INFO] [stderr]    Compiling itertools v0.10.5
[INFO] [stderr]    Compiling pad-adapter v0.1.1
[INFO] [stderr]    Compiling smallvec v1.11.2
[INFO] [stderr]    Compiling drain_filter_polyfill v0.1.3
[INFO] [stderr]    Compiling const_format_proc_macros v0.2.32
[INFO] [stderr]    Compiling const_format v0.2.32
[INFO] [stderr]    Compiling wasm-bindgen-backend v0.2.89
[INFO] [stderr]    Compiling serde_derive v1.0.194
[INFO] [stderr]    Compiling futures-macro v0.3.30
[INFO] [stderr]    Compiling tracing-attributes v0.1.27
[INFO] [stderr]    Compiling thiserror-impl v1.0.56
[INFO] [stderr]    Compiling pin-project-internal v1.1.3
[INFO] [stderr]    Compiling async-recursion v1.0.5
[INFO] [stderr]    Compiling wasm-bindgen-macro-support v0.2.89
[INFO] [stderr]    Compiling wasm-bindgen-macro v0.2.89
[INFO] [stderr]    Compiling futures-util v0.3.30
[INFO] [stderr]    Compiling thiserror v1.0.56
[INFO] [stderr]    Compiling tracing v0.1.40
[INFO] [stderr]    Compiling pin-project v1.1.3
[INFO] [stderr]    Compiling tokio-util v0.7.10
[INFO] [stderr]    Compiling js-sys v0.3.66
[INFO] [stderr]    Compiling h2 v0.3.22
[INFO] [stderr]    Compiling futures-executor v0.3.30
[INFO] [stderr]    Compiling futures v0.3.30
[INFO] [stderr]    Compiling wasm-bindgen-futures v0.4.39
[INFO] [stderr]    Compiling web-sys v0.3.66
[INFO] [stderr]    Compiling server_fn_macro v0.5.4
[INFO] [stderr]    Compiling serde_urlencoded v0.7.1
[INFO] [stderr]    Compiling serde_json v1.0.111
[INFO] [stderr]    Compiling serde-wasm-bindgen v0.5.0
[INFO] [stderr]    Compiling ciborium v0.2.1
[INFO] [stderr]    Compiling serde_qs v0.12.0
[INFO] [stderr]    Compiling server_fn_macro_default v0.5.4
[INFO] [stderr]    Compiling hyper v0.14.28
[INFO] [stderr]    Compiling leptos_reactive v0.5.4
[INFO] [stderr]    Compiling reqwest v0.11.23
[INFO] [stderr]    Compiling server_fn v0.5.4
[INFO] [stderr]    Compiling leptos_dom v0.5.4 (/opt/rustwide/workdir)
[INFO] [stderr]     Finished dev [unoptimized + debuginfo] target(s) in 19.45s
[INFO] running `Command { std: "docker" "inspect" "1a26c4e2be19889021fbc944491d786b8ade6fea2b3dfa117f8945eb1d691d7c", kill_on_drop: false }`
[INFO] running `Command { std: "docker" "rm" "-f" "1a26c4e2be19889021fbc944491d786b8ade6fea2b3dfa117f8945eb1d691d7c", kill_on_drop: false }`
[INFO] [stdout] 1a26c4e2be19889021fbc944491d786b8ade6fea2b3dfa117f8945eb1d691d7c
[INFO] running `Command { std: "docker" "create" "-v" "/var/lib/crater-agent-workspace/builds/worker-3-tc1/target:/opt/rustwide/target:rw,Z" "-v" "/var/lib/crater-agent-workspace/builds/worker-3-tc1/source:/opt/rustwide/workdir:ro,Z" "-v" "/var/lib/crater-agent-workspace/cargo-home:/opt/rustwide/cargo-home:ro,Z" "-v" "/var/lib/crater-agent-workspace/rustup-home:/opt/rustwide/rustup-home:ro,Z" "-e" "SOURCE_DIR=/opt/rustwide/workdir" "-e" "CARGO_TARGET_DIR=/opt/rustwide/target" "-e" "CARGO_INCREMENTAL=0" "-e" "RUST_BACKTRACE=full" "-e" "RUSTFLAGS=--cap-lints=warn" "-e" "RUSTDOCFLAGS=--cap-lints=warn" "-e" "CARGO_HOME=/opt/rustwide/cargo-home" "-e" "RUSTUP_HOME=/opt/rustwide/rustup-home" "-w" "/opt/rustwide/workdir" "-m" "1610612736" "--user" "0:0" "--network" "none" "ghcr.io/rust-lang/crates-build-env/linux@sha256:2788e3201cd34a07e3172128adcd8b3090168a8e3bcc40d7c032b9dda1df7d1c" "/opt/rustwide/cargo-home/bin/cargo" "+1.75.0" "test" "--frozen" "--no-run" "--message-format=json", kill_on_drop: false }`
[INFO] [stdout] a0f06e08b6b392e5eda5dc6cc5cf6cbab16cfd5381561f01f229f474a7ec11b0
[INFO] running `Command { std: "docker" "start" "-a" "a0f06e08b6b392e5eda5dc6cc5cf6cbab16cfd5381561f01f229f474a7ec11b0", kill_on_drop: false }`
[INFO] [stderr]    Compiling leptos_dom v0.5.4 (/opt/rustwide/workdir)
[INFO] [stderr]     Finished test [unoptimized + debuginfo] target(s) in 2.91s
[INFO] running `Command { std: "docker" "inspect" "a0f06e08b6b392e5eda5dc6cc5cf6cbab16cfd5381561f01f229f474a7ec11b0", kill_on_drop: false }`
[INFO] running `Command { std: "docker" "rm" "-f" "a0f06e08b6b392e5eda5dc6cc5cf6cbab16cfd5381561f01f229f474a7ec11b0", kill_on_drop: false }`
[INFO] [stdout] a0f06e08b6b392e5eda5dc6cc5cf6cbab16cfd5381561f01f229f474a7ec11b0
[INFO] running `Command { std: "docker" "create" "-v" "/var/lib/crater-agent-workspace/builds/worker-3-tc1/target:/opt/rustwide/target:rw,Z" "-v" "/var/lib/crater-agent-workspace/builds/worker-3-tc1/source:/opt/rustwide/workdir:ro,Z" "-v" "/var/lib/crater-agent-workspace/cargo-home:/opt/rustwide/cargo-home:ro,Z" "-v" "/var/lib/crater-agent-workspace/rustup-home:/opt/rustwide/rustup-home:ro,Z" "-e" "SOURCE_DIR=/opt/rustwide/workdir" "-e" "CARGO_TARGET_DIR=/opt/rustwide/target" "-e" "CARGO_INCREMENTAL=0" "-e" "RUST_BACKTRACE=full" "-e" "RUSTFLAGS=--cap-lints=warn" "-e" "RUSTDOCFLAGS=--cap-lints=warn" "-e" "CARGO_HOME=/opt/rustwide/cargo-home" "-e" "RUSTUP_HOME=/opt/rustwide/rustup-home" "-w" "/opt/rustwide/workdir" "-m" "1610612736" "--user" "0:0" "--network" "none" "ghcr.io/rust-lang/crates-build-env/linux@sha256:2788e3201cd34a07e3172128adcd8b3090168a8e3bcc40d7c032b9dda1df7d1c" "/opt/rustwide/cargo-home/bin/cargo" "+1.75.0" "test" "--frozen", kill_on_drop: false }`
[INFO] [stdout] 69cc3ebaeda4de69a30c71508a167f7047d9224a2df665764b3eaf72349db9f2
[INFO] running `Command { std: "docker" "start" "-a" "69cc3ebaeda4de69a30c71508a167f7047d9224a2df665764b3eaf72349db9f2", kill_on_drop: false }`
[INFO] [stderr]     Finished test [unoptimized + debuginfo] target(s) in 0.07s
[INFO] [stderr]      Running unittests src/lib.rs (/opt/rustwide/target/debug/deps/leptos_dom-606ced96e967f122)
[INFO] [stdout] 
[INFO] [stdout] running 1 test
[INFO] [stdout] test hydration::tests::parse_hydration_key ... ok
[INFO] [stdout] 
[INFO] [stdout] test result: ok. 1 passed; 0 failed; 0 ignored; 0 measured; 0 filtered out; finished in 0.00s
[INFO] [stdout] 
[INFO] [stderr]    Doc-tests leptos_dom
[INFO] [stdout] 
[INFO] [stdout] running 15 tests
[INFO] [stdout] test src/directive.rs - directive::Directive (line 37) ... ignored
[INFO] [stdout] test src/nonce.rs - nonce::Nonce (line 16) ... ignored
[INFO] [stdout] test src/nonce.rs - nonce::use_nonce (line 86) ... ignored
[INFO] [stdout] test src/ssr.rs - ssr::render_to_string (line 19) ... FAILED
[INFO] [stdout] test src/node_ref.rs - node_ref::NodeRef (line 10) ... FAILED
[INFO] [stdout] test src/helpers.rs - helpers::debounce (line 248) ... FAILED
[INFO] [stdout] test src/node_ref.rs - node_ref::NodeRef<T>::new (line 81) ... FAILED
[INFO] [stdout] test src/directive.rs - directive::Directive (line 10) ... FAILED
[INFO] [stdout] test src/node_ref.rs - node_ref::create_node_ref (line 44) ... FAILED
[INFO] [stdout] test src/html.rs - html::HtmlElement<El>::optional_event (line 1029) ... FAILED
[INFO] [stdout] test src/helpers.rs - helpers::window_event_listener (line 432) ... FAILED
[INFO] [stdout] test src/events/typed.rs - events::typed::Custom<E>::options_mut (line 106) ... FAILED
[INFO] [stdout] test src/lib.rs - is_browser (line 1029) ... ok
[INFO] [stdout] test src/lib.rs - is_dev (line 1042) ... ok
[INFO] [stdout] test src/lib.rs - is_server (line 1015) ... ok
[INFO] [stdout] 
[INFO] [stdout] failures:
[INFO] [stdout] 
[INFO] [stdout] ---- src/ssr.rs - ssr::render_to_string (line 19) stdout ----
[INFO] [stdout] error[E0432]: unresolved import `leptos`
[INFO] [stdout]  --> src/ssr.rs:21:5
[INFO] [stdout]   |
[INFO] [stdout] 4 | use leptos::*;
[INFO] [stdout]   |     ^^^^^^ use of undeclared crate or module `leptos`
[INFO] [stdout] 
[INFO] [stdout] error: cannot find macro `view` in this scope
[INFO] [stdout]  --> src/ssr.rs:22:45
[INFO] [stdout]   |
[INFO] [stdout] 5 | let html = leptos::ssr::render_to_string(|| view! {
[INFO] [stdout]   |                                             ^^^^
[INFO] [stdout] 
[INFO] [stdout] error[E0433]: failed to resolve: use of undeclared crate or module `leptos`
[INFO] [stdout]  --> src/ssr.rs:22:12
[INFO] [stdout]   |
[INFO] [stdout] 5 | let html = leptos::ssr::render_to_string(|| view! {
[INFO] [stdout]   |            ^^^^^^ use of undeclared crate or module `leptos`
[INFO] [stdout]   |
[INFO] [stdout] help: consider importing this module
[INFO] [stdout]   |
[INFO] [stdout] 2 + use leptos_dom::ssr;
[INFO] [stdout]   |
[INFO] [stdout] help: if you import `ssr`, refer to it directly
[INFO] [stdout]   |
[INFO] [stdout] 5 - let html = leptos::ssr::render_to_string(|| view! {
[INFO] [stdout] 5 + let html = ssr::render_to_string(|| view! {
[INFO] [stdout]   |
[INFO] [stdout] 
[INFO] [stdout] error: aborting due to 3 previous errors
[INFO] [stdout] 
[INFO] [stdout] Some errors have detailed explanations: E0432, E0433.
[INFO] [stdout] For more information about an error, try `rustc --explain E0432`.
[INFO] [stdout] Couldn't compile the test.
[INFO] [stdout] ---- src/node_ref.rs - node_ref::NodeRef (line 10) stdout ----
[INFO] [stdout] error[E0433]: failed to resolve: use of undeclared crate or module `leptos`
[INFO] [stdout]  --> src/node_ref.rs:11:5
[INFO] [stdout]   |
[INFO] [stdout] 3 | use leptos::{*, logging::log};
[INFO] [stdout]   |     ^^^^^^ use of undeclared crate or module `leptos`
[INFO] [stdout] 
[INFO] [stdout] error[E0433]: failed to resolve: use of undeclared crate or module `leptos`
[INFO] [stdout]  --> src/node_ref.rs:12:5
[INFO] [stdout]   |
[INFO] [stdout] 4 | use leptos::html::Input;
[INFO] [stdout]   |     ^^^^^^ use of undeclared crate or module `leptos`
[INFO] [stdout] 
[INFO] [stdout] error[E0432]: unresolved import `leptos`
[INFO] [stdout]  --> src/node_ref.rs:11:5
[INFO] [stdout]   |
[INFO] [stdout] 3 | use leptos::{*, logging::log};
[INFO] [stdout]   |     ^^^^^^ use of undeclared crate or module `leptos`
[INFO] [stdout] 
[INFO] [stdout] error: cannot find attribute `component` in this scope
[INFO] [stdout]  --> src/node_ref.rs:14:3
[INFO] [stdout]   |
[INFO] [stdout] 6 | #[component]
[INFO] [stdout]   |   ^^^^^^^^^
[INFO] [stdout] 
[INFO] [stdout] error: cannot determine resolution for the macro `log`
[INFO] [stdout]   --> src/node_ref.rs:23:9
[INFO] [stdout]    |
[INFO] [stdout] 15 |         log!("value is {:?}", node.value())
[INFO] [stdout]    |         ^^^
[INFO] [stdout]    |
[INFO] [stdout]    = note: import resolution is stuck, try simplifying macro imports
[INFO] [stdout] 
[INFO] [stdout] error: cannot find macro `view` in this scope
[INFO] [stdout]   --> src/node_ref.rs:26:5
[INFO] [stdout]    |
[INFO] [stdout] 18 |     view! {
[INFO] [stdout]    |     ^^^^
[INFO] [stdout] 
[INFO] [stdout] error[E0405]: cannot find trait `IntoView` in this scope
[INFO] [stdout]  --> src/node_ref.rs:15:30
[INFO] [stdout]   |
[INFO] [stdout] 7 | pub fn MyComponent() -> impl IntoView {
[INFO] [stdout]   |                              ^^^^^^^^ not found in this scope
[INFO] [stdout]   |
[INFO] [stdout] help: consider importing this trait
[INFO] [stdout]   |
[INFO] [stdout] 2 + use leptos_dom::IntoView;
[INFO] [stdout]   |
[INFO] [stdout] 
[INFO] [stdout] error[E0425]: cannot find function `create_node_ref` in this scope
[INFO] [stdout]  --> src/node_ref.rs:16:21
[INFO] [stdout]   |
[INFO] [stdout] 8 |     let input_ref = create_node_ref::<Input>();
[INFO] [stdout]   |                     ^^^^^^^^^^^^^^^ not found in this scope
[INFO] [stdout]   |
[INFO] [stdout] help: consider importing this function
[INFO] [stdout]   |
[INFO] [stdout] 2 + use leptos_dom::create_node_ref;
[INFO] [stdout]   |
[INFO] [stdout] 
[INFO] [stdout] error: aborting due to 8 previous errors
[INFO] [stdout] 
[INFO] [stdout] Some errors have detailed explanations: E0405, E0425, E0432, E0433.
[INFO] [stdout] For more information about an error, try `rustc --explain E0405`.
[INFO] [stdout] Couldn't compile the test.
[INFO] [stdout] ---- src/helpers.rs - helpers::debounce (line 248) stdout ----
[INFO] [stdout] error[E0433]: failed to resolve: use of undeclared crate or module `leptos`
[INFO] [stdout]  --> src/helpers.rs:250:5
[INFO] [stdout]   |
[INFO] [stdout] 5 | use leptos::{leptos_dom::helpers::debounce, logging::log, *};
[INFO] [stdout]   |     ^^^^^^ use of undeclared crate or module `leptos`
[INFO] [stdout] 
[INFO] [stdout] error[E0432]: unresolved import `leptos`
[INFO] [stdout]  --> src/helpers.rs:250:5
[INFO] [stdout]   |
[INFO] [stdout] 5 | use leptos::{leptos_dom::helpers::debounce, logging::log, *};
[INFO] [stdout]   |     ^^^^^^ use of undeclared crate or module `leptos`
[INFO] [stdout] 
[INFO] [stdout] error: cannot find attribute `component` in this scope
[INFO] [stdout]  --> src/helpers.rs:252:3
[INFO] [stdout]   |
[INFO] [stdout] 7 | #[component]
[INFO] [stdout]   |   ^^^^^^^^^
[INFO] [stdout] 
[INFO] [stdout] error: cannot determine resolution for the macro `log`
[INFO] [stdout]   --> src/helpers.rs:256:9
[INFO] [stdout]    |
[INFO] [stdout] 11 |         log!("...so many clicks!");
[INFO] [stdout]    |         ^^^
[INFO] [stdout]    |
[INFO] [stdout]    = note: import resolution is stuck, try simplifying macro imports
[INFO] [stdout] 
[INFO] [stdout] error: cannot find macro `view` in this scope
[INFO] [stdout]   --> src/helpers.rs:259:5
[INFO] [stdout]    |
[INFO] [stdout] 14 |     view! {
[INFO] [stdout]    |     ^^^^
[INFO] [stdout] 
[INFO] [stdout] error[E0405]: cannot find trait `IntoView` in this scope
[INFO] [stdout]  --> src/helpers.rs:253:30
[INFO] [stdout]   |
[INFO] [stdout] 8 | fn DebouncedButton() -> impl IntoView {
[INFO] [stdout]   |                              ^^^^^^^^ not found in this scope
[INFO] [stdout]   |
[INFO] [stdout] help: consider importing this trait
[INFO] [stdout]   |
[INFO] [stdout] 2 + use leptos_dom::IntoView;
[INFO] [stdout]   |
[INFO] [stdout] 
[INFO] [stdout] error: aborting due to 6 previous errors
[INFO] [stdout] 
[INFO] [stdout] Some errors have detailed explanations: E0405, E0432, E0433.
[INFO] [stdout] For more information about an error, try `rustc --explain E0405`.
[INFO] [stdout] Couldn't compile the test.
[INFO] [stdout] ---- src/node_ref.rs - node_ref::NodeRef<T>::new (line 81) stdout ----
[INFO] [stdout] error[E0433]: failed to resolve: use of undeclared crate or module `leptos`
[INFO] [stdout]  --> src/node_ref.rs:82:5
[INFO] [stdout]   |
[INFO] [stdout] 3 | use leptos::{*, logging::log};
[INFO] [stdout]   |     ^^^^^^ use of undeclared crate or module `leptos`
[INFO] [stdout] 
[INFO] [stdout] error[E0433]: failed to resolve: use of undeclared crate or module `leptos`
[INFO] [stdout]  --> src/node_ref.rs:84:5
[INFO] [stdout]   |
[INFO] [stdout] 5 | use leptos::html::Input;
[INFO] [stdout]   |     ^^^^^^ use of undeclared crate or module `leptos`
[INFO] [stdout] 
[INFO] [stdout] error[E0432]: unresolved import `leptos`
[INFO] [stdout]  --> src/node_ref.rs:82:5
[INFO] [stdout]   |
[INFO] [stdout] 3 | use leptos::{*, logging::log};
[INFO] [stdout]   |     ^^^^^^ use of undeclared crate or module `leptos`
[INFO] [stdout] 
[INFO] [stdout] error: cannot find attribute `component` in this scope
[INFO] [stdout]  --> src/node_ref.rs:86:3
[INFO] [stdout]   |
[INFO] [stdout] 7 | #[component]
[INFO] [stdout]   |   ^^^^^^^^^
[INFO] [stdout] 
[INFO] [stdout] error: cannot determine resolution for the macro `log`
[INFO] [stdout]   --> src/node_ref.rs:95:9
[INFO] [stdout]    |
[INFO] [stdout] 16 |         log!("value is {:?}", node.value())
[INFO] [stdout]    |         ^^^
[INFO] [stdout]    |
[INFO] [stdout]    = note: import resolution is stuck, try simplifying macro imports
[INFO] [stdout] 
[INFO] [stdout] error: cannot find macro `view` in this scope
[INFO] [stdout]   --> src/node_ref.rs:98:5
[INFO] [stdout]    |
[INFO] [stdout] 19 |     view! {
[INFO] [stdout]    |     ^^^^
[INFO] [stdout] 
[INFO] [stdout] error[E0405]: cannot find trait `IntoView` in this scope
[INFO] [stdout]  --> src/node_ref.rs:87:30
[INFO] [stdout]   |
[INFO] [stdout] 8 | pub fn MyComponent() -> impl IntoView {
[INFO] [stdout]   |                              ^^^^^^^^ not found in this scope
[INFO] [stdout]   |
[INFO] [stdout] help: consider importing this trait
[INFO] [stdout]   |
[INFO] [stdout] 2 + use leptos_dom::IntoView;
[INFO] [stdout]   |
[INFO] [stdout] 
[INFO] [stdout] error[E0433]: failed to resolve: use of undeclared type `NodeRef`
[INFO] [stdout]  --> src/node_ref.rs:88:21
[INFO] [stdout]   |
[INFO] [stdout] 9 |     let input_ref = NodeRef::<Input>::new();
[INFO] [stdout]   |                     ^^^^^^^ use of undeclared type `NodeRef`
[INFO] [stdout]   |
[INFO] [stdout] help: consider importing this struct
[INFO] [stdout]   |
[INFO] [stdout] 2 + use leptos_dom::NodeRef;
[INFO] [stdout]   |
[INFO] [stdout] 
[INFO] [stdout] error: aborting due to 8 previous errors
[INFO] [stdout] 
[INFO] [stdout] Some errors have detailed explanations: E0405, E0432, E0433.
[INFO] [stdout] For more information about an error, try `rustc --explain E0405`.
[INFO] [stdout] Couldn't compile the test.
[INFO] [stdout] ---- src/directive.rs - directive::Directive (line 10) stdout ----
[INFO] [stdout] error[E0433]: failed to resolve: use of undeclared crate or module `leptos`
[INFO] [stdout]  --> src/directive.rs:11:5
[INFO] [stdout]   |
[INFO] [stdout] 3 | use leptos::{*, html::AnyElement};
[INFO] [stdout]   |     ^^^^^^ use of undeclared crate or module `leptos`
[INFO] [stdout] 
[INFO] [stdout] error[E0432]: unresolved import `leptos`
[INFO] [stdout]  --> src/directive.rs:11:5
[INFO] [stdout]   |
[INFO] [stdout] 3 | use leptos::{*, html::AnyElement};
[INFO] [stdout]   |     ^^^^^^ use of undeclared crate or module `leptos`
[INFO] [stdout] 
[INFO] [stdout] error: cannot find attribute `component` in this scope
[INFO] [stdout]   --> src/directive.rs:23:3
[INFO] [stdout]    |
[INFO] [stdout] 15 | #[component]
[INFO] [stdout]    |   ^^^^^^^^^
[INFO] [stdout] 
[INFO] [stdout] error: cannot find macro `view` in this scope
[INFO] [stdout]   --> src/directive.rs:25:5
[INFO] [stdout]    |
[INFO] [stdout] 17 |     view! {
[INFO] [stdout]    |     ^^^^
[INFO] [stdout] 
[INFO] [stdout] error[E0412]: cannot find type `HtmlElement` in this scope
[INFO] [stdout]  --> src/directive.rs:14:21
[INFO] [stdout]   |
[INFO] [stdout] 6 | fn my_directive(el: HtmlElement<AnyElement>) {
[INFO] [stdout]   |                     ^^^^^^^^^^^ not found in this scope
[INFO] [stdout]   |
[INFO] [stdout] help: consider importing one of these items
[INFO] [stdout]   |
[INFO] [stdout] 2 + use leptos_dom::HtmlElement;
[INFO] [stdout]   |
[INFO] [stdout] 2 + use web_sys::HtmlElement;
[INFO] [stdout]   |
[INFO] [stdout] 
[INFO] [stdout] error[E0412]: cannot find type `HtmlElement` in this scope
[INFO] [stdout]   --> src/directive.rs:19:26
[INFO] [stdout]    |
[INFO] [stdout] 11 | fn another_directive(el: HtmlElement<AnyElement>, params: i32) {
[INFO] [stdout]    |                          ^^^^^^^^^^^ not found in this scope
[INFO] [stdout]    |
[INFO] [stdout] help: consider importing one of these items
[INFO] [stdout]    |
[INFO] [stdout] 2  + use leptos_dom::HtmlElement;
[INFO] [stdout]    |
[INFO] [stdout] 2  + use web_sys::HtmlElement;
[INFO] [stdout]    |
[INFO] [stdout] 
[INFO] [stdout] error[E0405]: cannot find trait `IntoView` in this scope
[INFO] [stdout]   --> src/directive.rs:24:30
[INFO] [stdout]    |
[INFO] [stdout] 16 | pub fn MyComponent() -> impl IntoView {
[INFO] [stdout]    |                              ^^^^^^^^ not found in this scope
[INFO] [stdout]    |
[INFO] [stdout] help: consider importing this trait
[INFO] [stdout]    |
[INFO] [stdout] 2  + use leptos_dom::IntoView;
[INFO] [stdout]    |
[INFO] [stdout] 
[INFO] [stdout] error: aborting due to 7 previous errors
[INFO] [stdout] 
[INFO] [stdout] Some errors have detailed explanations: E0405, E0412, E0432, E0433.
[INFO] [stdout] For more information about an error, try `rustc --explain E0405`.
[INFO] [stdout] Couldn't compile the test.
[INFO] [stdout] ---- src/node_ref.rs - node_ref::create_node_ref (line 44) stdout ----
[INFO] [stdout] error[E0433]: failed to resolve: use of undeclared crate or module `leptos`
[INFO] [stdout]  --> src/node_ref.rs:45:5
[INFO] [stdout]   |
[INFO] [stdout] 3 | use leptos::{*, logging::log};
[INFO] [stdout]   |     ^^^^^^ use of undeclared crate or module `leptos`
[INFO] [stdout] 
[INFO] [stdout] error[E0433]: failed to resolve: use of undeclared crate or module `leptos`
[INFO] [stdout]  --> src/node_ref.rs:46:5
[INFO] [stdout]   |
[INFO] [stdout] 4 | use leptos::html::Input;
[INFO] [stdout]   |     ^^^^^^ use of undeclared crate or module `leptos`
[INFO] [stdout] 
[INFO] [stdout] error[E0432]: unresolved import `leptos`
[INFO] [stdout]  --> src/node_ref.rs:45:5
[INFO] [stdout]   |
[INFO] [stdout] 3 | use leptos::{*, logging::log};
[INFO] [stdout]   |     ^^^^^^ use of undeclared crate or module `leptos`
[INFO] [stdout] 
[INFO] [stdout] error: cannot find attribute `component` in this scope
[INFO] [stdout]  --> src/node_ref.rs:48:3
[INFO] [stdout]   |
[INFO] [stdout] 6 | #[component]
[INFO] [stdout]   |   ^^^^^^^^^
[INFO] [stdout] 
[INFO] [stdout] error: cannot determine resolution for the macro `log`
[INFO] [stdout]   --> src/node_ref.rs:57:9
[INFO] [stdout]    |
[INFO] [stdout] 15 |         log!("value is {:?}", node.value())
[INFO] [stdout]    |         ^^^
[INFO] [stdout]    |
[INFO] [stdout]    = note: import resolution is stuck, try simplifying macro imports
[INFO] [stdout] 
[INFO] [stdout] error: cannot find macro `view` in this scope
[INFO] [stdout]   --> src/node_ref.rs:60:5
[INFO] [stdout]    |
[INFO] [stdout] 18 |     view! {
[INFO] [stdout]    |     ^^^^
[INFO] [stdout] 
[INFO] [stdout] error[E0405]: cannot find trait `IntoView` in this scope
[INFO] [stdout]  --> src/node_ref.rs:49:30
[INFO] [stdout]   |
[INFO] [stdout] 7 | pub fn MyComponent() -> impl IntoView {
[INFO] [stdout]   |                              ^^^^^^^^ not found in this scope
[INFO] [stdout]   |
[INFO] [stdout] help: consider importing this trait
[INFO] [stdout]   |
[INFO] [stdout] 2 + use leptos_dom::IntoView;
[INFO] [stdout]   |
[INFO] [stdout] 
[INFO] [stdout] error[E0425]: cannot find function `create_node_ref` in this scope
[INFO] [stdout]  --> src/node_ref.rs:50:21
[INFO] [stdout]   |
[INFO] [stdout] 8 |     let input_ref = create_node_ref::<Input>();
[INFO] [stdout]   |                     ^^^^^^^^^^^^^^^ not found in this scope
[INFO] [stdout]   |
[INFO] [stdout] help: consider importing this function
[INFO] [stdout]   |
[INFO] [stdout] 2 + use leptos_dom::create_node_ref;
[INFO] [stdout]   |
[INFO] [stdout] 
[INFO] [stdout] error: aborting due to 8 previous errors
[INFO] [stdout] 
[INFO] [stdout] Some errors have detailed explanations: E0405, E0425, E0432, E0433.
[INFO] [stdout] For more information about an error, try `rustc --explain E0405`.
[INFO] [stdout] Couldn't compile the test.
[INFO] [stdout] ---- src/html.rs - html::HtmlElement<El>::optional_event (line 1029) stdout ----
[INFO] [stdout] error[E0432]: unresolved import `leptos`
[INFO] [stdout]  --> src/html.rs:1030:5
[INFO] [stdout]   |
[INFO] [stdout] 3 | use leptos::*;
[INFO] [stdout]   |     ^^^^^^ use of undeclared crate or module `leptos`
[INFO] [stdout] 
[INFO] [stdout] error: cannot find attribute `component` in this scope
[INFO] [stdout]  --> src/html.rs:1031:3
[INFO] [stdout]   |
[INFO] [stdout] 4 | #[component]
[INFO] [stdout]   |   ^^^^^^^^^
[INFO] [stdout] 
[INFO] [stdout] error: cannot find attribute `prop` in this scope
[INFO] [stdout]  --> src/html.rs:1033:7
[INFO] [stdout]   |
[INFO] [stdout] 6 |     #[prop(optional)] value: Option<RwSignal<String>>,
[INFO] [stdout]   |       ^^^^
[INFO] [stdout] 
[INFO] [stdout] error: cannot find macro `view` in this scope
[INFO] [stdout]  --> src/html.rs:1035:5
[INFO] [stdout]   |
[INFO] [stdout] 8 |     view! {  <input/> }
[INFO] [stdout]   |     ^^^^
[INFO] [stdout] 
[INFO] [stdout] error[E0412]: cannot find type `RwSignal` in this scope
[INFO] [stdout]  --> src/html.rs:1033:37
[INFO] [stdout]   |
[INFO] [stdout] 6 |     #[prop(optional)] value: Option<RwSignal<String>>,
[INFO] [stdout]   |                                     ^^^^^^^^ not found in this scope
[INFO] [stdout]   |
[INFO] [stdout] help: consider importing this struct
[INFO] [stdout]   |
[INFO] [stdout] 2 + use leptos_reactive::RwSignal;
[INFO] [stdout]   |
[INFO] [stdout] 
[INFO] [stdout] error[E0405]: cannot find trait `IntoView` in this scope
[INFO] [stdout]  --> src/html.rs:1034:11
[INFO] [stdout]   |
[INFO] [stdout] 7 | ) -> impl IntoView {
[INFO] [stdout]   |           ^^^^^^^^ not found in this scope
[INFO] [stdout]   |
[INFO] [stdout] help: consider importing this trait
[INFO] [stdout]   |
[INFO] [stdout] 2 + use leptos_dom::IntoView;
[INFO] [stdout]   |
[INFO] [stdout] 
[INFO] [stdout] error[E0433]: failed to resolve: use of undeclared crate or module `ev`
[INFO] [stdout]   --> src/html.rs:1038:13
[INFO] [stdout]    |
[INFO] [stdout] 11 |             ev::input,
[INFO] [stdout]    |             ^^ use of undeclared crate or module `ev`
[INFO] [stdout]    |
[INFO] [stdout] help: consider importing this module
[INFO] [stdout]    |
[INFO] [stdout] 2  + use leptos_dom::ev;
[INFO] [stdout]    |
[INFO] [stdout] 
[INFO] [stdout] error[E0425]: cannot find function `event_target_value` in this scope
[INFO] [stdout]   --> src/html.rs:1039:51
[INFO] [stdout]    |
[INFO] [stdout] 12 |             value.map(|value| move |ev| value.set(event_target_value(&ev))),
[INFO] [stdout]    |                                                   ^^^^^^^^^^^^^^^^^^ not found in this scope
[INFO] [stdout]    |
[INFO] [stdout] help: consider importing this function
[INFO] [stdout]    |
[INFO] [stdout] 2  + use leptos_dom::helpers::event_target_value;
[INFO] [stdout]    |
[INFO] [stdout] 
[INFO] [stdout] error: aborting due to 8 previous errors
[INFO] [stdout] 
[INFO] [stdout] Some errors have detailed explanations: E0405, E0412, E0425, E0432, E0433.
[INFO] [stdout] For more information about an error, try `rustc --explain E0405`.
[INFO] [stdout] Couldn't compile the test.
[INFO] [stdout] ---- src/helpers.rs - helpers::window_event_listener (line 432) stdout ----
[INFO] [stdout] error[E0433]: failed to resolve: use of undeclared crate or module `leptos`
[INFO] [stdout]  --> src/helpers.rs:434:5
[INFO] [stdout]   |
[INFO] [stdout] 5 | use leptos::{leptos_dom::helpers::window_event_listener, logging::log, *};
[INFO] [stdout]   |     ^^^^^^ use of undeclared crate or module `leptos`
[INFO] [stdout] 
[INFO] [stdout] error[E0432]: unresolved import `leptos`
[INFO] [stdout]  --> src/helpers.rs:434:5
[INFO] [stdout]   |
[INFO] [stdout] 5 | use leptos::{leptos_dom::helpers::window_event_listener, logging::log, *};
[INFO] [stdout]   |     ^^^^^^ use of undeclared crate or module `leptos`
[INFO] [stdout] 
[INFO] [stdout] error: cannot find attribute `component` in this scope
[INFO] [stdout]  --> src/helpers.rs:436:3
[INFO] [stdout]   |
[INFO] [stdout] 7 | #[component]
[INFO] [stdout]   |   ^^^^^^^^^
[INFO] [stdout] 
[INFO] [stdout] error: cannot determine resolution for the macro `log`
[INFO] [stdout]   --> src/helpers.rs:442:9
[INFO] [stdout]    |
[INFO] [stdout] 13 |         log!("code = {code:?}");
[INFO] [stdout]    |         ^^^
[INFO] [stdout]    |
[INFO] [stdout]    = note: import resolution is stuck, try simplifying macro imports
[INFO] [stdout] 
[INFO] [stdout] error[E0405]: cannot find trait `IntoView` in this scope
[INFO] [stdout]  --> src/helpers.rs:437:18
[INFO] [stdout]   |
[INFO] [stdout] 8 | fn App() -> impl IntoView {
[INFO] [stdout]   |                  ^^^^^^^^ not found in this scope
[INFO] [stdout]   |
[INFO] [stdout] help: consider importing this trait
[INFO] [stdout]   |
[INFO] [stdout] 2 + use leptos_dom::IntoView;
[INFO] [stdout]   |
[INFO] [stdout] 
[INFO] [stdout] error[E0433]: failed to resolve: use of undeclared crate or module `ev`
[INFO] [stdout]  --> src/helpers.rs:438:40
[INFO] [stdout]   |
[INFO] [stdout] 9 |     let handle = window_event_listener(ev::keypress, |ev| {
[INFO] [stdout]   |                                        ^^ use of undeclared crate or module `ev`
[INFO] [stdout]   |
[INFO] [stdout] help: consider importing this module
[INFO] [stdout]   |
[INFO] [stdout] 2 + use leptos_dom::ev;
[INFO] [stdout]   |
[INFO] [stdout] 
[INFO] [stdout] error[E0425]: cannot find function `on_cleanup` in this scope
[INFO] [stdout]   --> src/helpers.rs:444:5
[INFO] [stdout]    |
[INFO] [stdout] 15 |     on_cleanup(move || handle.remove());
[INFO] [stdout]    |     ^^^^^^^^^^ not found in this scope
[INFO] [stdout]    |
[INFO] [stdout] help: consider importing this function
[INFO] [stdout]    |
[INFO] [stdout] 2  + use leptos_reactive::on_cleanup;
[INFO] [stdout]    |
[INFO] [stdout] 
[INFO] [stdout] error: aborting due to 7 previous errors
[INFO] [stdout] 
[INFO] [stdout] Some errors have detailed explanations: E0405, E0425, E0432, E0433.
[INFO] [stdout] For more information about an error, try `rustc --explain E0405`.
[INFO] [stdout] Couldn't compile the test.
[INFO] [stdout] ---- src/events/typed.rs - events::typed::Custom<E>::options_mut (line 106) stdout ----
[INFO] [stdout] error[E0432]: unresolved import `leptos`
[INFO] [stdout]  --> src/events/typed.rs:107:5
[INFO] [stdout]   |
[INFO] [stdout] 3 | use leptos::*;
[INFO] [stdout]   |     ^^^^^^ use of undeclared crate or module `leptos`
[INFO] [stdout] 
[INFO] [stdout] error[E0425]: cannot find function `create_runtime` in this scope
[INFO] [stdout]  --> src/events/typed.rs:108:15
[INFO] [stdout]   |
[INFO] [stdout] 4 | let runtime = create_runtime();
[INFO] [stdout]   |               ^^^^^^^^^^^^^^ not found in this scope
[INFO] [stdout]   |
[INFO] [stdout] help: consider importing this function
[INFO] [stdout]   |
[INFO] [stdout] 2 + use leptos_reactive::create_runtime;
[INFO] [stdout]   |
[INFO] [stdout] 
[INFO] [stdout] error[E0412]: cannot find type `NodeRef` in this scope
[INFO] [stdout]  --> src/events/typed.rs:109:17
[INFO] [stdout]   |
[INFO] [stdout] 5 | let canvas_ref: NodeRef<html::Canvas> = create_node_ref();
[INFO] [stdout]   |                 ^^^^^^^ not found in this scope
[INFO] [stdout]   |
[INFO] [stdout] help: consider importing this struct
[INFO] [stdout]   |
[INFO] [stdout] 2 + use leptos_dom::NodeRef;
[INFO] [stdout]   |
[INFO] [stdout] 
[INFO] [stdout] error[E0433]: failed to resolve: use of undeclared crate or module `html`
[INFO] [stdout]  --> src/events/typed.rs:109:25
[INFO] [stdout]   |
[INFO] [stdout] 5 | let canvas_ref: NodeRef<html::Canvas> = create_node_ref();
[INFO] [stdout]   |                         ^^^^ use of undeclared crate or module `html`
[INFO] [stdout]   |
[INFO] [stdout] help: consider importing this module
[INFO] [stdout]   |
[INFO] [stdout] 2 + use leptos_dom::html;
[INFO] [stdout]   |
[INFO] [stdout] 
[INFO] [stdout] error[E0425]: cannot find function `create_node_ref` in this scope
[INFO] [stdout]  --> src/events/typed.rs:109:41
[INFO] [stdout]   |
[INFO] [stdout] 5 | let canvas_ref: NodeRef<html::Canvas> = create_node_ref();
[INFO] [stdout]   |                                         ^^^^^^^^^^^^^^^ not found in this scope
[INFO] [stdout]   |
[INFO] [stdout] help: consider importing this function
[INFO] [stdout]   |
[INFO] [stdout] 2 + use leptos_dom::create_node_ref;
[INFO] [stdout]   |
[INFO] [stdout] 
[INFO] [stdout] error[E0433]: failed to resolve: use of undeclared crate or module `ev`
[INFO] [stdout]  --> src/events/typed.rs:111:29
[INFO] [stdout]   |
[INFO] [stdout] 7 | let mut non_passive_wheel = ev::Custom::<ev::WheelEvent>::new("wheel");
[INFO] [stdout]   |                             ^^ use of undeclared crate or module `ev`
[INFO] [stdout]   |
[INFO] [stdout] help: consider importing one of these items
[INFO] [stdout]   |
[INFO] [stdout] 2 + use leptos_dom::ev::Custom;
[INFO] [stdout]   |
[INFO] [stdout] 2 + use leptos_dom::html::Custom;
[INFO] [stdout]   |
[INFO] [stdout] help: if you import `Custom`, refer to it directly
[INFO] [stdout]   |
[INFO] [stdout] 7 - let mut non_passive_wheel = ev::Custom::<ev::WheelEvent>::new("wheel");
[INFO] [stdout] 7 + let mut non_passive_wheel = Custom::<ev::WheelEvent>::new("wheel");
[INFO] [stdout]   |
[INFO] [stdout] 
[INFO] [stdout] error[E0433]: failed to resolve: use of undeclared crate or module `ev`
[INFO] [stdout]  --> src/events/typed.rs:111:42
[INFO] [stdout]   |
[INFO] [stdout] 7 | let mut non_passive_wheel = ev::Custom::<ev::WheelEvent>::new("wheel");
[INFO] [stdout]   |                                          ^^ use of undeclared crate or module `ev`
[INFO] [stdout]   |
[INFO] [stdout] help: consider importing this module
[INFO] [stdout]   |
[INFO] [stdout] 2 + use leptos_dom::ev;
[INFO] [stdout]   |
[INFO] [stdout] 
[INFO] [stdout] error[E0412]: cannot find type `HtmlElement` in this scope
[INFO] [stdout]   --> src/events/typed.rs:114:34
[INFO] [stdout]    |
[INFO] [stdout] 10 | canvas_ref.on_load(move |canvas: HtmlElement<html::Canvas>| {
[INFO] [stdout]    |                                  ^^^^^^^^^^^ not found in this scope
[INFO] [stdout]    |
[INFO] [stdout] help: consider importing one of these items
[INFO] [stdout]    |
[INFO] [stdout] 2  + use leptos_dom::HtmlElement;
[INFO] [stdout]    |
[INFO] [stdout] 2  + use web_sys::HtmlElement;
[INFO] [stdout]    |
[INFO] [stdout] 
[INFO] [stdout] error[E0433]: failed to resolve: use of undeclared crate or module `html`
[INFO] [stdout]   --> src/events/typed.rs:114:46
[INFO] [stdout]    |
[INFO] [stdout] 10 | canvas_ref.on_load(move |canvas: HtmlElement<html::Canvas>| {
[INFO] [stdout]    |                                              ^^^^ use of undeclared crate or module `html`
[INFO] [stdout]    |
[INFO] [stdout] help: consider importing this module
[INFO] [stdout]    |
[INFO] [stdout] 2  + use leptos_dom::html;
[INFO] [stdout]    |
[INFO] [stdout] 
[INFO] [stdout] error: aborting due to 9 previous errors
[INFO] [stdout] 
[INFO] [stdout] Some errors have detailed explanations: E0412, E0425, E0432, E0433.
[INFO] [stdout] For more information about an error, try `rustc --explain E0412`.
[INFO] [stdout] Couldn't compile the test.
[INFO] [stdout] 
[INFO] [stdout] failures:
[INFO] [stdout]     src/directive.rs - directive::Directive (line 10)
[INFO] [stdout]     src/events/typed.rs - events::typed::Custom<E>::options_mut (line 106)
[INFO] [stdout]     src/helpers.rs - helpers::debounce (line 248)
[INFO] [stdout]     src/helpers.rs - helpers::window_event_listener (line 432)
[INFO] [stdout]     src/html.rs - html::HtmlElement<El>::optional_event (line 1029)
[INFO] [stdout]     src/node_ref.rs - node_ref::NodeRef (line 10)
[INFO] [stdout]     src/node_ref.rs - node_ref::NodeRef<T>::new (line 81)
[INFO] [stdout]     src/node_ref.rs - node_ref::create_node_ref (line 44)
[INFO] [stdout]     src/ssr.rs - ssr::render_to_string (line 19)
[INFO] [stdout] 
[INFO] [stdout] test result: FAILED. 3 passed; 9 failed; 3 ignored; 0 measured; 0 filtered out; finished in 1.94s
[INFO] [stdout] 
[INFO] [stderr] error: doctest failed, to rerun pass `--doc`
[INFO] running `Command { std: "docker" "inspect" "69cc3ebaeda4de69a30c71508a167f7047d9224a2df665764b3eaf72349db9f2", kill_on_drop: false }`
[INFO] running `Command { std: "docker" "rm" "-f" "69cc3ebaeda4de69a30c71508a167f7047d9224a2df665764b3eaf72349db9f2", kill_on_drop: false }`
[INFO] [stdout] 69cc3ebaeda4de69a30c71508a167f7047d9224a2df665764b3eaf72349db9f2
[INFO] testing leptos_dom-0.5.4 against beta-2023-12-22 for beta-1.76-1
[INFO] extracting crate leptos_dom 0.5.4 into /workspace/builds/worker-3-tc2/source
[INFO] validating manifest of crates.io crate leptos_dom 0.5.4 on toolchain beta-2023-12-22
[INFO] running `Command { std: CARGO_HOME="/workspace/cargo-home" RUSTUP_HOME="/workspace/rustup-home" "/workspace/cargo-home/bin/cargo" "+beta-2023-12-22" "metadata" "--manifest-path" "Cargo.toml" "--no-deps", kill_on_drop: false }`
[INFO] removed /workspace/builds/worker-3-tc2/source/.cargo/config.toml
[INFO] started tweaking crates.io crate leptos_dom 0.5.4
[INFO] finished tweaking crates.io crate leptos_dom 0.5.4
[INFO] tweaked toml for crates.io crate leptos_dom 0.5.4 written to /workspace/builds/worker-3-tc2/source/Cargo.toml
[INFO] running `Command { std: CARGO_HOME="/workspace/cargo-home" RUSTUP_HOME="/workspace/rustup-home" "/workspace/cargo-home/bin/cargo" "+beta-2023-12-22" "generate-lockfile" "--manifest-path" "Cargo.toml", kill_on_drop: false }`
[INFO] [stderr]     Updating crates.io index
[INFO] running `Command { std: CARGO_HOME="/workspace/cargo-home" RUSTUP_HOME="/workspace/rustup-home" "/workspace/cargo-home/bin/cargo" "+beta-2023-12-22" "fetch" "--manifest-path" "Cargo.toml", kill_on_drop: false }`
[INFO] running `Command { std: "docker" "create" "-v" "/var/lib/crater-agent-workspace/builds/worker-3-tc2/target:/opt/rustwide/target:rw,Z" "-v" "/var/lib/crater-agent-workspace/builds/worker-3-tc2/source:/opt/rustwide/workdir:ro,Z" "-v" "/var/lib/crater-agent-workspace/cargo-home:/opt/rustwide/cargo-home:ro,Z" "-v" "/var/lib/crater-agent-workspace/rustup-home:/opt/rustwide/rustup-home:ro,Z" "-e" "SOURCE_DIR=/opt/rustwide/workdir" "-e" "CARGO_TARGET_DIR=/opt/rustwide/target" "-e" "CARGO_HOME=/opt/rustwide/cargo-home" "-e" "RUSTUP_HOME=/opt/rustwide/rustup-home" "-w" "/opt/rustwide/workdir" "-m" "1610612736" "--user" "0:0" "--network" "none" "ghcr.io/rust-lang/crates-build-env/linux@sha256:2788e3201cd34a07e3172128adcd8b3090168a8e3bcc40d7c032b9dda1df7d1c" "/opt/rustwide/cargo-home/bin/cargo" "+beta-2023-12-22" "metadata" "--no-deps" "--format-version=1", kill_on_drop: false }`
[INFO] [stdout] 4eb1da8010f238b68112197a4a004f1ab2076c4353f7eac2831ea259b22f350e
[INFO] running `Command { std: "docker" "start" "-a" "4eb1da8010f238b68112197a4a004f1ab2076c4353f7eac2831ea259b22f350e", kill_on_drop: false }`
[INFO] running `Command { std: "docker" "inspect" "4eb1da8010f238b68112197a4a004f1ab2076c4353f7eac2831ea259b22f350e", kill_on_drop: false }`
[INFO] running `Command { std: "docker" "rm" "-f" "4eb1da8010f238b68112197a4a004f1ab2076c4353f7eac2831ea259b22f350e", kill_on_drop: false }`
[INFO] [stdout] 4eb1da8010f238b68112197a4a004f1ab2076c4353f7eac2831ea259b22f350e
[INFO] running `Command { std: "docker" "create" "-v" "/var/lib/crater-agent-workspace/builds/worker-3-tc2/target:/opt/rustwide/target:rw,Z" "-v" "/var/lib/crater-agent-workspace/builds/worker-3-tc2/source:/opt/rustwide/workdir:ro,Z" "-v" "/var/lib/crater-agent-workspace/cargo-home:/opt/rustwide/cargo-home:ro,Z" "-v" "/var/lib/crater-agent-workspace/rustup-home:/opt/rustwide/rustup-home:ro,Z" "-e" "SOURCE_DIR=/opt/rustwide/workdir" "-e" "CARGO_TARGET_DIR=/opt/rustwide/target" "-e" "CARGO_INCREMENTAL=0" "-e" "RUST_BACKTRACE=full" "-e" "RUSTFLAGS=--cap-lints=warn" "-e" "RUSTDOCFLAGS=--cap-lints=warn" "-e" "CARGO_HOME=/opt/rustwide/cargo-home" "-e" "RUSTUP_HOME=/opt/rustwide/rustup-home" "-w" "/opt/rustwide/workdir" "-m" "1610612736" "--user" "0:0" "--network" "none" "ghcr.io/rust-lang/crates-build-env/linux@sha256:2788e3201cd34a07e3172128adcd8b3090168a8e3bcc40d7c032b9dda1df7d1c" "/opt/rustwide/cargo-home/bin/cargo" "+beta-2023-12-22" "build" "--frozen" "--message-format=json", kill_on_drop: false }`
[INFO] [stdout] f082dbdb189c04933cea3923d7cee93ea1d565b27dfacbfc0cc88f16b7772e60
[INFO] running `Command { std: "docker" "start" "-a" "f082dbdb189c04933cea3923d7cee93ea1d565b27dfacbfc0cc88f16b7772e60", kill_on_drop: false }`
[INFO] [stderr]    Compiling proc-macro2 v1.0.75
[INFO] [stderr]    Compiling unicode-ident v1.0.12
[INFO] [stderr]    Compiling log v0.4.20
[INFO] [stderr]    Compiling futures-core v0.3.30
[INFO] [stderr]    Compiling futures-sink v0.3.30
[INFO] [stderr]    Compiling memchr v2.7.1
[INFO] [stderr]    Compiling slab v0.4.9
[INFO] [stderr]    Compiling futures-task v0.3.30
[INFO] [stderr]    Compiling futures-io v0.3.30
[INFO] [stderr]    Compiling tracing-core v0.1.32
[INFO] [stderr]    Compiling wasm-bindgen v0.2.89
[INFO] [stderr]    Compiling proc-macro-error-attr v1.0.4
[INFO] [stderr]    Compiling equivalent v1.0.1
[INFO] [stderr]    Compiling socket2 v0.5.5
[INFO] [stderr]    Compiling mio v0.8.10
[INFO] [stderr]    Compiling hashbrown v0.14.3
[INFO] [stderr]    Compiling proc-macro-error v1.0.4
[INFO] [stderr]    Compiling futures-channel v0.3.30
[INFO] [stderr]    Compiling httparse v1.8.0
[INFO] [stderr]    Compiling unicode-xid v0.2.4
[INFO] [stderr]    Compiling serde v1.0.194
[INFO] [stderr]    Compiling try-lock v0.2.5
[INFO] [stderr]    Compiling http-body v0.4.6
[INFO] [stderr]    Compiling slotmap v1.0.7
[INFO] [stderr]    Compiling ciborium-io v0.2.1
[INFO] [stderr]    Compiling want v0.3.1
[INFO] [stderr]    Compiling tower-service v0.3.2
[INFO] [stderr]    Compiling xxhash-rust v0.8.8
[INFO] [stderr]    Compiling half v1.8.2
[INFO] [stderr]    Compiling httpdate v1.0.3
[INFO] [stderr]    Compiling url v2.5.0
[INFO] [stderr]    Compiling encoding_rs v0.8.33
[INFO] [stderr]    Compiling mime v0.3.17
[INFO] [stderr]    Compiling ipnet v2.9.0
[INFO] [stderr]    Compiling self_cell v1.0.3
[INFO] [stderr]    Compiling tokio v1.35.1
[INFO] [stderr]    Compiling utf8-width v0.1.7
[INFO] [stderr]    Compiling quote v1.0.35
[INFO] [stderr]    Compiling ciborium-ll v0.2.1
[INFO] [stderr]    Compiling either v1.9.0
[INFO] [stderr]    Compiling html-escape v0.2.13
[INFO] [stderr]    Compiling syn v2.0.48
[INFO] [stderr]    Compiling indexmap v2.1.0
[INFO] [stderr]    Compiling itertools v0.10.5
[INFO] [stderr]    Compiling drain_filter_polyfill v0.1.3
[INFO] [stderr]    Compiling pad-adapter v0.1.1
[INFO] [stderr]    Compiling smallvec v1.11.2
[INFO] [stderr]    Compiling const_format_proc_macros v0.2.32
[INFO] [stderr]    Compiling const_format v0.2.32
[INFO] [stderr]    Compiling wasm-bindgen-backend v0.2.89
[INFO] [stderr]    Compiling serde_derive v1.0.194
[INFO] [stderr]    Compiling futures-macro v0.3.30
[INFO] [stderr]    Compiling tracing-attributes v0.1.27
[INFO] [stderr]    Compiling thiserror-impl v1.0.56
[INFO] [stderr]    Compiling pin-project-internal v1.1.3
[INFO] [stderr]    Compiling async-recursion v1.0.5
[INFO] [stderr]    Compiling wasm-bindgen-macro-support v0.2.89
[INFO] [stderr]    Compiling futures-util v0.3.30
[INFO] [stderr]    Compiling wasm-bindgen-macro v0.2.89
[INFO] [stderr]    Compiling tracing v0.1.40
[INFO] [stderr]    Compiling thiserror v1.0.56
[INFO] [stderr]    Compiling pin-project v1.1.3
[INFO] [stderr]    Compiling tokio-util v0.7.10
[INFO] [stderr]    Compiling js-sys v0.3.66
[INFO] [stderr]    Compiling h2 v0.3.22
[INFO] [stderr]    Compiling futures-executor v0.3.30
[INFO] [stderr]    Compiling futures v0.3.30
[INFO] [stderr]    Compiling wasm-bindgen-futures v0.4.39
[INFO] [stderr]    Compiling web-sys v0.3.66
[INFO] [stderr]    Compiling server_fn_macro v0.5.4
[INFO] [stderr]    Compiling serde_json v1.0.111
[INFO] [stderr]    Compiling serde_urlencoded v0.7.1
[INFO] [stderr]    Compiling serde_qs v0.12.0
[INFO] [stderr]    Compiling serde-wasm-bindgen v0.5.0
[INFO] [stderr]    Compiling ciborium v0.2.1
[INFO] [stderr]    Compiling server_fn_macro_default v0.5.4
[INFO] [stderr]    Compiling hyper v0.14.28
[INFO] [stderr]    Compiling leptos_reactive v0.5.4
[INFO] [stderr]    Compiling reqwest v0.11.23
[INFO] [stderr]    Compiling server_fn v0.5.4
[INFO] [stderr]    Compiling leptos_dom v0.5.4 (/opt/rustwide/workdir)
[INFO] [stderr]     Finished dev [unoptimized + debuginfo] target(s) in 21.16s
[INFO] running `Command { std: "docker" "inspect" "f082dbdb189c04933cea3923d7cee93ea1d565b27dfacbfc0cc88f16b7772e60", kill_on_drop: false }`
[INFO] running `Command { std: "docker" "rm" "-f" "f082dbdb189c04933cea3923d7cee93ea1d565b27dfacbfc0cc88f16b7772e60", kill_on_drop: false }`
[INFO] [stdout] f082dbdb189c04933cea3923d7cee93ea1d565b27dfacbfc0cc88f16b7772e60
[INFO] running `Command { std: "docker" "create" "-v" "/var/lib/crater-agent-workspace/builds/worker-3-tc2/target:/opt/rustwide/target:rw,Z" "-v" "/var/lib/crater-agent-workspace/builds/worker-3-tc2/source:/opt/rustwide/workdir:ro,Z" "-v" "/var/lib/crater-agent-workspace/cargo-home:/opt/rustwide/cargo-home:ro,Z" "-v" "/var/lib/crater-agent-workspace/rustup-home:/opt/rustwide/rustup-home:ro,Z" "-e" "SOURCE_DIR=/opt/rustwide/workdir" "-e" "CARGO_TARGET_DIR=/opt/rustwide/target" "-e" "CARGO_INCREMENTAL=0" "-e" "RUST_BACKTRACE=full" "-e" "RUSTFLAGS=--cap-lints=warn" "-e" "RUSTDOCFLAGS=--cap-lints=warn" "-e" "CARGO_HOME=/opt/rustwide/cargo-home" "-e" "RUSTUP_HOME=/opt/rustwide/rustup-home" "-w" "/opt/rustwide/workdir" "-m" "1610612736" "--user" "0:0" "--network" "none" "ghcr.io/rust-lang/crates-build-env/linux@sha256:2788e3201cd34a07e3172128adcd8b3090168a8e3bcc40d7c032b9dda1df7d1c" "/opt/rustwide/cargo-home/bin/cargo" "+beta-2023-12-22" "test" "--frozen" "--no-run" "--message-format=json", kill_on_drop: false }`
[INFO] [stdout] 7a9a32229cacefa9a2a42e79a0a84716554d932f8e4633e5186a3663932c98c0
[INFO] running `Command { std: "docker" "start" "-a" "7a9a32229cacefa9a2a42e79a0a84716554d932f8e4633e5186a3663932c98c0", kill_on_drop: false }`
[INFO] [stderr]    Compiling leptos_dom v0.5.4 (/opt/rustwide/workdir)
[INFO] [stderr]     Finished test [unoptimized + debuginfo] target(s) in 2.98s
[INFO] running `Command { std: "docker" "inspect" "7a9a32229cacefa9a2a42e79a0a84716554d932f8e4633e5186a3663932c98c0", kill_on_drop: false }`
[INFO] running `Command { std: "docker" "rm" "-f" "7a9a32229cacefa9a2a42e79a0a84716554d932f8e4633e5186a3663932c98c0", kill_on_drop: false }`
[INFO] [stdout] 7a9a32229cacefa9a2a42e79a0a84716554d932f8e4633e5186a3663932c98c0
[INFO] running `Command { std: "docker" "create" "-v" "/var/lib/crater-agent-workspace/builds/worker-3-tc2/target:/opt/rustwide/target:rw,Z" "-v" "/var/lib/crater-agent-workspace/builds/worker-3-tc2/source:/opt/rustwide/workdir:ro,Z" "-v" "/var/lib/crater-agent-workspace/cargo-home:/opt/rustwide/cargo-home:ro,Z" "-v" "/var/lib/crater-agent-workspace/rustup-home:/opt/rustwide/rustup-home:ro,Z" "-e" "SOURCE_DIR=/opt/rustwide/workdir" "-e" "CARGO_TARGET_DIR=/opt/rustwide/target" "-e" "CARGO_INCREMENTAL=0" "-e" "RUST_BACKTRACE=full" "-e" "RUSTFLAGS=--cap-lints=warn" "-e" "RUSTDOCFLAGS=--cap-lints=warn" "-e" "CARGO_HOME=/opt/rustwide/cargo-home" "-e" "RUSTUP_HOME=/opt/rustwide/rustup-home" "-w" "/opt/rustwide/workdir" "-m" "1610612736" "--user" "0:0" "--network" "none" "ghcr.io/rust-lang/crates-build-env/linux@sha256:2788e3201cd34a07e3172128adcd8b3090168a8e3bcc40d7c032b9dda1df7d1c" "/opt/rustwide/cargo-home/bin/cargo" "+beta-2023-12-22" "test" "--frozen", kill_on_drop: false }`
[INFO] [stdout] 3494c116a2e3b8811b1e799af14d34143337217e0c3405ee77712171a317c555
[INFO] running `Command { std: "docker" "start" "-a" "3494c116a2e3b8811b1e799af14d34143337217e0c3405ee77712171a317c555", kill_on_drop: false }`
[INFO] [stderr]     Finished test [unoptimized + debuginfo] target(s) in 0.08s
[INFO] [stderr]      Running unittests src/lib.rs (/opt/rustwide/target/debug/deps/leptos_dom-809e78f5ffe2ceb7)
[INFO] [stdout] 
[INFO] [stdout] running 1 test
[INFO] [stdout] test hydration::tests::parse_hydration_key ... ok
[INFO] [stdout] 
[INFO] [stdout] test result: ok. 1 passed; 0 failed; 0 ignored; 0 measured; 0 filtered out; finished in 0.00s
[INFO] [stdout] 
[INFO] [stderr]    Doc-tests leptos_dom
[INFO] [stdout] 
[INFO] [stdout] running 15 tests
[INFO] [stdout] test src/directive.rs - directive::Directive (line 37) ... ignored
[INFO] [stdout] test src/nonce.rs - nonce::Nonce (line 16) ... ignored
[INFO] [stdout] test src/nonce.rs - nonce::use_nonce (line 86) ... ignored
[INFO] [stdout] test src/node_ref.rs - node_ref::NodeRef<T>::new (line 81) ... FAILED
[INFO] [stdout] test src/helpers.rs - helpers::window_event_listener (line 432) ... FAILED
[INFO] [stdout] test src/helpers.rs - helpers::debounce (line 248) ... FAILED
[INFO] [stdout] test src/events/typed.rs - events::typed::Custom<E>::options_mut (line 106) ... FAILED
[INFO] [stdout] test src/ssr.rs - ssr::render_to_string (line 19) ... FAILED
[INFO] [stdout] test src/directive.rs - directive::Directive (line 10) ... FAILED
[INFO] [stdout] test src/node_ref.rs - node_ref::create_node_ref (line 44) ... FAILED
[INFO] [stdout] test src/node_ref.rs - node_ref::NodeRef (line 10) ... FAILED
[INFO] [stdout] test src/html.rs - html::HtmlElement<El>::optional_event (line 1029) ... FAILED
[INFO] [stdout] test src/lib.rs - is_browser (line 1029) ... ok
[INFO] [stdout] test src/lib.rs - is_dev (line 1042) ... ok
[INFO] [stdout] test src/lib.rs - is_server (line 1015) ... ok
[INFO] [stdout] 
[INFO] [stdout] failures:
[INFO] [stdout] 
[INFO] [stdout] ---- src/node_ref.rs - node_ref::NodeRef<T>::new (line 81) stdout ----
[INFO] [stdout] error[E0433]: failed to resolve: use of undeclared crate or module `leptos`
[INFO] [stdout]  --> src/node_ref.rs:82:5
[INFO] [stdout]   |
[INFO] [stdout] 3 | use leptos::{*, logging::log};
[INFO] [stdout]   |     ^^^^^^ use of undeclared crate or module `leptos`
[INFO] [stdout] 
[INFO] [stdout] error[E0433]: failed to resolve: use of undeclared crate or module `leptos`
[INFO] [stdout]  --> src/node_ref.rs:84:5
[INFO] [stdout]   |
[INFO] [stdout] 5 | use leptos::html::Input;
[INFO] [stdout]   |     ^^^^^^ use of undeclared crate or module `leptos`
[INFO] [stdout] 
[INFO] [stdout] error[E0432]: unresolved import `leptos`
[INFO] [stdout]  --> src/node_ref.rs:82:5
[INFO] [stdout]   |
[INFO] [stdout] 3 | use leptos::{*, logging::log};
[INFO] [stdout]   |     ^^^^^^ use of undeclared crate or module `leptos`
[INFO] [stdout] 
[INFO] [stdout] error: cannot find attribute `component` in this scope
[INFO] [stdout]  --> src/node_ref.rs:86:3
[INFO] [stdout]   |
[INFO] [stdout] 7 | #[component]
[INFO] [stdout]   |   ^^^^^^^^^
[INFO] [stdout] 
[INFO] [stdout] error: cannot determine resolution for the macro `log`
[INFO] [stdout]   --> src/node_ref.rs:95:9
[INFO] [stdout]    |
[INFO] [stdout] 16 |         log!("value is {:?}", node.value())
[INFO] [stdout]    |         ^^^
[INFO] [stdout]    |
[INFO] [stdout]    = note: import resolution is stuck, try simplifying macro imports
[INFO] [stdout] 
[INFO] [stdout] error: cannot find macro `view` in this scope
[INFO] [stdout]   --> src/node_ref.rs:98:5
[INFO] [stdout]    |
[INFO] [stdout] 19 |     view! {
[INFO] [stdout]    |     ^^^^
[INFO] [stdout] 
[INFO] [stdout] error[E0405]: cannot find trait `IntoView` in this scope
[INFO] [stdout]  --> src/node_ref.rs:87:30
[INFO] [stdout]   |
[INFO] [stdout] 8 | pub fn MyComponent() -> impl IntoView {
[INFO] [stdout]   |                              ^^^^^^^^ not found in this scope
[INFO] [stdout]   |
[INFO] [stdout] help: consider importing this trait
[INFO] [stdout]   |
[INFO] [stdout] 2 + use leptos_dom::IntoView;
[INFO] [stdout]   |
[INFO] [stdout] 
[INFO] [stdout] error[E0433]: failed to resolve: use of undeclared type `NodeRef`
[INFO] [stdout]  --> src/node_ref.rs:88:21
[INFO] [stdout]   |
[INFO] [stdout] 9 |     let input_ref = NodeRef::<Input>::new();
[INFO] [stdout]   |                     ^^^^^^^ use of undeclared type `NodeRef`
[INFO] [stdout]   |
[INFO] [stdout] help: consider importing this struct
[INFO] [stdout]   |
[INFO] [stdout] 2 + use leptos_dom::NodeRef;
[INFO] [stdout]   |
[INFO] [stdout] 
[INFO] [stdout] error: aborting due to 8 previous errors
[INFO] [stdout] 
[INFO] [stdout] Some errors have detailed explanations: E0405, E0432, E0433.
[INFO] [stdout] For more information about an error, try `rustc --explain E0405`.
[INFO] [stdout] Couldn't compile the test.
[INFO] [stdout] ---- src/helpers.rs - helpers::window_event_listener (line 432) stdout ----
[INFO] [stdout] error[E0433]: failed to resolve: use of undeclared crate or module `leptos`
[INFO] [stdout]  --> src/helpers.rs:434:5
[INFO] [stdout]   |
[INFO] [stdout] 5 | use leptos::{leptos_dom::helpers::window_event_listener, logging::log, *};
[INFO] [stdout]   |     ^^^^^^ use of undeclared crate or module `leptos`
[INFO] [stdout] 
[INFO] [stdout] error[E0432]: unresolved import `leptos`
[INFO] [stdout]  --> src/helpers.rs:434:5
[INFO] [stdout]   |
[INFO] [stdout] 5 | use leptos::{leptos_dom::helpers::window_event_listener, logging::log, *};
[INFO] [stdout]   |     ^^^^^^ use of undeclared crate or module `leptos`
[INFO] [stdout] 
[INFO] [stdout] error: cannot find attribute `component` in this scope
[INFO] [stdout]  --> src/helpers.rs:436:3
[INFO] [stdout]   |
[INFO] [stdout] 7 | #[component]
[INFO] [stdout]   |   ^^^^^^^^^
[INFO] [stdout] 
[INFO] [stdout] error: cannot determine resolution for the macro `log`
[INFO] [stdout]   --> src/helpers.rs:442:9
[INFO] [stdout]    |
[INFO] [stdout] 13 |         log!("code = {code:?}");
[INFO] [stdout]    |         ^^^
[INFO] [stdout]    |
[INFO] [stdout]    = note: import resolution is stuck, try simplifying macro imports
[INFO] [stdout] 
[INFO] [stdout] error[E0405]: cannot find trait `IntoView` in this scope
[INFO] [stdout]  --> src/helpers.rs:437:18
[INFO] [stdout]   |
[INFO] [stdout] 8 | fn App() -> impl IntoView {
[INFO] [stdout]   |                  ^^^^^^^^ not found in this scope
[INFO] [stdout]   |
[INFO] [stdout] help: consider importing this trait
[INFO] [stdout]   |
[INFO] [stdout] 2 + use leptos_dom::IntoView;
[INFO] [stdout]   |
[INFO] [stdout] 
[INFO] [stdout] error[E0433]: failed to resolve: use of undeclared crate or module `ev`
[INFO] [stdout]  --> src/helpers.rs:438:40
[INFO] [stdout]   |
[INFO] [stdout] 9 |     let handle = window_event_listener(ev::keypress, |ev| {
[INFO] [stdout]   |                                        ^^ use of undeclared crate or module `ev`
[INFO] [stdout]   |
[INFO] [stdout] help: consider importing this module
[INFO] [stdout]   |
[INFO] [stdout] 2 + use leptos_dom::ev;
[INFO] [stdout]   |
[INFO] [stdout] 
[INFO] [stdout] error[E0425]: cannot find function `on_cleanup` in this scope
[INFO] [stdout]   --> src/helpers.rs:444:5
[INFO] [stdout]    |
[INFO] [stdout] 15 |     on_cleanup(move || handle.remove());
[INFO] [stdout]    |     ^^^^^^^^^^ not found in this scope
[INFO] [stdout]    |
[INFO] [stdout] help: consider importing this function
[INFO] [stdout]    |
[INFO] [stdout] 2  + use leptos_reactive::on_cleanup;
[INFO] [stdout]    |
[INFO] [stdout] 
[INFO] [stdout] error: aborting due to 7 previous errors
[INFO] [stdout] 
[INFO] [stdout] Some errors have detailed explanations: E0405, E0425, E0432, E0433.
[INFO] [stdout] For more information about an error, try `rustc --explain E0405`.
[INFO] [stdout] Couldn't compile the test.
[INFO] [stdout] ---- src/helpers.rs - helpers::debounce (line 248) stdout ----
[INFO] [stdout] error[E0433]: failed to resolve: use of undeclared crate or module `leptos`
[INFO] [stdout]  --> src/helpers.rs:250:5
[INFO] [stdout]   |
[INFO] [stdout] 5 | use leptos::{leptos_dom::helpers::debounce, logging::log, *};
[INFO] [stdout]   |     ^^^^^^ use of undeclared crate or module `leptos`
[INFO] [stdout] 
[INFO] [stdout] error[E0432]: unresolved import `leptos`
[INFO] [stdout]  --> src/helpers.rs:250:5
[INFO] [stdout]   |
[INFO] [stdout] 5 | use leptos::{leptos_dom::helpers::debounce, logging::log, *};
[INFO] [stdout]   |     ^^^^^^ use of undeclared crate or module `leptos`
[INFO] [stdout] 
[INFO] [stdout] error: cannot find attribute `component` in this scope
[INFO] [stdout]  --> src/helpers.rs:252:3
[INFO] [stdout]   |
[INFO] [stdout] 7 | #[component]
[INFO] [stdout]   |   ^^^^^^^^^
[INFO] [stdout] 
[INFO] [stdout] error: cannot determine resolution for the macro `log`
[INFO] [stdout]   --> src/helpers.rs:256:9
[INFO] [stdout]    |
[INFO] [stdout] 11 |         log!("...so many clicks!");
[INFO] [stdout]    |         ^^^
[INFO] [stdout]    |
[INFO] [stdout]    = note: import resolution is stuck, try simplifying macro imports
[INFO] [stdout] 
[INFO] [stdout] error: cannot find macro `view` in this scope
[INFO] [stdout]   --> src/helpers.rs:259:5
[INFO] [stdout]    |
[INFO] [stdout] 14 |     view! {
[INFO] [stdout]    |     ^^^^
[INFO] [stdout] 
[INFO] [stdout] error[E0405]: cannot find trait `IntoView` in this scope
[INFO] [stdout]  --> src/helpers.rs:253:30
[INFO] [stdout]   |
[INFO] [stdout] 8 | fn DebouncedButton() -> impl IntoView {
[INFO] [stdout]   |                              ^^^^^^^^ not found in this scope
[INFO] [stdout]   |
[INFO] [stdout] help: consider importing this trait
[INFO] [stdout]   |
[INFO] [stdout] 2 + use leptos_dom::IntoView;
[INFO] [stdout]   |
[INFO] [stdout] 
[INFO] [stdout] error: aborting due to 6 previous errors
[INFO] [stdout] 
[INFO] [stdout] Some errors have detailed explanations: E0405, E0432, E0433.
[INFO] [stdout] For more information about an error, try `rustc --explain E0405`.
[INFO] [stdout] Couldn't compile the test.
[INFO] [stdout] ---- src/events/typed.rs - events::typed::Custom<E>::options_mut (line 106) stdout ----
[INFO] [stdout] error[E0432]: unresolved import `leptos`
[INFO] [stdout]  --> src/events/typed.rs:107:5
[INFO] [stdout]   |
[INFO] [stdout] 3 | use leptos::*;
[INFO] [stdout]   |     ^^^^^^ use of undeclared crate or module `leptos`
[INFO] [stdout] 
[INFO] [stdout] error[E0425]: cannot find function `create_runtime` in this scope
[INFO] [stdout]  --> src/events/typed.rs:108:15
[INFO] [stdout]   |
[INFO] [stdout] 4 | let runtime = create_runtime();
[INFO] [stdout]   |               ^^^^^^^^^^^^^^ not found in this scope
[INFO] [stdout]   |
[INFO] [stdout] help: consider importing this function
[INFO] [stdout]   |
[INFO] [stdout] 2 + use leptos_reactive::create_runtime;
[INFO] [stdout]   |
[INFO] [stdout] 
[INFO] [stdout] error[E0412]: cannot find type `NodeRef` in this scope
[INFO] [stdout]  --> src/events/typed.rs:109:17
[INFO] [stdout]   |
[INFO] [stdout] 5 | let canvas_ref: NodeRef<html::Canvas> = create_node_ref();
[INFO] [stdout]   |                 ^^^^^^^ not found in this scope
[INFO] [stdout]   |
[INFO] [stdout] help: consider importing this struct
[INFO] [stdout]   |
[INFO] [stdout] 2 + use leptos_dom::NodeRef;
[INFO] [stdout]   |
[INFO] [stdout] 
[INFO] [stdout] error[E0433]: failed to resolve: use of undeclared crate or module `html`
[INFO] [stdout]  --> src/events/typed.rs:109:25
[INFO] [stdout]   |
[INFO] [stdout] 5 | let canvas_ref: NodeRef<html::Canvas> = create_node_ref();
[INFO] [stdout]   |                         ^^^^ use of undeclared crate or module `html`
[INFO] [stdout]   |
[INFO] [stdout] help: consider importing this module
[INFO] [stdout]   |
[INFO] [stdout] 2 + use leptos_dom::html;
[INFO] [stdout]   |
[INFO] [stdout] 
[INFO] [stdout] error[E0425]: cannot find function `create_node_ref` in this scope
[INFO] [stdout]  --> src/events/typed.rs:109:41
[INFO] [stdout]   |
[INFO] [stdout] 5 | let canvas_ref: NodeRef<html::Canvas> = create_node_ref();
[INFO] [stdout]   |                                         ^^^^^^^^^^^^^^^ not found in this scope
[INFO] [stdout]   |
[INFO] [stdout] help: consider importing this function
[INFO] [stdout]   |
[INFO] [stdout] 2 + use leptos_dom::create_node_ref;
[INFO] [stdout]   |
[INFO] [stdout] 
[INFO] [stdout] error[E0433]: failed to resolve: use of undeclared crate or module `ev`
[INFO] [stdout]  --> src/events/typed.rs:111:29
[INFO] [stdout]   |
[INFO] [stdout] 7 | let mut non_passive_wheel = ev::Custom::<ev::WheelEvent>::new("wheel");
[INFO] [stdout]   |                             ^^ use of undeclared crate or module `ev`
[INFO] [stdout]   |
[INFO] [stdout] help: consider importing one of these items
[INFO] [stdout]   |
[INFO] [stdout] 2 + use leptos_dom::ev::Custom;
[INFO] [stdout]   |
[INFO] [stdout] 2 + use leptos_dom::html::Custom;
[INFO] [stdout]   |
[INFO] [stdout] help: if you import `Custom`, refer to it directly
[INFO] [stdout]   |
[INFO] [stdout] 7 - let mut non_passive_wheel = ev::Custom::<ev::WheelEvent>::new("wheel");
[INFO] [stdout] 7 + let mut non_passive_wheel = Custom::<ev::WheelEvent>::new("wheel");
[INFO] [stdout]   |
[INFO] [stdout] 
[INFO] [stdout] error[E0433]: failed to resolve: use of undeclared crate or module `ev`
[INFO] [stdout]  --> src/events/typed.rs:111:42
[INFO] [stdout]   |
[INFO] [stdout] 7 | let mut non_passive_wheel = ev::Custom::<ev::WheelEvent>::new("wheel");
[INFO] [stdout]   |                                          ^^ use of undeclared crate or module `ev`
[INFO] [stdout]   |
[INFO] [stdout] help: consider importing this module
[INFO] [stdout]   |
[INFO] [stdout] 2 + use leptos_dom::ev;
[INFO] [stdout]   |
[INFO] [stdout] 
[INFO] [stdout] error[E0412]: cannot find type `HtmlElement` in this scope
[INFO] [stdout]   --> src/events/typed.rs:114:34
[INFO] [stdout]    |
[INFO] [stdout] 10 | canvas_ref.on_load(move |canvas: HtmlElement<html::Canvas>| {
[INFO] [stdout]    |                                  ^^^^^^^^^^^ not found in this scope
[INFO] [stdout]    |
[INFO] [stdout] help: consider importing one of these items
[INFO] [stdout]    |
[INFO] [stdout] 2  + use leptos_dom::HtmlElement;
[INFO] [stdout]    |
[INFO] [stdout] 2  + use web_sys::HtmlElement;
[INFO] [stdout]    |
[INFO] [stdout] 
[INFO] [stdout] error[E0433]: failed to resolve: use of undeclared crate or module `html`
[INFO] [stdout]   --> src/events/typed.rs:114:46
[INFO] [stdout]    |
[INFO] [stdout] 10 | canvas_ref.on_load(move |canvas: HtmlElement<html::Canvas>| {
[INFO] [stdout]    |                                              ^^^^ use of undeclared crate or module `html`
[INFO] [stdout]    |
[INFO] [stdout] help: consider importing this module
[INFO] [stdout]    |
[INFO] [stdout] 2  + use leptos_dom::html;
[INFO] [stdout]    |
[INFO] [stdout] 
[INFO] [stdout] error: aborting due to 9 previous errors
[INFO] [stdout] 
[INFO] [stdout] Some errors have detailed explanations: E0412, E0425, E0432, E0433.
[INFO] [stdout] For more information about an error, try `rustc --explain E0412`.
[INFO] [stdout] Couldn't compile the test.
[INFO] [stdout] ---- src/ssr.rs - ssr::render_to_string (line 19) stdout ----
[INFO] [stdout] error[E0432]: unresolved import `leptos`
[INFO] [stdout]  --> src/ssr.rs:21:5
[INFO] [stdout]   |
[INFO] [stdout] 4 | use leptos::*;
[INFO] [stdout]   |     ^^^^^^ use of undeclared crate or module `leptos`
[INFO] [stdout] 
[INFO] [stdout] error: cannot find macro `view` in this scope
[INFO] [stdout]  --> src/ssr.rs:22:45
[INFO] [stdout]   |
[INFO] [stdout] 5 | let html = leptos::ssr::render_to_string(|| view! {
[INFO] [stdout]   |                                             ^^^^
[INFO] [stdout] 
[INFO] [stdout] error[E0433]: failed to resolve: use of undeclared crate or module `leptos`
[INFO] [stdout]  --> src/ssr.rs:22:12
[INFO] [stdout]   |
[INFO] [stdout] 5 | let html = leptos::ssr::render_to_string(|| view! {
[INFO] [stdout]   |            ^^^^^^ use of undeclared crate or module `leptos`
[INFO] [stdout]   |
[INFO] [stdout] help: consider importing this module
[INFO] [stdout]   |
[INFO] [stdout] 2 + use leptos_dom::ssr;
[INFO] [stdout]   |
[INFO] [stdout] help: if you import `ssr`, refer to it directly
[INFO] [stdout]   |
[INFO] [stdout] 5 - let html = leptos::ssr::render_to_string(|| view! {
[INFO] [stdout] 5 + let html = ssr::render_to_string(|| view! {
[INFO] [stdout]   |
[INFO] [stdout] 
[INFO] [stdout] error: aborting due to 3 previous errors
[INFO] [stdout] 
[INFO] [stdout] Some errors have detailed explanations: E0432, E0433.
[INFO] [stdout] For more information about an error, try `rustc --explain E0432`.
[INFO] [stdout] Couldn't compile the test.
[INFO] [stdout] ---- src/directive.rs - directive::Directive (line 10) stdout ----
[INFO] [stdout] error[E0433]: failed to resolve: use of undeclared crate or module `leptos`
[INFO] [stdout]  --> src/directive.rs:11:5
[INFO] [stdout]   |
[INFO] [stdout] 3 | use leptos::{*, html::AnyElement};
[INFO] [stdout]   |     ^^^^^^ use of undeclared crate or module `leptos`
[INFO] [stdout] 
[INFO] [stdout] error[E0432]: unresolved import `leptos`
[INFO] [stdout]  --> src/directive.rs:11:5
[INFO] [stdout]   |
[INFO] [stdout] 3 | use leptos::{*, html::AnyElement};
[INFO] [stdout]   |     ^^^^^^ use of undeclared crate or module `leptos`
[INFO] [stdout] 
[INFO] [stdout] error: cannot find attribute `component` in this scope
[INFO] [stdout]   --> src/directive.rs:23:3
[INFO] [stdout]    |
[INFO] [stdout] 15 | #[component]
[INFO] [stdout]    |   ^^^^^^^^^
[INFO] [stdout] 
[INFO] [stdout] error: cannot find macro `view` in this scope
[INFO] [stdout]   --> src/directive.rs:25:5
[INFO] [stdout]    |
[INFO] [stdout] 17 |     view! {
[INFO] [stdout]    |     ^^^^
[INFO] [stdout] 
[INFO] [stdout] error[E0412]: cannot find type `HtmlElement` in this scope
[INFO] [stdout]  --> src/directive.rs:14:21
[INFO] [stdout]   |
[INFO] [stdout] 6 | fn my_directive(el: HtmlElement<AnyElement>) {
[INFO] [stdout]   |                     ^^^^^^^^^^^ not found in this scope
[INFO] [stdout]   |
[INFO] [stdout] help: consider importing one of these items
[INFO] [stdout]   |
[INFO] [stdout] 2 + use leptos_dom::HtmlElement;
[INFO] [stdout]   |
[INFO] [stdout] 2 + use web_sys::HtmlElement;
[INFO] [stdout]   |
[INFO] [stdout] 
[INFO] [stdout] error[E0412]: cannot find type `HtmlElement` in this scope
[INFO] [stdout]   --> src/directive.rs:19:26
[INFO] [stdout]    |
[INFO] [stdout] 11 | fn another_directive(el: HtmlElement<AnyElement>, params: i32) {
[INFO] [stdout]    |                          ^^^^^^^^^^^ not found in this scope
[INFO] [stdout]    |
[INFO] [stdout] help: consider importing one of these items
[INFO] [stdout]    |
[INFO] [stdout] 2  + use leptos_dom::HtmlElement;
[INFO] [stdout]    |
[INFO] [stdout] 2  + use web_sys::HtmlElement;
[INFO] [stdout]    |
[INFO] [stdout] 
[INFO] [stdout] error[E0405]: cannot find trait `IntoView` in this scope
[INFO] [stdout]   --> src/directive.rs:24:30
[INFO] [stdout]    |
[INFO] [stdout] 16 | pub fn MyComponent() -> impl IntoView {
[INFO] [stdout]    |                              ^^^^^^^^ not found in this scope
[INFO] [stdout]    |
[INFO] [stdout] help: consider importing this trait
[INFO] [stdout]    |
[INFO] [stdout] 2  + use leptos_dom::IntoView;
[INFO] [stdout]    |
[INFO] [stdout] 
[INFO] [stdout] error: aborting due to 7 previous errors
[INFO] [stdout] 
[INFO] [stdout] Some errors have detailed explanations: E0405, E0412, E0432, E0433.
[INFO] [stdout] For more information about an error, try `rustc --explain E0405`.
[INFO] [stdout] Couldn't compile the test.
[INFO] [stdout] ---- src/node_ref.rs - node_ref::create_node_ref (line 44) stdout ----
[INFO] [stdout] error[E0433]: failed to resolve: use of undeclared crate or module `leptos`
[INFO] [stdout]  --> src/node_ref.rs:45:5
[INFO] [stdout]   |
[INFO] [stdout] 3 | use leptos::{*, logging::log};
[INFO] [stdout]   |     ^^^^^^ use of undeclared crate or module `leptos`
[INFO] [stdout] 
[INFO] [stdout] error[E0433]: failed to resolve: use of undeclared crate or module `leptos`
[INFO] [stdout]  --> src/node_ref.rs:46:5
[INFO] [stdout]   |
[INFO] [stdout] 4 | use leptos::html::Input;
[INFO] [stdout]   |     ^^^^^^ use of undeclared crate or module `leptos`
[INFO] [stdout] 
[INFO] [stdout] error[E0432]: unresolved import `leptos`
[INFO] [stdout]  --> src/node_ref.rs:45:5
[INFO] [stdout]   |
[INFO] [stdout] 3 | use leptos::{*, logging::log};
[INFO] [stdout]   |     ^^^^^^ use of undeclared crate or module `leptos`
[INFO] [stdout] 
[INFO] [stdout] error: cannot find attribute `component` in this scope
[INFO] [stdout]  --> src/node_ref.rs:48:3
[INFO] [stdout]   |
[INFO] [stdout] 6 | #[component]
[INFO] [stdout]   |   ^^^^^^^^^
[INFO] [stdout] 
[INFO] [stdout] error: cannot determine resolution for the macro `log`
[INFO] [stdout]   --> src/node_ref.rs:57:9
[INFO] [stdout]    |
[INFO] [stdout] 15 |         log!("value is {:?}", node.value())
[INFO] [stdout]    |         ^^^
[INFO] [stdout]    |
[INFO] [stdout]    = note: import resolution is stuck, try simplifying macro imports
[INFO] [stdout] 
[INFO] [stdout] error: cannot find macro `view` in this scope
[INFO] [stdout]   --> src/node_ref.rs:60:5
[INFO] [stdout]    |
[INFO] [stdout] 18 |     view! {
[INFO] [stdout]    |     ^^^^
[INFO] [stdout] 
[INFO] [stdout] error[E0405]: cannot find trait `IntoView` in this scope
[INFO] [stdout]  --> src/node_ref.rs:49:30
[INFO] [stdout]   |
[INFO] [stdout] 7 | pub fn MyComponent() -> impl IntoView {
[INFO] [stdout]   |                              ^^^^^^^^ not found in this scope
[INFO] [stdout]   |
[INFO] [stdout] help: consider importing this trait
[INFO] [stdout]   |
[INFO] [stdout] 2 + use leptos_dom::IntoView;
[INFO] [stdout]   |
[INFO] [stdout] 
[INFO] [stdout] error[E0425]: cannot find function `create_node_ref` in this scope
[INFO] [stdout]  --> src/node_ref.rs:50:21
[INFO] [stdout]   |
[INFO] [stdout] 8 |     let input_ref = create_node_ref::<Input>();
[INFO] [stdout]   |                     ^^^^^^^^^^^^^^^ not found in this scope
[INFO] [stdout]   |
[INFO] [stdout] help: consider importing this function
[INFO] [stdout]   |
[INFO] [stdout] 2 + use leptos_dom::create_node_ref;
[INFO] [stdout]   |
[INFO] [stdout] 
[INFO] [stdout] error: aborting due to 8 previous errors
[INFO] [stdout] 
[INFO] [stdout] Some errors have detailed explanations: E0405, E0425, E0432, E0433.
[INFO] [stdout] For more information about an error, try `rustc --explain E0405`.
[INFO] [stdout] Couldn't compile the test.
[INFO] [stdout] ---- src/node_ref.rs - node_ref::NodeRef (line 10) stdout ----
[INFO] [stdout] error[E0433]: failed to resolve: use of undeclared crate or module `leptos`
[INFO] [stdout]  --> src/node_ref.rs:11:5
[INFO] [stdout]   |
[INFO] [stdout] 3 | use leptos::{*, logging::log};
[INFO] [stdout]   |     ^^^^^^ use of undeclared crate or module `leptos`
[INFO] [stdout] 
[INFO] [stdout] error[E0433]: failed to resolve: use of undeclared crate or module `leptos`
[INFO] [stdout]  --> src/node_ref.rs:12:5
[INFO] [stdout]   |
[INFO] [stdout] 4 | use leptos::html::Input;
[INFO] [stdout]   |     ^^^^^^ use of undeclared crate or module `leptos`
[INFO] [stdout] 
[INFO] [stdout] error[E0432]: unresolved import `leptos`
[INFO] [stdout]  --> src/node_ref.rs:11:5
[INFO] [stdout]   |
[INFO] [stdout] 3 | use leptos::{*, logging::log};
[INFO] [stdout]   |     ^^^^^^ use of undeclared crate or module `leptos`
[INFO] [stdout] 
[INFO] [stdout] error: cannot find attribute `component` in this scope
[INFO] [stdout]  --> src/node_ref.rs:14:3
[INFO] [stdout]   |
[INFO] [stdout] 6 | #[component]
[INFO] [stdout]   |   ^^^^^^^^^
[INFO] [stdout] 
[INFO] [stdout] error: cannot determine resolution for the macro `log`
[INFO] [stdout]   --> src/node_ref.rs:23:9
[INFO] [stdout]    |
[INFO] [stdout] 15 |         log!("value is {:?}", node.value())
[INFO] [stdout]    |         ^^^
[INFO] [stdout]    |
[INFO] [stdout]    = note: import resolution is stuck, try simplifying macro imports
[INFO] [stdout] 
[INFO] [stdout] error: cannot find macro `view` in this scope
[INFO] [stdout]   --> src/node_ref.rs:26:5
[INFO] [stdout]    |
[INFO] [stdout] 18 |     view! {
[INFO] [stdout]    |     ^^^^
[INFO] [stdout] 
[INFO] [stdout] error[E0405]: cannot find trait `IntoView` in this scope
[INFO] [stdout]  --> src/node_ref.rs:15:30
[INFO] [stdout]   |
[INFO] [stdout] 7 | pub fn MyComponent() -> impl IntoView {
[INFO] [stdout]   |                              ^^^^^^^^ not found in this scope
[INFO] [stdout]   |
[INFO] [stdout] help: consider importing this trait
[INFO] [stdout]   |
[INFO] [stdout] 2 + use leptos_dom::IntoView;
[INFO] [stdout]   |
[INFO] [stdout] 
[INFO] [stdout] error[E0425]: cannot find function `create_node_ref` in this scope
[INFO] [stdout]  --> src/node_ref.rs:16:21
[INFO] [stdout]   |
[INFO] [stdout] 8 |     let input_ref = create_node_ref::<Input>();
[INFO] [stdout]   |                     ^^^^^^^^^^^^^^^ not found in this scope
[INFO] [stdout]   |
[INFO] [stdout] help: consider importing this function
[INFO] [stdout]   |
[INFO] [stdout] 2 + use leptos_dom::create_node_ref;
[INFO] [stdout]   |
[INFO] [stdout] 
[INFO] [stdout] error: aborting due to 8 previous errors
[INFO] [stdout] 
[INFO] [stdout] Some errors have detailed explanations: E0405, E0425, E0432, E0433.
[INFO] [stdout] For more information about an error, try `rustc --explain E0405`.
[INFO] [stdout] Couldn't compile the test.
[INFO] [stdout] ---- src/html.rs - html::HtmlElement<El>::optional_event (line 1029) stdout ----
[INFO] [stdout] error[E0432]: unresolved import `leptos`
[INFO] [stdout]  --> src/html.rs:1030:5
[INFO] [stdout]   |
[INFO] [stdout] 3 | use leptos::*;
[INFO] [stdout]   |     ^^^^^^ use of undeclared crate or module `leptos`
[INFO] [stdout] 
[INFO] [stdout] error: cannot find attribute `component` in this scope
[INFO] [stdout]  --> src/html.rs:1031:3
[INFO] [stdout]   |
[INFO] [stdout] 4 | #[component]
[INFO] [stdout]   |   ^^^^^^^^^
[INFO] [stdout] 
[INFO] [stdout] error: cannot find attribute `prop` in this scope
[INFO] [stdout]  --> src/html.rs:1033:7
[INFO] [stdout]   |
[INFO] [stdout] 6 |     #[prop(optional)] value: Option<RwSignal<String>>,
[INFO] [stdout]   |       ^^^^
[INFO] [stdout] 
[INFO] [stdout] error: cannot find macro `view` in this scope
[INFO] [stdout]  --> src/html.rs:1035:5
[INFO] [stdout]   |
[INFO] [stdout] 8 |     view! {  <input/> }
[INFO] [stdout]   |     ^^^^
[INFO] [stdout] 
[INFO] [stdout] error[E0412]: cannot find type `RwSignal` in this scope
[INFO] [stdout]  --> src/html.rs:1033:37
[INFO] [stdout]   |
[INFO] [stdout] 6 |     #[prop(optional)] value: Option<RwSignal<String>>,
[INFO] [stdout]   |                                     ^^^^^^^^ not found in this scope
[INFO] [stdout]   |
[INFO] [stdout] help: consider importing this struct
[INFO] [stdout]   |
[INFO] [stdout] 2 + use leptos_reactive::RwSignal;
[INFO] [stdout]   |
[INFO] [stdout] 
[INFO] [stdout] error[E0405]: cannot find trait `IntoView` in this scope
[INFO] [stdout]  --> src/html.rs:1034:11
[INFO] [stdout]   |
[INFO] [stdout] 7 | ) -> impl IntoView {
[INFO] [stdout]   |           ^^^^^^^^ not found in this scope
[INFO] [stdout]   |
[INFO] [stdout] help: consider importing this trait
[INFO] [stdout]   |
[INFO] [stdout] 2 + use leptos_dom::IntoView;
[INFO] [stdout]   |
[INFO] [stdout] 
[INFO] [stdout] error[E0433]: failed to resolve: use of undeclared crate or module `ev`
[INFO] [stdout]   --> src/html.rs:1038:13
[INFO] [stdout]    |
[INFO] [stdout] 11 |             ev::input,
[INFO] [stdout]    |             ^^ use of undeclared crate or module `ev`
[INFO] [stdout]    |
[INFO] [stdout] help: consider importing this module
[INFO] [stdout]    |
[INFO] [stdout] 2  + use leptos_dom::ev;
[INFO] [stdout]    |
[INFO] [stdout] 
[INFO] [stdout] error[E0425]: cannot find function `event_target_value` in this scope
[INFO] [stdout]   --> src/html.rs:1039:51
[INFO] [stdout]    |
[INFO] [stdout] 12 |             value.map(|value| move |ev| value.set(event_target_value(&ev))),
[INFO] [stdout]    |                                                   ^^^^^^^^^^^^^^^^^^ not found in this scope
[INFO] [stdout]    |
[INFO] [stdout] help: consider importing this function
[INFO] [stdout]    |
[INFO] [stdout] 2  + use leptos_dom::helpers::event_target_value;
[INFO] [stdout]    |
[INFO] [stdout] 
[INFO] [stdout] error: aborting due to 8 previous errors
[INFO] [stdout] 
[INFO] [stdout] Some errors have detailed explanations: E0405, E0412, E0425, E0432, E0433.
[INFO] [stdout] For more information about an error, try `rustc --explain E0405`.
[INFO] [stdout] Couldn't compile the test.
[INFO] [stdout] 
[INFO] [stdout] failures:
[INFO] [stdout]     src/directive.rs - directive::Directive (line 10)
[INFO] [stdout]     src/events/typed.rs - events::typed::Custom<E>::options_mut (line 106)
[INFO] [stdout]     src/helpers.rs - helpers::debounce (line 248)
[INFO] [stdout]     src/helpers.rs - helpers::window_event_listener (line 432)
[INFO] [stdout]     src/html.rs - html::HtmlElement<El>::optional_event (line 1029)
[INFO] [stdout]     src/node_ref.rs - node_ref::NodeRef (line 10)
[INFO] [stdout]     src/node_ref.rs - node_ref::NodeRef<T>::new (line 81)
[INFO] [stdout]     src/node_ref.rs - node_ref::create_node_ref (line 44)
[INFO] [stdout]     src/ssr.rs - ssr::render_to_string (line 19)
[INFO] [stdout] 
[INFO] [stdout] test result: FAILED. 3 passed; 9 failed; 3 ignored; 0 measured; 0 filtered out; finished in 1.72s
[INFO] [stdout] 
[INFO] [stderr] error: doctest failed, to rerun pass `--doc`
[INFO] running `Command { std: "docker" "inspect" "3494c116a2e3b8811b1e799af14d34143337217e0c3405ee77712171a317c555", kill_on_drop: false }`
[INFO] running `Command { std: "docker" "rm" "-f" "3494c116a2e3b8811b1e799af14d34143337217e0c3405ee77712171a317c555", kill_on_drop: false }`
[INFO] [stdout] 3494c116a2e3b8811b1e799af14d34143337217e0c3405ee77712171a317c555
