[INFO] fetching crate leptos_axum 0.5.4...
[INFO] testing leptos_axum-0.5.4 against 1.75.0 for beta-1.76-1
[INFO] extracting crate leptos_axum 0.5.4 into /workspace/builds/worker-3-tc1/source
[INFO] validating manifest of crates.io crate leptos_axum 0.5.4 on toolchain 1.75.0
[INFO] running `Command { std: CARGO_HOME="/workspace/cargo-home" RUSTUP_HOME="/workspace/rustup-home" "/workspace/cargo-home/bin/cargo" "+1.75.0" "metadata" "--manifest-path" "Cargo.toml" "--no-deps", kill_on_drop: false }`
[INFO] started tweaking crates.io crate leptos_axum 0.5.4
[INFO] finished tweaking crates.io crate leptos_axum 0.5.4
[INFO] tweaked toml for crates.io crate leptos_axum 0.5.4 written to /workspace/builds/worker-3-tc1/source/Cargo.toml
[INFO] running `Command { std: CARGO_HOME="/workspace/cargo-home" RUSTUP_HOME="/workspace/rustup-home" "/workspace/cargo-home/bin/cargo" "+1.75.0" "generate-lockfile" "--manifest-path" "Cargo.toml", kill_on_drop: false }`
[INFO] [stderr]     Blocking waiting for file lock on package cache
[INFO] [stderr]     Updating crates.io index
[INFO] running `Command { std: CARGO_HOME="/workspace/cargo-home" RUSTUP_HOME="/workspace/rustup-home" "/workspace/cargo-home/bin/cargo" "+1.75.0" "fetch" "--manifest-path" "Cargo.toml", kill_on_drop: false }`
[INFO] [stderr]     Blocking waiting for file lock on package cache
[INFO] [stderr]  Downloading crates ...
[INFO] [stderr]   Downloaded leptos_meta v0.5.4
[INFO] [stderr]   Downloaded manyhow-macros v0.8.1
[INFO] [stderr]   Downloaded leptos_config v0.5.4
[INFO] [stderr]   Downloaded interpolator v0.5.0
[INFO] [stderr]   Downloaded attribute-derive-macro v0.8.1
[INFO] [stderr]   Downloaded collection_literals v1.0.1
[INFO] [stderr]   Downloaded cached_proc_macro_types v0.1.0
[INFO] [stderr]   Downloaded quote-use-macros v0.7.2
[INFO] [stderr]   Downloaded server_fn_macro_default v0.5.4
[INFO] [stderr]   Downloaded quote-use v0.7.2
[INFO] [stderr]   Downloaded leptos_integration_utils v0.5.4
[INFO] [stderr]   Downloaded manyhow v0.8.1
[INFO] [stderr]   Downloaded serde_test v1.0.176
[INFO] [stderr]   Downloaded cached_proc_macro v0.18.1
[INFO] [stderr]   Downloaded attribute-derive v0.8.1
[INFO] [stderr]   Downloaded rstml v0.11.2
[INFO] [stderr]   Downloaded cached v0.45.1
[INFO] [stderr]   Downloaded leptos_macro v0.5.4
[INFO] [stderr]   Downloaded leptos_reactive v0.5.4
[INFO] [stderr]   Downloaded leptos_router v0.5.4
[INFO] [stderr]   Downloaded leptos_dom v0.5.4
[INFO] [stderr]   Downloaded typed-builder-macro v0.18.0
[INFO] [stderr]   Downloaded linear-map v1.2.0
[INFO] [stderr]   Downloaded typed-builder v0.18.0
[INFO] [stderr]   Downloaded derive-where v1.2.7
[INFO] [stderr]   Downloaded leptos_hot_reload v0.5.4
[INFO] [stderr]   Downloaded leptos v0.5.4
[INFO] [stderr]   Downloaded leptos_server v0.5.4
[INFO] [stderr]   Downloaded server_fn_macro v0.5.4
[INFO] [stderr]   Downloaded server_fn v0.5.4
[INFO] [stderr]   Downloaded proc-macro-utils v0.8.0
[INFO] [stderr]   Downloaded drain_filter_polyfill v0.1.3
[INFO] [stderr]   Downloaded pad-adapter v0.1.1
[INFO] running `Command { std: "docker" "create" "-v" "/var/lib/crater-agent-workspace/builds/worker-3-tc1/target:/opt/rustwide/target:rw,Z" "-v" "/var/lib/crater-agent-workspace/builds/worker-3-tc1/source:/opt/rustwide/workdir:ro,Z" "-v" "/var/lib/crater-agent-workspace/cargo-home:/opt/rustwide/cargo-home:ro,Z" "-v" "/var/lib/crater-agent-workspace/rustup-home:/opt/rustwide/rustup-home:ro,Z" "-e" "SOURCE_DIR=/opt/rustwide/workdir" "-e" "CARGO_TARGET_DIR=/opt/rustwide/target" "-e" "CARGO_HOME=/opt/rustwide/cargo-home" "-e" "RUSTUP_HOME=/opt/rustwide/rustup-home" "-w" "/opt/rustwide/workdir" "-m" "1610612736" "--user" "0:0" "--network" "none" "ghcr.io/rust-lang/crates-build-env/linux@sha256:2788e3201cd34a07e3172128adcd8b3090168a8e3bcc40d7c032b9dda1df7d1c" "/opt/rustwide/cargo-home/bin/cargo" "+1.75.0" "metadata" "--no-deps" "--format-version=1", kill_on_drop: false }`
[INFO] [stdout] e9968d83c15ef8c3c91f2ff5b806f85be3333582134db59c2aef016cb0b8a5cc
[INFO] running `Command { std: "docker" "start" "-a" "e9968d83c15ef8c3c91f2ff5b806f85be3333582134db59c2aef016cb0b8a5cc", kill_on_drop: false }`
[INFO] running `Command { std: "docker" "inspect" "e9968d83c15ef8c3c91f2ff5b806f85be3333582134db59c2aef016cb0b8a5cc", kill_on_drop: false }`
[INFO] running `Command { std: "docker" "rm" "-f" "e9968d83c15ef8c3c91f2ff5b806f85be3333582134db59c2aef016cb0b8a5cc", kill_on_drop: false }`
[INFO] [stdout] e9968d83c15ef8c3c91f2ff5b806f85be3333582134db59c2aef016cb0b8a5cc
[INFO] running `Command { std: "docker" "create" "-v" "/var/lib/crater-agent-workspace/builds/worker-3-tc1/target:/opt/rustwide/target:rw,Z" "-v" "/var/lib/crater-agent-workspace/builds/worker-3-tc1/source:/opt/rustwide/workdir:ro,Z" "-v" "/var/lib/crater-agent-workspace/cargo-home:/opt/rustwide/cargo-home:ro,Z" "-v" "/var/lib/crater-agent-workspace/rustup-home:/opt/rustwide/rustup-home:ro,Z" "-e" "SOURCE_DIR=/opt/rustwide/workdir" "-e" "CARGO_TARGET_DIR=/opt/rustwide/target" "-e" "CARGO_INCREMENTAL=0" "-e" "RUST_BACKTRACE=full" "-e" "RUSTFLAGS=--cap-lints=warn" "-e" "RUSTDOCFLAGS=--cap-lints=warn" "-e" "CARGO_HOME=/opt/rustwide/cargo-home" "-e" "RUSTUP_HOME=/opt/rustwide/rustup-home" "-w" "/opt/rustwide/workdir" "-m" "1610612736" "--user" "0:0" "--network" "none" "ghcr.io/rust-lang/crates-build-env/linux@sha256:2788e3201cd34a07e3172128adcd8b3090168a8e3bcc40d7c032b9dda1df7d1c" "/opt/rustwide/cargo-home/bin/cargo" "+1.75.0" "build" "--frozen" "--message-format=json", kill_on_drop: false }`
[INFO] [stdout] 116ad3c314ee21ca03b4df7c43ba0007267dd354e101ff98f250eaa50cbfc45d
[INFO] running `Command { std: "docker" "start" "-a" "116ad3c314ee21ca03b4df7c43ba0007267dd354e101ff98f250eaa50cbfc45d", kill_on_drop: false }`
[INFO] [stderr]    Compiling proc-macro2 v1.0.75
[INFO] [stderr]    Compiling unicode-ident v1.0.12
[INFO] [stderr]    Compiling cfg-if v1.0.0
[INFO] [stderr]    Compiling once_cell v1.19.0
[INFO] [stderr]    Compiling libc v0.2.151
[INFO] [stderr]    Compiling serde v1.0.194
[INFO] [stderr]    Compiling memchr v2.7.1
[INFO] [stderr]    Compiling parking_lot_core v0.9.9
[INFO] [stderr]    Compiling pin-project-lite v0.2.13
[INFO] [stderr]    Compiling futures-sink v0.3.30
[INFO] [stderr]    Compiling scopeguard v1.2.0
[INFO] [stderr]    Compiling futures-core v0.3.30
[INFO] [stderr]    Compiling log v0.4.20
[INFO] [stderr]    Compiling fnv v1.0.7
[INFO] [stderr]    Compiling lock_api v0.4.11
[INFO] [stderr]    Compiling slab v0.4.9
[INFO] [stderr]    Compiling thiserror v1.0.56
[INFO] [stderr]    Compiling wasm-bindgen-shared v0.2.89
[INFO] [stderr]    Compiling itoa v1.0.10
[INFO] [stderr]    Compiling ahash v0.8.7
[INFO] [stderr]    Compiling futures-task v0.3.30
[INFO] [stderr]    Compiling futures-channel v0.3.30
[INFO] [stderr]    Compiling futures-io v0.3.30
[INFO] [stderr]    Compiling pin-utils v0.1.0
[INFO] [stderr]    Compiling proc-macro-error v1.0.4
[INFO] [stderr]    Compiling zerocopy v0.7.32
[INFO] [stderr]    Compiling bumpalo v3.14.0
[INFO] [stderr]    Compiling bytes v1.5.0
[INFO] [stderr]    Compiling smallvec v1.11.2
[INFO] [stderr]    Compiling equivalent v1.0.1
[INFO] [stderr]    Compiling allocator-api2 v0.2.16
[INFO] [stderr]    Compiling tracing-core v0.1.32
[INFO] [stderr]    Compiling wasm-bindgen v0.2.89
[INFO] [stderr]    Compiling proc-macro2-diagnostics v0.10.1
[INFO] [stderr]    Compiling percent-encoding v2.3.1
[INFO] [stderr]    Compiling ryu v1.0.16
[INFO] [stderr]    Compiling serde_json v1.0.111
[INFO] [stderr]    Compiling httparse v1.8.0
[INFO] [stderr]    Compiling unicode-xid v0.2.4
[INFO] [stderr]    Compiling http v0.2.11
[INFO] [stderr]    Compiling yansi v1.0.0-rc.1
[INFO] [stderr]    Compiling tinyvec_macros v0.1.1
[INFO] [stderr]    Compiling tower-service v0.3.2
[INFO] [stderr]    Compiling tinyvec v1.6.0
[INFO] [stderr]    Compiling try-lock v0.2.5
[INFO] [stderr]    Compiling form_urlencoded v1.2.1
[INFO] [stderr]    Compiling xxhash-rust v0.8.8
[INFO] [stderr]    Compiling quote v1.0.35
[INFO] [stderr]    Compiling hashbrown v0.14.3
[INFO] [stderr]    Compiling want v0.3.1
[INFO] [stderr]    Compiling unicode-bidi v0.3.14
[INFO] [stderr]    Compiling httpdate v1.0.3
[INFO] [stderr]    Compiling mime v0.3.17
[INFO] [stderr]    Compiling syn v2.0.48
[INFO] [stderr]    Compiling proc-macro-utils v0.8.0
[INFO] [stderr]    Compiling anyhow v1.0.79
[INFO] [stderr]    Compiling camino v1.1.6
[INFO] [stderr]    Compiling signal-hook-registry v1.4.1
[INFO] [stderr]    Compiling mio v0.8.10
[INFO] [stderr]    Compiling num_cpus v1.16.0
[INFO] [stderr]    Compiling socket2 v0.5.5
[INFO] [stderr]    Compiling async-trait v0.1.77
[INFO] [stderr]    Compiling http-body v0.4.6
[INFO] [stderr]    Compiling parking_lot v0.12.1
[INFO] [stderr]    Compiling indexmap v2.1.0
[INFO] [stderr]    Compiling unicode-normalization v0.1.22
[INFO] [stderr]    Compiling slotmap v1.0.7
[INFO] [stderr]    Compiling ciborium-io v0.2.1
[INFO] [stderr]    Compiling same-file v1.0.6
[INFO] [stderr]    Compiling half v1.8.2
[INFO] [stderr]    Compiling paste v1.0.14
[INFO] [stderr]    Compiling lazy_static v1.4.0
[INFO] [stderr]    Compiling base64 v0.21.5
[INFO] [stderr]    Compiling either v1.9.0
[INFO] [stderr]    Compiling walkdir v2.4.0
[INFO] [stderr]    Compiling ciborium-ll v0.2.1
[INFO] [stderr]    Compiling proc-macro-error-attr v1.0.4
[INFO] [stderr]    Compiling const_format_proc_macros v0.2.32
[INFO] [stderr]    Compiling manyhow-macros v0.8.1
[INFO] [stderr]    Compiling encoding_rs v0.8.33
[INFO] [stderr]    Compiling ipnet v2.9.0
[INFO] [stderr]    Compiling idna v0.5.0
[INFO] [stderr]    Compiling collection_literals v1.0.1
[INFO] [stderr]    Compiling interpolator v0.5.0
[INFO] [stderr]    Compiling utf8-width v0.1.7
[INFO] [stderr]    Compiling rustversion v1.0.14
[INFO] [stderr]    Compiling prettyplease v0.2.16
[INFO] [stderr]    Compiling syn v1.0.109
[INFO] [stderr]    Compiling html-escape v0.2.13
[INFO] [stderr]    Compiling url v2.5.0
[INFO] [stderr]    Compiling getrandom v0.2.11
[INFO] [stderr]    Compiling aho-corasick v1.1.2
[INFO] [stderr]    Compiling self_cell v1.0.3
[INFO] [stderr]    Compiling unicode-segmentation v1.10.1
[INFO] [stderr]    Compiling minimal-lexical v0.2.1
[INFO] [stderr]    Compiling regex-syntax v0.8.2
[INFO] [stderr]    Compiling inventory v0.3.14
[INFO] [stderr]    Compiling rustc-hash v1.1.0
[INFO] [stderr]    Compiling nom v7.1.3
[INFO] [stderr]    Compiling uuid v1.6.1
[INFO] [stderr]    Compiling itertools v0.11.0
[INFO] [stderr]    Compiling convert_case v0.6.0
[INFO] [stderr]    Compiling const_format v0.2.32
[INFO] [stderr]    Compiling ident_case v1.0.1
[INFO] [stderr]    Compiling strsim v0.10.0
[INFO] [stderr]    Compiling pathdiff v0.2.1
[INFO] [stderr]    Compiling itertools v0.10.5
[INFO] [stderr]    Compiling pad-adapter v0.1.1
[INFO] [stderr]    Compiling drain_filter_polyfill v0.1.3
[INFO] [stderr]    Compiling tower-layer v0.3.2
[INFO] [stderr]    Compiling instant v0.1.12
[INFO] [stderr]    Compiling heck v0.4.1
[INFO] [stderr]    Compiling cached_proc_macro_types v0.1.0
[INFO] [stderr]    Compiling hashbrown v0.13.2
[INFO] [stderr]    Compiling lru v0.11.1
[INFO] [stderr]    Compiling sync_wrapper v0.1.2
[INFO] [stderr]    Compiling matchit v0.7.3
[INFO] [stderr]    Compiling axum-core v0.3.4
[INFO] [stderr]    Compiling axum v0.6.20
[INFO] [stderr]    Compiling wasm-bindgen-backend v0.2.89
[INFO] [stderr]    Compiling manyhow v0.8.1
[INFO] [stderr]    Compiling regex-automata v0.4.3
[INFO] [stderr]    Compiling serde_derive v1.0.194
[INFO] [stderr]    Compiling thiserror-impl v1.0.56
[INFO] [stderr]    Compiling futures-macro v0.3.30
[INFO] [stderr]    Compiling tracing-attributes v0.1.27
[INFO] [stderr]    Compiling tokio-macros v2.2.0
[INFO] [stderr]    Compiling pin-project-internal v1.1.3
[INFO] [stderr]    Compiling derive-where v1.2.7
[INFO] [stderr]    Compiling syn_derive v0.1.8
[INFO] [stderr]    Compiling wasm-bindgen-macro-support v0.2.89
[INFO] [stderr]    Compiling typed-builder-macro v0.18.0
[INFO] [stderr]    Compiling async-recursion v1.0.5
[INFO] [stderr]    Compiling axum-macros v0.3.8
[INFO] [stderr]    Compiling tokio v1.35.1
[INFO] [stderr]    Compiling wasm-bindgen-macro v0.2.89
[INFO] [stderr]    Compiling futures-util v0.3.30
[INFO] [stderr]    Compiling darling_core v0.14.4
[INFO] [stderr]    Compiling rstml v0.11.2
[INFO] [stderr]    Compiling quote-use-macros v0.7.2
[INFO] [stderr]    Compiling pin-project v1.1.3
[INFO] [stderr]    Compiling tracing v0.1.40
[INFO] [stderr]    Compiling regex v1.10.2
[INFO] [stderr]    Compiling typed-builder v0.18.0
[INFO] [stderr]    Compiling quote-use v0.7.2
[INFO] [stderr]    Compiling attribute-derive-macro v0.8.1
[INFO] [stderr]    Compiling js-sys v0.3.66
[INFO] [stderr]    Compiling darling_macro v0.14.4
[INFO] [stderr]    Compiling darling v0.14.4
[INFO] [stderr]    Compiling attribute-derive v0.8.1
[INFO] [stderr]    Compiling futures-executor v0.3.30
[INFO] [stderr]    Compiling tower v0.4.13
[INFO] [stderr]    Compiling cached_proc_macro v0.18.1
[INFO] [stderr]    Compiling futures v0.3.30
[INFO] [stderr]    Compiling tokio-util v0.7.10
[INFO] [stderr]    Compiling cached v0.45.1
[INFO] [stderr]    Compiling h2 v0.3.22
[INFO] [stderr]    Compiling web-sys v0.3.66
[INFO] [stderr]    Compiling wasm-bindgen-futures v0.4.39
[INFO] [stderr]    Compiling serde_urlencoded v0.7.1
[INFO] [stderr]    Compiling serde-wasm-bindgen v0.5.0
[INFO] [stderr]    Compiling serde_qs v0.12.0
[INFO] [stderr]    Compiling ciborium v0.2.1
[INFO] [stderr]    Compiling server_fn_macro v0.5.4
[INFO] [stderr]    Compiling leptos_hot_reload v0.5.4
[INFO] [stderr]    Compiling toml v0.5.11
[INFO] [stderr]    Compiling serde_test v1.0.176
[INFO] [stderr]    Compiling server_fn_macro_default v0.5.4
[INFO] [stderr]    Compiling linear-map v1.2.0
[INFO] [stderr]    Compiling leptos_reactive v0.5.4
[INFO] [stderr]    Compiling config v0.13.4
[INFO] [stderr]    Compiling leptos_macro v0.5.4
[INFO] [stderr]    Compiling leptos_config v0.5.4
[INFO] [stderr]    Compiling hyper v0.14.28
[INFO] [stderr]    Compiling reqwest v0.11.23
[INFO] [stderr]    Compiling server_fn v0.5.4
[INFO] [stderr]    Compiling leptos_server v0.5.4
[INFO] [stderr]    Compiling leptos_dom v0.5.4
[INFO] [stderr]    Compiling gloo-utils v0.1.7
[INFO] [stderr]    Compiling gloo-net v0.2.6
[INFO] [stderr]    Compiling leptos v0.5.4
[INFO] [stderr]    Compiling leptos_meta v0.5.4
[INFO] [stderr]    Compiling leptos_integration_utils v0.5.4
[INFO] [stderr]    Compiling leptos_router v0.5.4
[INFO] [stderr]    Compiling leptos_axum v0.5.4 (/opt/rustwide/workdir)
[INFO] [stderr]     Finished dev [unoptimized + debuginfo] target(s) in 42.42s
[INFO] running `Command { std: "docker" "inspect" "116ad3c314ee21ca03b4df7c43ba0007267dd354e101ff98f250eaa50cbfc45d", kill_on_drop: false }`
[INFO] running `Command { std: "docker" "rm" "-f" "116ad3c314ee21ca03b4df7c43ba0007267dd354e101ff98f250eaa50cbfc45d", kill_on_drop: false }`
[INFO] [stdout] 116ad3c314ee21ca03b4df7c43ba0007267dd354e101ff98f250eaa50cbfc45d
[INFO] running `Command { std: "docker" "create" "-v" "/var/lib/crater-agent-workspace/builds/worker-3-tc1/target:/opt/rustwide/target:rw,Z" "-v" "/var/lib/crater-agent-workspace/builds/worker-3-tc1/source:/opt/rustwide/workdir:ro,Z" "-v" "/var/lib/crater-agent-workspace/cargo-home:/opt/rustwide/cargo-home:ro,Z" "-v" "/var/lib/crater-agent-workspace/rustup-home:/opt/rustwide/rustup-home:ro,Z" "-e" "SOURCE_DIR=/opt/rustwide/workdir" "-e" "CARGO_TARGET_DIR=/opt/rustwide/target" "-e" "CARGO_INCREMENTAL=0" "-e" "RUST_BACKTRACE=full" "-e" "RUSTFLAGS=--cap-lints=warn" "-e" "RUSTDOCFLAGS=--cap-lints=warn" "-e" "CARGO_HOME=/opt/rustwide/cargo-home" "-e" "RUSTUP_HOME=/opt/rustwide/rustup-home" "-w" "/opt/rustwide/workdir" "-m" "1610612736" "--user" "0:0" "--network" "none" "ghcr.io/rust-lang/crates-build-env/linux@sha256:2788e3201cd34a07e3172128adcd8b3090168a8e3bcc40d7c032b9dda1df7d1c" "/opt/rustwide/cargo-home/bin/cargo" "+1.75.0" "test" "--frozen" "--no-run" "--message-format=json", kill_on_drop: false }`
[INFO] [stdout] 1afbc08e60da848e94269f09dd293a7a133c50f771f887f390e8dc26bf65221b
[INFO] running `Command { std: "docker" "start" "-a" "1afbc08e60da848e94269f09dd293a7a133c50f771f887f390e8dc26bf65221b", kill_on_drop: false }`
[INFO] [stderr]    Compiling leptos_axum v0.5.4 (/opt/rustwide/workdir)
[INFO] [stderr]     Finished test [unoptimized + debuginfo] target(s) in 1.93s
[INFO] running `Command { std: "docker" "inspect" "1afbc08e60da848e94269f09dd293a7a133c50f771f887f390e8dc26bf65221b", kill_on_drop: false }`
[INFO] running `Command { std: "docker" "rm" "-f" "1afbc08e60da848e94269f09dd293a7a133c50f771f887f390e8dc26bf65221b", kill_on_drop: false }`
[INFO] [stdout] 1afbc08e60da848e94269f09dd293a7a133c50f771f887f390e8dc26bf65221b
[INFO] running `Command { std: "docker" "create" "-v" "/var/lib/crater-agent-workspace/builds/worker-3-tc1/target:/opt/rustwide/target:rw,Z" "-v" "/var/lib/crater-agent-workspace/builds/worker-3-tc1/source:/opt/rustwide/workdir:ro,Z" "-v" "/var/lib/crater-agent-workspace/cargo-home:/opt/rustwide/cargo-home:ro,Z" "-v" "/var/lib/crater-agent-workspace/rustup-home:/opt/rustwide/rustup-home:ro,Z" "-e" "SOURCE_DIR=/opt/rustwide/workdir" "-e" "CARGO_TARGET_DIR=/opt/rustwide/target" "-e" "CARGO_INCREMENTAL=0" "-e" "RUST_BACKTRACE=full" "-e" "RUSTFLAGS=--cap-lints=warn" "-e" "RUSTDOCFLAGS=--cap-lints=warn" "-e" "CARGO_HOME=/opt/rustwide/cargo-home" "-e" "RUSTUP_HOME=/opt/rustwide/rustup-home" "-w" "/opt/rustwide/workdir" "-m" "1610612736" "--user" "0:0" "--network" "none" "ghcr.io/rust-lang/crates-build-env/linux@sha256:2788e3201cd34a07e3172128adcd8b3090168a8e3bcc40d7c032b9dda1df7d1c" "/opt/rustwide/cargo-home/bin/cargo" "+1.75.0" "test" "--frozen", kill_on_drop: false }`
[INFO] [stdout] d7a7b00606eb32449039a367451848b5d55e28334f2459925f3c4f4150b05791
[INFO] running `Command { std: "docker" "start" "-a" "d7a7b00606eb32449039a367451848b5d55e28334f2459925f3c4f4150b05791", kill_on_drop: false }`
[INFO] [stderr]     Finished test [unoptimized + debuginfo] target(s) in 0.13s
[INFO] [stderr]      Running unittests src/lib.rs (/opt/rustwide/target/debug/deps/leptos_axum-29c87cf1c3e09af6)
[INFO] [stdout] 
[INFO] [stdout] running 0 tests
[INFO] [stdout] 
[INFO] [stdout] test result: ok. 0 passed; 0 failed; 0 ignored; 0 measured; 0 filtered out; finished in 0.00s
[INFO] [stdout] 
[INFO] [stderr]    Doc-tests leptos_axum
[INFO] [stdout] 
[INFO] [stdout] running 11 tests
[INFO] [stdout] test src/lib.rs - extract (line 1860) ... ignored
[INFO] [stdout] test src/lib.rs - extract_with_state (line 1927) ... ignored
[INFO] [stdout] test src/lib.rs - extractor (line 1896) ... ignored
[INFO] [stdout] test src/lib.rs - render_app_async_stream_with_context (line 1052) ... ignored
[INFO] [stdout] test src/lib.rs - render_app_async_with_context (line 1188) ... ignored
[INFO] [stdout] test src/lib.rs - render_app_to_stream_in_order_with_context (line 874) ... ignored
[INFO] [stdout] test src/lib.rs - render_app_to_stream_with_context (line 588) ... ignored
[INFO] [stdout] test src/lib.rs - handle_server_fns (line 183) ... FAILED
[INFO] [stdout] test src/lib.rs - render_app_async (line 988) ... FAILED
[INFO] [stdout] test src/lib.rs - render_app_to_stream (line 419) ... FAILED
[INFO] [stdout] test src/lib.rs - render_app_to_stream_in_order (line 519) ... FAILED
[INFO] [stdout] 
[INFO] [stdout] failures:
[INFO] [stdout] 
[INFO] [stdout] ---- src/lib.rs - handle_server_fns (line 183) stdout ----
[INFO] [stdout] error[E0433]: failed to resolve: could not find `Server` in `axum`
[INFO] [stdout]   --> src/lib.rs:201:11
[INFO] [stdout]    |
[INFO] [stdout] 21 |     axum::Server::bind(&addr)
[INFO] [stdout]    |           ^^^^^^ could not find `Server` in `axum`
[INFO] [stdout] 
[INFO] [stdout] error: aborting due to previous error
[INFO] [stdout] 
[INFO] [stdout] For more information about this error, try `rustc --explain E0433`.
[INFO] [stdout] Couldn't compile the test.
[INFO] [stdout] ---- src/lib.rs - render_app_async (line 988) stdout ----
[INFO] [stdout] error[E0433]: failed to resolve: could not find `Server` in `axum`
[INFO] [stdout]   --> src/lib.rs:1016:11
[INFO] [stdout]    |
[INFO] [stdout] 31 |     axum::Server::bind(&addr)
[INFO] [stdout]    |           ^^^^^^ could not find `Server` in `axum`
[INFO] [stdout] 
[INFO] [stdout] error: aborting due to previous error
[INFO] [stdout] 
[INFO] [stdout] For more information about this error, try `rustc --explain E0433`.
[INFO] [stdout] Couldn't compile the test.
[INFO] [stdout] ---- src/lib.rs - render_app_to_stream (line 419) stdout ----
[INFO] [stdout] error[E0433]: failed to resolve: could not find `Server` in `axum`
[INFO] [stdout]   --> src/lib.rs:447:11
[INFO] [stdout]    |
[INFO] [stdout] 31 |     axum::Server::bind(&addr)
[INFO] [stdout]    |           ^^^^^^ could not find `Server` in `axum`
[INFO] [stdout] 
[INFO] [stdout] error: aborting due to previous error
[INFO] [stdout] 
[INFO] [stdout] For more information about this error, try `rustc --explain E0433`.
[INFO] [stdout] Couldn't compile the test.
[INFO] [stdout] ---- src/lib.rs - render_app_to_stream_in_order (line 519) stdout ----
[INFO] [stdout] error[E0433]: failed to resolve: could not find `Server` in `axum`
[INFO] [stdout]   --> src/lib.rs:548:11
[INFO] [stdout]    |
[INFO] [stdout] 32 |     axum::Server::bind(&addr)
[INFO] [stdout]    |           ^^^^^^ could not find `Server` in `axum`
[INFO] [stdout] 
[INFO] [stdout] error: aborting due to previous error
[INFO] [stdout] 
[INFO] [stdout] For more information about this error, try `rustc --explain E0433`.
[INFO] [stdout] Couldn't compile the test.
[INFO] [stdout] 
[INFO] [stdout] failures:
[INFO] [stdout]     src/lib.rs - handle_server_fns (line 183)
[INFO] [stdout]     src/lib.rs - render_app_async (line 988)
[INFO] [stdout]     src/lib.rs - render_app_to_stream (line 419)
[INFO] [stdout]     src/lib.rs - render_app_to_stream_in_order (line 519)
[INFO] [stdout] 
[INFO] [stdout] test result: FAILED. 0 passed; 4 failed; 7 ignored; 0 measured; 0 filtered out; finished in 0.12s
[INFO] [stdout] 
[INFO] [stderr] error: doctest failed, to rerun pass `--doc`
[INFO] running `Command { std: "docker" "inspect" "d7a7b00606eb32449039a367451848b5d55e28334f2459925f3c4f4150b05791", kill_on_drop: false }`
[INFO] running `Command { std: "docker" "rm" "-f" "d7a7b00606eb32449039a367451848b5d55e28334f2459925f3c4f4150b05791", kill_on_drop: false }`
[INFO] [stdout] d7a7b00606eb32449039a367451848b5d55e28334f2459925f3c4f4150b05791
[INFO] testing leptos_axum-0.5.4 against beta-2023-12-22 for beta-1.76-1
[INFO] extracting crate leptos_axum 0.5.4 into /workspace/builds/worker-3-tc2/source
[INFO] validating manifest of crates.io crate leptos_axum 0.5.4 on toolchain beta-2023-12-22
[INFO] running `Command { std: CARGO_HOME="/workspace/cargo-home" RUSTUP_HOME="/workspace/rustup-home" "/workspace/cargo-home/bin/cargo" "+beta-2023-12-22" "metadata" "--manifest-path" "Cargo.toml" "--no-deps", kill_on_drop: false }`
[INFO] started tweaking crates.io crate leptos_axum 0.5.4
[INFO] finished tweaking crates.io crate leptos_axum 0.5.4
[INFO] tweaked toml for crates.io crate leptos_axum 0.5.4 written to /workspace/builds/worker-3-tc2/source/Cargo.toml
[INFO] running `Command { std: CARGO_HOME="/workspace/cargo-home" RUSTUP_HOME="/workspace/rustup-home" "/workspace/cargo-home/bin/cargo" "+beta-2023-12-22" "generate-lockfile" "--manifest-path" "Cargo.toml", kill_on_drop: false }`
[INFO] [stderr]     Updating crates.io index
[INFO] running `Command { std: CARGO_HOME="/workspace/cargo-home" RUSTUP_HOME="/workspace/rustup-home" "/workspace/cargo-home/bin/cargo" "+beta-2023-12-22" "fetch" "--manifest-path" "Cargo.toml", kill_on_drop: false }`
[INFO] running `Command { std: "docker" "create" "-v" "/var/lib/crater-agent-workspace/builds/worker-3-tc2/target:/opt/rustwide/target:rw,Z" "-v" "/var/lib/crater-agent-workspace/builds/worker-3-tc2/source:/opt/rustwide/workdir:ro,Z" "-v" "/var/lib/crater-agent-workspace/cargo-home:/opt/rustwide/cargo-home:ro,Z" "-v" "/var/lib/crater-agent-workspace/rustup-home:/opt/rustwide/rustup-home:ro,Z" "-e" "SOURCE_DIR=/opt/rustwide/workdir" "-e" "CARGO_TARGET_DIR=/opt/rustwide/target" "-e" "CARGO_HOME=/opt/rustwide/cargo-home" "-e" "RUSTUP_HOME=/opt/rustwide/rustup-home" "-w" "/opt/rustwide/workdir" "-m" "1610612736" "--user" "0:0" "--network" "none" "ghcr.io/rust-lang/crates-build-env/linux@sha256:2788e3201cd34a07e3172128adcd8b3090168a8e3bcc40d7c032b9dda1df7d1c" "/opt/rustwide/cargo-home/bin/cargo" "+beta-2023-12-22" "metadata" "--no-deps" "--format-version=1", kill_on_drop: false }`
[INFO] [stdout] 51d63ecca0858c5224874f28714c4707e7952da573475da0c6a267867c8710e9
[INFO] running `Command { std: "docker" "start" "-a" "51d63ecca0858c5224874f28714c4707e7952da573475da0c6a267867c8710e9", kill_on_drop: false }`
[INFO] running `Command { std: "docker" "inspect" "51d63ecca0858c5224874f28714c4707e7952da573475da0c6a267867c8710e9", kill_on_drop: false }`
[INFO] running `Command { std: "docker" "rm" "-f" "51d63ecca0858c5224874f28714c4707e7952da573475da0c6a267867c8710e9", kill_on_drop: false }`
[INFO] [stdout] 51d63ecca0858c5224874f28714c4707e7952da573475da0c6a267867c8710e9
[INFO] running `Command { std: "docker" "create" "-v" "/var/lib/crater-agent-workspace/builds/worker-3-tc2/target:/opt/rustwide/target:rw,Z" "-v" "/var/lib/crater-agent-workspace/builds/worker-3-tc2/source:/opt/rustwide/workdir:ro,Z" "-v" "/var/lib/crater-agent-workspace/cargo-home:/opt/rustwide/cargo-home:ro,Z" "-v" "/var/lib/crater-agent-workspace/rustup-home:/opt/rustwide/rustup-home:ro,Z" "-e" "SOURCE_DIR=/opt/rustwide/workdir" "-e" "CARGO_TARGET_DIR=/opt/rustwide/target" "-e" "CARGO_INCREMENTAL=0" "-e" "RUST_BACKTRACE=full" "-e" "RUSTFLAGS=--cap-lints=warn" "-e" "RUSTDOCFLAGS=--cap-lints=warn" "-e" "CARGO_HOME=/opt/rustwide/cargo-home" "-e" "RUSTUP_HOME=/opt/rustwide/rustup-home" "-w" "/opt/rustwide/workdir" "-m" "1610612736" "--user" "0:0" "--network" "none" "ghcr.io/rust-lang/crates-build-env/linux@sha256:2788e3201cd34a07e3172128adcd8b3090168a8e3bcc40d7c032b9dda1df7d1c" "/opt/rustwide/cargo-home/bin/cargo" "+beta-2023-12-22" "build" "--frozen" "--message-format=json", kill_on_drop: false }`
[INFO] [stdout] 42ddda805a9d0cd4be3043b2e435dd47189333bdb7d1881ea6072825fbd15d44
[INFO] running `Command { std: "docker" "start" "-a" "42ddda805a9d0cd4be3043b2e435dd47189333bdb7d1881ea6072825fbd15d44", kill_on_drop: false }`
[INFO] [stderr]    Compiling proc-macro2 v1.0.75
[INFO] [stderr]    Compiling unicode-ident v1.0.12
[INFO] [stderr]    Compiling cfg-if v1.0.0
[INFO] [stderr]    Compiling once_cell v1.19.0
[INFO] [stderr]    Compiling libc v0.2.151
[INFO] [stderr]    Compiling serde v1.0.194
[INFO] [stderr]    Compiling memchr v2.7.1
[INFO] [stderr]    Compiling parking_lot_core v0.9.9
[INFO] [stderr]    Compiling pin-project-lite v0.2.13
[INFO] [stderr]    Compiling scopeguard v1.2.0
[INFO] [stderr]    Compiling futures-sink v0.3.30
[INFO] [stderr]    Compiling futures-core v0.3.30
[INFO] [stderr]    Compiling thiserror v1.0.56
[INFO] [stderr]    Compiling wasm-bindgen-shared v0.2.89
[INFO] [stderr]    Compiling lock_api v0.4.11
[INFO] [stderr]    Compiling slab v0.4.9
[INFO] [stderr]    Compiling log v0.4.20
[INFO] [stderr]    Compiling itoa v1.0.10
[INFO] [stderr]    Compiling fnv v1.0.7
[INFO] [stderr]    Compiling futures-channel v0.3.30
[INFO] [stderr]    Compiling ahash v0.8.7
[INFO] [stderr]    Compiling futures-task v0.3.30
[INFO] [stderr]    Compiling futures-io v0.3.30
[INFO] [stderr]    Compiling pin-utils v0.1.0
[INFO] [stderr]    Compiling proc-macro-error v1.0.4
[INFO] [stderr]    Compiling equivalent v1.0.1
[INFO] [stderr]    Compiling smallvec v1.11.2
[INFO] [stderr]    Compiling zerocopy v0.7.32
[INFO] [stderr]    Compiling bumpalo v3.14.0
[INFO] [stderr]    Compiling bytes v1.5.0
[INFO] [stderr]    Compiling allocator-api2 v0.2.16
[INFO] [stderr]    Compiling tracing-core v0.1.32
[INFO] [stderr]    Compiling wasm-bindgen v0.2.89
[INFO] [stderr]    Compiling proc-macro2-diagnostics v0.10.1
[INFO] [stderr]    Compiling percent-encoding v2.3.1
[INFO] [stderr]    Compiling ryu v1.0.16
[INFO] [stderr]    Compiling serde_json v1.0.111
[INFO] [stderr]    Compiling tinyvec_macros v0.1.1
[INFO] [stderr]    Compiling unicode-xid v0.2.4
[INFO] [stderr]    Compiling httparse v1.8.0
[INFO] [stderr]    Compiling tower-service v0.3.2
[INFO] [stderr]    Compiling yansi v1.0.0-rc.1
[INFO] [stderr]    Compiling tinyvec v1.6.0
[INFO] [stderr]    Compiling try-lock v0.2.5
[INFO] [stderr]    Compiling form_urlencoded v1.2.1
[INFO] [stderr]    Compiling hashbrown v0.14.3
[INFO] [stderr]    Compiling httpdate v1.0.3
[INFO] [stderr]    Compiling want v0.3.1
[INFO] [stderr]    Compiling unicode-bidi v0.3.14
[INFO] [stderr]    Compiling quote v1.0.35
[INFO] [stderr]    Compiling anyhow v1.0.79
[INFO] [stderr]    Compiling http v0.2.11
[INFO] [stderr]    Compiling mime v0.3.17
[INFO] [stderr]    Compiling async-trait v0.1.77
[INFO] [stderr]    Compiling camino v1.1.6
[INFO] [stderr]    Compiling syn v2.0.48
[INFO] [stderr]    Compiling mio v0.8.10
[INFO] [stderr]    Compiling socket2 v0.5.5
[INFO] [stderr]    Compiling signal-hook-registry v1.4.1
[INFO] [stderr]    Compiling num_cpus v1.16.0
[INFO] [stderr]    Compiling proc-macro-utils v0.8.0
[INFO] [stderr]    Compiling xxhash-rust v0.8.8
[INFO] [stderr]    Compiling parking_lot v0.12.1
[INFO] [stderr]    Compiling slotmap v1.0.7
[INFO] [stderr]    Compiling unicode-normalization v0.1.22
[INFO] [stderr]    Compiling paste v1.0.14
[INFO] [stderr]    Compiling half v1.8.2
[INFO] [stderr]    Compiling same-file v1.0.6
[INFO] [stderr]    Compiling http-body v0.4.6
[INFO] [stderr]    Compiling lazy_static v1.4.0
[INFO] [stderr]    Compiling indexmap v2.1.0
[INFO] [stderr]    Compiling either v1.9.0
[INFO] [stderr]    Compiling ciborium-io v0.2.1
[INFO] [stderr]    Compiling base64 v0.21.5
[INFO] [stderr]    Compiling proc-macro-error-attr v1.0.4
[INFO] [stderr]    Compiling const_format_proc_macros v0.2.32
[INFO] [stderr]    Compiling manyhow-macros v0.8.1
[INFO] [stderr]    Compiling ciborium-ll v0.2.1
[INFO] [stderr]    Compiling walkdir v2.4.0
[INFO] [stderr]    Compiling encoding_rs v0.8.33
[INFO] [stderr]    Compiling idna v0.5.0
[INFO] [stderr]    Compiling prettyplease v0.2.16
[INFO] [stderr]    Compiling rustversion v1.0.14
[INFO] [stderr]    Compiling ipnet v2.9.0
[INFO] [stderr]    Compiling syn v1.0.109
[INFO] [stderr]    Compiling collection_literals v1.0.1
[INFO] [stderr]    Compiling utf8-width v0.1.7
[INFO] [stderr]    Compiling interpolator v0.5.0
[INFO] [stderr]    Compiling url v2.5.0
[INFO] [stderr]    Compiling html-escape v0.2.13
[INFO] [stderr]    Compiling getrandom v0.2.11
[INFO] [stderr]    Compiling aho-corasick v1.1.2
[INFO] [stderr]    Compiling unicode-segmentation v1.10.1
[INFO] [stderr]    Compiling rustc-hash v1.1.0
[INFO] [stderr]    Compiling self_cell v1.0.3
[INFO] [stderr]    Compiling regex-syntax v0.8.2
[INFO] [stderr]    Compiling inventory v0.3.14
[INFO] [stderr]    Compiling minimal-lexical v0.2.1
[INFO] [stderr]    Compiling uuid v1.6.1
[INFO] [stderr]    Compiling convert_case v0.6.0
[INFO] [stderr]    Compiling nom v7.1.3
[INFO] [stderr]    Compiling const_format v0.2.32
[INFO] [stderr]    Compiling itertools v0.11.0
[INFO] [stderr]    Compiling strsim v0.10.0
[INFO] [stderr]    Compiling pathdiff v0.2.1
[INFO] [stderr]    Compiling ident_case v1.0.1
[INFO] [stderr]    Compiling itertools v0.10.5
[INFO] [stderr]    Compiling drain_filter_polyfill v0.1.3
[INFO] [stderr]    Compiling pad-adapter v0.1.1
[INFO] [stderr]    Compiling tower-layer v0.3.2
[INFO] [stderr]    Compiling instant v0.1.12
[INFO] [stderr]    Compiling heck v0.4.1
[INFO] [stderr]    Compiling cached_proc_macro_types v0.1.0
[INFO] [stderr]    Compiling hashbrown v0.13.2
[INFO] [stderr]    Compiling lru v0.11.1
[INFO] [stderr]    Compiling sync_wrapper v0.1.2
[INFO] [stderr]    Compiling matchit v0.7.3
[INFO] [stderr]    Compiling axum-core v0.3.4
[INFO] [stderr]    Compiling axum v0.6.20
[INFO] [stderr]    Compiling wasm-bindgen-backend v0.2.89
[INFO] [stderr]    Compiling manyhow v0.8.1
[INFO] [stderr]    Compiling regex-automata v0.4.3
[INFO] [stderr]    Compiling wasm-bindgen-macro-support v0.2.89
[INFO] [stderr]    Compiling serde_derive v1.0.194
[INFO] [stderr]    Compiling futures-macro v0.3.30
[INFO] [stderr]    Compiling thiserror-impl v1.0.56
[INFO] [stderr]    Compiling tracing-attributes v0.1.27
[INFO] [stderr]    Compiling tokio-macros v2.2.0
[INFO] [stderr]    Compiling pin-project-internal v1.1.3
[INFO] [stderr]    Compiling derive-where v1.2.7
[INFO] [stderr]    Compiling syn_derive v0.1.8
[INFO] [stderr]    Compiling typed-builder-macro v0.18.0
[INFO] [stderr]    Compiling darling_core v0.14.4
[INFO] [stderr]    Compiling async-recursion v1.0.5
[INFO] [stderr]    Compiling tokio v1.35.1
[INFO] [stderr]    Compiling wasm-bindgen-macro v0.2.89
[INFO] [stderr]    Compiling futures-util v0.3.30
[INFO] [stderr]    Compiling axum-macros v0.3.8
[INFO] [stderr]    Compiling rstml v0.11.2
[INFO] [stderr]    Compiling pin-project v1.1.3
[INFO] [stderr]    Compiling regex v1.10.2
[INFO] [stderr]    Compiling tracing v0.1.40
[INFO] [stderr]    Compiling js-sys v0.3.66
[INFO] [stderr]    Compiling quote-use-macros v0.7.2
[INFO] [stderr]    Compiling typed-builder v0.18.0
[INFO] [stderr]    Compiling darling_macro v0.14.4
[INFO] [stderr]    Compiling quote-use v0.7.2
[INFO] [stderr]    Compiling attribute-derive-macro v0.8.1
[INFO] [stderr]    Compiling darling v0.14.4
[INFO] [stderr]    Compiling cached_proc_macro v0.18.1
[INFO] [stderr]    Compiling futures-executor v0.3.30
[INFO] [stderr]    Compiling tower v0.4.13
[INFO] [stderr]    Compiling futures v0.3.30
[INFO] [stderr]    Compiling attribute-derive v0.8.1
[INFO] [stderr]    Compiling cached v0.45.1
[INFO] [stderr]    Compiling tokio-util v0.7.10
[INFO] [stderr]    Compiling h2 v0.3.22
[INFO] [stderr]    Compiling web-sys v0.3.66
[INFO] [stderr]    Compiling wasm-bindgen-futures v0.4.39
[INFO] [stderr]    Compiling serde_urlencoded v0.7.1
[INFO] [stderr]    Compiling serde_qs v0.12.0
[INFO] [stderr]    Compiling serde-wasm-bindgen v0.5.0
[INFO] [stderr]    Compiling ciborium v0.2.1
[INFO] [stderr]    Compiling toml v0.5.11
[INFO] [stderr]    Compiling leptos_hot_reload v0.5.4
[INFO] [stderr]    Compiling serde_test v1.0.176
[INFO] [stderr]    Compiling server_fn_macro v0.5.4
[INFO] [stderr]    Compiling linear-map v1.2.0
[INFO] [stderr]    Compiling leptos_reactive v0.5.4
[INFO] [stderr]    Compiling server_fn_macro_default v0.5.4
[INFO] [stderr]    Compiling config v0.13.4
[INFO] [stderr]    Compiling leptos_macro v0.5.4
[INFO] [stderr]    Compiling leptos_config v0.5.4
[INFO] [stderr]    Compiling hyper v0.14.28
[INFO] [stderr]    Compiling reqwest v0.11.23
[INFO] [stderr]    Compiling server_fn v0.5.4
[INFO] [stderr]    Compiling leptos_server v0.5.4
[INFO] [stderr]    Compiling leptos_dom v0.5.4
[INFO] [stderr]    Compiling gloo-utils v0.1.7
[INFO] [stderr]    Compiling gloo-net v0.2.6
[INFO] [stderr]    Compiling leptos v0.5.4
[INFO] [stderr]    Compiling leptos_meta v0.5.4
[INFO] [stderr]    Compiling leptos_integration_utils v0.5.4
[INFO] [stderr]    Compiling leptos_router v0.5.4
[INFO] [stderr]    Compiling leptos_axum v0.5.4 (/opt/rustwide/workdir)
[INFO] [stderr]     Finished dev [unoptimized + debuginfo] target(s) in 44.22s
[INFO] running `Command { std: "docker" "inspect" "42ddda805a9d0cd4be3043b2e435dd47189333bdb7d1881ea6072825fbd15d44", kill_on_drop: false }`
[INFO] running `Command { std: "docker" "rm" "-f" "42ddda805a9d0cd4be3043b2e435dd47189333bdb7d1881ea6072825fbd15d44", kill_on_drop: false }`
[INFO] [stdout] 42ddda805a9d0cd4be3043b2e435dd47189333bdb7d1881ea6072825fbd15d44
[INFO] running `Command { std: "docker" "create" "-v" "/var/lib/crater-agent-workspace/builds/worker-3-tc2/target:/opt/rustwide/target:rw,Z" "-v" "/var/lib/crater-agent-workspace/builds/worker-3-tc2/source:/opt/rustwide/workdir:ro,Z" "-v" "/var/lib/crater-agent-workspace/cargo-home:/opt/rustwide/cargo-home:ro,Z" "-v" "/var/lib/crater-agent-workspace/rustup-home:/opt/rustwide/rustup-home:ro,Z" "-e" "SOURCE_DIR=/opt/rustwide/workdir" "-e" "CARGO_TARGET_DIR=/opt/rustwide/target" "-e" "CARGO_INCREMENTAL=0" "-e" "RUST_BACKTRACE=full" "-e" "RUSTFLAGS=--cap-lints=warn" "-e" "RUSTDOCFLAGS=--cap-lints=warn" "-e" "CARGO_HOME=/opt/rustwide/cargo-home" "-e" "RUSTUP_HOME=/opt/rustwide/rustup-home" "-w" "/opt/rustwide/workdir" "-m" "1610612736" "--user" "0:0" "--network" "none" "ghcr.io/rust-lang/crates-build-env/linux@sha256:2788e3201cd34a07e3172128adcd8b3090168a8e3bcc40d7c032b9dda1df7d1c" "/opt/rustwide/cargo-home/bin/cargo" "+beta-2023-12-22" "test" "--frozen" "--no-run" "--message-format=json", kill_on_drop: false }`
[INFO] [stdout] b7b0ce9a0a82f442773505d429034d819c770279bd458d4dffef19cfdd07d310
[INFO] running `Command { std: "docker" "start" "-a" "b7b0ce9a0a82f442773505d429034d819c770279bd458d4dffef19cfdd07d310", kill_on_drop: false }`
[INFO] [stderr]    Compiling leptos_axum v0.5.4 (/opt/rustwide/workdir)
[INFO] [stderr]     Finished test [unoptimized + debuginfo] target(s) in 2.60s
[INFO] running `Command { std: "docker" "inspect" "b7b0ce9a0a82f442773505d429034d819c770279bd458d4dffef19cfdd07d310", kill_on_drop: false }`
[INFO] running `Command { std: "docker" "rm" "-f" "b7b0ce9a0a82f442773505d429034d819c770279bd458d4dffef19cfdd07d310", kill_on_drop: false }`
[INFO] [stdout] b7b0ce9a0a82f442773505d429034d819c770279bd458d4dffef19cfdd07d310
[INFO] running `Command { std: "docker" "create" "-v" "/var/lib/crater-agent-workspace/builds/worker-3-tc2/target:/opt/rustwide/target:rw,Z" "-v" "/var/lib/crater-agent-workspace/builds/worker-3-tc2/source:/opt/rustwide/workdir:ro,Z" "-v" "/var/lib/crater-agent-workspace/cargo-home:/opt/rustwide/cargo-home:ro,Z" "-v" "/var/lib/crater-agent-workspace/rustup-home:/opt/rustwide/rustup-home:ro,Z" "-e" "SOURCE_DIR=/opt/rustwide/workdir" "-e" "CARGO_TARGET_DIR=/opt/rustwide/target" "-e" "CARGO_INCREMENTAL=0" "-e" "RUST_BACKTRACE=full" "-e" "RUSTFLAGS=--cap-lints=warn" "-e" "RUSTDOCFLAGS=--cap-lints=warn" "-e" "CARGO_HOME=/opt/rustwide/cargo-home" "-e" "RUSTUP_HOME=/opt/rustwide/rustup-home" "-w" "/opt/rustwide/workdir" "-m" "1610612736" "--user" "0:0" "--network" "none" "ghcr.io/rust-lang/crates-build-env/linux@sha256:2788e3201cd34a07e3172128adcd8b3090168a8e3bcc40d7c032b9dda1df7d1c" "/opt/rustwide/cargo-home/bin/cargo" "+beta-2023-12-22" "test" "--frozen", kill_on_drop: false }`
[INFO] [stdout] eae8e8e10ad574f0aef00dd806a5df39d5f6881850129a01956337da10634eb6
[INFO] running `Command { std: "docker" "start" "-a" "eae8e8e10ad574f0aef00dd806a5df39d5f6881850129a01956337da10634eb6", kill_on_drop: false }`
[INFO] [stderr]     Finished test [unoptimized + debuginfo] target(s) in 0.14s
[INFO] [stderr]      Running unittests src/lib.rs (/opt/rustwide/target/debug/deps/leptos_axum-c17a2032018b22ea)
[INFO] [stdout] 
[INFO] [stdout] running 0 tests
[INFO] [stdout] 
[INFO] [stdout] test result: ok. 0 passed; 0 failed; 0 ignored; 0 measured; 0 filtered out; finished in 0.00s
[INFO] [stdout] 
[INFO] [stderr]    Doc-tests leptos_axum
[INFO] [stdout] 
[INFO] [stdout] running 11 tests
[INFO] [stdout] test src/lib.rs - extract (line 1860) ... ignored
[INFO] [stdout] test src/lib.rs - extract_with_state (line 1927) ... ignored
[INFO] [stdout] test src/lib.rs - extractor (line 1896) ... ignored
[INFO] [stdout] test src/lib.rs - render_app_async_stream_with_context (line 1052) ... ignored
[INFO] [stdout] test src/lib.rs - render_app_async_with_context (line 1188) ... ignored
[INFO] [stdout] test src/lib.rs - render_app_to_stream_in_order_with_context (line 874) ... ignored
[INFO] [stdout] test src/lib.rs - render_app_to_stream_with_context (line 588) ... ignored
[INFO] [stdout] test src/lib.rs - handle_server_fns (line 183) ... FAILED
[INFO] [stdout] test src/lib.rs - render_app_to_stream (line 419) ... FAILED
[INFO] [stdout] test src/lib.rs - render_app_async (line 988) ... FAILED
[INFO] [stdout] test src/lib.rs - render_app_to_stream_in_order (line 519) ... FAILED
[INFO] [stdout] 
[INFO] [stdout] failures:
[INFO] [stdout] 
[INFO] [stdout] ---- src/lib.rs - handle_server_fns (line 183) stdout ----
[INFO] [stdout] error[E0433]: failed to resolve: could not find `Server` in `axum`
[INFO] [stdout]   --> src/lib.rs:201:11
[INFO] [stdout]    |
[INFO] [stdout] 21 |     axum::Server::bind(&addr)
[INFO] [stdout]    |           ^^^^^^ could not find `Server` in `axum`
[INFO] [stdout] 
[INFO] [stdout] error: aborting due to 1 previous error
[INFO] [stdout] 
[INFO] [stdout] For more information about this error, try `rustc --explain E0433`.
[INFO] [stdout] Couldn't compile the test.
[INFO] [stdout] ---- src/lib.rs - render_app_to_stream (line 419) stdout ----
[INFO] [stdout] error[E0433]: failed to resolve: could not find `Server` in `axum`
[INFO] [stdout]   --> src/lib.rs:447:11
[INFO] [stdout]    |
[INFO] [stdout] 31 |     axum::Server::bind(&addr)
[INFO] [stdout]    |           ^^^^^^ could not find `Server` in `axum`
[INFO] [stdout] 
[INFO] [stdout] error: aborting due to 1 previous error
[INFO] [stdout] 
[INFO] [stdout] For more information about this error, try `rustc --explain E0433`.
[INFO] [stdout] Couldn't compile the test.
[INFO] [stdout] ---- src/lib.rs - render_app_async (line 988) stdout ----
[INFO] [stdout] error[E0433]: failed to resolve: could not find `Server` in `axum`
[INFO] [stdout]   --> src/lib.rs:1016:11
[INFO] [stdout]    |
[INFO] [stdout] 31 |     axum::Server::bind(&addr)
[INFO] [stdout]    |           ^^^^^^ could not find `Server` in `axum`
[INFO] [stdout] 
[INFO] [stdout] error: aborting due to 1 previous error
[INFO] [stdout] 
[INFO] [stdout] For more information about this error, try `rustc --explain E0433`.
[INFO] [stdout] Couldn't compile the test.
[INFO] [stdout] ---- src/lib.rs - render_app_to_stream_in_order (line 519) stdout ----
[INFO] [stdout] error[E0433]: failed to resolve: could not find `Server` in `axum`
[INFO] [stdout]   --> src/lib.rs:548:11
[INFO] [stdout]    |
[INFO] [stdout] 32 |     axum::Server::bind(&addr)
[INFO] [stdout]    |           ^^^^^^ could not find `Server` in `axum`
[INFO] [stdout] 
[INFO] [stdout] error: aborting due to 1 previous error
[INFO] [stdout] 
[INFO] [stdout] For more information about this error, try `rustc --explain E0433`.
[INFO] [stdout] Couldn't compile the test.
[INFO] [stdout] 
[INFO] [stdout] failures:
[INFO] [stdout]     src/lib.rs - handle_server_fns (line 183)
[INFO] [stdout]     src/lib.rs - render_app_async (line 988)
[INFO] [stdout]     src/lib.rs - render_app_to_stream (line 419)
[INFO] [stdout]     src/lib.rs - render_app_to_stream_in_order (line 519)
[INFO] [stdout] 
[INFO] [stdout] test result: FAILED. 0 passed; 4 failed; 7 ignored; 0 measured; 0 filtered out; finished in 0.15s
[INFO] [stdout] 
[INFO] [stderr] error: doctest failed, to rerun pass `--doc`
[INFO] running `Command { std: "docker" "inspect" "eae8e8e10ad574f0aef00dd806a5df39d5f6881850129a01956337da10634eb6", kill_on_drop: false }`
[INFO] running `Command { std: "docker" "rm" "-f" "eae8e8e10ad574f0aef00dd806a5df39d5f6881850129a01956337da10634eb6", kill_on_drop: false }`
[INFO] [stdout] eae8e8e10ad574f0aef00dd806a5df39d5f6881850129a01956337da10634eb6
