[INFO] fetching crate lemonmath 0.1.4...
[INFO] testing lemonmath-0.1.4 against 1.75.0 for beta-1.76-1
[INFO] extracting crate lemonmath 0.1.4 into /workspace/builds/worker-1-tc1/source
[INFO] validating manifest of crates.io crate lemonmath 0.1.4 on toolchain 1.75.0
[INFO] running `Command { std: CARGO_HOME="/workspace/cargo-home" RUSTUP_HOME="/workspace/rustup-home" "/workspace/cargo-home/bin/cargo" "+1.75.0" "metadata" "--manifest-path" "Cargo.toml" "--no-deps", kill_on_drop: false }`
[INFO] started tweaking crates.io crate lemonmath 0.1.4
[INFO] finished tweaking crates.io crate lemonmath 0.1.4
[INFO] tweaked toml for crates.io crate lemonmath 0.1.4 written to /workspace/builds/worker-1-tc1/source/Cargo.toml
[INFO] running `Command { std: CARGO_HOME="/workspace/cargo-home" RUSTUP_HOME="/workspace/rustup-home" "/workspace/cargo-home/bin/cargo" "+1.75.0" "generate-lockfile" "--manifest-path" "Cargo.toml", kill_on_drop: false }`
[INFO] running `Command { std: CARGO_HOME="/workspace/cargo-home" RUSTUP_HOME="/workspace/rustup-home" "/workspace/cargo-home/bin/cargo" "+1.75.0" "fetch" "--manifest-path" "Cargo.toml", kill_on_drop: false }`
[INFO] running `Command { std: "docker" "create" "-v" "/var/lib/crater-agent-workspace/builds/worker-1-tc1/target:/opt/rustwide/target:rw,Z" "-v" "/var/lib/crater-agent-workspace/builds/worker-1-tc1/source:/opt/rustwide/workdir:ro,Z" "-v" "/var/lib/crater-agent-workspace/cargo-home:/opt/rustwide/cargo-home:ro,Z" "-v" "/var/lib/crater-agent-workspace/rustup-home:/opt/rustwide/rustup-home:ro,Z" "-e" "SOURCE_DIR=/opt/rustwide/workdir" "-e" "CARGO_TARGET_DIR=/opt/rustwide/target" "-e" "CARGO_HOME=/opt/rustwide/cargo-home" "-e" "RUSTUP_HOME=/opt/rustwide/rustup-home" "-w" "/opt/rustwide/workdir" "-m" "1610612736" "--user" "0:0" "--network" "none" "ghcr.io/rust-lang/crates-build-env/linux@sha256:2788e3201cd34a07e3172128adcd8b3090168a8e3bcc40d7c032b9dda1df7d1c" "/opt/rustwide/cargo-home/bin/cargo" "+1.75.0" "metadata" "--no-deps" "--format-version=1", kill_on_drop: false }`
[INFO] [stdout] 4e570dcf27d0737b19eed60a89fd083be251957a5a4c7140936bd7aed5301e86
[INFO] running `Command { std: "docker" "start" "-a" "4e570dcf27d0737b19eed60a89fd083be251957a5a4c7140936bd7aed5301e86", kill_on_drop: false }`
[INFO] running `Command { std: "docker" "inspect" "4e570dcf27d0737b19eed60a89fd083be251957a5a4c7140936bd7aed5301e86", kill_on_drop: false }`
[INFO] running `Command { std: "docker" "rm" "-f" "4e570dcf27d0737b19eed60a89fd083be251957a5a4c7140936bd7aed5301e86", kill_on_drop: false }`
[INFO] [stdout] 4e570dcf27d0737b19eed60a89fd083be251957a5a4c7140936bd7aed5301e86
[INFO] running `Command { std: "docker" "create" "-v" "/var/lib/crater-agent-workspace/builds/worker-1-tc1/target:/opt/rustwide/target:rw,Z" "-v" "/var/lib/crater-agent-workspace/builds/worker-1-tc1/source:/opt/rustwide/workdir:ro,Z" "-v" "/var/lib/crater-agent-workspace/cargo-home:/opt/rustwide/cargo-home:ro,Z" "-v" "/var/lib/crater-agent-workspace/rustup-home:/opt/rustwide/rustup-home:ro,Z" "-e" "SOURCE_DIR=/opt/rustwide/workdir" "-e" "CARGO_TARGET_DIR=/opt/rustwide/target" "-e" "CARGO_INCREMENTAL=0" "-e" "RUST_BACKTRACE=full" "-e" "RUSTFLAGS=--cap-lints=warn" "-e" "RUSTDOCFLAGS=--cap-lints=warn" "-e" "CARGO_HOME=/opt/rustwide/cargo-home" "-e" "RUSTUP_HOME=/opt/rustwide/rustup-home" "-w" "/opt/rustwide/workdir" "-m" "1610612736" "--user" "0:0" "--network" "none" "ghcr.io/rust-lang/crates-build-env/linux@sha256:2788e3201cd34a07e3172128adcd8b3090168a8e3bcc40d7c032b9dda1df7d1c" "/opt/rustwide/cargo-home/bin/cargo" "+1.75.0" "build" "--frozen" "--message-format=json", kill_on_drop: false }`
[INFO] [stdout] 1b3af2e0fe479640ed75ccbc37a6a164441af0d13053fedf34ecc645eb49217e
[INFO] running `Command { std: "docker" "start" "-a" "1b3af2e0fe479640ed75ccbc37a6a164441af0d13053fedf34ecc645eb49217e", kill_on_drop: false }`
[INFO] [stderr]    Compiling lemonmath v0.1.4 (/opt/rustwide/workdir)
[INFO] [stderr]     Finished dev [unoptimized + debuginfo] target(s) in 0.18s
[INFO] running `Command { std: "docker" "inspect" "1b3af2e0fe479640ed75ccbc37a6a164441af0d13053fedf34ecc645eb49217e", kill_on_drop: false }`
[INFO] running `Command { std: "docker" "rm" "-f" "1b3af2e0fe479640ed75ccbc37a6a164441af0d13053fedf34ecc645eb49217e", kill_on_drop: false }`
[INFO] [stdout] 1b3af2e0fe479640ed75ccbc37a6a164441af0d13053fedf34ecc645eb49217e
[INFO] running `Command { std: "docker" "create" "-v" "/var/lib/crater-agent-workspace/builds/worker-1-tc1/target:/opt/rustwide/target:rw,Z" "-v" "/var/lib/crater-agent-workspace/builds/worker-1-tc1/source:/opt/rustwide/workdir:ro,Z" "-v" "/var/lib/crater-agent-workspace/cargo-home:/opt/rustwide/cargo-home:ro,Z" "-v" "/var/lib/crater-agent-workspace/rustup-home:/opt/rustwide/rustup-home:ro,Z" "-e" "SOURCE_DIR=/opt/rustwide/workdir" "-e" "CARGO_TARGET_DIR=/opt/rustwide/target" "-e" "CARGO_INCREMENTAL=0" "-e" "RUST_BACKTRACE=full" "-e" "RUSTFLAGS=--cap-lints=warn" "-e" "RUSTDOCFLAGS=--cap-lints=warn" "-e" "CARGO_HOME=/opt/rustwide/cargo-home" "-e" "RUSTUP_HOME=/opt/rustwide/rustup-home" "-w" "/opt/rustwide/workdir" "-m" "1610612736" "--user" "0:0" "--network" "none" "ghcr.io/rust-lang/crates-build-env/linux@sha256:2788e3201cd34a07e3172128adcd8b3090168a8e3bcc40d7c032b9dda1df7d1c" "/opt/rustwide/cargo-home/bin/cargo" "+1.75.0" "test" "--frozen" "--no-run" "--message-format=json", kill_on_drop: false }`
[INFO] [stdout] ba55cf9c98657b0144064958a8b54f28656a01040a3bb2fe89b736625338bf27
[INFO] running `Command { std: "docker" "start" "-a" "ba55cf9c98657b0144064958a8b54f28656a01040a3bb2fe89b736625338bf27", kill_on_drop: false }`
[INFO] [stderr]    Compiling lemonmath v0.1.4 (/opt/rustwide/workdir)
[INFO] [stdout] warning: unused variable: `y`
[INFO] [stdout]   --> src/fraction.rs:63:9
[INFO] [stdout]    |
[INFO] [stdout] 63 |     let y = Fraction::from_float(1.0);
[INFO] [stdout]    |         ^ help: if this is intentional, prefix it with an underscore: `_y`
[INFO] [stdout]    |
[INFO] [stdout]    = note: `#[warn(unused_variables)]` on by default
[INFO] [stdout] 
[INFO] [stdout] 
[INFO] [stdout] warning: 1 warning emitted
[INFO] [stdout] 
[INFO] [stdout] 
[INFO] [stderr]     Finished test [unoptimized + debuginfo] target(s) in 0.32s
[INFO] running `Command { std: "docker" "inspect" "ba55cf9c98657b0144064958a8b54f28656a01040a3bb2fe89b736625338bf27", kill_on_drop: false }`
[INFO] running `Command { std: "docker" "rm" "-f" "ba55cf9c98657b0144064958a8b54f28656a01040a3bb2fe89b736625338bf27", kill_on_drop: false }`
[INFO] [stdout] ba55cf9c98657b0144064958a8b54f28656a01040a3bb2fe89b736625338bf27
[INFO] running `Command { std: "docker" "create" "-v" "/var/lib/crater-agent-workspace/builds/worker-1-tc1/target:/opt/rustwide/target:rw,Z" "-v" "/var/lib/crater-agent-workspace/builds/worker-1-tc1/source:/opt/rustwide/workdir:ro,Z" "-v" "/var/lib/crater-agent-workspace/cargo-home:/opt/rustwide/cargo-home:ro,Z" "-v" "/var/lib/crater-agent-workspace/rustup-home:/opt/rustwide/rustup-home:ro,Z" "-e" "SOURCE_DIR=/opt/rustwide/workdir" "-e" "CARGO_TARGET_DIR=/opt/rustwide/target" "-e" "CARGO_INCREMENTAL=0" "-e" "RUST_BACKTRACE=full" "-e" "RUSTFLAGS=--cap-lints=warn" "-e" "RUSTDOCFLAGS=--cap-lints=warn" "-e" "CARGO_HOME=/opt/rustwide/cargo-home" "-e" "RUSTUP_HOME=/opt/rustwide/rustup-home" "-w" "/opt/rustwide/workdir" "-m" "1610612736" "--user" "0:0" "--network" "none" "ghcr.io/rust-lang/crates-build-env/linux@sha256:2788e3201cd34a07e3172128adcd8b3090168a8e3bcc40d7c032b9dda1df7d1c" "/opt/rustwide/cargo-home/bin/cargo" "+1.75.0" "test" "--frozen", kill_on_drop: false }`
[INFO] [stdout] e34337d2f50fcd7b488de9538a95f98eaf2ef49e7ec78171b3768104f1d16afa
[INFO] running `Command { std: "docker" "start" "-a" "e34337d2f50fcd7b488de9538a95f98eaf2ef49e7ec78171b3768104f1d16afa", kill_on_drop: false }`
[INFO] [stderr] warning: unused variable: `y`
[INFO] [stderr]   --> src/fraction.rs:63:9
[INFO] [stderr]    |
[INFO] [stderr] 63 |     let y = Fraction::from_float(1.0);
[INFO] [stderr]    |         ^ help: if this is intentional, prefix it with an underscore: `_y`
[INFO] [stderr]    |
[INFO] [stderr]    = note: `#[warn(unused_variables)]` on by default
[INFO] [stderr] 
[INFO] [stderr] warning: `lemonmath` (lib test) generated 1 warning (run `cargo fix --lib -p lemonmath --tests` to apply 1 suggestion)
[INFO] [stderr]     Finished test [unoptimized + debuginfo] target(s) in 0.03s
[INFO] [stderr]      Running unittests src/lib.rs (/opt/rustwide/target/debug/deps/lemonmath-68a00060db467111)
[INFO] [stdout] 
[INFO] [stdout] running 2 tests
[INFO] [stdout] test fraction::fraction_test ... ok
[INFO] [stdout] test vectors::vector_test ... ok
[INFO] [stdout] 
[INFO] [stdout] test result: ok. 2 passed; 0 failed; 0 ignored; 0 measured; 0 filtered out; finished in 0.00s
[INFO] [stdout] 
[INFO] [stderr]    Doc-tests lemonmath
[INFO] [stdout] 
[INFO] [stdout] running 29 tests
[INFO] [stdout] test src/fraction.rs - fraction (line 5) ... FAILED
[INFO] [stdout] test src/fraction.rs - fraction::Fraction::add (line 212) ... ok
[INFO] [stdout] test src/fraction.rs - fraction::Fraction::mul_number (line 139) ... ok
[INFO] [stdout] test src/fraction.rs - fraction::Fraction (line 70) ... ok
[INFO] [stdout] test src/fraction.rs - fraction::Fraction::default (line 378) ... ok
[INFO] [stdout] test src/fraction.rs - fraction::Fraction::from_float (line 103) ... ok
[INFO] [stdout] test src/fraction.rs - fraction::Fraction::div (line 269) ... ok
[INFO] [stdout] test src/fraction.rs - fraction::Fraction::div_number (line 158) ... ok
[INFO] [stdout] test src/fraction.rs - fraction::Fraction::fmt (line 286) ... ok
[INFO] [stdout] test src/fraction.rs - fraction::Fraction::mul (line 250) ... ok
[INFO] [stdout] test src/fraction.rs - fraction::Fraction::add_assign (line 306) ... ok
[INFO] [stdout] test src/fraction.rs - fraction::Fraction::reduce (line 186) ... ok
[INFO] [stdout] test src/fraction.rs - fraction::Fraction::add_number (line 120) ... ok
[INFO] [stdout] test src/fraction.rs - fraction::Fraction::div_assign (line 360) ... ok
[INFO] [stdout] test src/fraction.rs - fraction::Fraction::mul_assign (line 342) ... ok
[INFO] [stdout] test src/fraction.rs - fraction::Fraction::new (line 87) ... ok
[INFO] [stdout] test src/vectors.rs - vectors (line 5) ... FAILED
[INFO] [stdout] test src/fraction.rs - fraction::Fraction::sub (line 231) ... ok
[INFO] [stdout] test src/helper.rs - helper::BetterExponent (line 42) ... ok
[INFO] [stdout] test src/helper.rs - helper::VecToFraction (line 72) ... ok
[INFO] [stdout] test src/vectors.rs - vectors::Vector<T>::new (line 67) ... ok
[INFO] [stdout] test src/vectors.rs - vectors::Vector<T>::fmt (line 118) ... FAILED
[INFO] [stdout] test src/fraction.rs - fraction::Fraction::sub_number (line 172) ... ok
[INFO] [stdout] test src/fraction.rs - fraction::Fraction::sub_assign (line 324) ... ok
[INFO] [stdout] test src/vectors.rs - vectors::Vector<T>::transpose (line 99) ... ok
[INFO] [stdout] test src/helper.rs - helper::GCD (line 107) ... ok
[INFO] [stdout] test src/vectors.rs - vectors::Vector<T>::push (line 84) ... ok
[INFO] [stdout] test src/helper.rs - helper::GetDecimal (line 10) ... ok
[INFO] [stdout] test src/vectors.rs - vectors::Vector<T>::mul (line 165) ... ok
[INFO] [stdout] 
[INFO] [stdout] failures:
[INFO] [stdout] 
[INFO] [stdout] ---- src/fraction.rs - fraction (line 5) stdout ----
[INFO] [stdout] error: cannot find macro `aseert_eq` in this scope
[INFO] [stdout]   --> src/fraction.rs:16:1
[INFO] [stdout]    |
[INFO] [stdout] 14 | aseert_eq!(format!("{}", x), "1/2");
[INFO] [stdout]    | ^^^^^^^^^ help: a macro with a similar name exists: `assert_eq`
[INFO] [stdout]   --> /rustc/82e1608dfa6e0b5569232559e3d385fea5a93112/library/core/src/macros/mod.rs:36:1
[INFO] [stdout]    |
[INFO] [stdout]    = note: similarly named macro `assert_eq` defined here
[INFO] [stdout] 
[INFO] [stdout] error: aborting due to previous error
[INFO] [stdout] 
[INFO] [stdout] Couldn't compile the test.
[INFO] [stdout] ---- src/vectors.rs - vectors (line 5) stdout ----
[INFO] [stdout] error[E0277]: can't compare `{integer}` with `{float}`
[INFO] [stdout]   --> src/vectors.rs:12:1
[INFO] [stdout]    |
[INFO] [stdout] 10 | assert_eq!(x.content, vec![1.0, 2.0, 3.0, 4.0, 5.0]);
[INFO] [stdout]    | ^^^^^^^^^^^^^^^^^^^^^^^^^^^^^^^^^^^^^^^^^^^^^^^^^^^^ no implementation for `{integer} == {float}`
[INFO] [stdout]    |
[INFO] [stdout]    = help: the trait `PartialEq<{float}>` is not implemented for `{integer}`
[INFO] [stdout]    = help: the following other types implement trait `PartialEq<Rhs>`:
[INFO] [stdout]              isize
[INFO] [stdout]              i8
[INFO] [stdout]              i16
[INFO] [stdout]              i32
[INFO] [stdout]              i64
[INFO] [stdout]              i128
[INFO] [stdout]              usize
[INFO] [stdout]              u8
[INFO] [stdout]            and 6 others
[INFO] [stdout]    = note: required for `Vec<{integer}>` to implement `PartialEq<Vec<{float}>>`
[INFO] [stdout]    = note: this error originates in the macro `assert_eq` (in Nightly builds, run with -Z macro-backtrace for more info)
[INFO] [stdout] 
[INFO] [stdout] error: aborting due to previous error
[INFO] [stdout] 
[INFO] [stdout] For more information about this error, try `rustc --explain E0277`.
[INFO] [stdout] Couldn't compile the test.
[INFO] [stdout] ---- src/vectors.rs - vectors::Vector<T>::fmt (line 118) stdout ----
[INFO] [stdout] Test executable failed (exit status: 101).
[INFO] [stdout] 
[INFO] [stdout] stderr:
[INFO] [stdout] thread 'main' panicked at src/vectors.rs:9:1:
[INFO] [stdout] assertion `left == right` failed
[INFO] [stdout]   left: "⎡ 1 ⎤\n⎢ 2 ⎥\n⎢ 3 ⎥\n⎢ 4 ⎥\n⎣ 5 ⎦"
[INFO] [stdout]  right: "[ 1.0 2.0 3.0 4.0 5.0 ]"
[INFO] [stdout] stack backtrace:
[INFO] [stdout]    0:     0x5601f69d555c - std::backtrace_rs::backtrace::libunwind::trace::ha637c64ce894333a
[INFO] [stdout]                                at /rustc/82e1608dfa6e0b5569232559e3d385fea5a93112/library/std/src/../../backtrace/src/backtrace/libunwind.rs:104:5
[INFO] [stdout]    1:     0x5601f69d555c - std::backtrace_rs::backtrace::trace_unsynchronized::h47f62dea28e0c88d
[INFO] [stdout]                                at /rustc/82e1608dfa6e0b5569232559e3d385fea5a93112/library/std/src/../../backtrace/src/backtrace/mod.rs:66:5
[INFO] [stdout]    2:     0x5601f69d555c - std::sys_common::backtrace::_print_fmt::h9eef0abe20ede486
[INFO] [stdout]                                at /rustc/82e1608dfa6e0b5569232559e3d385fea5a93112/library/std/src/sys_common/backtrace.rs:67:5
[INFO] [stdout]    3:     0x5601f69d555c - <std::sys_common::backtrace::_print::DisplayBacktrace as core::fmt::Display>::fmt::hed7f999df88cc644
[INFO] [stdout]                                at /rustc/82e1608dfa6e0b5569232559e3d385fea5a93112/library/std/src/sys_common/backtrace.rs:44:22
[INFO] [stdout]    4:     0x5601f69f8b00 - core::fmt::rt::Argument::fmt::h1539a9308b8d058d
[INFO] [stdout]                                at /rustc/82e1608dfa6e0b5569232559e3d385fea5a93112/library/core/src/fmt/rt.rs:142:9
[INFO] [stdout]    5:     0x5601f69f8b00 - core::fmt::write::h3a39390d8560d9c9
[INFO] [stdout]                                at /rustc/82e1608dfa6e0b5569232559e3d385fea5a93112/library/core/src/fmt/mod.rs:1120:17
[INFO] [stdout]    6:     0x5601f69d3a0f - std::io::Write::write_fmt::h5fc9997dfe05f882
[INFO] [stdout]                                at /rustc/82e1608dfa6e0b5569232559e3d385fea5a93112/library/std/src/io/mod.rs:1762:15
[INFO] [stdout]    7:     0x5601f69d5344 - std::sys_common::backtrace::_print::h894006fb5c6f3d45
[INFO] [stdout]                                at /rustc/82e1608dfa6e0b5569232559e3d385fea5a93112/library/std/src/sys_common/backtrace.rs:47:5
[INFO] [stdout]    8:     0x5601f69d5344 - std::sys_common::backtrace::print::h23a2d212c6fff936
[INFO] [stdout]                                at /rustc/82e1608dfa6e0b5569232559e3d385fea5a93112/library/std/src/sys_common/backtrace.rs:34:9
[INFO] [stdout]    9:     0x5601f69d6857 - std::panicking::default_hook::{{closure}}::h8a1d2ee00185001a
[INFO] [stdout]   10:     0x5601f69d65bf - std::panicking::default_hook::h6038f2eba384e475
[INFO] [stdout]                                at /rustc/82e1608dfa6e0b5569232559e3d385fea5a93112/library/std/src/panicking.rs:292:9
[INFO] [stdout]   11:     0x5601f69d6cd8 - std::panicking::rust_panic_with_hook::h2b5517d590cab22e
[INFO] [stdout]                                at /rustc/82e1608dfa6e0b5569232559e3d385fea5a93112/library/std/src/panicking.rs:779:13
[INFO] [stdout]   12:     0x5601f69d6bbe - std::panicking::begin_panic_handler::{{closure}}::h233112c06e0ef43e
[INFO] [stdout]                                at /rustc/82e1608dfa6e0b5569232559e3d385fea5a93112/library/std/src/panicking.rs:657:13
[INFO] [stdout]   13:     0x5601f69d5a26 - std::sys_common::backtrace::__rust_end_short_backtrace::h6e893f24d7ebbff8
[INFO] [stdout]                                at /rustc/82e1608dfa6e0b5569232559e3d385fea5a93112/library/std/src/sys_common/backtrace.rs:170:18
[INFO] [stdout]   14:     0x5601f69d6922 - rust_begin_unwind
[INFO] [stdout]                                at /rustc/82e1608dfa6e0b5569232559e3d385fea5a93112/library/std/src/panicking.rs:645:5
[INFO] [stdout]   15:     0x5601f69b5e05 - core::panicking::panic_fmt::hbf0e066aabfa482c
[INFO] [stdout]                                at /rustc/82e1608dfa6e0b5569232559e3d385fea5a93112/library/core/src/panicking.rs:72:14
[INFO] [stdout]   16:     0x5601f69b621b - core::panicking::assert_failed_inner::h0bba8b7c26ee4492
[INFO] [stdout]   17:     0x5601f69b6dee - core::panicking::assert_failed::hb80e8d192177f4cc
[INFO] [stdout]   18:     0x5601f69b883b - rust_out::main::_doctest_main_src_vectors_rs_118_0::h78ad66d4ea5b5d17
[INFO] [stdout]   19:     0x5601f69b85e6 - rust_out::main::hc20c0d07e2402830
[INFO] [stdout]   20:     0x5601f69b6a33 - core::ops::function::FnOnce::call_once::hbc459743598298c4
[INFO] [stdout]   21:     0x5601f69b6846 - std::sys_common::backtrace::__rust_begin_short_backtrace::h62debe7d3058b76a
[INFO] [stdout]   22:     0x5601f69b6899 - std::rt::lang_start::{{closure}}::h8f486f3e1e6418b2
[INFO] [stdout]   23:     0x5601f69d1a57 - core::ops::function::impls::<impl core::ops::function::FnOnce<A> for &F>::call_once::hd95060ecd5e1ca24
[INFO] [stdout]                                at /rustc/82e1608dfa6e0b5569232559e3d385fea5a93112/library/core/src/ops/function.rs:284:13
[INFO] [stdout]   24:     0x5601f69d1a57 - std::panicking::try::do_call::h6e8cf51db32a6e4b
[INFO] [stdout]                                at /rustc/82e1608dfa6e0b5569232559e3d385fea5a93112/library/std/src/panicking.rs:552:40
[INFO] [stdout]   25:     0x5601f69d1a57 - std::panicking::try::h3a52eefe24fe3c29
[INFO] [stdout]                                at /rustc/82e1608dfa6e0b5569232559e3d385fea5a93112/library/std/src/panicking.rs:516:19
[INFO] [stdout]   26:     0x5601f69d1a57 - std::panic::catch_unwind::h24c28c23c02c3841
[INFO] [stdout]                                at /rustc/82e1608dfa6e0b5569232559e3d385fea5a93112/library/std/src/panic.rs:142:14
[INFO] [stdout]   27:     0x5601f69d1a57 - std::rt::lang_start_internal::{{closure}}::h705d3c9cbc06ef47
[INFO] [stdout]                                at /rustc/82e1608dfa6e0b5569232559e3d385fea5a93112/library/std/src/rt.rs:148:48
[INFO] [stdout]   28:     0x5601f69d1a57 - std::panicking::try::do_call::ha21f52ba13158470
[INFO] [stdout]                                at /rustc/82e1608dfa6e0b5569232559e3d385fea5a93112/library/std/src/panicking.rs:552:40
[INFO] [stdout]   29:     0x5601f69d1a57 - std::panicking::try::h5581346bf6aeb1f8
[INFO] [stdout]                                at /rustc/82e1608dfa6e0b5569232559e3d385fea5a93112/library/std/src/panicking.rs:516:19
[INFO] [stdout]   30:     0x5601f69d1a57 - std::panic::catch_unwind::h7919645a6b72e25b
[INFO] [stdout]                                at /rustc/82e1608dfa6e0b5569232559e3d385fea5a93112/library/std/src/panic.rs:142:14
[INFO] [stdout]   31:     0x5601f69d1a57 - std::rt::lang_start_internal::h12de51168669836e
[INFO] [stdout]                                at /rustc/82e1608dfa6e0b5569232559e3d385fea5a93112/library/std/src/rt.rs:148:20
[INFO] [stdout]   32:     0x5601f69b6877 - std::rt::lang_start::h2c48f91a7bf85629
[INFO] [stdout]   33:     0x5601f69b8895 - main
[INFO] [stdout]   34:     0x7f27e04b6d90 - <unknown>
[INFO] [stdout]   35:     0x7f27e04b6e40 - __libc_start_main
[INFO] [stdout]   36:     0x5601f69b6655 - _start
[INFO] [stdout]   37:                0x0 - <unknown>
[INFO] [stdout] 
[INFO] [stdout] 
[INFO] [stdout] 
[INFO] [stdout] failures:
[INFO] [stdout]     src/fraction.rs - fraction (line 5)
[INFO] [stdout]     src/vectors.rs - vectors (line 5)
[INFO] [stdout]     src/vectors.rs - vectors::Vector<T>::fmt (line 118)
[INFO] [stdout] 
[INFO] [stdout] test result: FAILED. 26 passed; 3 failed; 0 ignored; 0 measured; 0 filtered out; finished in 0.59s
[INFO] [stdout] 
[INFO] [stderr] error: doctest failed, to rerun pass `--doc`
[INFO] running `Command { std: "docker" "inspect" "e34337d2f50fcd7b488de9538a95f98eaf2ef49e7ec78171b3768104f1d16afa", kill_on_drop: false }`
[INFO] running `Command { std: "docker" "rm" "-f" "e34337d2f50fcd7b488de9538a95f98eaf2ef49e7ec78171b3768104f1d16afa", kill_on_drop: false }`
[INFO] [stdout] e34337d2f50fcd7b488de9538a95f98eaf2ef49e7ec78171b3768104f1d16afa
