[INFO] fetching crate league-of-crates 0.3.4...
[INFO] testing league-of-crates-0.3.4 against 1.75.0 for beta-1.76-1
[INFO] extracting crate league-of-crates 0.3.4 into /workspace/builds/worker-4-tc1/source
[INFO] validating manifest of crates.io crate league-of-crates 0.3.4 on toolchain 1.75.0
[INFO] running `Command { std: CARGO_HOME="/workspace/cargo-home" RUSTUP_HOME="/workspace/rustup-home" "/workspace/cargo-home/bin/cargo" "+1.75.0" "metadata" "--manifest-path" "Cargo.toml" "--no-deps", kill_on_drop: false }`
[INFO] started tweaking crates.io crate league-of-crates 0.3.4
[INFO] finished tweaking crates.io crate league-of-crates 0.3.4
[INFO] tweaked toml for crates.io crate league-of-crates 0.3.4 written to /workspace/builds/worker-4-tc1/source/Cargo.toml
[INFO] running `Command { std: CARGO_HOME="/workspace/cargo-home" RUSTUP_HOME="/workspace/rustup-home" "/workspace/cargo-home/bin/cargo" "+1.75.0" "generate-lockfile" "--manifest-path" "Cargo.toml", kill_on_drop: false }`
[INFO] [stderr]     Updating crates.io index
[INFO] running `Command { std: CARGO_HOME="/workspace/cargo-home" RUSTUP_HOME="/workspace/rustup-home" "/workspace/cargo-home/bin/cargo" "+1.75.0" "fetch" "--manifest-path" "Cargo.toml", kill_on_drop: false }`
[INFO] [stderr]  Downloading crates ...
[INFO] [stderr]   Downloaded serde_json v1.0.109
[INFO] running `Command { std: "docker" "create" "-v" "/var/lib/crater-agent-workspace/builds/worker-4-tc1/target:/opt/rustwide/target:rw,Z" "-v" "/var/lib/crater-agent-workspace/builds/worker-4-tc1/source:/opt/rustwide/workdir:ro,Z" "-v" "/var/lib/crater-agent-workspace/cargo-home:/opt/rustwide/cargo-home:ro,Z" "-v" "/var/lib/crater-agent-workspace/rustup-home:/opt/rustwide/rustup-home:ro,Z" "-e" "SOURCE_DIR=/opt/rustwide/workdir" "-e" "CARGO_TARGET_DIR=/opt/rustwide/target" "-e" "CARGO_HOME=/opt/rustwide/cargo-home" "-e" "RUSTUP_HOME=/opt/rustwide/rustup-home" "-w" "/opt/rustwide/workdir" "-m" "1610612736" "--user" "0:0" "--network" "none" "ghcr.io/rust-lang/crates-build-env/linux@sha256:2788e3201cd34a07e3172128adcd8b3090168a8e3bcc40d7c032b9dda1df7d1c" "/opt/rustwide/cargo-home/bin/cargo" "+1.75.0" "metadata" "--no-deps" "--format-version=1", kill_on_drop: false }`
[INFO] [stdout] 4a66b47d706b9b49bd39b0cc19167809b43f0f1dbdd44d93de547b399ef6845e
[INFO] running `Command { std: "docker" "start" "-a" "4a66b47d706b9b49bd39b0cc19167809b43f0f1dbdd44d93de547b399ef6845e", kill_on_drop: false }`
[INFO] running `Command { std: "docker" "inspect" "4a66b47d706b9b49bd39b0cc19167809b43f0f1dbdd44d93de547b399ef6845e", kill_on_drop: false }`
[INFO] running `Command { std: "docker" "rm" "-f" "4a66b47d706b9b49bd39b0cc19167809b43f0f1dbdd44d93de547b399ef6845e", kill_on_drop: false }`
[INFO] [stdout] 4a66b47d706b9b49bd39b0cc19167809b43f0f1dbdd44d93de547b399ef6845e
[INFO] running `Command { std: "docker" "create" "-v" "/var/lib/crater-agent-workspace/builds/worker-4-tc1/target:/opt/rustwide/target:rw,Z" "-v" "/var/lib/crater-agent-workspace/builds/worker-4-tc1/source:/opt/rustwide/workdir:ro,Z" "-v" "/var/lib/crater-agent-workspace/cargo-home:/opt/rustwide/cargo-home:ro,Z" "-v" "/var/lib/crater-agent-workspace/rustup-home:/opt/rustwide/rustup-home:ro,Z" "-e" "SOURCE_DIR=/opt/rustwide/workdir" "-e" "CARGO_TARGET_DIR=/opt/rustwide/target" "-e" "CARGO_INCREMENTAL=0" "-e" "RUST_BACKTRACE=full" "-e" "RUSTFLAGS=--cap-lints=warn" "-e" "RUSTDOCFLAGS=--cap-lints=warn" "-e" "CARGO_HOME=/opt/rustwide/cargo-home" "-e" "RUSTUP_HOME=/opt/rustwide/rustup-home" "-w" "/opt/rustwide/workdir" "-m" "1610612736" "--user" "0:0" "--network" "none" "ghcr.io/rust-lang/crates-build-env/linux@sha256:2788e3201cd34a07e3172128adcd8b3090168a8e3bcc40d7c032b9dda1df7d1c" "/opt/rustwide/cargo-home/bin/cargo" "+1.75.0" "build" "--frozen" "--message-format=json", kill_on_drop: false }`
[INFO] [stdout] 01d8bc4e3196e2361ec0dea4d1c7ae9274400e743df27d1286ae99e359717ff9
[INFO] running `Command { std: "docker" "start" "-a" "01d8bc4e3196e2361ec0dea4d1c7ae9274400e743df27d1286ae99e359717ff9", kill_on_drop: false }`
[INFO] [stderr]    Compiling proc-macro2 v1.0.75
[INFO] [stderr]    Compiling libc v0.2.151
[INFO] [stderr]    Compiling autocfg v1.1.0
[INFO] [stderr]    Compiling cfg-if v1.0.0
[INFO] [stderr]    Compiling pkg-config v0.3.28
[INFO] [stderr]    Compiling once_cell v1.19.0
[INFO] [stderr]    Compiling parking_lot_core v0.9.9
[INFO] [stderr]    Compiling pin-project-lite v0.2.13
[INFO] [stderr]    Compiling vcpkg v0.2.15
[INFO] [stderr]    Compiling smallvec v1.11.2
[INFO] [stderr]    Compiling scopeguard v1.2.0
[INFO] [stderr]    Compiling lock_api v0.4.11
[INFO] [stderr]    Compiling bytes v1.5.0
[INFO] [stderr]    Compiling itoa v1.0.10
[INFO] [stderr]    Compiling futures-core v0.3.30
[INFO] [stderr]    Compiling slab v0.4.9
[INFO] [stderr]    Compiling tracing-core v0.1.32
[INFO] [stderr]    Compiling quote v1.0.35
[INFO] [stderr]    Compiling cc v1.0.83
[INFO] [stderr]    Compiling syn v2.0.48
[INFO] [stderr]    Compiling signal-hook-registry v1.4.1
[INFO] [stderr]    Compiling socket2 v0.5.5
[INFO] [stderr]    Compiling mio v0.8.10
[INFO] [stderr]    Compiling num_cpus v1.16.0
[INFO] [stderr]    Compiling parking_lot v0.12.1
[INFO] [stderr]    Compiling foreign-types-shared v0.1.1
[INFO] [stderr]    Compiling openssl v0.10.62
[INFO] [stderr]    Compiling fnv v1.0.7
[INFO] [stderr]    Compiling http v0.2.11
[INFO] [stderr]    Compiling foreign-types v0.3.2
[INFO] [stderr]    Compiling tracing v0.1.40
[INFO] [stderr]    Compiling hashbrown v0.14.3
[INFO] [stderr]    Compiling native-tls v0.2.11
[INFO] [stderr]    Compiling futures-task v0.3.30
[INFO] [stderr]    Compiling tinyvec_macros v0.1.1
[INFO] [stderr]    Compiling equivalent v1.0.1
[INFO] [stderr]    Compiling pin-utils v0.1.0
[INFO] [stderr]    Compiling httparse v1.8.0
[INFO] [stderr]    Compiling serde v1.0.171
[INFO] [stderr]    Compiling futures-sink v0.3.30
[INFO] [stderr]    Compiling bitflags v2.4.1
[INFO] [stderr]    Compiling futures-util v0.3.30
[INFO] [stderr]    Compiling tinyvec v1.6.0
[INFO] [stderr]    Compiling openssl-probe v0.1.5
[INFO] [stderr]    Compiling openssl-sys v0.9.98
[INFO] [stderr]    Compiling try-lock v0.2.5
[INFO] [stderr]    Compiling indexmap v2.1.0
[INFO] [stderr]    Compiling percent-encoding v2.3.1
[INFO] [stderr]    Compiling log v0.4.20
[INFO] [stderr]    Compiling form_urlencoded v1.2.1
[INFO] [stderr]    Compiling http-body v0.4.6
[INFO] [stderr]    Compiling want v0.3.1
[INFO] [stderr]    Compiling futures-channel v0.3.30
[INFO] [stderr]    Compiling num-traits v0.2.17
[INFO] [stderr]    Compiling unicode-normalization v0.1.22
[INFO] [stderr]    Compiling serde_json v1.0.109
[INFO] [stderr]    Compiling unicode-bidi v0.3.14
[INFO] [stderr]    Compiling tower-service v0.3.2
[INFO] [stderr]    Compiling httpdate v1.0.3
[INFO] [stderr]    Compiling ryu v1.0.16
[INFO] [stderr]    Compiling encoding_rs v0.8.33
[INFO] [stderr]    Compiling mime v0.3.17
[INFO] [stderr]    Compiling ipnet v2.9.0
[INFO] [stderr]    Compiling idna v0.5.0
[INFO] [stderr]    Compiling base64 v0.21.5
[INFO] [stderr]    Compiling url v2.5.0
[INFO] [stderr]    Compiling approx v0.5.1
[INFO] [stderr]    Compiling tokio-macros v2.2.0
[INFO] [stderr]    Compiling openssl-macros v0.1.1
[INFO] [stderr]    Compiling serde_derive v1.0.171
[INFO] [stderr]    Compiling tokio v1.35.1
[INFO] [stderr]    Compiling tokio-util v0.7.10
[INFO] [stderr]    Compiling tokio-native-tls v0.3.1
[INFO] [stderr]    Compiling h2 v0.3.22
[INFO] [stderr]    Compiling serde_urlencoded v0.7.1
[INFO] [stderr]    Compiling hyper v0.14.28
[INFO] [stderr]    Compiling hyper-tls v0.5.0
[INFO] [stderr]    Compiling reqwest v0.11.23
[INFO] [stderr]    Compiling league-of-crates v0.3.4 (/opt/rustwide/workdir)
[INFO] [stdout] warning: unused imports: `MapAccess`, `SeqAccess`
[INFO] [stdout]  --> src/champion.rs:1:17
[INFO] [stdout]   |
[INFO] [stdout] 1 | use serde::de::{MapAccess, SeqAccess};
[INFO] [stdout]   |                 ^^^^^^^^^  ^^^^^^^^^
[INFO] [stdout]   |
[INFO] [stdout]   = note: `#[warn(unused_imports)]` on by default
[INFO] [stdout] 
[INFO] [stdout] 
[INFO] [stdout] warning: unused import: `Deserializer`
[INFO] [stdout]  --> src/champion.rs:2:26
[INFO] [stdout]   |
[INFO] [stdout] 2 | use serde::{Deserialize, Deserializer};
[INFO] [stdout]   |                          ^^^^^^^^^^^^
[INFO] [stdout] 
[INFO] [stdout] 
[INFO] [stdout] warning: unused macro definition: `new_dir_wrapped`
[INFO] [stdout]  --> src/lib.rs:3:14
[INFO] [stdout]   |
[INFO] [stdout] 3 | macro_rules! new_dir_wrapped {
[INFO] [stdout]   |              ^^^^^^^^^^^^^^^
[INFO] [stdout]   |
[INFO] [stdout]   = note: `#[warn(unused_macros)]` on by default
[INFO] [stdout] 
[INFO] [stdout] 
[INFO] [stdout] warning: unused macro definition: `new_dir`
[INFO] [stdout]  --> src/lib.rs:9:14
[INFO] [stdout]   |
[INFO] [stdout] 9 | macro_rules! new_dir {
[INFO] [stdout]   |              ^^^^^^^
[INFO] [stdout] 
[INFO] [stdout] 
[INFO] [stdout] warning: methods `get_stats_level` and `get_stats_range` are never used
[INFO] [stdout]    --> src/champion.rs:75:12
[INFO] [stdout]     |
[INFO] [stdout] 74  | impl GameData {
[INFO] [stdout]     | ------------- methods in this implementation
[INFO] [stdout] 75  |     pub fn get_stats_level(&self, level: u32) -> Result<LevelStats, ChampStatError> {
[INFO] [stdout]     |            ^^^^^^^^^^^^^^^
[INFO] [stdout] ...
[INFO] [stdout] 103 |     pub fn get_stats_range(
[INFO] [stdout]     |            ^^^^^^^^^^^^^^^
[INFO] [stdout]     |
[INFO] [stdout]     = note: `#[warn(dead_code)]` on by default
[INFO] [stdout] 
[INFO] [stdout] 
[INFO] [stdout] warning: methods `populate_gamedata`, `get_stats_level`, `get_stats_range`, `get_effective_hp_at_level`, and `get_effective_hp_range` are never used
[INFO] [stdout]    --> src/champion.rs:317:18
[INFO] [stdout]     |
[INFO] [stdout] 316 | impl Champion {
[INFO] [stdout]     | ------------- methods in this implementation
[INFO] [stdout] 317 |     pub async fn populate_gamedata(&mut self) -> Result<(), Box<dyn error::Error>> {
[INFO] [stdout]     |                  ^^^^^^^^^^^^^^^^^
[INFO] [stdout] ...
[INFO] [stdout] 345 |     pub fn get_stats_level(&self, level: u32) -> Result<LevelStats, ChampStatError> {
[INFO] [stdout]     |            ^^^^^^^^^^^^^^^
[INFO] [stdout] ...
[INFO] [stdout] 353 |     pub fn get_stats_range(
[INFO] [stdout]     |            ^^^^^^^^^^^^^^^
[INFO] [stdout] ...
[INFO] [stdout] 365 |     pub fn get_effective_hp_at_level(&self, level: u32) -> Result<EffectiveHealth, ChampStatError> {
[INFO] [stdout]     |            ^^^^^^^^^^^^^^^^^^^^^^^^^
[INFO] [stdout] ...
[INFO] [stdout] 372 |     pub fn get_effective_hp_range(
[INFO] [stdout]     |            ^^^^^^^^^^^^^^^^^^^^^^
[INFO] [stdout] 
[INFO] [stdout] 
[INFO] [stdout] warning: variants `ZeroError`, `LevelRangeError`, and `StatsNotLoaded` are never constructed
[INFO] [stdout]    --> src/champion.rs:394:5
[INFO] [stdout]     |
[INFO] [stdout] 393 | pub enum ChampStatError {
[INFO] [stdout]     |          -------------- variants in this enum
[INFO] [stdout] 394 |     ZeroError,
[INFO] [stdout]     |     ^^^^^^^^^
[INFO] [stdout] 395 |     LevelRangeError,
[INFO] [stdout]     |     ^^^^^^^^^^^^^^^
[INFO] [stdout] 396 |     StatsNotLoaded,
[INFO] [stdout]     |     ^^^^^^^^^^^^^^
[INFO] [stdout]     |
[INFO] [stdout]     = note: `ChampStatError` has derived impls for the traits `Clone` and `Debug`, but these are intentionally ignored during dead code analysis
[INFO] [stdout] 
[INFO] [stdout] 
[INFO] [stdout] warning: struct `LevelStats` is never constructed
[INFO] [stdout]    --> src/champion.rs:407:12
[INFO] [stdout]     |
[INFO] [stdout] 407 | pub struct LevelStats {
[INFO] [stdout]     |            ^^^^^^^^^^
[INFO] [stdout] 
[INFO] [stdout] 
[INFO] [stdout] warning: method `get_effective_health` is never used
[INFO] [stdout]    --> src/champion.rs:423:12
[INFO] [stdout]     |
[INFO] [stdout] 422 | impl LevelStats {
[INFO] [stdout]     | --------------- method in this implementation
[INFO] [stdout] 423 |     pub fn get_effective_health(&self) -> EffectiveHealth {
[INFO] [stdout]     |            ^^^^^^^^^^^^^^^^^^^^
[INFO] [stdout] 
[INFO] [stdout] 
[INFO] [stdout] warning: struct `EffectiveHealth` is never constructed
[INFO] [stdout]    --> src/champion.rs:431:12
[INFO] [stdout]     |
[INFO] [stdout] 431 | pub struct EffectiveHealth {
[INFO] [stdout]     |            ^^^^^^^^^^^^^^^
[INFO] [stdout] 
[INFO] [stdout] 
[INFO] [stdout] warning: associated items `from_cdragon`, `get_by_name`, `get_by_alias`, and `get_by_key` are never used
[INFO] [stdout]    --> src/champion.rs:443:18
[INFO] [stdout]     |
[INFO] [stdout] 442 | impl ChampDir {
[INFO] [stdout]     | ------------- associated items in this implementation
[INFO] [stdout] 443 |     pub async fn from_cdragon() -> Result<ChampDir, Box<dyn error::Error>> {
[INFO] [stdout]     |                  ^^^^^^^^^^^^
[INFO] [stdout] ...
[INFO] [stdout] 458 |     pub fn get_by_name(&self, name: String) -> Option<&Champion> {
[INFO] [stdout]     |            ^^^^^^^^^^^
[INFO] [stdout] ...
[INFO] [stdout] 461 |     pub fn get_by_alias(&self, alias: String) -> Option<&Champion> {
[INFO] [stdout]     |            ^^^^^^^^^^^^
[INFO] [stdout] ...
[INFO] [stdout] 464 |     pub fn get_by_key(&self, id: i32) -> Option<&Champion> {
[INFO] [stdout]     |            ^^^^^^^^^^
[INFO] [stdout] 
[INFO] [stdout] 
[INFO] [stdout] warning: 11 warnings emitted
[INFO] [stdout] 
[INFO] [stdout] 
[INFO] [stderr]     Finished dev [unoptimized + debuginfo] target(s) in 14.03s
[INFO] running `Command { std: "docker" "inspect" "01d8bc4e3196e2361ec0dea4d1c7ae9274400e743df27d1286ae99e359717ff9", kill_on_drop: false }`
[INFO] running `Command { std: "docker" "rm" "-f" "01d8bc4e3196e2361ec0dea4d1c7ae9274400e743df27d1286ae99e359717ff9", kill_on_drop: false }`
[INFO] [stdout] 01d8bc4e3196e2361ec0dea4d1c7ae9274400e743df27d1286ae99e359717ff9
[INFO] running `Command { std: "docker" "create" "-v" "/var/lib/crater-agent-workspace/builds/worker-4-tc1/target:/opt/rustwide/target:rw,Z" "-v" "/var/lib/crater-agent-workspace/builds/worker-4-tc1/source:/opt/rustwide/workdir:ro,Z" "-v" "/var/lib/crater-agent-workspace/cargo-home:/opt/rustwide/cargo-home:ro,Z" "-v" "/var/lib/crater-agent-workspace/rustup-home:/opt/rustwide/rustup-home:ro,Z" "-e" "SOURCE_DIR=/opt/rustwide/workdir" "-e" "CARGO_TARGET_DIR=/opt/rustwide/target" "-e" "CARGO_INCREMENTAL=0" "-e" "RUST_BACKTRACE=full" "-e" "RUSTFLAGS=--cap-lints=warn" "-e" "RUSTDOCFLAGS=--cap-lints=warn" "-e" "CARGO_HOME=/opt/rustwide/cargo-home" "-e" "RUSTUP_HOME=/opt/rustwide/rustup-home" "-w" "/opt/rustwide/workdir" "-m" "1610612736" "--user" "0:0" "--network" "none" "ghcr.io/rust-lang/crates-build-env/linux@sha256:2788e3201cd34a07e3172128adcd8b3090168a8e3bcc40d7c032b9dda1df7d1c" "/opt/rustwide/cargo-home/bin/cargo" "+1.75.0" "test" "--frozen" "--no-run" "--message-format=json", kill_on_drop: false }`
[INFO] [stdout] ea471147ca3dacab5d864c88c97130126149ff980258ca59dfd4d0663778de9a
[INFO] running `Command { std: "docker" "start" "-a" "ea471147ca3dacab5d864c88c97130126149ff980258ca59dfd4d0663778de9a", kill_on_drop: false }`
[INFO] [stdout] warning: unused imports: `MapAccess`, `SeqAccess`
[INFO] [stdout]  --> src/champion.rs:1:17
[INFO] [stdout]   |
[INFO] [stdout] 1 | use serde::de::{MapAccess, SeqAccess};
[INFO] [stdout]   |                 ^^^^^^^^^  ^^^^^^^^^
[INFO] [stdout]   |
[INFO] [stdout]   = note: `#[warn(unused_imports)]` on by default
[INFO] [stdout] 
[INFO] [stdout] 
[INFO] [stdout] warning: unused import: `Deserializer`
[INFO] [stdout]  --> src/champion.rs:2:26
[INFO] [stdout]   |
[INFO] [stdout] 2 | use serde::{Deserialize, Deserializer};
[INFO] [stdout]   |                          ^^^^^^^^^^^^
[INFO] [stdout] 
[INFO] [stdout] 
[INFO] [stdout] warning: unused macro definition: `new_dir_wrapped`
[INFO] [stdout]  --> src/lib.rs:3:14
[INFO] [stdout]   |
[INFO] [stdout] 3 | macro_rules! new_dir_wrapped {
[INFO] [stdout]   |              ^^^^^^^^^^^^^^^
[INFO] [stdout]   |
[INFO] [stdout]   = note: `#[warn(unused_macros)]` on by default
[INFO] [stdout] 
[INFO] [stdout] 
[INFO] [stdout] warning: unused macro definition: `new_dir`
[INFO] [stdout]  --> src/lib.rs:9:14
[INFO] [stdout]   |
[INFO] [stdout] 9 | macro_rules! new_dir {
[INFO] [stdout]   |              ^^^^^^^
[INFO] [stdout] 
[INFO] [stdout] 
[INFO] [stdout] warning: methods `get_stats_level` and `get_stats_range` are never used
[INFO] [stdout]    --> src/champion.rs:75:12
[INFO] [stdout]     |
[INFO] [stdout] 74  | impl GameData {
[INFO] [stdout]     | ------------- methods in this implementation
[INFO] [stdout] 75  |     pub fn get_stats_level(&self, level: u32) -> Result<LevelStats, ChampStatError> {
[INFO] [stdout]     |            ^^^^^^^^^^^^^^^
[INFO] [stdout] ...
[INFO] [stdout] 103 |     pub fn get_stats_range(
[INFO] [stdout]     |            ^^^^^^^^^^^^^^^
[INFO] [stdout]     |
[INFO] [stdout]     = note: `#[warn(dead_code)]` on by default
[INFO] [stdout] 
[INFO] [stdout] 
[INFO] [stdout] warning: methods `populate_gamedata`, `get_stats_level`, `get_stats_range`, `get_effective_hp_at_level`, and `get_effective_hp_range` are never used
[INFO] [stdout]    --> src/champion.rs:317:18
[INFO] [stdout]     |
[INFO] [stdout] 316 | impl Champion {
[INFO] [stdout]     | ------------- methods in this implementation
[INFO] [stdout] 317 |     pub async fn populate_gamedata(&mut self) -> Result<(), Box<dyn error::Error>> {
[INFO] [stdout]     |                  ^^^^^^^^^^^^^^^^^
[INFO] [stdout] ...
[INFO] [stdout] 345 |     pub fn get_stats_level(&self, level: u32) -> Result<LevelStats, ChampStatError> {
[INFO] [stdout]     |            ^^^^^^^^^^^^^^^
[INFO] [stdout] ...
[INFO] [stdout] 353 |     pub fn get_stats_range(
[INFO] [stdout]     |            ^^^^^^^^^^^^^^^
[INFO] [stdout] ...
[INFO] [stdout] 365 |     pub fn get_effective_hp_at_level(&self, level: u32) -> Result<EffectiveHealth, ChampStatError> {
[INFO] [stdout]     |            ^^^^^^^^^^^^^^^^^^^^^^^^^
[INFO] [stdout] ...
[INFO] [stdout] 372 |     pub fn get_effective_hp_range(
[INFO] [stdout]     |            ^^^^^^^^^^^^^^^^^^^^^^
[INFO] [stdout] 
[INFO] [stdout] 
[INFO] [stdout] warning: variants `ZeroError`, `LevelRangeError`, and `StatsNotLoaded` are never constructed
[INFO] [stdout]    --> src/champion.rs:394:5
[INFO] [stdout]     |
[INFO] [stdout] 393 | pub enum ChampStatError {
[INFO] [stdout]     |          -------------- variants in this enum
[INFO] [stdout] 394 |     ZeroError,
[INFO] [stdout]     |     ^^^^^^^^^
[INFO] [stdout] 395 |     LevelRangeError,
[INFO] [stdout]     |     ^^^^^^^^^^^^^^^
[INFO] [stdout] 396 |     StatsNotLoaded,
[INFO] [stdout]     |     ^^^^^^^^^^^^^^
[INFO] [stdout]     |
[INFO] [stdout]     = note: `ChampStatError` has derived impls for the traits `Clone` and `Debug`, but these are intentionally ignored during dead code analysis
[INFO] [stdout] 
[INFO] [stdout] 
[INFO] [stdout] warning: struct `LevelStats` is never constructed
[INFO] [stdout]    --> src/champion.rs:407:12
[INFO] [stdout]     |
[INFO] [stdout] 407 | pub struct LevelStats {
[INFO] [stdout]     |            ^^^^^^^^^^
[INFO] [stdout] 
[INFO] [stdout] 
[INFO] [stdout] warning: method `get_effective_health` is never used
[INFO] [stdout]    --> src/champion.rs:423:12
[INFO] [stdout]     |
[INFO] [stdout] 422 | impl LevelStats {
[INFO] [stdout]     | --------------- method in this implementation
[INFO] [stdout] 423 |     pub fn get_effective_health(&self) -> EffectiveHealth {
[INFO] [stdout]     |            ^^^^^^^^^^^^^^^^^^^^
[INFO] [stdout] 
[INFO] [stdout] 
[INFO] [stdout] warning: struct `EffectiveHealth` is never constructed
[INFO] [stdout]    --> src/champion.rs:431:12
[INFO] [stdout]     |
[INFO] [stdout] 431 | pub struct EffectiveHealth {
[INFO] [stdout]     |            ^^^^^^^^^^^^^^^
[INFO] [stdout] 
[INFO] [stdout] 
[INFO] [stdout] warning: associated items `from_cdragon`, `get_by_name`, `get_by_alias`, and `get_by_key` are never used
[INFO] [stdout]    --> src/champion.rs:443:18
[INFO] [stdout]     |
[INFO] [stdout] 442 | impl ChampDir {
[INFO] [stdout]     | ------------- associated items in this implementation
[INFO] [stdout] 443 |     pub async fn from_cdragon() -> Result<ChampDir, Box<dyn error::Error>> {
[INFO] [stdout]     |                  ^^^^^^^^^^^^
[INFO] [stdout] ...
[INFO] [stdout] 458 |     pub fn get_by_name(&self, name: String) -> Option<&Champion> {
[INFO] [stdout]     |            ^^^^^^^^^^^
[INFO] [stdout] ...
[INFO] [stdout] 461 |     pub fn get_by_alias(&self, alias: String) -> Option<&Champion> {
[INFO] [stdout]     |            ^^^^^^^^^^^^
[INFO] [stdout] ...
[INFO] [stdout] 464 |     pub fn get_by_key(&self, id: i32) -> Option<&Champion> {
[INFO] [stdout]     |            ^^^^^^^^^^
[INFO] [stdout] 
[INFO] [stdout] 
[INFO] [stderr]    Compiling league-of-crates v0.3.4 (/opt/rustwide/workdir)
[INFO] [stdout] warning: 11 warnings emitted
[INFO] [stdout] 
[INFO] [stdout] 
[INFO] [stdout] warning: unused imports: `MapAccess`, `SeqAccess`
[INFO] [stdout]  --> src/champion.rs:1:17
[INFO] [stdout]   |
[INFO] [stdout] 1 | use serde::de::{MapAccess, SeqAccess};
[INFO] [stdout]   |                 ^^^^^^^^^  ^^^^^^^^^
[INFO] [stdout]   |
[INFO] [stdout]   = note: `#[warn(unused_imports)]` on by default
[INFO] [stdout] 
[INFO] [stdout] 
[INFO] [stdout] warning: unused import: `Deserializer`
[INFO] [stdout]  --> src/champion.rs:2:26
[INFO] [stdout]   |
[INFO] [stdout] 2 | use serde::{Deserialize, Deserializer};
[INFO] [stdout]   |                          ^^^^^^^^^^^^
[INFO] [stdout] 
[INFO] [stdout] 
[INFO] [stdout] warning: method `get_stats_range` is never used
[INFO] [stdout]    --> src/champion.rs:103:12
[INFO] [stdout]     |
[INFO] [stdout] 74  | impl GameData {
[INFO] [stdout]     | ------------- method in this implementation
[INFO] [stdout] ...
[INFO] [stdout] 103 |     pub fn get_stats_range(
[INFO] [stdout]     |            ^^^^^^^^^^^^^^^
[INFO] [stdout]     |
[INFO] [stdout]     = note: `#[warn(dead_code)]` on by default
[INFO] [stdout] 
[INFO] [stdout] 
[INFO] [stdout] warning: methods `get_stats_range`, `get_effective_hp_at_level`, and `get_effective_hp_range` are never used
[INFO] [stdout]    --> src/champion.rs:353:12
[INFO] [stdout]     |
[INFO] [stdout] 316 | impl Champion {
[INFO] [stdout]     | ------------- methods in this implementation
[INFO] [stdout] ...
[INFO] [stdout] 353 |     pub fn get_stats_range(
[INFO] [stdout]     |            ^^^^^^^^^^^^^^^
[INFO] [stdout] ...
[INFO] [stdout] 365 |     pub fn get_effective_hp_at_level(&self, level: u32) -> Result<EffectiveHealth, ChampStatError> {
[INFO] [stdout]     |            ^^^^^^^^^^^^^^^^^^^^^^^^^
[INFO] [stdout] ...
[INFO] [stdout] 372 |     pub fn get_effective_hp_range(
[INFO] [stdout]     |            ^^^^^^^^^^^^^^^^^^^^^^
[INFO] [stdout] 
[INFO] [stdout] 
[INFO] [stdout] warning: variant `LevelRangeError` is never constructed
[INFO] [stdout]    --> src/champion.rs:395:5
[INFO] [stdout]     |
[INFO] [stdout] 393 | pub enum ChampStatError {
[INFO] [stdout]     |          -------------- variant in this enum
[INFO] [stdout] 394 |     ZeroError,
[INFO] [stdout] 395 |     LevelRangeError,
[INFO] [stdout]     |     ^^^^^^^^^^^^^^^
[INFO] [stdout]     |
[INFO] [stdout]     = note: `ChampStatError` has derived impls for the traits `Clone` and `Debug`, but these are intentionally ignored during dead code analysis
[INFO] [stdout] 
[INFO] [stdout] 
[INFO] [stdout] warning: method `get_effective_health` is never used
[INFO] [stdout]    --> src/champion.rs:423:12
[INFO] [stdout]     |
[INFO] [stdout] 422 | impl LevelStats {
[INFO] [stdout]     | --------------- method in this implementation
[INFO] [stdout] 423 |     pub fn get_effective_health(&self) -> EffectiveHealth {
[INFO] [stdout]     |            ^^^^^^^^^^^^^^^^^^^^
[INFO] [stdout] 
[INFO] [stdout] 
[INFO] [stdout] warning: struct `EffectiveHealth` is never constructed
[INFO] [stdout]    --> src/champion.rs:431:12
[INFO] [stdout]     |
[INFO] [stdout] 431 | pub struct EffectiveHealth {
[INFO] [stdout]     |            ^^^^^^^^^^^^^^^
[INFO] [stdout] 
[INFO] [stdout] 
[INFO] [stdout] warning: method `get_by_alias` is never used
[INFO] [stdout]    --> src/champion.rs:461:12
[INFO] [stdout]     |
[INFO] [stdout] 442 | impl ChampDir {
[INFO] [stdout]     | ------------- method in this implementation
[INFO] [stdout] ...
[INFO] [stdout] 461 |     pub fn get_by_alias(&self, alias: String) -> Option<&Champion> {
[INFO] [stdout]     |            ^^^^^^^^^^^^
[INFO] [stdout] 
[INFO] [stdout] 
[INFO] [stdout] warning: 8 warnings emitted
[INFO] [stdout] 
[INFO] [stdout] 
[INFO] [stderr]     Finished test [unoptimized + debuginfo] target(s) in 1.95s
[INFO] running `Command { std: "docker" "inspect" "ea471147ca3dacab5d864c88c97130126149ff980258ca59dfd4d0663778de9a", kill_on_drop: false }`
[INFO] running `Command { std: "docker" "rm" "-f" "ea471147ca3dacab5d864c88c97130126149ff980258ca59dfd4d0663778de9a", kill_on_drop: false }`
[INFO] [stdout] ea471147ca3dacab5d864c88c97130126149ff980258ca59dfd4d0663778de9a
[INFO] running `Command { std: "docker" "create" "-v" "/var/lib/crater-agent-workspace/builds/worker-4-tc1/target:/opt/rustwide/target:rw,Z" "-v" "/var/lib/crater-agent-workspace/builds/worker-4-tc1/source:/opt/rustwide/workdir:ro,Z" "-v" "/var/lib/crater-agent-workspace/cargo-home:/opt/rustwide/cargo-home:ro,Z" "-v" "/var/lib/crater-agent-workspace/rustup-home:/opt/rustwide/rustup-home:ro,Z" "-e" "SOURCE_DIR=/opt/rustwide/workdir" "-e" "CARGO_TARGET_DIR=/opt/rustwide/target" "-e" "CARGO_INCREMENTAL=0" "-e" "RUST_BACKTRACE=full" "-e" "RUSTFLAGS=--cap-lints=warn" "-e" "RUSTDOCFLAGS=--cap-lints=warn" "-e" "CARGO_HOME=/opt/rustwide/cargo-home" "-e" "RUSTUP_HOME=/opt/rustwide/rustup-home" "-w" "/opt/rustwide/workdir" "-m" "1610612736" "--user" "0:0" "--network" "none" "ghcr.io/rust-lang/crates-build-env/linux@sha256:2788e3201cd34a07e3172128adcd8b3090168a8e3bcc40d7c032b9dda1df7d1c" "/opt/rustwide/cargo-home/bin/cargo" "+1.75.0" "test" "--frozen", kill_on_drop: false }`
[INFO] [stdout] aa98096cd52a8add578f08264083e4dd459d528da950737bb0ee257402963adf
[INFO] running `Command { std: "docker" "start" "-a" "aa98096cd52a8add578f08264083e4dd459d528da950737bb0ee257402963adf", kill_on_drop: false }`
[INFO] [stderr] warning: unused imports: `MapAccess`, `SeqAccess`
[INFO] [stderr]  --> src/champion.rs:1:17
[INFO] [stderr]   |
[INFO] [stderr] 1 | use serde::de::{MapAccess, SeqAccess};
[INFO] [stderr]   |                 ^^^^^^^^^  ^^^^^^^^^
[INFO] [stderr]   |
[INFO] [stderr]   = note: `#[warn(unused_imports)]` on by default
[INFO] [stderr] 
[INFO] [stderr] warning: unused import: `Deserializer`
[INFO] [stderr]  --> src/champion.rs:2:26
[INFO] [stderr]   |
[INFO] [stderr] 2 | use serde::{Deserialize, Deserializer};
[INFO] [stderr]   |                          ^^^^^^^^^^^^
[INFO] [stderr] 
[INFO] [stderr] warning: unused macro definition: `new_dir_wrapped`
[INFO] [stderr]  --> src/lib.rs:3:14
[INFO] [stderr]   |
[INFO] [stderr] 3 | macro_rules! new_dir_wrapped {
[INFO] [stderr]   |              ^^^^^^^^^^^^^^^
[INFO] [stderr]   |
[INFO] [stderr]   = note: `#[warn(unused_macros)]` on by default
[INFO] [stderr] 
[INFO] [stderr] warning: unused macro definition: `new_dir`
[INFO] [stderr]  --> src/lib.rs:9:14
[INFO] [stderr]   |
[INFO] [stderr] 9 | macro_rules! new_dir {
[INFO] [stderr]   |              ^^^^^^^
[INFO] [stderr] 
[INFO] [stderr] warning: methods `get_stats_level` and `get_stats_range` are never used
[INFO] [stderr]    --> src/champion.rs:75:12
[INFO] [stderr]     |
[INFO] [stderr] 74  | impl GameData {
[INFO] [stderr]     | ------------- methods in this implementation
[INFO] [stderr] 75  |     pub fn get_stats_level(&self, level: u32) -> Result<LevelStats, ChampStatError> {
[INFO] [stderr]     |            ^^^^^^^^^^^^^^^
[INFO] [stderr] ...
[INFO] [stderr] 103 |     pub fn get_stats_range(
[INFO] [stderr]     |            ^^^^^^^^^^^^^^^
[INFO] [stderr]     |
[INFO] [stderr]     = note: `#[warn(dead_code)]` on by default
[INFO] [stderr] 
[INFO] [stderr] warning: methods `populate_gamedata`, `get_stats_level`, `get_stats_range`, `get_effective_hp_at_level`, and `get_effective_hp_range` are never used
[INFO] [stderr]    --> src/champion.rs:317:18
[INFO] [stderr]     |
[INFO] [stderr] 316 | impl Champion {
[INFO] [stderr]     | ------------- methods in this implementation
[INFO] [stderr] 317 |     pub async fn populate_gamedata(&mut self) -> Result<(), Box<dyn error::Error>> {
[INFO] [stderr]     |                  ^^^^^^^^^^^^^^^^^
[INFO] [stderr] ...
[INFO] [stderr] 345 |     pub fn get_stats_level(&self, level: u32) -> Result<LevelStats, ChampStatError> {
[INFO] [stderr]     |            ^^^^^^^^^^^^^^^
[INFO] [stderr] ...
[INFO] [stderr] 353 |     pub fn get_stats_range(
[INFO] [stderr]     |            ^^^^^^^^^^^^^^^
[INFO] [stderr] ...
[INFO] [stderr] 365 |     pub fn get_effective_hp_at_level(&self, level: u32) -> Result<EffectiveHealth, ChampStatError> {
[INFO] [stderr]     |            ^^^^^^^^^^^^^^^^^^^^^^^^^
[INFO] [stderr] ...
[INFO] [stderr] 372 |     pub fn get_effective_hp_range(
[INFO] [stderr]     |            ^^^^^^^^^^^^^^^^^^^^^^
[INFO] [stderr] 
[INFO] [stderr] warning: variants `ZeroError`, `LevelRangeError`, and `StatsNotLoaded` are never constructed
[INFO] [stderr]    --> src/champion.rs:394:5
[INFO] [stderr]     |
[INFO] [stderr] 393 | pub enum ChampStatError {
[INFO] [stderr]     |          -------------- variants in this enum
[INFO] [stderr] 394 |     ZeroError,
[INFO] [stderr]     |     ^^^^^^^^^
[INFO] [stderr] 395 |     LevelRangeError,
[INFO] [stderr]     |     ^^^^^^^^^^^^^^^
[INFO] [stderr] 396 |     StatsNotLoaded,
[INFO] [stderr]     |     ^^^^^^^^^^^^^^
[INFO] [stderr]     |
[INFO] [stderr]     = note: `ChampStatError` has derived impls for the traits `Clone` and `Debug`, but these are intentionally ignored during dead code analysis
[INFO] [stderr] 
[INFO] [stderr] warning: struct `LevelStats` is never constructed
[INFO] [stderr]    --> src/champion.rs:407:12
[INFO] [stderr]     |
[INFO] [stderr] 407 | pub struct LevelStats {
[INFO] [stderr]     |            ^^^^^^^^^^
[INFO] [stderr] 
[INFO] [stderr] warning: method `get_effective_health` is never used
[INFO] [stderr]    --> src/champion.rs:423:12
[INFO] [stderr]     |
[INFO] [stderr] 422 | impl LevelStats {
[INFO] [stderr]     | --------------- method in this implementation
[INFO] [stderr] 423 |     pub fn get_effective_health(&self) -> EffectiveHealth {
[INFO] [stderr]     |            ^^^^^^^^^^^^^^^^^^^^
[INFO] [stderr] 
[INFO] [stderr] warning: struct `EffectiveHealth` is never constructed
[INFO] [stderr]    --> src/champion.rs:431:12
[INFO] [stderr]     |
[INFO] [stderr] 431 | pub struct EffectiveHealth {
[INFO] [stderr]     |            ^^^^^^^^^^^^^^^
[INFO] [stderr] 
[INFO] [stderr] warning: associated items `from_cdragon`, `get_by_name`, `get_by_alias`, and `get_by_key` are never used
[INFO] [stderr]    --> src/champion.rs:443:18
[INFO] [stderr]     |
[INFO] [stderr] 442 | impl ChampDir {
[INFO] [stderr]     | ------------- associated items in this implementation
[INFO] [stderr] 443 |     pub async fn from_cdragon() -> Result<ChampDir, Box<dyn error::Error>> {
[INFO] [stderr]     |                  ^^^^^^^^^^^^
[INFO] [stderr] ...
[INFO] [stderr] 458 |     pub fn get_by_name(&self, name: String) -> Option<&Champion> {
[INFO] [stderr]     |            ^^^^^^^^^^^
[INFO] [stderr] ...
[INFO] [stderr] 461 |     pub fn get_by_alias(&self, alias: String) -> Option<&Champion> {
[INFO] [stderr]     |            ^^^^^^^^^^^^
[INFO] [stderr] ...
[INFO] [stderr] 464 |     pub fn get_by_key(&self, id: i32) -> Option<&Champion> {
[INFO] [stderr]     |            ^^^^^^^^^^
[INFO] [stderr] 
[INFO] [stderr] warning: method `get_stats_range` is never used
[INFO] [stderr]    --> src/champion.rs:103:12
[INFO] [stderr]     |
[INFO] [stderr] 74  | impl GameData {
[INFO] [stderr]     | ------------- method in this implementation
[INFO] [stderr] ...
[INFO] [stderr] 103 |     pub fn get_stats_range(
[INFO] [stderr]     |            ^^^^^^^^^^^^^^^
[INFO] [stderr]     |
[INFO] [stderr]     = note: `#[warn(dead_code)]` on by default
[INFO] [stderr] 
[INFO] [stderr] warning: methods `get_stats_range`, `get_effective_hp_at_level`, and `get_effective_hp_range` are never used
[INFO] [stderr]    --> src/champion.rs:353:12
[INFO] [stderr]     |
[INFO] [stderr] 316 | impl Champion {
[INFO] [stderr]     | ------------- methods in this implementation
[INFO] [stderr] ...
[INFO] [stderr] 353 |     pub fn get_stats_range(
[INFO] [stderr]     |            ^^^^^^^^^^^^^^^
[INFO] [stderr] ...
[INFO] [stderr] 365 |     pub fn get_effective_hp_at_level(&self, level: u32) -> Result<EffectiveHealth, ChampStatError> {
[INFO] [stderr]     |            ^^^^^^^^^^^^^^^^^^^^^^^^^
[INFO] [stderr] ...
[INFO] [stderr] 372 |     pub fn get_effective_hp_range(
[INFO] [stderr]     |            ^^^^^^^^^^^^^^^^^^^^^^
[INFO] [stderr] 
[INFO] [stderr] warning: variant `LevelRangeError` is never constructed
[INFO] [stderr]    --> src/champion.rs:395:5
[INFO] [stderr]     |
[INFO] [stderr] 393 | pub enum ChampStatError {
[INFO] [stderr]     |          -------------- variant in this enum
[INFO] [stderr] 394 |     ZeroError,
[INFO] [stderr] 395 |     LevelRangeError,
[INFO] [stderr]     |     ^^^^^^^^^^^^^^^
[INFO] [stderr]     |
[INFO] [stderr]     = note: `ChampStatError` has derived impls for the traits `Clone` and `Debug`, but these are intentionally ignored during dead code analysis
[INFO] [stderr] 
[INFO] [stderr] warning: method `get_by_alias` is never used
[INFO] [stderr]    --> src/champion.rs:461:12
[INFO] [stderr]     |
[INFO] [stderr] 442 | impl ChampDir {
[INFO] [stderr]     | ------------- method in this implementation
[INFO] [stderr] ...
[INFO] [stderr] 461 |     pub fn get_by_alias(&self, alias: String) -> Option<&Champion> {
[INFO] [stderr]     |            ^^^^^^^^^^^^
[INFO] [stderr] 
[INFO] [stderr] warning: `league-of-crates` (lib) generated 11 warnings (run `cargo fix --lib -p league-of-crates` to apply 2 suggestions)
[INFO] [stderr] warning: `league-of-crates` (lib test) generated 8 warnings (4 duplicates)
[INFO] [stderr]     Finished test [unoptimized + debuginfo] target(s) in 0.06s
[INFO] [stderr]      Running unittests src/lib.rs (/opt/rustwide/target/debug/deps/league_of_crates-619a1f3a373dbc63)
[INFO] [stdout] 
[INFO] [stdout] running 5 tests
[INFO] [stdout] test tests::get_name_ok ... FAILED
[INFO] [stdout] test tests::has_num_champs ... FAILED
[INFO] [stdout] test tests::get_key_ok ... FAILED
[INFO] [stdout] test tests::calcs_ok ... FAILED
[INFO] [stdout] test tests::it_works ... FAILED
[INFO] [stdout] 
[INFO] [stdout] failures:
[INFO] [stdout] 
[INFO] [stdout] ---- tests::get_name_ok stdout ----
[INFO] [stdout] Error: reqwest::Error { kind: Request, url: Url { scheme: "https", cannot_be_a_base: false, username: "", password: None, host: Some(Domain("raw.communitydragon.org")), port: None, path: "/latest/plugins/rcp-be-lol-game-data/global/default/v1/champion-summary.json", query: None, fragment: None }, source: hyper::Error(Connect, ConnectError("dns error", Custom { kind: Uncategorized, error: "failed to lookup address information: Temporary failure in name resolution" })) }
[INFO] [stdout] 
[INFO] [stdout] ---- tests::has_num_champs stdout ----
[INFO] [stdout] Error: reqwest::Error { kind: Request, url: Url { scheme: "https", cannot_be_a_base: false, username: "", password: None, host: Some(Domain("raw.communitydragon.org")), port: None, path: "/latest/plugins/rcp-be-lol-game-data/global/default/v1/champion-summary.json", query: None, fragment: None }, source: hyper::Error(Connect, ConnectError("dns error", Custom { kind: Uncategorized, error: "failed to lookup address information: Temporary failure in name resolution" })) }
[INFO] [stdout] 
[INFO] [stdout] ---- tests::get_key_ok stdout ----
[INFO] [stdout] Error: reqwest::Error { kind: Request, url: Url { scheme: "https", cannot_be_a_base: false, username: "", password: None, host: Some(Domain("raw.communitydragon.org")), port: None, path: "/latest/plugins/rcp-be-lol-game-data/global/default/v1/champion-summary.json", query: None, fragment: None }, source: hyper::Error(Connect, ConnectError("dns error", Custom { kind: Uncategorized, error: "failed to lookup address information: Temporary failure in name resolution" })) }
[INFO] [stdout] 
[INFO] [stdout] ---- tests::calcs_ok stdout ----
[INFO] [stdout] Error: reqwest::Error { kind: Request, url: Url { scheme: "https", cannot_be_a_base: false, username: "", password: None, host: Some(Domain("raw.communitydragon.org")), port: None, path: "/latest/plugins/rcp-be-lol-game-data/global/default/v1/champion-summary.json", query: None, fragment: None }, source: hyper::Error(Connect, ConnectError("dns error", Custom { kind: Uncategorized, error: "failed to lookup address information: Temporary failure in name resolution" })) }
[INFO] [stdout] 
[INFO] [stdout] ---- tests::it_works stdout ----
[INFO] [stdout] thread 'tests::it_works' panicked at src/lib.rs:23:9:
[INFO] [stdout] assertion failed: champ_dir.is_ok()
[INFO] [stdout] stack backtrace:
[INFO] [stdout]    0:     0x55de41f95efc - std::backtrace_rs::backtrace::libunwind::trace::ha637c64ce894333a
[INFO] [stdout]                                at /rustc/82e1608dfa6e0b5569232559e3d385fea5a93112/library/std/src/../../backtrace/src/backtrace/libunwind.rs:104:5
[INFO] [stdout]    1:     0x55de41f95efc - std::backtrace_rs::backtrace::trace_unsynchronized::h47f62dea28e0c88d
[INFO] [stdout]                                at /rustc/82e1608dfa6e0b5569232559e3d385fea5a93112/library/std/src/../../backtrace/src/backtrace/mod.rs:66:5
[INFO] [stdout]    2:     0x55de41f95efc - std::sys_common::backtrace::_print_fmt::h9eef0abe20ede486
[INFO] [stdout]                                at /rustc/82e1608dfa6e0b5569232559e3d385fea5a93112/library/std/src/sys_common/backtrace.rs:67:5
[INFO] [stdout]    3:     0x55de41f95efc - <std::sys_common::backtrace::_print::DisplayBacktrace as core::fmt::Display>::fmt::hed7f999df88cc644
[INFO] [stdout]                                at /rustc/82e1608dfa6e0b5569232559e3d385fea5a93112/library/std/src/sys_common/backtrace.rs:44:22
[INFO] [stdout]    4:     0x55de41fc3c90 - core::fmt::rt::Argument::fmt::h1539a9308b8d058d
[INFO] [stdout]                                at /rustc/82e1608dfa6e0b5569232559e3d385fea5a93112/library/core/src/fmt/rt.rs:142:9
[INFO] [stdout]    5:     0x55de41fc3c90 - core::fmt::write::h3a39390d8560d9c9
[INFO] [stdout]                                at /rustc/82e1608dfa6e0b5569232559e3d385fea5a93112/library/core/src/fmt/mod.rs:1120:17
[INFO] [stdout]    6:     0x55de41f92def - std::io::Write::write_fmt::h040b369f3a0f9cbc
[INFO] [stdout]                                at /rustc/82e1608dfa6e0b5569232559e3d385fea5a93112/library/std/src/io/mod.rs:1762:15
[INFO] [stdout]    7:     0x55de41f95ce4 - std::sys_common::backtrace::_print::h894006fb5c6f3d45
[INFO] [stdout]                                at /rustc/82e1608dfa6e0b5569232559e3d385fea5a93112/library/std/src/sys_common/backtrace.rs:47:5
[INFO] [stdout]    8:     0x55de41f95ce4 - std::sys_common::backtrace::print::h23a2d212c6fff936
[INFO] [stdout]                                at /rustc/82e1608dfa6e0b5569232559e3d385fea5a93112/library/std/src/sys_common/backtrace.rs:34:9
[INFO] [stdout]    9:     0x55de41f979a7 - std::panicking::default_hook::{{closure}}::h8a1d2ee00185001a
[INFO] [stdout]   10:     0x55de41f97693 - std::panicking::default_hook::h6038f2eba384e475
[INFO] [stdout]                                at /rustc/82e1608dfa6e0b5569232559e3d385fea5a93112/library/std/src/panicking.rs:289:9
[INFO] [stdout]   11:     0x55de41e77887 - <alloc::boxed::Box<F,A> as core::ops::function::Fn<Args>>::call::h0ad024c9bdc6d768
[INFO] [stdout]                                at /rustc/82e1608dfa6e0b5569232559e3d385fea5a93112/library/alloc/src/boxed.rs:2021:9
[INFO] [stdout]   12:     0x55de41e77887 - test::test_main::{{closure}}::h7500b54257359db6
[INFO] [stdout]                                at /rustc/82e1608dfa6e0b5569232559e3d385fea5a93112/library/test/src/lib.rs:138:21
[INFO] [stdout]   13:     0x55de41f97fb8 - <alloc::boxed::Box<F,A> as core::ops::function::Fn<Args>>::call::h1f8f335eaa9cfaee
[INFO] [stdout]                                at /rustc/82e1608dfa6e0b5569232559e3d385fea5a93112/library/alloc/src/boxed.rs:2021:9
[INFO] [stdout]   14:     0x55de41f97fb8 - std::panicking::rust_panic_with_hook::h2b5517d590cab22e
[INFO] [stdout]                                at /rustc/82e1608dfa6e0b5569232559e3d385fea5a93112/library/std/src/panicking.rs:783:13
[INFO] [stdout]   15:     0x55de41f97cd9 - std::panicking::begin_panic_handler::{{closure}}::h233112c06e0ef43e
[INFO] [stdout]                                at /rustc/82e1608dfa6e0b5569232559e3d385fea5a93112/library/std/src/panicking.rs:649:13
[INFO] [stdout]   16:     0x55de41f963c6 - std::sys_common::backtrace::__rust_end_short_backtrace::h6e893f24d7ebbff8
[INFO] [stdout]                                at /rustc/82e1608dfa6e0b5569232559e3d385fea5a93112/library/std/src/sys_common/backtrace.rs:170:18
[INFO] [stdout]   17:     0x55de41f97a72 - rust_begin_unwind
[INFO] [stdout]                                at /rustc/82e1608dfa6e0b5569232559e3d385fea5a93112/library/std/src/panicking.rs:645:5
[INFO] [stdout]   18:     0x55de41ae6605 - core::panicking::panic_fmt::hbf0e066aabfa482c
[INFO] [stdout]                                at /rustc/82e1608dfa6e0b5569232559e3d385fea5a93112/library/core/src/panicking.rs:72:14
[INFO] [stdout]   19:     0x55de41ae66a3 - core::panicking::panic::h195fc2a96298d4c3
[INFO] [stdout]                                at /rustc/82e1608dfa6e0b5569232559e3d385fea5a93112/library/core/src/panicking.rs:127:5
[INFO] [stdout]   20:     0x55de41af147a - league_of_crates::tests::it_works::{{closure}}::h3c0dab93a3a60adf
[INFO] [stdout]                                at /opt/rustwide/workdir/src/lib.rs:23:9
[INFO] [stdout]   21:     0x55de41afa598 - <core::pin::Pin<P> as core::future::future::Future>::poll::ha92dd37dcf9dce35
[INFO] [stdout]                                at /rustc/82e1608dfa6e0b5569232559e3d385fea5a93112/library/core/src/future/future.rs:125:9
[INFO] [stdout]   22:     0x55de41afa4cb - <core::pin::Pin<P> as core::future::future::Future>::poll::h14a69a9f57a768b1
[INFO] [stdout]                                at /rustc/82e1608dfa6e0b5569232559e3d385fea5a93112/library/core/src/future/future.rs:125:9
[INFO] [stdout]   23:     0x55de41aef414 - tokio::runtime::scheduler::current_thread::CoreGuard::block_on::{{closure}}::{{closure}}::{{closure}}::hbdd8dc0a7ce90b72
[INFO] [stdout]                                at /opt/rustwide/cargo-home/registry/src/index.crates.io-6f17d22bba15001f/tokio-1.35.1/src/runtime/scheduler/current_thread/mod.rs:665:57
[INFO] [stdout]   24:     0x55de41aef0fa - tokio::runtime::coop::with_budget::h550e2ae7e7f4fbd8
[INFO] [stdout]                                at /opt/rustwide/cargo-home/registry/src/index.crates.io-6f17d22bba15001f/tokio-1.35.1/src/runtime/coop.rs:107:5
[INFO] [stdout]   25:     0x55de41aef0fa - tokio::runtime::coop::budget::ha1fc26f5d8fec203
[INFO] [stdout]                                at /opt/rustwide/cargo-home/registry/src/index.crates.io-6f17d22bba15001f/tokio-1.35.1/src/runtime/coop.rs:73:5
[INFO] [stdout]   26:     0x55de41aef0fa - tokio::runtime::scheduler::current_thread::CoreGuard::block_on::{{closure}}::{{closure}}::h797e13c6ab4eedb3
[INFO] [stdout]                                at /opt/rustwide/cargo-home/registry/src/index.crates.io-6f17d22bba15001f/tokio-1.35.1/src/runtime/scheduler/current_thread/mod.rs:665:25
[INFO] [stdout]   27:     0x55de41aecbcc - tokio::runtime::scheduler::current_thread::Context::enter::hf589667b43e569fe
[INFO] [stdout]                                at /opt/rustwide/cargo-home/registry/src/index.crates.io-6f17d22bba15001f/tokio-1.35.1/src/runtime/scheduler/current_thread/mod.rs:410:19
[INFO] [stdout]   28:     0x55de41aedefe - tokio::runtime::scheduler::current_thread::CoreGuard::block_on::{{closure}}::h0920d518a95ff9fd
[INFO] [stdout]                                at /opt/rustwide/cargo-home/registry/src/index.crates.io-6f17d22bba15001f/tokio-1.35.1/src/runtime/scheduler/current_thread/mod.rs:664:36
[INFO] [stdout]   29:     0x55de41aedb8b - tokio::runtime::scheduler::current_thread::CoreGuard::enter::{{closure}}::h7642b590e6ca6a49
[INFO] [stdout]                                at /opt/rustwide/cargo-home/registry/src/index.crates.io-6f17d22bba15001f/tokio-1.35.1/src/runtime/scheduler/current_thread/mod.rs:743:68
[INFO] [stdout]   30:     0x55de41b02e6b - tokio::runtime::context::scoped::Scoped<T>::set::h5e6243d6d3af451e
[INFO] [stdout]                                at /opt/rustwide/cargo-home/registry/src/index.crates.io-6f17d22bba15001f/tokio-1.35.1/src/runtime/context/scoped.rs:40:9
[INFO] [stdout]   31:     0x55de41af87d9 - tokio::runtime::context::set_scheduler::{{closure}}::h8a64de9689186403
[INFO] [stdout]                                at /opt/rustwide/cargo-home/registry/src/index.crates.io-6f17d22bba15001f/tokio-1.35.1/src/runtime/context.rs:176:26
[INFO] [stdout]   32:     0x55de41aff096 - std::thread::local::LocalKey<T>::try_with::hdad78dfde7eb4d94
[INFO] [stdout]                                at /rustc/82e1608dfa6e0b5569232559e3d385fea5a93112/library/std/src/thread/local.rs:270:16
[INFO] [stdout]   33:     0x55de41afde0a - std::thread::local::LocalKey<T>::with::h825362c59ce11e05
[INFO] [stdout]                                at /rustc/82e1608dfa6e0b5569232559e3d385fea5a93112/library/std/src/thread/local.rs:246:9
[INFO] [stdout]   34:     0x55de41af86dd - tokio::runtime::context::set_scheduler::h6391491ad1cdf220
[INFO] [stdout]                                at /opt/rustwide/cargo-home/registry/src/index.crates.io-6f17d22bba15001f/tokio-1.35.1/src/runtime/context.rs:176:9
[INFO] [stdout]   35:     0x55de41aed8e0 - tokio::runtime::scheduler::current_thread::CoreGuard::enter::hb5721234c517c1b7
[INFO] [stdout]                                at /opt/rustwide/cargo-home/registry/src/index.crates.io-6f17d22bba15001f/tokio-1.35.1/src/runtime/scheduler/current_thread/mod.rs:743:27
[INFO] [stdout]   36:     0x55de41aedc3d - tokio::runtime::scheduler::current_thread::CoreGuard::block_on::ha30c8e5945072915
[INFO] [stdout]                                at /opt/rustwide/cargo-home/registry/src/index.crates.io-6f17d22bba15001f/tokio-1.35.1/src/runtime/scheduler/current_thread/mod.rs:652:19
[INFO] [stdout]   37:     0x55de41aeb7cd - tokio::runtime::scheduler::current_thread::CurrentThread::block_on::{{closure}}::h835aef67f22b39c9
[INFO] [stdout]                                at /opt/rustwide/cargo-home/registry/src/index.crates.io-6f17d22bba15001f/tokio-1.35.1/src/runtime/scheduler/current_thread/mod.rs:175:28
[INFO] [stdout]   38:     0x55de41af933a - tokio::runtime::context::runtime::enter_runtime::hc427d943b42d72ba
[INFO] [stdout]                                at /opt/rustwide/cargo-home/registry/src/index.crates.io-6f17d22bba15001f/tokio-1.35.1/src/runtime/context/runtime.rs:65:16
[INFO] [stdout]   39:     0x55de41aeb600 - tokio::runtime::scheduler::current_thread::CurrentThread::block_on::h1ebde6fdbd633f3c
[INFO] [stdout]                                at /opt/rustwide/cargo-home/registry/src/index.crates.io-6f17d22bba15001f/tokio-1.35.1/src/runtime/scheduler/current_thread/mod.rs:167:9
[INFO] [stdout]   40:     0x55de41af9c0d - tokio::runtime::runtime::Runtime::block_on::h3c22535c2764dddf
[INFO] [stdout]                                at /opt/rustwide/cargo-home/registry/src/index.crates.io-6f17d22bba15001f/tokio-1.35.1/src/runtime/runtime.rs:348:47
[INFO] [stdout]   41:     0x55de41af11a8 - league_of_crates::tests::it_works::hebc97eef3dbc8807
[INFO] [stdout]                                at /opt/rustwide/workdir/src/lib.rs:23:9
[INFO] [stdout]   42:     0x55de41af1037 - league_of_crates::tests::it_works::{{closure}}::h91fcaf2f47c83eac
[INFO] [stdout]                                at /opt/rustwide/workdir/src/lib.rs:21:24
[INFO] [stdout]   43:     0x55de41ae90c6 - core::ops::function::FnOnce::call_once::h23b8031eca29c206
[INFO] [stdout]                                at /rustc/82e1608dfa6e0b5569232559e3d385fea5a93112/library/core/src/ops/function.rs:250:5
[INFO] [stdout]   44:     0x55de41e7cedf - core::ops::function::FnOnce::call_once::h2b5d431d5046312d
[INFO] [stdout]                                at /rustc/82e1608dfa6e0b5569232559e3d385fea5a93112/library/core/src/ops/function.rs:250:5
[INFO] [stdout]   45:     0x55de41e7cedf - test::__rust_begin_short_backtrace::h7714669af176e207
[INFO] [stdout]                                at /rustc/82e1608dfa6e0b5569232559e3d385fea5a93112/library/test/src/lib.rs:628:18
[INFO] [stdout]   46:     0x55de41e7bef5 - test::run_test_in_process::{{closure}}::h85218797dcbcec12
[INFO] [stdout]                                at /rustc/82e1608dfa6e0b5569232559e3d385fea5a93112/library/test/src/lib.rs:651:60
[INFO] [stdout]   47:     0x55de41e7bef5 - <core::panic::unwind_safe::AssertUnwindSafe<F> as core::ops::function::FnOnce<()>>::call_once::h76c106ea31c14d7b
[INFO] [stdout]                                at /rustc/82e1608dfa6e0b5569232559e3d385fea5a93112/library/core/src/panic/unwind_safe.rs:272:9
[INFO] [stdout]   48:     0x55de41e7bef5 - std::panicking::try::do_call::h3bd5d0f6620ee946
[INFO] [stdout]                                at /rustc/82e1608dfa6e0b5569232559e3d385fea5a93112/library/std/src/panicking.rs:552:40
[INFO] [stdout]   49:     0x55de41e7bef5 - std::panicking::try::h232e535e4744fe31
[INFO] [stdout]                                at /rustc/82e1608dfa6e0b5569232559e3d385fea5a93112/library/std/src/panicking.rs:516:19
[INFO] [stdout]   50:     0x55de41e7bef5 - std::panic::catch_unwind::h3ce3bd6ca8dbac68
[INFO] [stdout]                                at /rustc/82e1608dfa6e0b5569232559e3d385fea5a93112/library/std/src/panic.rs:142:14
[INFO] [stdout]   51:     0x55de41e7bef5 - test::run_test_in_process::hc97b257c9621286a
[INFO] [stdout]                                at /rustc/82e1608dfa6e0b5569232559e3d385fea5a93112/library/test/src/lib.rs:651:27
[INFO] [stdout]   52:     0x55de41e7bef5 - test::run_test::{{closure}}::h2aa798823a438d38
[INFO] [stdout]                                at /rustc/82e1608dfa6e0b5569232559e3d385fea5a93112/library/test/src/lib.rs:574:43
[INFO] [stdout]   53:     0x55de41e441b6 - test::run_test::{{closure}}::h87d231c78fb59832
[INFO] [stdout]                                at /rustc/82e1608dfa6e0b5569232559e3d385fea5a93112/library/test/src/lib.rs:602:41
[INFO] [stdout]   54:     0x55de41e441b6 - std::sys_common::backtrace::__rust_begin_short_backtrace::he6df152596625789
[INFO] [stdout]                                at /rustc/82e1608dfa6e0b5569232559e3d385fea5a93112/library/std/src/sys_common/backtrace.rs:154:18
[INFO] [stdout]   55:     0x55de41e49267 - std::thread::Builder::spawn_unchecked_::{{closure}}::{{closure}}::ha94be15d1e0acf36
[INFO] [stdout]                                at /rustc/82e1608dfa6e0b5569232559e3d385fea5a93112/library/std/src/thread/mod.rs:529:17
[INFO] [stdout]   56:     0x55de41e49267 - <core::panic::unwind_safe::AssertUnwindSafe<F> as core::ops::function::FnOnce<()>>::call_once::h9dc6bd6372f16606
[INFO] [stdout]                                at /rustc/82e1608dfa6e0b5569232559e3d385fea5a93112/library/core/src/panic/unwind_safe.rs:272:9
[INFO] [stdout]   57:     0x55de41e49267 - std::panicking::try::do_call::h9057517f80303cd4
[INFO] [stdout]                                at /rustc/82e1608dfa6e0b5569232559e3d385fea5a93112/library/std/src/panicking.rs:552:40
[INFO] [stdout]   58:     0x55de41e49267 - std::panicking::try::he3a30b11ee45340c
[INFO] [stdout]                                at /rustc/82e1608dfa6e0b5569232559e3d385fea5a93112/library/std/src/panicking.rs:516:19
[INFO] [stdout]   59:     0x55de41e49267 - std::panic::catch_unwind::h410458cfd3528b8b
[INFO] [stdout]                                at /rustc/82e1608dfa6e0b5569232559e3d385fea5a93112/library/std/src/panic.rs:142:14
[INFO] [stdout]   60:     0x55de41e49267 - std::thread::Builder::spawn_unchecked_::{{closure}}::h72ac3bdb567b737b
[INFO] [stdout]                                at /rustc/82e1608dfa6e0b5569232559e3d385fea5a93112/library/std/src/thread/mod.rs:528:30
[INFO] [stdout]   61:     0x55de41e49267 - core::ops::function::FnOnce::call_once{{vtable.shim}}::h38f34da3654a8344
[INFO] [stdout]                                at /rustc/82e1608dfa6e0b5569232559e3d385fea5a93112/library/core/src/ops/function.rs:250:5
[INFO] [stdout]   62:     0x55de41f9ccd5 - <alloc::boxed::Box<F,A> as core::ops::function::FnOnce<Args>>::call_once::hc7eafaff61e32df9
[INFO] [stdout]                                at /rustc/82e1608dfa6e0b5569232559e3d385fea5a93112/library/alloc/src/boxed.rs:2007:9
[INFO] [stdout]   63:     0x55de41f9ccd5 - <alloc::boxed::Box<F,A> as core::ops::function::FnOnce<Args>>::call_once::h6ba4a5de48dd2304
[INFO] [stdout]                                at /rustc/82e1608dfa6e0b5569232559e3d385fea5a93112/library/alloc/src/boxed.rs:2007:9
[INFO] [stdout]   64:     0x55de41f9ccd5 - std::sys::unix::thread::Thread::new::thread_start::he469335aef763e45
[INFO] [stdout]                                at /rustc/82e1608dfa6e0b5569232559e3d385fea5a93112/library/std/src/sys/unix/thread.rs:108:17
[INFO] [stdout]   65:     0x7eff117b0ac3 - <unknown>
[INFO] [stdout]   66:     0x7eff11841bf4 - __clone
[INFO] [stdout]   67:                0x0 - <unknown>
[INFO] [stdout] 
[INFO] [stdout] 
[INFO] [stdout] failures:
[INFO] [stdout]     tests::calcs_ok
[INFO] [stdout]     tests::get_key_ok
[INFO] [stdout]     tests::get_name_ok
[INFO] [stdout]     tests::has_num_champs
[INFO] [stdout]     tests::it_works
[INFO] [stdout] 
[INFO] [stdout] test result: FAILED. 0 passed; 5 failed; 0 ignored; 0 measured; 0 filtered out; finished in 0.84s
[INFO] [stdout] 
[INFO] [stderr] error: test failed, to rerun pass `--lib`
[INFO] running `Command { std: "docker" "inspect" "aa98096cd52a8add578f08264083e4dd459d528da950737bb0ee257402963adf", kill_on_drop: false }`
[INFO] running `Command { std: "docker" "rm" "-f" "aa98096cd52a8add578f08264083e4dd459d528da950737bb0ee257402963adf", kill_on_drop: false }`
[INFO] [stdout] aa98096cd52a8add578f08264083e4dd459d528da950737bb0ee257402963adf
[INFO] testing league-of-crates-0.3.4 against beta-2023-12-22 for beta-1.76-1
[INFO] extracting crate league-of-crates 0.3.4 into /workspace/builds/worker-4-tc2/source
[INFO] validating manifest of crates.io crate league-of-crates 0.3.4 on toolchain beta-2023-12-22
[INFO] running `Command { std: CARGO_HOME="/workspace/cargo-home" RUSTUP_HOME="/workspace/rustup-home" "/workspace/cargo-home/bin/cargo" "+beta-2023-12-22" "metadata" "--manifest-path" "Cargo.toml" "--no-deps", kill_on_drop: false }`
[INFO] started tweaking crates.io crate league-of-crates 0.3.4
[INFO] finished tweaking crates.io crate league-of-crates 0.3.4
[INFO] tweaked toml for crates.io crate league-of-crates 0.3.4 written to /workspace/builds/worker-4-tc2/source/Cargo.toml
[INFO] running `Command { std: CARGO_HOME="/workspace/cargo-home" RUSTUP_HOME="/workspace/rustup-home" "/workspace/cargo-home/bin/cargo" "+beta-2023-12-22" "generate-lockfile" "--manifest-path" "Cargo.toml", kill_on_drop: false }`
[INFO] [stderr]     Updating crates.io index
[INFO] running `Command { std: CARGO_HOME="/workspace/cargo-home" RUSTUP_HOME="/workspace/rustup-home" "/workspace/cargo-home/bin/cargo" "+beta-2023-12-22" "fetch" "--manifest-path" "Cargo.toml", kill_on_drop: false }`
[INFO] running `Command { std: "docker" "create" "-v" "/var/lib/crater-agent-workspace/builds/worker-4-tc2/target:/opt/rustwide/target:rw,Z" "-v" "/var/lib/crater-agent-workspace/builds/worker-4-tc2/source:/opt/rustwide/workdir:ro,Z" "-v" "/var/lib/crater-agent-workspace/cargo-home:/opt/rustwide/cargo-home:ro,Z" "-v" "/var/lib/crater-agent-workspace/rustup-home:/opt/rustwide/rustup-home:ro,Z" "-e" "SOURCE_DIR=/opt/rustwide/workdir" "-e" "CARGO_TARGET_DIR=/opt/rustwide/target" "-e" "CARGO_HOME=/opt/rustwide/cargo-home" "-e" "RUSTUP_HOME=/opt/rustwide/rustup-home" "-w" "/opt/rustwide/workdir" "-m" "1610612736" "--user" "0:0" "--network" "none" "ghcr.io/rust-lang/crates-build-env/linux@sha256:2788e3201cd34a07e3172128adcd8b3090168a8e3bcc40d7c032b9dda1df7d1c" "/opt/rustwide/cargo-home/bin/cargo" "+beta-2023-12-22" "metadata" "--no-deps" "--format-version=1", kill_on_drop: false }`
[INFO] [stdout] bc71bb74d3451cb3ab89d20d0afd14267617b6156737cddfe2da70520049d179
[INFO] running `Command { std: "docker" "start" "-a" "bc71bb74d3451cb3ab89d20d0afd14267617b6156737cddfe2da70520049d179", kill_on_drop: false }`
[INFO] running `Command { std: "docker" "inspect" "bc71bb74d3451cb3ab89d20d0afd14267617b6156737cddfe2da70520049d179", kill_on_drop: false }`
[INFO] running `Command { std: "docker" "rm" "-f" "bc71bb74d3451cb3ab89d20d0afd14267617b6156737cddfe2da70520049d179", kill_on_drop: false }`
[INFO] [stdout] bc71bb74d3451cb3ab89d20d0afd14267617b6156737cddfe2da70520049d179
[INFO] running `Command { std: "docker" "create" "-v" "/var/lib/crater-agent-workspace/builds/worker-4-tc2/target:/opt/rustwide/target:rw,Z" "-v" "/var/lib/crater-agent-workspace/builds/worker-4-tc2/source:/opt/rustwide/workdir:ro,Z" "-v" "/var/lib/crater-agent-workspace/cargo-home:/opt/rustwide/cargo-home:ro,Z" "-v" "/var/lib/crater-agent-workspace/rustup-home:/opt/rustwide/rustup-home:ro,Z" "-e" "SOURCE_DIR=/opt/rustwide/workdir" "-e" "CARGO_TARGET_DIR=/opt/rustwide/target" "-e" "CARGO_INCREMENTAL=0" "-e" "RUST_BACKTRACE=full" "-e" "RUSTFLAGS=--cap-lints=warn" "-e" "RUSTDOCFLAGS=--cap-lints=warn" "-e" "CARGO_HOME=/opt/rustwide/cargo-home" "-e" "RUSTUP_HOME=/opt/rustwide/rustup-home" "-w" "/opt/rustwide/workdir" "-m" "1610612736" "--user" "0:0" "--network" "none" "ghcr.io/rust-lang/crates-build-env/linux@sha256:2788e3201cd34a07e3172128adcd8b3090168a8e3bcc40d7c032b9dda1df7d1c" "/opt/rustwide/cargo-home/bin/cargo" "+beta-2023-12-22" "build" "--frozen" "--message-format=json", kill_on_drop: false }`
[INFO] [stdout] 13aca40083448f7046f28f15f185e7fec168f616c5e54abba35aed382e9c1bd0
[INFO] running `Command { std: "docker" "start" "-a" "13aca40083448f7046f28f15f185e7fec168f616c5e54abba35aed382e9c1bd0", kill_on_drop: false }`
[INFO] [stderr]    Compiling proc-macro2 v1.0.75
[INFO] [stderr]    Compiling libc v0.2.151
[INFO] [stderr]    Compiling autocfg v1.1.0
[INFO] [stderr]    Compiling cfg-if v1.0.0
[INFO] [stderr]    Compiling parking_lot_core v0.9.9
[INFO] [stderr]    Compiling pkg-config v0.3.28
[INFO] [stderr]    Compiling once_cell v1.19.0
[INFO] [stderr]    Compiling pin-project-lite v0.2.13
[INFO] [stderr]    Compiling vcpkg v0.2.15
[INFO] [stderr]    Compiling bytes v1.5.0
[INFO] [stderr]    Compiling scopeguard v1.2.0
[INFO] [stderr]    Compiling smallvec v1.11.2
[INFO] [stderr]    Compiling lock_api v0.4.11
[INFO] [stderr]    Compiling itoa v1.0.10
[INFO] [stderr]    Compiling futures-core v0.3.30
[INFO] [stderr]    Compiling slab v0.4.9
[INFO] [stderr]    Compiling tracing-core v0.1.32
[INFO] [stderr]    Compiling quote v1.0.35
[INFO] [stderr]    Compiling fnv v1.0.7
[INFO] [stderr]    Compiling foreign-types-shared v0.1.1
[INFO] [stderr]    Compiling openssl v0.10.62
[INFO] [stderr]    Compiling http v0.2.11
[INFO] [stderr]    Compiling syn v2.0.48
[INFO] [stderr]    Compiling cc v1.0.83
[INFO] [stderr]    Compiling tracing v0.1.40
[INFO] [stderr]    Compiling mio v0.8.10
[INFO] [stderr]    Compiling socket2 v0.5.5
[INFO] [stderr]    Compiling num_cpus v1.16.0
[INFO] [stderr]    Compiling parking_lot v0.12.1
[INFO] [stderr]    Compiling signal-hook-registry v1.4.1
[INFO] [stderr]    Compiling foreign-types v0.3.2
[INFO] [stderr]    Compiling httparse v1.8.0
[INFO] [stderr]    Compiling futures-task v0.3.30
[INFO] [stderr]    Compiling native-tls v0.2.11
[INFO] [stderr]    Compiling bitflags v2.4.1
[INFO] [stderr]    Compiling hashbrown v0.14.3
[INFO] [stderr]    Compiling tinyvec_macros v0.1.1
[INFO] [stderr]    Compiling futures-sink v0.3.30
[INFO] [stderr]    Compiling equivalent v1.0.1
[INFO] [stderr]    Compiling serde v1.0.171
[INFO] [stderr]    Compiling pin-utils v0.1.0
[INFO] [stderr]    Compiling tinyvec v1.6.0
[INFO] [stderr]    Compiling futures-util v0.3.30
[INFO] [stderr]    Compiling percent-encoding v2.3.1
[INFO] [stderr]    Compiling openssl-sys v0.9.98
[INFO] [stderr]    Compiling openssl-probe v0.1.5
[INFO] [stderr]    Compiling log v0.4.20
[INFO] [stderr]    Compiling try-lock v0.2.5
[INFO] [stderr]    Compiling want v0.3.1
[INFO] [stderr]    Compiling form_urlencoded v1.2.1
[INFO] [stderr]    Compiling indexmap v2.1.0
[INFO] [stderr]    Compiling http-body v0.4.6
[INFO] [stderr]    Compiling futures-channel v0.3.30
[INFO] [stderr]    Compiling num-traits v0.2.17
[INFO] [stderr]    Compiling tower-service v0.3.2
[INFO] [stderr]    Compiling serde_json v1.0.109
[INFO] [stderr]    Compiling unicode-normalization v0.1.22
[INFO] [stderr]    Compiling unicode-bidi v0.3.14
[INFO] [stderr]    Compiling httpdate v1.0.3
[INFO] [stderr]    Compiling ryu v1.0.16
[INFO] [stderr]    Compiling encoding_rs v0.8.33
[INFO] [stderr]    Compiling base64 v0.21.5
[INFO] [stderr]    Compiling idna v0.5.0
[INFO] [stderr]    Compiling mime v0.3.17
[INFO] [stderr]    Compiling ipnet v2.9.0
[INFO] [stderr]    Compiling url v2.5.0
[INFO] [stderr]    Compiling approx v0.5.1
[INFO] [stderr]    Compiling tokio-macros v2.2.0
[INFO] [stderr]    Compiling openssl-macros v0.1.1
[INFO] [stderr]    Compiling serde_derive v1.0.171
[INFO] [stderr]    Compiling tokio v1.35.1
[INFO] [stderr]    Compiling tokio-util v0.7.10
[INFO] [stderr]    Compiling tokio-native-tls v0.3.1
[INFO] [stderr]    Compiling h2 v0.3.22
[INFO] [stderr]    Compiling serde_urlencoded v0.7.1
[INFO] [stderr]    Compiling hyper v0.14.28
[INFO] [stderr]    Compiling hyper-tls v0.5.0
[INFO] [stderr]    Compiling reqwest v0.11.23
[INFO] [stderr]    Compiling league-of-crates v0.3.4 (/opt/rustwide/workdir)
[INFO] [stdout] warning: unused imports: `MapAccess`, `SeqAccess`
[INFO] [stdout]  --> src/champion.rs:1:17
[INFO] [stdout]   |
[INFO] [stdout] 1 | use serde::de::{MapAccess, SeqAccess};
[INFO] [stdout]   |                 ^^^^^^^^^  ^^^^^^^^^
[INFO] [stdout]   |
[INFO] [stdout]   = note: `#[warn(unused_imports)]` on by default
[INFO] [stdout] 
[INFO] [stdout] 
[INFO] [stdout] warning: unused import: `Deserializer`
[INFO] [stdout]  --> src/champion.rs:2:26
[INFO] [stdout]   |
[INFO] [stdout] 2 | use serde::{Deserialize, Deserializer};
[INFO] [stdout]   |                          ^^^^^^^^^^^^
[INFO] [stdout] 
[INFO] [stdout] 
[INFO] [stdout] warning: unused macro definition: `new_dir_wrapped`
[INFO] [stdout]  --> src/lib.rs:3:14
[INFO] [stdout]   |
[INFO] [stdout] 3 | macro_rules! new_dir_wrapped {
[INFO] [stdout]   |              ^^^^^^^^^^^^^^^
[INFO] [stdout]   |
[INFO] [stdout]   = note: `#[warn(unused_macros)]` on by default
[INFO] [stdout] 
[INFO] [stdout] 
[INFO] [stdout] warning: unused macro definition: `new_dir`
[INFO] [stdout]  --> src/lib.rs:9:14
[INFO] [stdout]   |
[INFO] [stdout] 9 | macro_rules! new_dir {
[INFO] [stdout]   |              ^^^^^^^
[INFO] [stdout] 
[INFO] [stdout] 
[INFO] [stdout] warning: methods `get_stats_level` and `get_stats_range` are never used
[INFO] [stdout]    --> src/champion.rs:75:12
[INFO] [stdout]     |
[INFO] [stdout] 74  | impl GameData {
[INFO] [stdout]     | ------------- methods in this implementation
[INFO] [stdout] 75  |     pub fn get_stats_level(&self, level: u32) -> Result<LevelStats, ChampStatError> {
[INFO] [stdout]     |            ^^^^^^^^^^^^^^^
[INFO] [stdout] ...
[INFO] [stdout] 103 |     pub fn get_stats_range(
[INFO] [stdout]     |            ^^^^^^^^^^^^^^^
[INFO] [stdout]     |
[INFO] [stdout]     = note: `#[warn(dead_code)]` on by default
[INFO] [stdout] 
[INFO] [stdout] 
[INFO] [stdout] warning: methods `populate_gamedata`, `get_stats_level`, `get_stats_range`, `get_effective_hp_at_level`, and `get_effective_hp_range` are never used
[INFO] [stdout]    --> src/champion.rs:317:18
[INFO] [stdout]     |
[INFO] [stdout] 316 | impl Champion {
[INFO] [stdout]     | ------------- methods in this implementation
[INFO] [stdout] 317 |     pub async fn populate_gamedata(&mut self) -> Result<(), Box<dyn error::Error>> {
[INFO] [stdout]     |                  ^^^^^^^^^^^^^^^^^
[INFO] [stdout] ...
[INFO] [stdout] 345 |     pub fn get_stats_level(&self, level: u32) -> Result<LevelStats, ChampStatError> {
[INFO] [stdout]     |            ^^^^^^^^^^^^^^^
[INFO] [stdout] ...
[INFO] [stdout] 353 |     pub fn get_stats_range(
[INFO] [stdout]     |            ^^^^^^^^^^^^^^^
[INFO] [stdout] ...
[INFO] [stdout] 365 |     pub fn get_effective_hp_at_level(&self, level: u32) -> Result<EffectiveHealth, ChampStatError> {
[INFO] [stdout]     |            ^^^^^^^^^^^^^^^^^^^^^^^^^
[INFO] [stdout] ...
[INFO] [stdout] 372 |     pub fn get_effective_hp_range(
[INFO] [stdout]     |            ^^^^^^^^^^^^^^^^^^^^^^
[INFO] [stdout] 
[INFO] [stdout] 
[INFO] [stdout] warning: variants `ZeroError`, `LevelRangeError`, and `StatsNotLoaded` are never constructed
[INFO] [stdout]    --> src/champion.rs:394:5
[INFO] [stdout]     |
[INFO] [stdout] 393 | pub enum ChampStatError {
[INFO] [stdout]     |          -------------- variants in this enum
[INFO] [stdout] 394 |     ZeroError,
[INFO] [stdout]     |     ^^^^^^^^^
[INFO] [stdout] 395 |     LevelRangeError,
[INFO] [stdout]     |     ^^^^^^^^^^^^^^^
[INFO] [stdout] 396 |     StatsNotLoaded,
[INFO] [stdout]     |     ^^^^^^^^^^^^^^
[INFO] [stdout]     |
[INFO] [stdout]     = note: `ChampStatError` has derived impls for the traits `Clone` and `Debug`, but these are intentionally ignored during dead code analysis
[INFO] [stdout] 
[INFO] [stdout] 
[INFO] [stdout] warning: struct `LevelStats` is never constructed
[INFO] [stdout]    --> src/champion.rs:407:12
[INFO] [stdout]     |
[INFO] [stdout] 407 | pub struct LevelStats {
[INFO] [stdout]     |            ^^^^^^^^^^
[INFO] [stdout] 
[INFO] [stdout] 
[INFO] [stdout] warning: method `get_effective_health` is never used
[INFO] [stdout]    --> src/champion.rs:423:12
[INFO] [stdout]     |
[INFO] [stdout] 422 | impl LevelStats {
[INFO] [stdout]     | --------------- method in this implementation
[INFO] [stdout] 423 |     pub fn get_effective_health(&self) -> EffectiveHealth {
[INFO] [stdout]     |            ^^^^^^^^^^^^^^^^^^^^
[INFO] [stdout] 
[INFO] [stdout] 
[INFO] [stdout] warning: struct `EffectiveHealth` is never constructed
[INFO] [stdout]    --> src/champion.rs:431:12
[INFO] [stdout]     |
[INFO] [stdout] 431 | pub struct EffectiveHealth {
[INFO] [stdout]     |            ^^^^^^^^^^^^^^^
[INFO] [stdout] 
[INFO] [stdout] 
[INFO] [stdout] warning: associated items `from_cdragon`, `get_by_name`, `get_by_alias`, and `get_by_key` are never used
[INFO] [stdout]    --> src/champion.rs:443:18
[INFO] [stdout]     |
[INFO] [stdout] 442 | impl ChampDir {
[INFO] [stdout]     | ------------- associated items in this implementation
[INFO] [stdout] 443 |     pub async fn from_cdragon() -> Result<ChampDir, Box<dyn error::Error>> {
[INFO] [stdout]     |                  ^^^^^^^^^^^^
[INFO] [stdout] ...
[INFO] [stdout] 458 |     pub fn get_by_name(&self, name: String) -> Option<&Champion> {
[INFO] [stdout]     |            ^^^^^^^^^^^
[INFO] [stdout] ...
[INFO] [stdout] 461 |     pub fn get_by_alias(&self, alias: String) -> Option<&Champion> {
[INFO] [stdout]     |            ^^^^^^^^^^^^
[INFO] [stdout] ...
[INFO] [stdout] 464 |     pub fn get_by_key(&self, id: i32) -> Option<&Champion> {
[INFO] [stdout]     |            ^^^^^^^^^^
[INFO] [stdout] 
[INFO] [stdout] 
[INFO] [stdout] warning: 11 warnings emitted
[INFO] [stdout] 
[INFO] [stdout] 
[INFO] [stderr]     Finished dev [unoptimized + debuginfo] target(s) in 19.08s
[INFO] running `Command { std: "docker" "inspect" "13aca40083448f7046f28f15f185e7fec168f616c5e54abba35aed382e9c1bd0", kill_on_drop: false }`
[INFO] running `Command { std: "docker" "rm" "-f" "13aca40083448f7046f28f15f185e7fec168f616c5e54abba35aed382e9c1bd0", kill_on_drop: false }`
[INFO] [stdout] 13aca40083448f7046f28f15f185e7fec168f616c5e54abba35aed382e9c1bd0
[INFO] running `Command { std: "docker" "create" "-v" "/var/lib/crater-agent-workspace/builds/worker-4-tc2/target:/opt/rustwide/target:rw,Z" "-v" "/var/lib/crater-agent-workspace/builds/worker-4-tc2/source:/opt/rustwide/workdir:ro,Z" "-v" "/var/lib/crater-agent-workspace/cargo-home:/opt/rustwide/cargo-home:ro,Z" "-v" "/var/lib/crater-agent-workspace/rustup-home:/opt/rustwide/rustup-home:ro,Z" "-e" "SOURCE_DIR=/opt/rustwide/workdir" "-e" "CARGO_TARGET_DIR=/opt/rustwide/target" "-e" "CARGO_INCREMENTAL=0" "-e" "RUST_BACKTRACE=full" "-e" "RUSTFLAGS=--cap-lints=warn" "-e" "RUSTDOCFLAGS=--cap-lints=warn" "-e" "CARGO_HOME=/opt/rustwide/cargo-home" "-e" "RUSTUP_HOME=/opt/rustwide/rustup-home" "-w" "/opt/rustwide/workdir" "-m" "1610612736" "--user" "0:0" "--network" "none" "ghcr.io/rust-lang/crates-build-env/linux@sha256:2788e3201cd34a07e3172128adcd8b3090168a8e3bcc40d7c032b9dda1df7d1c" "/opt/rustwide/cargo-home/bin/cargo" "+beta-2023-12-22" "test" "--frozen" "--no-run" "--message-format=json", kill_on_drop: false }`
[INFO] [stdout] 3873673ea4baafd81cd4c8baa84128ee88d829645b13f8338bc38d228c180516
[INFO] running `Command { std: "docker" "start" "-a" "3873673ea4baafd81cd4c8baa84128ee88d829645b13f8338bc38d228c180516", kill_on_drop: false }`
[INFO] [stdout] warning: unused imports: `MapAccess`, `SeqAccess`
[INFO] [stdout]  --> src/champion.rs:1:17
[INFO] [stdout]   |
[INFO] [stdout] 1 | use serde::de::{MapAccess, SeqAccess};
[INFO] [stdout]   |                 ^^^^^^^^^  ^^^^^^^^^
[INFO] [stdout]   |
[INFO] [stdout]   = note: `#[warn(unused_imports)]` on by default
[INFO] [stdout] 
[INFO] [stdout] 
[INFO] [stdout] warning: unused import: `Deserializer`
[INFO] [stdout]  --> src/champion.rs:2:26
[INFO] [stdout]   |
[INFO] [stdout] 2 | use serde::{Deserialize, Deserializer};
[INFO] [stdout]   |                          ^^^^^^^^^^^^
[INFO] [stdout] 
[INFO] [stdout] 
[INFO] [stdout] warning: unused macro definition: `new_dir_wrapped`
[INFO] [stdout]  --> src/lib.rs:3:14
[INFO] [stdout]   |
[INFO] [stdout] 3 | macro_rules! new_dir_wrapped {
[INFO] [stdout]   |              ^^^^^^^^^^^^^^^
[INFO] [stdout]   |
[INFO] [stdout]   = note: `#[warn(unused_macros)]` on by default
[INFO] [stdout] 
[INFO] [stdout] 
[INFO] [stdout] warning: unused macro definition: `new_dir`
[INFO] [stdout]  --> src/lib.rs:9:14
[INFO] [stdout]   |
[INFO] [stdout] 9 | macro_rules! new_dir {
[INFO] [stdout]   |              ^^^^^^^
[INFO] [stdout] 
[INFO] [stdout] 
[INFO] [stderr]    Compiling league-of-crates v0.3.4 (/opt/rustwide/workdir)
[INFO] [stdout] warning: methods `get_stats_level` and `get_stats_range` are never used
[INFO] [stdout]    --> src/champion.rs:75:12
[INFO] [stdout]     |
[INFO] [stdout] 74  | impl GameData {
[INFO] [stdout]     | ------------- methods in this implementation
[INFO] [stdout] 75  |     pub fn get_stats_level(&self, level: u32) -> Result<LevelStats, ChampStatError> {
[INFO] [stdout]     |            ^^^^^^^^^^^^^^^
[INFO] [stdout] ...
[INFO] [stdout] 103 |     pub fn get_stats_range(
[INFO] [stdout]     |            ^^^^^^^^^^^^^^^
[INFO] [stdout]     |
[INFO] [stdout]     = note: `#[warn(dead_code)]` on by default
[INFO] [stdout] 
[INFO] [stdout] 
[INFO] [stdout] warning: methods `populate_gamedata`, `get_stats_level`, `get_stats_range`, `get_effective_hp_at_level`, and `get_effective_hp_range` are never used
[INFO] [stdout]    --> src/champion.rs:317:18
[INFO] [stdout]     |
[INFO] [stdout] 316 | impl Champion {
[INFO] [stdout]     | ------------- methods in this implementation
[INFO] [stdout] 317 |     pub async fn populate_gamedata(&mut self) -> Result<(), Box<dyn error::Error>> {
[INFO] [stdout]     |                  ^^^^^^^^^^^^^^^^^
[INFO] [stdout] ...
[INFO] [stdout] 345 |     pub fn get_stats_level(&self, level: u32) -> Result<LevelStats, ChampStatError> {
[INFO] [stdout]     |            ^^^^^^^^^^^^^^^
[INFO] [stdout] ...
[INFO] [stdout] 353 |     pub fn get_stats_range(
[INFO] [stdout]     |            ^^^^^^^^^^^^^^^
[INFO] [stdout] ...
[INFO] [stdout] 365 |     pub fn get_effective_hp_at_level(&self, level: u32) -> Result<EffectiveHealth, ChampStatError> {
[INFO] [stdout]     |            ^^^^^^^^^^^^^^^^^^^^^^^^^
[INFO] [stdout] ...
[INFO] [stdout] 372 |     pub fn get_effective_hp_range(
[INFO] [stdout]     |            ^^^^^^^^^^^^^^^^^^^^^^
[INFO] [stdout] 
[INFO] [stdout] 
[INFO] [stdout] warning: variants `ZeroError`, `LevelRangeError`, and `StatsNotLoaded` are never constructed
[INFO] [stdout]    --> src/champion.rs:394:5
[INFO] [stdout]     |
[INFO] [stdout] 393 | pub enum ChampStatError {
[INFO] [stdout]     |          -------------- variants in this enum
[INFO] [stdout] 394 |     ZeroError,
[INFO] [stdout]     |     ^^^^^^^^^
[INFO] [stdout] 395 |     LevelRangeError,
[INFO] [stdout]     |     ^^^^^^^^^^^^^^^
[INFO] [stdout] 396 |     StatsNotLoaded,
[INFO] [stdout]     |     ^^^^^^^^^^^^^^
[INFO] [stdout]     |
[INFO] [stdout]     = note: `ChampStatError` has derived impls for the traits `Clone` and `Debug`, but these are intentionally ignored during dead code analysis
[INFO] [stdout] 
[INFO] [stdout] 
[INFO] [stdout] warning: struct `LevelStats` is never constructed
[INFO] [stdout]    --> src/champion.rs:407:12
[INFO] [stdout]     |
[INFO] [stdout] 407 | pub struct LevelStats {
[INFO] [stdout]     |            ^^^^^^^^^^
[INFO] [stdout] 
[INFO] [stdout] 
[INFO] [stdout] warning: method `get_effective_health` is never used
[INFO] [stdout]    --> src/champion.rs:423:12
[INFO] [stdout]     |
[INFO] [stdout] 422 | impl LevelStats {
[INFO] [stdout]     | --------------- method in this implementation
[INFO] [stdout] 423 |     pub fn get_effective_health(&self) -> EffectiveHealth {
[INFO] [stdout]     |            ^^^^^^^^^^^^^^^^^^^^
[INFO] [stdout] 
[INFO] [stdout] 
[INFO] [stdout] warning: struct `EffectiveHealth` is never constructed
[INFO] [stdout]    --> src/champion.rs:431:12
[INFO] [stdout]     |
[INFO] [stdout] 431 | pub struct EffectiveHealth {
[INFO] [stdout]     |            ^^^^^^^^^^^^^^^
[INFO] [stdout] 
[INFO] [stdout] 
[INFO] [stdout] warning: associated items `from_cdragon`, `get_by_name`, `get_by_alias`, and `get_by_key` are never used
[INFO] [stdout]    --> src/champion.rs:443:18
[INFO] [stdout]     |
[INFO] [stdout] 442 | impl ChampDir {
[INFO] [stdout]     | ------------- associated items in this implementation
[INFO] [stdout] 443 |     pub async fn from_cdragon() -> Result<ChampDir, Box<dyn error::Error>> {
[INFO] [stdout]     |                  ^^^^^^^^^^^^
[INFO] [stdout] ...
[INFO] [stdout] 458 |     pub fn get_by_name(&self, name: String) -> Option<&Champion> {
[INFO] [stdout]     |            ^^^^^^^^^^^
[INFO] [stdout] ...
[INFO] [stdout] 461 |     pub fn get_by_alias(&self, alias: String) -> Option<&Champion> {
[INFO] [stdout]     |            ^^^^^^^^^^^^
[INFO] [stdout] ...
[INFO] [stdout] 464 |     pub fn get_by_key(&self, id: i32) -> Option<&Champion> {
[INFO] [stdout]     |            ^^^^^^^^^^
[INFO] [stdout] 
[INFO] [stdout] 
[INFO] [stdout] warning: 11 warnings emitted
[INFO] [stdout] 
[INFO] [stdout] 
[INFO] [stdout] warning: unused imports: `MapAccess`, `SeqAccess`
[INFO] [stdout]  --> src/champion.rs:1:17
[INFO] [stdout]   |
[INFO] [stdout] 1 | use serde::de::{MapAccess, SeqAccess};
[INFO] [stdout]   |                 ^^^^^^^^^  ^^^^^^^^^
[INFO] [stdout]   |
[INFO] [stdout]   = note: `#[warn(unused_imports)]` on by default
[INFO] [stdout] 
[INFO] [stdout] 
[INFO] [stdout] warning: unused import: `Deserializer`
[INFO] [stdout]  --> src/champion.rs:2:26
[INFO] [stdout]   |
[INFO] [stdout] 2 | use serde::{Deserialize, Deserializer};
[INFO] [stdout]   |                          ^^^^^^^^^^^^
[INFO] [stdout] 
[INFO] [stdout] 
[INFO] [stdout] warning: method `get_stats_range` is never used
[INFO] [stdout]    --> src/champion.rs:103:12
[INFO] [stdout]     |
[INFO] [stdout] 74  | impl GameData {
[INFO] [stdout]     | ------------- method in this implementation
[INFO] [stdout] ...
[INFO] [stdout] 103 |     pub fn get_stats_range(
[INFO] [stdout]     |            ^^^^^^^^^^^^^^^
[INFO] [stdout]     |
[INFO] [stdout]     = note: `#[warn(dead_code)]` on by default
[INFO] [stdout] 
[INFO] [stdout] 
[INFO] [stdout] warning: methods `get_stats_range`, `get_effective_hp_at_level`, and `get_effective_hp_range` are never used
[INFO] [stdout]    --> src/champion.rs:353:12
[INFO] [stdout]     |
[INFO] [stdout] 316 | impl Champion {
[INFO] [stdout]     | ------------- methods in this implementation
[INFO] [stdout] ...
[INFO] [stdout] 353 |     pub fn get_stats_range(
[INFO] [stdout]     |            ^^^^^^^^^^^^^^^
[INFO] [stdout] ...
[INFO] [stdout] 365 |     pub fn get_effective_hp_at_level(&self, level: u32) -> Result<EffectiveHealth, ChampStatError> {
[INFO] [stdout]     |            ^^^^^^^^^^^^^^^^^^^^^^^^^
[INFO] [stdout] ...
[INFO] [stdout] 372 |     pub fn get_effective_hp_range(
[INFO] [stdout]     |            ^^^^^^^^^^^^^^^^^^^^^^
[INFO] [stdout] 
[INFO] [stdout] 
[INFO] [stdout] warning: variant `LevelRangeError` is never constructed
[INFO] [stdout]    --> src/champion.rs:395:5
[INFO] [stdout]     |
[INFO] [stdout] 393 | pub enum ChampStatError {
[INFO] [stdout]     |          -------------- variant in this enum
[INFO] [stdout] 394 |     ZeroError,
[INFO] [stdout] 395 |     LevelRangeError,
[INFO] [stdout]     |     ^^^^^^^^^^^^^^^
[INFO] [stdout]     |
[INFO] [stdout]     = note: `ChampStatError` has derived impls for the traits `Clone` and `Debug`, but these are intentionally ignored during dead code analysis
[INFO] [stdout] 
[INFO] [stdout] 
[INFO] [stdout] warning: method `get_effective_health` is never used
[INFO] [stdout]    --> src/champion.rs:423:12
[INFO] [stdout]     |
[INFO] [stdout] 422 | impl LevelStats {
[INFO] [stdout]     | --------------- method in this implementation
[INFO] [stdout] 423 |     pub fn get_effective_health(&self) -> EffectiveHealth {
[INFO] [stdout]     |            ^^^^^^^^^^^^^^^^^^^^
[INFO] [stdout] 
[INFO] [stdout] 
[INFO] [stdout] warning: struct `EffectiveHealth` is never constructed
[INFO] [stdout]    --> src/champion.rs:431:12
[INFO] [stdout]     |
[INFO] [stdout] 431 | pub struct EffectiveHealth {
[INFO] [stdout]     |            ^^^^^^^^^^^^^^^
[INFO] [stdout] 
[INFO] [stdout] 
[INFO] [stdout] warning: method `get_by_alias` is never used
[INFO] [stdout]    --> src/champion.rs:461:12
[INFO] [stdout]     |
[INFO] [stdout] 442 | impl ChampDir {
[INFO] [stdout]     | ------------- method in this implementation
[INFO] [stdout] ...
[INFO] [stdout] 461 |     pub fn get_by_alias(&self, alias: String) -> Option<&Champion> {
[INFO] [stdout]     |            ^^^^^^^^^^^^
[INFO] [stdout] 
[INFO] [stdout] 
[INFO] [stdout] warning: 8 warnings emitted
[INFO] [stdout] 
[INFO] [stdout] 
[INFO] [stderr]     Finished test [unoptimized + debuginfo] target(s) in 2.89s
[INFO] running `Command { std: "docker" "inspect" "3873673ea4baafd81cd4c8baa84128ee88d829645b13f8338bc38d228c180516", kill_on_drop: false }`
[INFO] running `Command { std: "docker" "rm" "-f" "3873673ea4baafd81cd4c8baa84128ee88d829645b13f8338bc38d228c180516", kill_on_drop: false }`
[INFO] [stdout] 3873673ea4baafd81cd4c8baa84128ee88d829645b13f8338bc38d228c180516
[INFO] running `Command { std: "docker" "create" "-v" "/var/lib/crater-agent-workspace/builds/worker-4-tc2/target:/opt/rustwide/target:rw,Z" "-v" "/var/lib/crater-agent-workspace/builds/worker-4-tc2/source:/opt/rustwide/workdir:ro,Z" "-v" "/var/lib/crater-agent-workspace/cargo-home:/opt/rustwide/cargo-home:ro,Z" "-v" "/var/lib/crater-agent-workspace/rustup-home:/opt/rustwide/rustup-home:ro,Z" "-e" "SOURCE_DIR=/opt/rustwide/workdir" "-e" "CARGO_TARGET_DIR=/opt/rustwide/target" "-e" "CARGO_INCREMENTAL=0" "-e" "RUST_BACKTRACE=full" "-e" "RUSTFLAGS=--cap-lints=warn" "-e" "RUSTDOCFLAGS=--cap-lints=warn" "-e" "CARGO_HOME=/opt/rustwide/cargo-home" "-e" "RUSTUP_HOME=/opt/rustwide/rustup-home" "-w" "/opt/rustwide/workdir" "-m" "1610612736" "--user" "0:0" "--network" "none" "ghcr.io/rust-lang/crates-build-env/linux@sha256:2788e3201cd34a07e3172128adcd8b3090168a8e3bcc40d7c032b9dda1df7d1c" "/opt/rustwide/cargo-home/bin/cargo" "+beta-2023-12-22" "test" "--frozen", kill_on_drop: false }`
[INFO] [stdout] e671bc80e95594c9294e821868f64178188fdf023341adb9e81b58a913ec4f90
[INFO] running `Command { std: "docker" "start" "-a" "e671bc80e95594c9294e821868f64178188fdf023341adb9e81b58a913ec4f90", kill_on_drop: false }`
[INFO] [stderr] warning: unused imports: `MapAccess`, `SeqAccess`
[INFO] [stderr]  --> src/champion.rs:1:17
[INFO] [stderr]   |
[INFO] [stderr] 1 | use serde::de::{MapAccess, SeqAccess};
[INFO] [stderr]   |                 ^^^^^^^^^  ^^^^^^^^^
[INFO] [stderr]   |
[INFO] [stderr]   = note: `#[warn(unused_imports)]` on by default
[INFO] [stderr] 
[INFO] [stderr] warning: unused import: `Deserializer`
[INFO] [stderr]  --> src/champion.rs:2:26
[INFO] [stderr]   |
[INFO] [stderr] 2 | use serde::{Deserialize, Deserializer};
[INFO] [stderr]   |                          ^^^^^^^^^^^^
[INFO] [stderr] 
[INFO] [stderr] warning: unused macro definition: `new_dir_wrapped`
[INFO] [stderr]  --> src/lib.rs:3:14
[INFO] [stderr]   |
[INFO] [stderr] 3 | macro_rules! new_dir_wrapped {
[INFO] [stderr]   |              ^^^^^^^^^^^^^^^
[INFO] [stderr]   |
[INFO] [stderr]   = note: `#[warn(unused_macros)]` on by default
[INFO] [stderr] 
[INFO] [stderr] warning: unused macro definition: `new_dir`
[INFO] [stderr]  --> src/lib.rs:9:14
[INFO] [stderr]   |
[INFO] [stderr] 9 | macro_rules! new_dir {
[INFO] [stderr]   |              ^^^^^^^
[INFO] [stderr] 
[INFO] [stderr] warning: methods `get_stats_level` and `get_stats_range` are never used
[INFO] [stderr]    --> src/champion.rs:75:12
[INFO] [stderr]     |
[INFO] [stderr] 74  | impl GameData {
[INFO] [stderr]     | ------------- methods in this implementation
[INFO] [stderr] 75  |     pub fn get_stats_level(&self, level: u32) -> Result<LevelStats, ChampStatError> {
[INFO] [stderr]     |            ^^^^^^^^^^^^^^^
[INFO] [stderr] ...
[INFO] [stderr] 103 |     pub fn get_stats_range(
[INFO] [stderr]     |            ^^^^^^^^^^^^^^^
[INFO] [stderr]     |
[INFO] [stderr]     = note: `#[warn(dead_code)]` on by default
[INFO] [stderr] 
[INFO] [stderr] warning: methods `populate_gamedata`, `get_stats_level`, `get_stats_range`, `get_effective_hp_at_level`, and `get_effective_hp_range` are never used
[INFO] [stderr]    --> src/champion.rs:317:18
[INFO] [stderr]     |
[INFO] [stderr] 316 | impl Champion {
[INFO] [stderr]     | ------------- methods in this implementation
[INFO] [stderr] 317 |     pub async fn populate_gamedata(&mut self) -> Result<(), Box<dyn error::Error>> {
[INFO] [stderr]     |                  ^^^^^^^^^^^^^^^^^
[INFO] [stderr] ...
[INFO] [stderr] 345 |     pub fn get_stats_level(&self, level: u32) -> Result<LevelStats, ChampStatError> {
[INFO] [stderr]     |            ^^^^^^^^^^^^^^^
[INFO] [stderr] ...
[INFO] [stderr] 353 |     pub fn get_stats_range(
[INFO] [stderr]     |            ^^^^^^^^^^^^^^^
[INFO] [stderr] ...
[INFO] [stderr] 365 |     pub fn get_effective_hp_at_level(&self, level: u32) -> Result<EffectiveHealth, ChampStatError> {
[INFO] [stderr]     |            ^^^^^^^^^^^^^^^^^^^^^^^^^
[INFO] [stderr] ...
[INFO] [stderr] 372 |     pub fn get_effective_hp_range(
[INFO] [stderr]     |            ^^^^^^^^^^^^^^^^^^^^^^
[INFO] [stderr] 
[INFO] [stderr] warning: variants `ZeroError`, `LevelRangeError`, and `StatsNotLoaded` are never constructed
[INFO] [stderr]    --> src/champion.rs:394:5
[INFO] [stderr]     |
[INFO] [stderr] 393 | pub enum ChampStatError {
[INFO] [stderr]     |          -------------- variants in this enum
[INFO] [stderr] 394 |     ZeroError,
[INFO] [stderr]     |     ^^^^^^^^^
[INFO] [stderr] 395 |     LevelRangeError,
[INFO] [stderr]     |     ^^^^^^^^^^^^^^^
[INFO] [stderr] 396 |     StatsNotLoaded,
[INFO] [stderr]     |     ^^^^^^^^^^^^^^
[INFO] [stderr]     |
[INFO] [stderr]     = note: `ChampStatError` has derived impls for the traits `Clone` and `Debug`, but these are intentionally ignored during dead code analysis
[INFO] [stderr] 
[INFO] [stderr] warning: struct `LevelStats` is never constructed
[INFO] [stderr]    --> src/champion.rs:407:12
[INFO] [stderr]     |
[INFO] [stderr] 407 | pub struct LevelStats {
[INFO] [stderr]     |            ^^^^^^^^^^
[INFO] [stderr] 
[INFO] [stderr] warning: method `get_effective_health` is never used
[INFO] [stderr]    --> src/champion.rs:423:12
[INFO] [stderr]     |
[INFO] [stderr] 422 | impl LevelStats {
[INFO] [stderr]     | --------------- method in this implementation
[INFO] [stderr] 423 |     pub fn get_effective_health(&self) -> EffectiveHealth {
[INFO] [stderr]     |            ^^^^^^^^^^^^^^^^^^^^
[INFO] [stderr] 
[INFO] [stderr] warning: struct `EffectiveHealth` is never constructed
[INFO] [stderr]    --> src/champion.rs:431:12
[INFO] [stderr]     |
[INFO] [stderr] 431 | pub struct EffectiveHealth {
[INFO] [stderr]     |            ^^^^^^^^^^^^^^^
[INFO] [stderr] 
[INFO] [stderr] warning: associated items `from_cdragon`, `get_by_name`, `get_by_alias`, and `get_by_key` are never used
[INFO] [stderr]    --> src/champion.rs:443:18
[INFO] [stderr]     |
[INFO] [stderr] 442 | impl ChampDir {
[INFO] [stderr]     | ------------- associated items in this implementation
[INFO] [stderr] 443 |     pub async fn from_cdragon() -> Result<ChampDir, Box<dyn error::Error>> {
[INFO] [stderr]     |                  ^^^^^^^^^^^^
[INFO] [stderr] ...
[INFO] [stderr] 458 |     pub fn get_by_name(&self, name: String) -> Option<&Champion> {
[INFO] [stderr]     |            ^^^^^^^^^^^
[INFO] [stderr] ...
[INFO] [stderr] 461 |     pub fn get_by_alias(&self, alias: String) -> Option<&Champion> {
[INFO] [stderr]     |            ^^^^^^^^^^^^
[INFO] [stderr] ...
[INFO] [stderr] 464 |     pub fn get_by_key(&self, id: i32) -> Option<&Champion> {
[INFO] [stderr]     |            ^^^^^^^^^^
[INFO] [stderr] 
[INFO] [stderr] warning: method `get_stats_range` is never used
[INFO] [stderr]    --> src/champion.rs:103:12
[INFO] [stderr]     |
[INFO] [stderr] 74  | impl GameData {
[INFO] [stderr]     | ------------- method in this implementation
[INFO] [stderr] ...
[INFO] [stderr] 103 |     pub fn get_stats_range(
[INFO] [stderr]     |            ^^^^^^^^^^^^^^^
[INFO] [stderr]     |
[INFO] [stderr]     = note: `#[warn(dead_code)]` on by default
[INFO] [stderr] 
[INFO] [stderr] warning: methods `get_stats_range`, `get_effective_hp_at_level`, and `get_effective_hp_range` are never used
[INFO] [stderr]    --> src/champion.rs:353:12
[INFO] [stderr]     |
[INFO] [stderr] 316 | impl Champion {
[INFO] [stderr]     | ------------- methods in this implementation
[INFO] [stderr] ...
[INFO] [stderr] 353 |     pub fn get_stats_range(
[INFO] [stderr]     |            ^^^^^^^^^^^^^^^
[INFO] [stderr] ...
[INFO] [stderr] 365 |     pub fn get_effective_hp_at_level(&self, level: u32) -> Result<EffectiveHealth, ChampStatError> {
[INFO] [stderr]     |            ^^^^^^^^^^^^^^^^^^^^^^^^^
[INFO] [stderr] ...
[INFO] [stderr] 372 |     pub fn get_effective_hp_range(
[INFO] [stderr]     |            ^^^^^^^^^^^^^^^^^^^^^^
[INFO] [stderr] 
[INFO] [stderr] warning: variant `LevelRangeError` is never constructed
[INFO] [stderr]    --> src/champion.rs:395:5
[INFO] [stderr]     |
[INFO] [stderr] 393 | pub enum ChampStatError {
[INFO] [stderr]     |          -------------- variant in this enum
[INFO] [stderr] 394 |     ZeroError,
[INFO] [stderr] 395 |     LevelRangeError,
[INFO] [stderr]     |     ^^^^^^^^^^^^^^^
[INFO] [stderr]     |
[INFO] [stderr]     = note: `ChampStatError` has derived impls for the traits `Clone` and `Debug`, but these are intentionally ignored during dead code analysis
[INFO] [stderr] 
[INFO] [stderr] warning: method `get_by_alias` is never used
[INFO] [stderr]    --> src/champion.rs:461:12
[INFO] [stderr]     |
[INFO] [stderr] 442 | impl ChampDir {
[INFO] [stderr]     | ------------- method in this implementation
[INFO] [stderr] ...
[INFO] [stderr] 461 |     pub fn get_by_alias(&self, alias: String) -> Option<&Champion> {
[INFO] [stderr]     |            ^^^^^^^^^^^^
[INFO] [stderr] 
[INFO] [stderr] warning: `league-of-crates` (lib) generated 11 warnings (run `cargo fix --lib -p league-of-crates` to apply 2 suggestions)
[INFO] [stderr] warning: `league-of-crates` (lib test) generated 8 warnings (4 duplicates)
[INFO] [stderr]     Finished test [unoptimized + debuginfo] target(s) in 0.07s
[INFO] [stderr]      Running unittests src/lib.rs (/opt/rustwide/target/debug/deps/league_of_crates-6f2e717bd5aee738)
[INFO] [stdout] 
[INFO] [stdout] running 5 tests
[INFO] [stdout] test tests::calcs_ok ... FAILED
[INFO] [stdout] test tests::has_num_champs ... FAILED
[INFO] [stdout] test tests::get_key_ok ... FAILED
[INFO] [stdout] test tests::get_name_ok ... FAILED
[INFO] [stdout] test tests::it_works ... FAILED
[INFO] [stdout] 
[INFO] [stdout] failures:
[INFO] [stdout] 
[INFO] [stdout] ---- tests::calcs_ok stdout ----
[INFO] [stdout] Error: reqwest::Error { kind: Request, url: Url { scheme: "https", cannot_be_a_base: false, username: "", password: None, host: Some(Domain("raw.communitydragon.org")), port: None, path: "/latest/plugins/rcp-be-lol-game-data/global/default/v1/champion-summary.json", query: None, fragment: None }, source: hyper::Error(Connect, ConnectError("dns error", Custom { kind: Uncategorized, error: "failed to lookup address information: Temporary failure in name resolution" })) }
[INFO] [stdout] 
[INFO] [stdout] ---- tests::has_num_champs stdout ----
[INFO] [stdout] Error: reqwest::Error { kind: Request, url: Url { scheme: "https", cannot_be_a_base: false, username: "", password: None, host: Some(Domain("raw.communitydragon.org")), port: None, path: "/latest/plugins/rcp-be-lol-game-data/global/default/v1/champion-summary.json", query: None, fragment: None }, source: hyper::Error(Connect, ConnectError("dns error", Custom { kind: Uncategorized, error: "failed to lookup address information: Temporary failure in name resolution" })) }
[INFO] [stdout] 
[INFO] [stdout] ---- tests::get_key_ok stdout ----
[INFO] [stdout] Error: reqwest::Error { kind: Request, url: Url { scheme: "https", cannot_be_a_base: false, username: "", password: None, host: Some(Domain("raw.communitydragon.org")), port: None, path: "/latest/plugins/rcp-be-lol-game-data/global/default/v1/champion-summary.json", query: None, fragment: None }, source: hyper::Error(Connect, ConnectError("dns error", Custom { kind: Uncategorized, error: "failed to lookup address information: Temporary failure in name resolution" })) }
[INFO] [stdout] 
[INFO] [stdout] ---- tests::get_name_ok stdout ----
[INFO] [stdout] Error: reqwest::Error { kind: Request, url: Url { scheme: "https", cannot_be_a_base: false, username: "", password: None, host: Some(Domain("raw.communitydragon.org")), port: None, path: "/latest/plugins/rcp-be-lol-game-data/global/default/v1/champion-summary.json", query: None, fragment: None }, source: hyper::Error(Connect, ConnectError("dns error", Custom { kind: Uncategorized, error: "failed to lookup address information: Temporary failure in name resolution" })) }
[INFO] [stdout] 
[INFO] [stdout] ---- tests::it_works stdout ----
[INFO] [stdout] thread 'tests::it_works' panicked at src/lib.rs:23:9:
[INFO] [stdout] assertion failed: champ_dir.is_ok()
[INFO] [stdout] stack backtrace:
[INFO] [stdout]    0:     0x55a6f74e3ed6 - std::backtrace_rs::backtrace::libunwind::trace::h261606ad26a499c1
[INFO] [stdout]                                at /rustc/0e09125c6c3c2fd70d7de961bcf0e51575235fad/library/std/src/../../backtrace/src/backtrace/libunwind.rs:104:5
[INFO] [stdout]    1:     0x55a6f74e3ed6 - std::backtrace_rs::backtrace::trace_unsynchronized::hd183f0625477fb28
[INFO] [stdout]                                at /rustc/0e09125c6c3c2fd70d7de961bcf0e51575235fad/library/std/src/../../backtrace/src/backtrace/mod.rs:66:5
[INFO] [stdout]    2:     0x55a6f74e3ed6 - std::sys_common::backtrace::_print_fmt::hd7f8fef21b4eda67
[INFO] [stdout]                                at /rustc/0e09125c6c3c2fd70d7de961bcf0e51575235fad/library/std/src/sys_common/backtrace.rs:68:5
[INFO] [stdout]    3:     0x55a6f74e3ed6 - <std::sys_common::backtrace::_print::DisplayBacktrace as core::fmt::Display>::fmt::h623d9b51f2f453f1
[INFO] [stdout]                                at /rustc/0e09125c6c3c2fd70d7de961bcf0e51575235fad/library/std/src/sys_common/backtrace.rs:44:22
[INFO] [stdout]    4:     0x55a6f7510f30 - core::fmt::rt::Argument::fmt::h9f417ac76a86f368
[INFO] [stdout]                                at /rustc/0e09125c6c3c2fd70d7de961bcf0e51575235fad/library/core/src/fmt/rt.rs:142:9
[INFO] [stdout]    5:     0x55a6f7510f30 - core::fmt::write::hc9b6faf4ac2aeff7
[INFO] [stdout]                                at /rustc/0e09125c6c3c2fd70d7de961bcf0e51575235fad/library/core/src/fmt/mod.rs:1120:17
[INFO] [stdout]    6:     0x55a6f74e0d7f - std::io::Write::write_fmt::he04625a3a989fec3
[INFO] [stdout]                                at /rustc/0e09125c6c3c2fd70d7de961bcf0e51575235fad/library/std/src/io/mod.rs:1810:15
[INFO] [stdout]    7:     0x55a6f74e3cb4 - std::sys_common::backtrace::_print::hd5d66399c7df88a2
[INFO] [stdout]                                at /rustc/0e09125c6c3c2fd70d7de961bcf0e51575235fad/library/std/src/sys_common/backtrace.rs:47:5
[INFO] [stdout]    8:     0x55a6f74e3cb4 - std::sys_common::backtrace::print::he81ed2da642d37e5
[INFO] [stdout]                                at /rustc/0e09125c6c3c2fd70d7de961bcf0e51575235fad/library/std/src/sys_common/backtrace.rs:34:9
[INFO] [stdout]    9:     0x55a6f74e5a27 - std::panicking::default_hook::{{closure}}::h85773f4fa117163d
[INFO] [stdout]   10:     0x55a6f74e570d - std::panicking::default_hook::h6a1694a91d09b278
[INFO] [stdout]                                at /rustc/0e09125c6c3c2fd70d7de961bcf0e51575235fad/library/std/src/panicking.rs:289:9
[INFO] [stdout]   11:     0x55a6f73c59a7 - <alloc::boxed::Box<F,A> as core::ops::function::Fn<Args>>::call::h616ac37fa3cd6c8f
[INFO] [stdout]                                at /rustc/0e09125c6c3c2fd70d7de961bcf0e51575235fad/library/alloc/src/boxed.rs:2029:9
[INFO] [stdout]   12:     0x55a6f73c59a7 - test::test_main::{{closure}}::h00d84697cefdcbb6
[INFO] [stdout]                                at /rustc/0e09125c6c3c2fd70d7de961bcf0e51575235fad/library/test/src/lib.rs:138:21
[INFO] [stdout]   13:     0x55a6f74e6046 - <alloc::boxed::Box<F,A> as core::ops::function::Fn<Args>>::call::hcb3fe3b9bb537ba8
[INFO] [stdout]                                at /rustc/0e09125c6c3c2fd70d7de961bcf0e51575235fad/library/alloc/src/boxed.rs:2029:9
[INFO] [stdout]   14:     0x55a6f74e6046 - std::panicking::rust_panic_with_hook::h0a7ad96e90f7145b
[INFO] [stdout]                                at /rustc/0e09125c6c3c2fd70d7de961bcf0e51575235fad/library/std/src/panicking.rs:783:13
[INFO] [stdout]   15:     0x55a6f74e5d59 - std::panicking::begin_panic_handler::{{closure}}::h7919090525c6485e
[INFO] [stdout]                                at /rustc/0e09125c6c3c2fd70d7de961bcf0e51575235fad/library/std/src/panicking.rs:649:13
[INFO] [stdout]   16:     0x55a6f74e43d6 - std::sys_common::backtrace::__rust_end_short_backtrace::hf3289479464f7dfe
[INFO] [stdout]                                at /rustc/0e09125c6c3c2fd70d7de961bcf0e51575235fad/library/std/src/sys_common/backtrace.rs:171:18
[INFO] [stdout]   17:     0x55a6f74e5af0 - rust_begin_unwind
[INFO] [stdout]                                at /rustc/0e09125c6c3c2fd70d7de961bcf0e51575235fad/library/std/src/panicking.rs:645:5
[INFO] [stdout]   18:     0x55a6f70325e5 - core::panicking::panic_fmt::hcc9f77c5c132af55
[INFO] [stdout]                                at /rustc/0e09125c6c3c2fd70d7de961bcf0e51575235fad/library/core/src/panicking.rs:72:14
[INFO] [stdout]   19:     0x55a6f70326a3 - core::panicking::panic::h5a1259c1164bd480
[INFO] [stdout]                                at /rustc/0e09125c6c3c2fd70d7de961bcf0e51575235fad/library/core/src/panicking.rs:144:5
[INFO] [stdout]   20:     0x55a6f703d37c - league_of_crates::tests::it_works::{{closure}}::h12d43a37403c6bed
[INFO] [stdout]                                at /opt/rustwide/workdir/src/lib.rs:23:9
[INFO] [stdout]   21:     0x55a6f7044ee8 - <core::pin::Pin<P> as core::future::future::Future>::poll::h301009f75770b918
[INFO] [stdout]                                at /rustc/0e09125c6c3c2fd70d7de961bcf0e51575235fad/library/core/src/future/future.rs:124:9
[INFO] [stdout]   22:     0x55a6f7044f3b - <core::pin::Pin<P> as core::future::future::Future>::poll::hb1846de879302c10
[INFO] [stdout]                                at /rustc/0e09125c6c3c2fd70d7de961bcf0e51575235fad/library/core/src/future/future.rs:124:9
[INFO] [stdout]   23:     0x55a6f703b314 - tokio::runtime::scheduler::current_thread::CoreGuard::block_on::{{closure}}::{{closure}}::{{closure}}::he20cb66fbb8b32b5
[INFO] [stdout]                                at /opt/rustwide/cargo-home/registry/src/index.crates.io-6f17d22bba15001f/tokio-1.35.1/src/runtime/scheduler/current_thread/mod.rs:665:57
[INFO] [stdout]   24:     0x55a6f703afda - tokio::runtime::coop::with_budget::h48a64424db6ad9c9
[INFO] [stdout]                                at /opt/rustwide/cargo-home/registry/src/index.crates.io-6f17d22bba15001f/tokio-1.35.1/src/runtime/coop.rs:107:5
[INFO] [stdout]   25:     0x55a6f703afda - tokio::runtime::coop::budget::hb5d3c1c26f1be390
[INFO] [stdout]                                at /opt/rustwide/cargo-home/registry/src/index.crates.io-6f17d22bba15001f/tokio-1.35.1/src/runtime/coop.rs:73:5
[INFO] [stdout]   26:     0x55a6f703afda - tokio::runtime::scheduler::current_thread::CoreGuard::block_on::{{closure}}::{{closure}}::h45a9798428dc6b74
[INFO] [stdout]                                at /opt/rustwide/cargo-home/registry/src/index.crates.io-6f17d22bba15001f/tokio-1.35.1/src/runtime/scheduler/current_thread/mod.rs:665:25
[INFO] [stdout]   27:     0x55a6f7038acc - tokio::runtime::scheduler::current_thread::Context::enter::h93a28ec5fd7fc4da
[INFO] [stdout]                                at /opt/rustwide/cargo-home/registry/src/index.crates.io-6f17d22bba15001f/tokio-1.35.1/src/runtime/scheduler/current_thread/mod.rs:410:19
[INFO] [stdout]   28:     0x55a6f7039dfe - tokio::runtime::scheduler::current_thread::CoreGuard::block_on::{{closure}}::hab7f9fed0565666e
[INFO] [stdout]                                at /opt/rustwide/cargo-home/registry/src/index.crates.io-6f17d22bba15001f/tokio-1.35.1/src/runtime/scheduler/current_thread/mod.rs:664:36
[INFO] [stdout]   29:     0x55a6f7039a8b - tokio::runtime::scheduler::current_thread::CoreGuard::enter::{{closure}}::h9db75373675e239d
[INFO] [stdout]                                at /opt/rustwide/cargo-home/registry/src/index.crates.io-6f17d22bba15001f/tokio-1.35.1/src/runtime/scheduler/current_thread/mod.rs:743:68
[INFO] [stdout]   30:     0x55a6f70605ab - tokio::runtime::context::scoped::Scoped<T>::set::h7abe48348324ad99
[INFO] [stdout]                                at /opt/rustwide/cargo-home/registry/src/index.crates.io-6f17d22bba15001f/tokio-1.35.1/src/runtime/context/scoped.rs:40:9
[INFO] [stdout]   31:     0x55a6f7049e39 - tokio::runtime::context::set_scheduler::{{closure}}::h41bf0cbf78f87afc
[INFO] [stdout]                                at /opt/rustwide/cargo-home/registry/src/index.crates.io-6f17d22bba15001f/tokio-1.35.1/src/runtime/context.rs:176:26
[INFO] [stdout]   32:     0x55a6f7042026 - std::thread::local::LocalKey<T>::try_with::hfb9fc5da8fa3433b
[INFO] [stdout]                                at /rustc/0e09125c6c3c2fd70d7de961bcf0e51575235fad/library/std/src/thread/local.rs:270:16
[INFO] [stdout]   33:     0x55a6f7040b4a - std::thread::local::LocalKey<T>::with::h3ebcb223c0caae66
[INFO] [stdout]                                at /rustc/0e09125c6c3c2fd70d7de961bcf0e51575235fad/library/std/src/thread/local.rs:246:9
[INFO] [stdout]   34:     0x55a6f7049d9d - tokio::runtime::context::set_scheduler::h3d70d204537219fc
[INFO] [stdout]                                at /opt/rustwide/cargo-home/registry/src/index.crates.io-6f17d22bba15001f/tokio-1.35.1/src/runtime/context.rs:176:9
[INFO] [stdout]   35:     0x55a6f7039370 - tokio::runtime::scheduler::current_thread::CoreGuard::enter::h29e9717e4d2966ab
[INFO] [stdout]                                at /opt/rustwide/cargo-home/registry/src/index.crates.io-6f17d22bba15001f/tokio-1.35.1/src/runtime/scheduler/current_thread/mod.rs:743:27
[INFO] [stdout]   36:     0x55a6f7039abd - tokio::runtime::scheduler::current_thread::CoreGuard::block_on::h9ffa4e50dc07c28d
[INFO] [stdout]                                at /opt/rustwide/cargo-home/registry/src/index.crates.io-6f17d22bba15001f/tokio-1.35.1/src/runtime/scheduler/current_thread/mod.rs:652:19
[INFO] [stdout]   37:     0x55a6f70376dd - tokio::runtime::scheduler::current_thread::CurrentThread::block_on::{{closure}}::h9fac742a29480b2a
[INFO] [stdout]                                at /opt/rustwide/cargo-home/registry/src/index.crates.io-6f17d22bba15001f/tokio-1.35.1/src/runtime/scheduler/current_thread/mod.rs:175:28
[INFO] [stdout]   38:     0x55a6f704a9fa - tokio::runtime::context::runtime::enter_runtime::hdf48f7bd95fc812b
[INFO] [stdout]                                at /opt/rustwide/cargo-home/registry/src/index.crates.io-6f17d22bba15001f/tokio-1.35.1/src/runtime/context/runtime.rs:65:16
[INFO] [stdout]   39:     0x55a6f70375ee - tokio::runtime::scheduler::current_thread::CurrentThread::block_on::hfc0a4a7696c2b0f0
[INFO] [stdout]                                at /opt/rustwide/cargo-home/registry/src/index.crates.io-6f17d22bba15001f/tokio-1.35.1/src/runtime/scheduler/current_thread/mod.rs:167:9
[INFO] [stdout]   40:     0x55a6f70447ad - tokio::runtime::runtime::Runtime::block_on::hfb69b8628c2d590e
[INFO] [stdout]                                at /opt/rustwide/cargo-home/registry/src/index.crates.io-6f17d22bba15001f/tokio-1.35.1/src/runtime/runtime.rs:348:47
[INFO] [stdout]   41:     0x55a6f703d098 - league_of_crates::tests::it_works::h96643eebd18a0b16
[INFO] [stdout]                                at /opt/rustwide/workdir/src/lib.rs:23:9
[INFO] [stdout]   42:     0x55a6f703cf27 - league_of_crates::tests::it_works::{{closure}}::h6cfe7a2c2c4ad741
[INFO] [stdout]                                at /opt/rustwide/workdir/src/lib.rs:21:24
[INFO] [stdout]   43:     0x55a6f7035106 - core::ops::function::FnOnce::call_once::h2ca00a36831bb5d7
[INFO] [stdout]                                at /rustc/0e09125c6c3c2fd70d7de961bcf0e51575235fad/library/core/src/ops/function.rs:250:5
[INFO] [stdout]   44:     0x55a6f73cb27f - core::ops::function::FnOnce::call_once::hd64d26f405258157
[INFO] [stdout]                                at /rustc/0e09125c6c3c2fd70d7de961bcf0e51575235fad/library/core/src/ops/function.rs:250:5
[INFO] [stdout]   45:     0x55a6f73cb27f - test::__rust_begin_short_backtrace::he21b0b7a6d731bf9
[INFO] [stdout]                                at /rustc/0e09125c6c3c2fd70d7de961bcf0e51575235fad/library/test/src/lib.rs:627:18
[INFO] [stdout]   46:     0x55a6f73ca001 - test::run_test_in_process::{{closure}}::hf5c73986d7bdfde2
[INFO] [stdout]                                at /rustc/0e09125c6c3c2fd70d7de961bcf0e51575235fad/library/test/src/lib.rs:650:60
[INFO] [stdout]   47:     0x55a6f73ca001 - <core::panic::unwind_safe::AssertUnwindSafe<F> as core::ops::function::FnOnce<()>>::call_once::h330011ad032aadc0
[INFO] [stdout]                                at /rustc/0e09125c6c3c2fd70d7de961bcf0e51575235fad/library/core/src/panic/unwind_safe.rs:272:9
[INFO] [stdout]   48:     0x55a6f73ca001 - std::panicking::try::do_call::he61b0a958b795a41
[INFO] [stdout]                                at /rustc/0e09125c6c3c2fd70d7de961bcf0e51575235fad/library/std/src/panicking.rs:552:40
[INFO] [stdout]   49:     0x55a6f73ca001 - std::panicking::try::h7309da130f906eb7
[INFO] [stdout]                                at /rustc/0e09125c6c3c2fd70d7de961bcf0e51575235fad/library/std/src/panicking.rs:516:19
[INFO] [stdout]   50:     0x55a6f73ca001 - std::panic::catch_unwind::hc5c3a06fdaf0a92a
[INFO] [stdout]                                at /rustc/0e09125c6c3c2fd70d7de961bcf0e51575235fad/library/std/src/panic.rs:142:14
[INFO] [stdout]   51:     0x55a6f73ca001 - test::run_test_in_process::h7e7b7c71c3324e0f
[INFO] [stdout]                                at /rustc/0e09125c6c3c2fd70d7de961bcf0e51575235fad/library/test/src/lib.rs:650:27
[INFO] [stdout]   52:     0x55a6f73ca001 - test::run_test::{{closure}}::h1f509f28f5cf20b1
[INFO] [stdout]                                at /rustc/0e09125c6c3c2fd70d7de961bcf0e51575235fad/library/test/src/lib.rs:573:43
[INFO] [stdout]   53:     0x55a6f7391336 - test::run_test::{{closure}}::h1754218abf443f6d
[INFO] [stdout]                                at /rustc/0e09125c6c3c2fd70d7de961bcf0e51575235fad/library/test/src/lib.rs:601:41
[INFO] [stdout]   54:     0x55a6f7391336 - std::sys_common::backtrace::__rust_begin_short_backtrace::h2ee174b9d5954948
[INFO] [stdout]                                at /rustc/0e09125c6c3c2fd70d7de961bcf0e51575235fad/library/std/src/sys_common/backtrace.rs:155:18
[INFO] [stdout]   55:     0x55a6f7396397 - std::thread::Builder::spawn_unchecked_::{{closure}}::{{closure}}::hf60bee9c1a17ef09
[INFO] [stdout]                                at /rustc/0e09125c6c3c2fd70d7de961bcf0e51575235fad/library/std/src/thread/mod.rs:529:17
[INFO] [stdout]   56:     0x55a6f7396397 - <core::panic::unwind_safe::AssertUnwindSafe<F> as core::ops::function::FnOnce<()>>::call_once::h33d0dddec5216160
[INFO] [stdout]                                at /rustc/0e09125c6c3c2fd70d7de961bcf0e51575235fad/library/core/src/panic/unwind_safe.rs:272:9
[INFO] [stdout]   57:     0x55a6f7396397 - std::panicking::try::do_call::h144b3048b546f835
[INFO] [stdout]                                at /rustc/0e09125c6c3c2fd70d7de961bcf0e51575235fad/library/std/src/panicking.rs:552:40
[INFO] [stdout]   58:     0x55a6f7396397 - std::panicking::try::h978244d04646189f
[INFO] [stdout]                                at /rustc/0e09125c6c3c2fd70d7de961bcf0e51575235fad/library/std/src/panicking.rs:516:19
[INFO] [stdout]   59:     0x55a6f7396397 - std::panic::catch_unwind::hdf436369d188fe86
[INFO] [stdout]                                at /rustc/0e09125c6c3c2fd70d7de961bcf0e51575235fad/library/std/src/panic.rs:142:14
[INFO] [stdout]   60:     0x55a6f7396397 - std::thread::Builder::spawn_unchecked_::{{closure}}::h87329cbdd33c79ec
[INFO] [stdout]                                at /rustc/0e09125c6c3c2fd70d7de961bcf0e51575235fad/library/std/src/thread/mod.rs:528:30
[INFO] [stdout]   61:     0x55a6f7396397 - core::ops::function::FnOnce::call_once{{vtable.shim}}::h401abbe67897d450
[INFO] [stdout]                                at /rustc/0e09125c6c3c2fd70d7de961bcf0e51575235fad/library/core/src/ops/function.rs:250:5
[INFO] [stdout]   62:     0x55a6f74ead85 - <alloc::boxed::Box<F,A> as core::ops::function::FnOnce<Args>>::call_once::h5d7c8f150ab9c84c
[INFO] [stdout]                                at /rustc/0e09125c6c3c2fd70d7de961bcf0e51575235fad/library/alloc/src/boxed.rs:2015:9
[INFO] [stdout]   63:     0x55a6f74ead85 - <alloc::boxed::Box<F,A> as core::ops::function::FnOnce<Args>>::call_once::h570d5b005c242c15
[INFO] [stdout]                                at /rustc/0e09125c6c3c2fd70d7de961bcf0e51575235fad/library/alloc/src/boxed.rs:2015:9
[INFO] [stdout]   64:     0x55a6f74ead85 - std::sys::unix::thread::Thread::new::thread_start::h36b0a20c0b2361ad
[INFO] [stdout]                                at /rustc/0e09125c6c3c2fd70d7de961bcf0e51575235fad/library/std/src/sys/unix/thread.rs:108:17
[INFO] [stdout]   65:     0x7f0e6a9b0ac3 - <unknown>
[INFO] [stdout]   66:     0x7f0e6aa41bf4 - __clone
[INFO] [stdout]   67:                0x0 - <unknown>
[INFO] [stdout] 
[INFO] [stdout] 
[INFO] [stdout] failures:
[INFO] [stdout]     tests::calcs_ok
[INFO] [stdout]     tests::get_key_ok
[INFO] [stdout]     tests::get_name_ok
[INFO] [stdout]     tests::has_num_champs
[INFO] [stdout]     tests::it_works
[INFO] [stdout] 
[INFO] [stdout] test result: FAILED. 0 passed; 5 failed; 0 ignored; 0 measured; 0 filtered out; finished in 0.47s
[INFO] [stdout] 
[INFO] [stderr] error: test failed, to rerun pass `--lib`
[INFO] running `Command { std: "docker" "inspect" "e671bc80e95594c9294e821868f64178188fdf023341adb9e81b58a913ec4f90", kill_on_drop: false }`
[INFO] running `Command { std: "docker" "rm" "-f" "e671bc80e95594c9294e821868f64178188fdf023341adb9e81b58a913ec4f90", kill_on_drop: false }`
[INFO] [stdout] e671bc80e95594c9294e821868f64178188fdf023341adb9e81b58a913ec4f90
