[INFO] fetching crate ldap3_proto 0.4.2...
[INFO] testing ldap3_proto-0.4.2 against 1.75.0 for beta-1.76-1
[INFO] extracting crate ldap3_proto 0.4.2 into /workspace/builds/worker-5-tc1/source
[INFO] validating manifest of crates.io crate ldap3_proto 0.4.2 on toolchain 1.75.0
[INFO] running `Command { std: CARGO_HOME="/workspace/cargo-home" RUSTUP_HOME="/workspace/rustup-home" "/workspace/cargo-home/bin/cargo" "+1.75.0" "metadata" "--manifest-path" "Cargo.toml" "--no-deps", kill_on_drop: false }`
[INFO] started tweaking crates.io crate ldap3_proto 0.4.2
[INFO] finished tweaking crates.io crate ldap3_proto 0.4.2
[INFO] tweaked toml for crates.io crate ldap3_proto 0.4.2 written to /workspace/builds/worker-5-tc1/source/Cargo.toml
[INFO] crate crates.io crate ldap3_proto 0.4.2 already has a lockfile, it will not be regenerated
[INFO] running `Command { std: CARGO_HOME="/workspace/cargo-home" RUSTUP_HOME="/workspace/rustup-home" "/workspace/cargo-home/bin/cargo" "+1.75.0" "fetch" "--manifest-path" "Cargo.toml", kill_on_drop: false }`
[INFO] [stderr]     Updating crates.io index
[INFO] [stderr]  Downloading crates ...
[INFO] [stderr]   Downloaded peg-runtime v0.8.1
[INFO] [stderr]   Downloaded oid v0.2.1
[INFO] [stderr]   Downloaded crypto v0.5.1
[INFO] [stderr]   Downloaded picky-asn1-der v0.4.1
[INFO] [stderr]   Downloaded picky-asn1 v0.8.0
[INFO] [stderr]   Downloaded lber v0.4.2
[INFO] [stderr]   Downloaded rsa v0.9.5
[INFO] [stderr]   Downloaded picky v7.0.0-rc.8
[INFO] [stderr]   Downloaded sspi v0.11.0
[INFO] [stderr]   Downloaded picky-asn1-x509 v0.12.0
[INFO] [stderr]   Downloaded picky-krb v0.8.0
[INFO] [stderr]   Downloaded peg v0.8.1
[INFO] [stderr]   Downloaded md4 v0.10.2
[INFO] [stderr]   Downloaded openssl-src v300.1.3+3.1.2
[INFO] [stderr]   Downloaded winreg v0.51.0
[INFO] [stderr]   Downloaded async-dnssd v0.5.0
[INFO] [stderr]   Downloaded peg-macros v0.8.1
[INFO] running `Command { std: "docker" "create" "-v" "/var/lib/crater-agent-workspace/builds/worker-5-tc1/target:/opt/rustwide/target:rw,Z" "-v" "/var/lib/crater-agent-workspace/builds/worker-5-tc1/source:/opt/rustwide/workdir:ro,Z" "-v" "/var/lib/crater-agent-workspace/cargo-home:/opt/rustwide/cargo-home:ro,Z" "-v" "/var/lib/crater-agent-workspace/rustup-home:/opt/rustwide/rustup-home:ro,Z" "-e" "SOURCE_DIR=/opt/rustwide/workdir" "-e" "CARGO_TARGET_DIR=/opt/rustwide/target" "-e" "CARGO_HOME=/opt/rustwide/cargo-home" "-e" "RUSTUP_HOME=/opt/rustwide/rustup-home" "-w" "/opt/rustwide/workdir" "-m" "1610612736" "--user" "0:0" "--network" "none" "ghcr.io/rust-lang/crates-build-env/linux@sha256:2788e3201cd34a07e3172128adcd8b3090168a8e3bcc40d7c032b9dda1df7d1c" "/opt/rustwide/cargo-home/bin/cargo" "+1.75.0" "metadata" "--no-deps" "--format-version=1", kill_on_drop: false }`
[INFO] [stdout] 691fe284a85829fb6fece6144077b3e6a9e5acba96633ac404a9ec126b053bcf
[INFO] running `Command { std: "docker" "start" "-a" "691fe284a85829fb6fece6144077b3e6a9e5acba96633ac404a9ec126b053bcf", kill_on_drop: false }`
[INFO] running `Command { std: "docker" "inspect" "691fe284a85829fb6fece6144077b3e6a9e5acba96633ac404a9ec126b053bcf", kill_on_drop: false }`
[INFO] running `Command { std: "docker" "rm" "-f" "691fe284a85829fb6fece6144077b3e6a9e5acba96633ac404a9ec126b053bcf", kill_on_drop: false }`
[INFO] [stdout] 691fe284a85829fb6fece6144077b3e6a9e5acba96633ac404a9ec126b053bcf
[INFO] running `Command { std: "docker" "create" "-v" "/var/lib/crater-agent-workspace/builds/worker-5-tc1/target:/opt/rustwide/target:rw,Z" "-v" "/var/lib/crater-agent-workspace/builds/worker-5-tc1/source:/opt/rustwide/workdir:ro,Z" "-v" "/var/lib/crater-agent-workspace/cargo-home:/opt/rustwide/cargo-home:ro,Z" "-v" "/var/lib/crater-agent-workspace/rustup-home:/opt/rustwide/rustup-home:ro,Z" "-e" "SOURCE_DIR=/opt/rustwide/workdir" "-e" "CARGO_TARGET_DIR=/opt/rustwide/target" "-e" "CARGO_INCREMENTAL=0" "-e" "RUST_BACKTRACE=full" "-e" "RUSTFLAGS=--cap-lints=warn" "-e" "RUSTDOCFLAGS=--cap-lints=warn" "-e" "CARGO_HOME=/opt/rustwide/cargo-home" "-e" "RUSTUP_HOME=/opt/rustwide/rustup-home" "-w" "/opt/rustwide/workdir" "-m" "1610612736" "--user" "0:0" "--network" "none" "ghcr.io/rust-lang/crates-build-env/linux@sha256:2788e3201cd34a07e3172128adcd8b3090168a8e3bcc40d7c032b9dda1df7d1c" "/opt/rustwide/cargo-home/bin/cargo" "+1.75.0" "build" "--frozen" "--message-format=json", kill_on_drop: false }`
[INFO] [stdout] 4a3971d062ac5c8abac900020a00ab09261ff70e745a00001c7ad8cf01138eae
[INFO] running `Command { std: "docker" "start" "-a" "4a3971d062ac5c8abac900020a00ab09261ff70e745a00001c7ad8cf01138eae", kill_on_drop: false }`
[INFO] [stderr]    Compiling proc-macro2 v1.0.66
[INFO] [stderr]    Compiling unicode-ident v1.0.11
[INFO] [stderr]    Compiling pin-project-lite v0.2.13
[INFO] [stderr]    Compiling once_cell v1.18.0
[INFO] [stderr]    Compiling futures-core v0.3.28
[INFO] [stderr]    Compiling thiserror v1.0.50
[INFO] [stderr]    Compiling cfg-if v1.0.0
[INFO] [stderr]    Compiling memchr v2.6.3
[INFO] [stderr]    Compiling bytes v1.4.0
[INFO] [stderr]    Compiling peg-runtime v0.8.1
[INFO] [stderr]    Compiling minimal-lexical v0.2.1
[INFO] [stderr]    Compiling futures-sink v0.3.28
[INFO] [stderr]    Compiling uuid v1.4.1
[INFO] [stderr]    Compiling base64 v0.21.3
[INFO] [stderr]    Compiling tokio v1.32.0
[INFO] [stderr]    Compiling tracing-core v0.1.31
[INFO] [stderr]    Compiling nom v7.1.3
[INFO] [stderr]    Compiling quote v1.0.33
[INFO] [stderr]    Compiling syn v2.0.31
[INFO] [stderr]    Compiling peg-macros v0.8.1
[INFO] [stderr]    Compiling peg v0.8.1
[INFO] [stderr]    Compiling lber v0.4.2
[INFO] [stderr]    Compiling tracing-attributes v0.1.26
[INFO] [stderr]    Compiling thiserror-impl v1.0.50
[INFO] [stderr]    Compiling tracing v0.1.37
[INFO] [stderr]    Compiling tokio-util v0.7.8
[INFO] [stderr]    Compiling ldap3_proto v0.4.2 (/opt/rustwide/workdir)
[INFO] [stderr]     Finished dev [unoptimized + debuginfo] target(s) in 6.24s
[INFO] running `Command { std: "docker" "inspect" "4a3971d062ac5c8abac900020a00ab09261ff70e745a00001c7ad8cf01138eae", kill_on_drop: false }`
[INFO] running `Command { std: "docker" "rm" "-f" "4a3971d062ac5c8abac900020a00ab09261ff70e745a00001c7ad8cf01138eae", kill_on_drop: false }`
[INFO] [stdout] 4a3971d062ac5c8abac900020a00ab09261ff70e745a00001c7ad8cf01138eae
[INFO] running `Command { std: "docker" "create" "-v" "/var/lib/crater-agent-workspace/builds/worker-5-tc1/target:/opt/rustwide/target:rw,Z" "-v" "/var/lib/crater-agent-workspace/builds/worker-5-tc1/source:/opt/rustwide/workdir:ro,Z" "-v" "/var/lib/crater-agent-workspace/cargo-home:/opt/rustwide/cargo-home:ro,Z" "-v" "/var/lib/crater-agent-workspace/rustup-home:/opt/rustwide/rustup-home:ro,Z" "-e" "SOURCE_DIR=/opt/rustwide/workdir" "-e" "CARGO_TARGET_DIR=/opt/rustwide/target" "-e" "CARGO_INCREMENTAL=0" "-e" "RUST_BACKTRACE=full" "-e" "RUSTFLAGS=--cap-lints=warn" "-e" "RUSTDOCFLAGS=--cap-lints=warn" "-e" "CARGO_HOME=/opt/rustwide/cargo-home" "-e" "RUSTUP_HOME=/opt/rustwide/rustup-home" "-w" "/opt/rustwide/workdir" "-m" "1610612736" "--user" "0:0" "--network" "none" "ghcr.io/rust-lang/crates-build-env/linux@sha256:2788e3201cd34a07e3172128adcd8b3090168a8e3bcc40d7c032b9dda1df7d1c" "/opt/rustwide/cargo-home/bin/cargo" "+1.75.0" "test" "--frozen" "--no-run" "--message-format=json", kill_on_drop: false }`
[INFO] [stdout] d7ae4205c509029010d0dca784e56cb1fc212f79482473f1dc988cfa6ca26217
[INFO] running `Command { std: "docker" "start" "-a" "d7ae4205c509029010d0dca784e56cb1fc212f79482473f1dc988cfa6ca26217", kill_on_drop: false }`
[INFO] [stderr]    Compiling typenum v1.17.0
[INFO] [stderr]    Compiling version_check v0.9.4
[INFO] [stderr]    Compiling libc v0.2.150
[INFO] [stderr]    Compiling const-oid v0.9.5
[INFO] [stderr]    Compiling subtle v2.4.1
[INFO] [stderr]    Compiling autocfg v1.1.0
[INFO] [stderr]    Compiling serde v1.0.188
[INFO] [stderr]    Compiling base64ct v1.6.0
[INFO] [stderr]    Compiling cpufeatures v0.2.11
[INFO] [stderr]    Compiling libm v0.2.8
[INFO] [stderr]    Compiling semver v1.0.20
[INFO] [stderr]    Compiling spin v0.5.2
[INFO] [stderr]    Compiling base16ct v0.2.0
[INFO] [stderr]    Compiling syn v2.0.31
[INFO] [stderr]    Compiling powerfmt v0.2.0
[INFO] [stderr]    Compiling ppv-lite86 v0.2.17
[INFO] [stderr]    Compiling lazy_static v1.4.0
[INFO] [stderr]    Compiling num-bigint-dig v0.8.4
[INFO] [stderr]    Compiling deranged v0.3.9
[INFO] [stderr]    Compiling pkg-config v0.3.27
[INFO] [stderr]    Compiling memchr v2.6.3
[INFO] [stderr]    Compiling vcpkg v0.2.15
[INFO] [stderr]    Compiling pem-rfc7468 v0.7.0
[INFO] [stderr]    Compiling platforms v3.2.0
[INFO] [stderr]    Compiling generic-array v0.14.7
[INFO] [stderr]    Compiling smallvec v1.11.0
[INFO] [stderr]    Compiling num-traits v0.2.17
[INFO] [stderr]    Compiling num-integer v0.1.45
[INFO] [stderr]    Compiling num-iter v0.1.43
[INFO] [stderr]    Compiling rustc_version v0.4.0
[INFO] [stderr]    Compiling time-core v0.1.2
[INFO] [stderr]    Compiling slab v0.4.9
[INFO] [stderr]    Compiling tracing-core v0.1.31
[INFO] [stderr]    Compiling futures-channel v0.3.28
[INFO] [stderr]    Compiling byteorder v1.5.0
[INFO] [stderr]    Compiling time v0.3.30
[INFO] [stderr]    Compiling futures-task v0.3.28
[INFO] [stderr]    Compiling tinyvec_macros v0.1.1
[INFO] [stderr]    Compiling futures-util v0.3.28
[INFO] [stderr]    Compiling tinyvec v1.6.0
[INFO] [stderr]    Compiling curve25519-dalek v4.1.1
[INFO] [stderr]    Compiling futures-io v0.3.28
[INFO] [stderr]    Compiling widestring v1.0.2
[INFO] [stderr]    Compiling pin-utils v0.1.0
[INFO] [stderr]    Compiling percent-encoding v2.3.0
[INFO] [stderr]    Compiling openssl v0.10.57
[INFO] [stderr]    Compiling bitflags v2.4.0
[INFO] [stderr]    Compiling foreign-types-shared v0.1.1
[INFO] [stderr]    Compiling keccak v0.1.4
[INFO] [stderr]    Compiling unicode-bidi v0.3.13
[INFO] [stderr]    Compiling foreign-types v0.3.2
[INFO] [stderr]    Compiling form_urlencoded v1.2.0
[INFO] [stderr]    Compiling nom v7.1.3
[INFO] [stderr]    Compiling overload v0.1.1
[INFO] [stderr]    Compiling log v0.4.20
[INFO] [stderr]    Compiling tokio-openssl v0.6.3
[INFO] [stderr]    Compiling nu-ansi-term v0.46.0
[INFO] [stderr]    Compiling sharded-slab v0.1.4
[INFO] [stderr]    Compiling thread_local v1.1.7
[INFO] [stderr]    Compiling getrandom v0.2.11
[INFO] [stderr]    Compiling cc v1.0.83
[INFO] [stderr]    Compiling mio v0.8.8
[INFO] [stderr]    Compiling num_cpus v1.16.0
[INFO] [stderr]    Compiling signal-hook-registry v1.4.1
[INFO] [stderr]    Compiling socket2 v0.5.3
[INFO] [stderr]    Compiling tracing-log v0.1.3
[INFO] [stderr]    Compiling rand_core v0.6.4
[INFO] [stderr]    Compiling unicode-normalization v0.1.22
[INFO] [stderr]    Compiling ff v0.13.0
[INFO] [stderr]    Compiling rand_chacha v0.3.1
[INFO] [stderr]    Compiling group v0.13.0
[INFO] [stderr]    Compiling rand v0.8.5
[INFO] [stderr]    Compiling tracing-subscriber v0.3.17
[INFO] [stderr]    Compiling idna v0.4.0
[INFO] [stderr]    Compiling openssl-sys v0.9.93
[INFO] [stderr]    Compiling url v2.4.1
[INFO] [stderr]    Compiling lber v0.4.2
[INFO] [stderr]    Compiling zeroize_derive v1.4.2
[INFO] [stderr]    Compiling serde_derive v1.0.188
[INFO] [stderr]    Compiling curve25519-dalek-derive v0.1.1
[INFO] [stderr]    Compiling thiserror-impl v1.0.50
[INFO] [stderr]    Compiling tracing-attributes v0.1.26
[INFO] [stderr]    Compiling futures-macro v0.3.28
[INFO] [stderr]    Compiling tokio-macros v2.1.0
[INFO] [stderr]    Compiling openssl-macros v0.1.1
[INFO] [stderr]    Compiling async-recursion v1.0.5
[INFO] [stderr]    Compiling num-derive v0.4.1
[INFO] [stderr]    Compiling tokio v1.32.0
[INFO] [stderr]    Compiling zeroize v1.7.0
[INFO] [stderr]    Compiling der v0.7.8
[INFO] [stderr]    Compiling thiserror v1.0.50
[INFO] [stderr]    Compiling tracing v0.1.37
[INFO] [stderr]    Compiling crypto-common v0.1.6
[INFO] [stderr]    Compiling block-buffer v0.10.4
[INFO] [stderr]    Compiling block-padding v0.3.3
[INFO] [stderr]    Compiling crypto-bigint v0.5.5
[INFO] [stderr]    Compiling crypto-mac v0.11.1
[INFO] [stderr]    Compiling crypto v0.5.1
[INFO] [stderr]    Compiling inout v0.1.3
[INFO] [stderr]    Compiling digest v0.10.7
[INFO] [stderr]    Compiling cipher v0.4.4
[INFO] [stderr]    Compiling hmac v0.12.1
[INFO] [stderr]    Compiling signature v2.2.0
[INFO] [stderr]    Compiling sha2 v0.10.8
[INFO] [stderr]    Compiling sha1 v0.10.6
[INFO] [stderr]    Compiling md-5 v0.10.6
[INFO] [stderr]    Compiling sha3 v0.10.8
[INFO] [stderr]    Compiling md4 v0.10.2
[INFO] [stderr]    Compiling hkdf v0.12.3
[INFO] [stderr]    Compiling rfc6979 v0.4.0
[INFO] [stderr]    Compiling ed25519 v2.2.3
[INFO] [stderr]    Compiling spki v0.7.2
[INFO] [stderr]    Compiling pbkdf2 v0.12.2
[INFO] [stderr]    Compiling aes v0.8.3
[INFO] [stderr]    Compiling cbc v0.1.2
[INFO] [stderr]    Compiling pkcs8 v0.10.2
[INFO] [stderr]    Compiling des v0.8.1
[INFO] [stderr]    Compiling sec1 v0.7.3
[INFO] [stderr]    Compiling pkcs1 v0.7.5
[INFO] [stderr]    Compiling elliptic-curve v0.13.8
[INFO] [stderr]    Compiling ecdsa v0.16.9
[INFO] [stderr]    Compiling primeorder v0.13.6
[INFO] [stderr]    Compiling ed25519-dalek v2.1.0
[INFO] [stderr]    Compiling x25519-dalek v2.0.0
[INFO] [stderr]    Compiling p384 v0.13.0
[INFO] [stderr]    Compiling p256 v0.13.2
[INFO] [stderr]    Compiling tokio-util v0.7.8
[INFO] [stderr]    Compiling futures-executor v0.3.28
[INFO] [stderr]    Compiling futures v0.3.28
[INFO] [stderr]    Compiling oid v0.2.1
[INFO] [stderr]    Compiling serde_bytes v0.11.12
[INFO] [stderr]    Compiling uuid v1.4.1
[INFO] [stderr]    Compiling serde_test v1.0.176
[INFO] [stderr]    Compiling picky-asn1 v0.8.0
[INFO] [stderr]    Compiling ldap3_proto v0.4.2 (/opt/rustwide/workdir)
[INFO] [stderr]    Compiling picky-asn1-der v0.4.1
[INFO] [stderr]    Compiling rsa v0.9.5
[INFO] [stderr]    Compiling picky-asn1-x509 v0.12.0
[INFO] [stderr]    Compiling picky v7.0.0-rc.8
[INFO] [stderr]    Compiling picky-krb v0.8.0
[INFO] [stderr]    Compiling sspi v0.11.0
[INFO] [stderr]     Finished test [unoptimized + debuginfo] target(s) in 44.17s
[INFO] running `Command { std: "docker" "inspect" "d7ae4205c509029010d0dca784e56cb1fc212f79482473f1dc988cfa6ca26217", kill_on_drop: false }`
[INFO] running `Command { std: "docker" "rm" "-f" "d7ae4205c509029010d0dca784e56cb1fc212f79482473f1dc988cfa6ca26217", kill_on_drop: false }`
[INFO] [stdout] d7ae4205c509029010d0dca784e56cb1fc212f79482473f1dc988cfa6ca26217
[INFO] running `Command { std: "docker" "create" "-v" "/var/lib/crater-agent-workspace/builds/worker-5-tc1/target:/opt/rustwide/target:rw,Z" "-v" "/var/lib/crater-agent-workspace/builds/worker-5-tc1/source:/opt/rustwide/workdir:ro,Z" "-v" "/var/lib/crater-agent-workspace/cargo-home:/opt/rustwide/cargo-home:ro,Z" "-v" "/var/lib/crater-agent-workspace/rustup-home:/opt/rustwide/rustup-home:ro,Z" "-e" "SOURCE_DIR=/opt/rustwide/workdir" "-e" "CARGO_TARGET_DIR=/opt/rustwide/target" "-e" "CARGO_INCREMENTAL=0" "-e" "RUST_BACKTRACE=full" "-e" "RUSTFLAGS=--cap-lints=warn" "-e" "RUSTDOCFLAGS=--cap-lints=warn" "-e" "CARGO_HOME=/opt/rustwide/cargo-home" "-e" "RUSTUP_HOME=/opt/rustwide/rustup-home" "-w" "/opt/rustwide/workdir" "-m" "1610612736" "--user" "0:0" "--network" "none" "ghcr.io/rust-lang/crates-build-env/linux@sha256:2788e3201cd34a07e3172128adcd8b3090168a8e3bcc40d7c032b9dda1df7d1c" "/opt/rustwide/cargo-home/bin/cargo" "+1.75.0" "test" "--frozen", kill_on_drop: false }`
[INFO] [stdout] 4b8b4719e90d1a57853f0cbd79ead4856569fb044e7e5c369023d133f5583048
[INFO] running `Command { std: "docker" "start" "-a" "4b8b4719e90d1a57853f0cbd79ead4856569fb044e7e5c369023d133f5583048", kill_on_drop: false }`
[INFO] [stderr]     Finished test [unoptimized + debuginfo] target(s) in 0.17s
[INFO] [stderr]      Running unittests src/lib.rs (/opt/rustwide/target/debug/deps/ldap3_proto-0bc25bd7deac2a8d)
[INFO] [stdout] 
[INFO] [stdout] running 35 tests
[INFO] [stdout] test tests::test_ldapserver_codec_delrequest ... ok
[INFO] [stdout] test tests::test_ldapserver_codec_bindresponse ... ok
[INFO] [stdout] test tests::test_ldapserver_codec_addresponse ... ok
[INFO] [stdout] test tests::test_ldapserver_codec_abandonrequest ... ok
[INFO] [stdout] test tests::test_ldapserver_codec_extendedrequest ... ok
[INFO] [stdout] test filter::test::test_ldapfilter_gte ... ok
[INFO] [stdout] test tests::test_ldapserver_codec_modify_request ... ok
[INFO] [stdout] test filter::test::test_ldapfilter_approx ... ok
[INFO] [stdout] test filter::test::test_attrdesc ... ok
[INFO] [stdout] test filter::test::test_ldapfilter_not ... ok
[INFO] [stdout] test filter::test::test_ldapfilter_eq ... ok
[INFO] [stdout] test filter::test::test_ldapfilter_pres ... ok
[INFO] [stdout] test tests::test_ldapserver_codec_modify_dn_request ... ok
[INFO] [stdout] test tests::test_ldapserver_codec_simplebind ... ok
[INFO] [stdout] test tests::test_ldapserver_codec_modify_response ... ok
[INFO] [stdout] test tests::test_ldapserver_codec_extendedresponse ... ok
[INFO] [stdout] test filter::test::test_octetstr ... ok
[INFO] [stdout] test filter::test::test_ldapfilter_lte ... ok
[INFO] [stdout] test tests::test_ldapserver_password_extop ... ok
[INFO] [stdout] test filter::test::test_ldapfilter_nested ... ok
[INFO] [stdout] test tests::test_ldapserver_codec_modify_dn_response ... ok
[INFO] [stdout] test filter::test::test_ldapfilter_and ... ok
[INFO] [stdout] test tests::test_ldapserver_codec_addrequest ... ok
[INFO] [stdout] test tests::test_ldapserver_search_with_simple_paged_results_request ... ok
[INFO] [stdout] test filter::test::test_ldapfilter_or ... ok
[INFO] [stdout] test tests::test_message_partial ... ok
[INFO] [stdout] test tests::test_modify_from_raw ... ok
[INFO] [stdout] test tests::test_ldapserver_compare_request ... FAILED
[INFO] [stdout] test tests::test_syncrepl_result_from_raw ... ok
[INFO] [stdout] test tests::test_ldapserver_codec_unbind ... ok
[INFO] [stdout] test tests::test_ldapserver_codec_searchresultdone ... ok
[INFO] [stdout] test tests::test_ldapserver_codec_searchresultentry ... ok
[INFO] [stdout] test tests::test_ldapserver_codec_delresponse ... ok
[INFO] [stdout] test tests::test_ldapserver_codec_searchrequest ... ok
[INFO] [stdout] test tests::test_ldapserver_search_with_syncrepl_request ... ok
[INFO] [stdout] 
[INFO] [stdout] failures:
[INFO] [stdout] 
[INFO] [stdout] ---- tests::test_ldapserver_compare_request stdout ----
[INFO] [stdout] thread 'tests::test_ldapserver_compare_request' panicked at src/lib.rs:548:9:
[INFO] [stdout] failed to decode: Custom { kind: Other, error: ResultBer }
[INFO] [stdout] stack backtrace:
[INFO] [stdout]    0:     0x56523a840bcc - std::backtrace_rs::backtrace::libunwind::trace::ha637c64ce894333a
[INFO] [stdout]                                at /rustc/82e1608dfa6e0b5569232559e3d385fea5a93112/library/std/src/../../backtrace/src/backtrace/libunwind.rs:104:5
[INFO] [stdout]    1:     0x56523a840bcc - std::backtrace_rs::backtrace::trace_unsynchronized::h47f62dea28e0c88d
[INFO] [stdout]                                at /rustc/82e1608dfa6e0b5569232559e3d385fea5a93112/library/std/src/../../backtrace/src/backtrace/mod.rs:66:5
[INFO] [stdout]    2:     0x56523a840bcc - std::sys_common::backtrace::_print_fmt::h9eef0abe20ede486
[INFO] [stdout]                                at /rustc/82e1608dfa6e0b5569232559e3d385fea5a93112/library/std/src/sys_common/backtrace.rs:67:5
[INFO] [stdout]    3:     0x56523a840bcc - <std::sys_common::backtrace::_print::DisplayBacktrace as core::fmt::Display>::fmt::hed7f999df88cc644
[INFO] [stdout]                                at /rustc/82e1608dfa6e0b5569232559e3d385fea5a93112/library/std/src/sys_common/backtrace.rs:44:22
[INFO] [stdout]    4:     0x56523a86b4a0 - core::fmt::rt::Argument::fmt::h1539a9308b8d058d
[INFO] [stdout]                                at /rustc/82e1608dfa6e0b5569232559e3d385fea5a93112/library/core/src/fmt/rt.rs:142:9
[INFO] [stdout]    5:     0x56523a86b4a0 - core::fmt::write::h3a39390d8560d9c9
[INFO] [stdout]                                at /rustc/82e1608dfa6e0b5569232559e3d385fea5a93112/library/core/src/fmt/mod.rs:1120:17
[INFO] [stdout]    6:     0x56523a83e57f - std::io::Write::write_fmt::h040b369f3a0f9cbc
[INFO] [stdout]                                at /rustc/82e1608dfa6e0b5569232559e3d385fea5a93112/library/std/src/io/mod.rs:1762:15
[INFO] [stdout]    7:     0x56523a8409b4 - std::sys_common::backtrace::_print::h894006fb5c6f3d45
[INFO] [stdout]                                at /rustc/82e1608dfa6e0b5569232559e3d385fea5a93112/library/std/src/sys_common/backtrace.rs:47:5
[INFO] [stdout]    8:     0x56523a8409b4 - std::sys_common::backtrace::print::h23a2d212c6fff936
[INFO] [stdout]                                at /rustc/82e1608dfa6e0b5569232559e3d385fea5a93112/library/std/src/sys_common/backtrace.rs:34:9
[INFO] [stdout]    9:     0x56523a842677 - std::panicking::default_hook::{{closure}}::h8a1d2ee00185001a
[INFO] [stdout]   10:     0x56523a842363 - std::panicking::default_hook::h6038f2eba384e475
[INFO] [stdout]                                at /rustc/82e1608dfa6e0b5569232559e3d385fea5a93112/library/std/src/panicking.rs:289:9
[INFO] [stdout]   11:     0x56523a7d0247 - <alloc::boxed::Box<F,A> as core::ops::function::Fn<Args>>::call::h0ad024c9bdc6d768
[INFO] [stdout]                                at /rustc/82e1608dfa6e0b5569232559e3d385fea5a93112/library/alloc/src/boxed.rs:2021:9
[INFO] [stdout]   12:     0x56523a7d0247 - test::test_main::{{closure}}::h7500b54257359db6
[INFO] [stdout]                                at /rustc/82e1608dfa6e0b5569232559e3d385fea5a93112/library/test/src/lib.rs:138:21
[INFO] [stdout]   13:     0x56523a842c88 - <alloc::boxed::Box<F,A> as core::ops::function::Fn<Args>>::call::h1f8f335eaa9cfaee
[INFO] [stdout]                                at /rustc/82e1608dfa6e0b5569232559e3d385fea5a93112/library/alloc/src/boxed.rs:2021:9
[INFO] [stdout]   14:     0x56523a842c88 - std::panicking::rust_panic_with_hook::h2b5517d590cab22e
[INFO] [stdout]                                at /rustc/82e1608dfa6e0b5569232559e3d385fea5a93112/library/std/src/panicking.rs:783:13
[INFO] [stdout]   15:     0x56523a8429de - std::panicking::begin_panic_handler::{{closure}}::h233112c06e0ef43e
[INFO] [stdout]                                at /rustc/82e1608dfa6e0b5569232559e3d385fea5a93112/library/std/src/panicking.rs:657:13
[INFO] [stdout]   16:     0x56523a841096 - std::sys_common::backtrace::__rust_end_short_backtrace::h6e893f24d7ebbff8
[INFO] [stdout]                                at /rustc/82e1608dfa6e0b5569232559e3d385fea5a93112/library/std/src/sys_common/backtrace.rs:170:18
[INFO] [stdout]   17:     0x56523a842742 - rust_begin_unwind
[INFO] [stdout]                                at /rustc/82e1608dfa6e0b5569232559e3d385fea5a93112/library/std/src/panicking.rs:645:5
[INFO] [stdout]   18:     0x56523a633d55 - core::panicking::panic_fmt::hbf0e066aabfa482c
[INFO] [stdout]                                at /rustc/82e1608dfa6e0b5569232559e3d385fea5a93112/library/core/src/panicking.rs:72:14
[INFO] [stdout]   19:     0x56523a634323 - core::result::unwrap_failed::hddb4fea594200c52
[INFO] [stdout]                                at /rustc/82e1608dfa6e0b5569232559e3d385fea5a93112/library/core/src/result.rs:1653:5
[INFO] [stdout]   20:     0x56523a6d637f - core::result::Result<T,E>::expect::h3e08a7227f5fa30b
[INFO] [stdout]                                at /rustc/82e1608dfa6e0b5569232559e3d385fea5a93112/library/core/src/result.rs:1034:23
[INFO] [stdout]   21:     0x56523a6ae8a4 - ldap3_proto::tests::test_ldapserver_compare_request::h3df847168b9fd029
[INFO] [stdout]                                at /opt/rustwide/workdir/src/lib.rs:548:9
[INFO] [stdout]   22:     0x56523a6adea7 - ldap3_proto::tests::test_ldapserver_compare_request::{{closure}}::hf2bbdf70bef6587d
[INFO] [stdout]                                at /opt/rustwide/workdir/src/lib.rs:547:41
[INFO] [stdout]   23:     0x56523a6c7e56 - core::ops::function::FnOnce::call_once::hd6d9e9f25777030d
[INFO] [stdout]                                at /rustc/82e1608dfa6e0b5569232559e3d385fea5a93112/library/core/src/ops/function.rs:250:5
[INFO] [stdout]   24:     0x56523a7d589f - core::ops::function::FnOnce::call_once::h2b5d431d5046312d
[INFO] [stdout]                                at /rustc/82e1608dfa6e0b5569232559e3d385fea5a93112/library/core/src/ops/function.rs:250:5
[INFO] [stdout]   25:     0x56523a7d589f - test::__rust_begin_short_backtrace::h7714669af176e207
[INFO] [stdout]                                at /rustc/82e1608dfa6e0b5569232559e3d385fea5a93112/library/test/src/lib.rs:628:18
[INFO] [stdout]   26:     0x56523a7d48b5 - test::run_test_in_process::{{closure}}::h85218797dcbcec12
[INFO] [stdout]                                at /rustc/82e1608dfa6e0b5569232559e3d385fea5a93112/library/test/src/lib.rs:651:60
[INFO] [stdout]   27:     0x56523a7d48b5 - <core::panic::unwind_safe::AssertUnwindSafe<F> as core::ops::function::FnOnce<()>>::call_once::h76c106ea31c14d7b
[INFO] [stdout]                                at /rustc/82e1608dfa6e0b5569232559e3d385fea5a93112/library/core/src/panic/unwind_safe.rs:272:9
[INFO] [stdout]   28:     0x56523a7d48b5 - std::panicking::try::do_call::h3bd5d0f6620ee946
[INFO] [stdout]                                at /rustc/82e1608dfa6e0b5569232559e3d385fea5a93112/library/std/src/panicking.rs:552:40
[INFO] [stdout]   29:     0x56523a7d48b5 - std::panicking::try::h232e535e4744fe31
[INFO] [stdout]                                at /rustc/82e1608dfa6e0b5569232559e3d385fea5a93112/library/std/src/panicking.rs:516:19
[INFO] [stdout]   30:     0x56523a7d48b5 - std::panic::catch_unwind::h3ce3bd6ca8dbac68
[INFO] [stdout]                                at /rustc/82e1608dfa6e0b5569232559e3d385fea5a93112/library/std/src/panic.rs:142:14
[INFO] [stdout]   31:     0x56523a7d48b5 - test::run_test_in_process::hc97b257c9621286a
[INFO] [stdout]                                at /rustc/82e1608dfa6e0b5569232559e3d385fea5a93112/library/test/src/lib.rs:651:27
[INFO] [stdout]   32:     0x56523a7d48b5 - test::run_test::{{closure}}::h2aa798823a438d38
[INFO] [stdout]                                at /rustc/82e1608dfa6e0b5569232559e3d385fea5a93112/library/test/src/lib.rs:574:43
[INFO] [stdout]   33:     0x56523a79cb76 - test::run_test::{{closure}}::h87d231c78fb59832
[INFO] [stdout]                                at /rustc/82e1608dfa6e0b5569232559e3d385fea5a93112/library/test/src/lib.rs:602:41
[INFO] [stdout]   34:     0x56523a79cb76 - std::sys_common::backtrace::__rust_begin_short_backtrace::he6df152596625789
[INFO] [stdout]                                at /rustc/82e1608dfa6e0b5569232559e3d385fea5a93112/library/std/src/sys_common/backtrace.rs:154:18
[INFO] [stdout]   35:     0x56523a7a1c27 - std::thread::Builder::spawn_unchecked_::{{closure}}::{{closure}}::ha94be15d1e0acf36
[INFO] [stdout]                                at /rustc/82e1608dfa6e0b5569232559e3d385fea5a93112/library/std/src/thread/mod.rs:529:17
[INFO] [stdout]   36:     0x56523a7a1c27 - <core::panic::unwind_safe::AssertUnwindSafe<F> as core::ops::function::FnOnce<()>>::call_once::h9dc6bd6372f16606
[INFO] [stdout]                                at /rustc/82e1608dfa6e0b5569232559e3d385fea5a93112/library/core/src/panic/unwind_safe.rs:272:9
[INFO] [stdout]   37:     0x56523a7a1c27 - std::panicking::try::do_call::h9057517f80303cd4
[INFO] [stdout]                                at /rustc/82e1608dfa6e0b5569232559e3d385fea5a93112/library/std/src/panicking.rs:552:40
[INFO] [stdout]   38:     0x56523a7a1c27 - std::panicking::try::he3a30b11ee45340c
[INFO] [stdout]                                at /rustc/82e1608dfa6e0b5569232559e3d385fea5a93112/library/std/src/panicking.rs:516:19
[INFO] [stdout]   39:     0x56523a7a1c27 - std::panic::catch_unwind::h410458cfd3528b8b
[INFO] [stdout]                                at /rustc/82e1608dfa6e0b5569232559e3d385fea5a93112/library/std/src/panic.rs:142:14
[INFO] [stdout]   40:     0x56523a7a1c27 - std::thread::Builder::spawn_unchecked_::{{closure}}::h72ac3bdb567b737b
[INFO] [stdout]                                at /rustc/82e1608dfa6e0b5569232559e3d385fea5a93112/library/std/src/thread/mod.rs:528:30
[INFO] [stdout]   41:     0x56523a7a1c27 - core::ops::function::FnOnce::call_once{{vtable.shim}}::h38f34da3654a8344
[INFO] [stdout]                                at /rustc/82e1608dfa6e0b5569232559e3d385fea5a93112/library/core/src/ops/function.rs:250:5
[INFO] [stdout]   42:     0x56523a847715 - <alloc::boxed::Box<F,A> as core::ops::function::FnOnce<Args>>::call_once::hc7eafaff61e32df9
[INFO] [stdout]                                at /rustc/82e1608dfa6e0b5569232559e3d385fea5a93112/library/alloc/src/boxed.rs:2007:9
[INFO] [stdout]   43:     0x56523a847715 - <alloc::boxed::Box<F,A> as core::ops::function::FnOnce<Args>>::call_once::h6ba4a5de48dd2304
[INFO] [stdout]                                at /rustc/82e1608dfa6e0b5569232559e3d385fea5a93112/library/alloc/src/boxed.rs:2007:9
[INFO] [stdout]   44:     0x56523a847715 - std::sys::unix::thread::Thread::new::thread_start::he469335aef763e45
[INFO] [stdout]                                at /rustc/82e1608dfa6e0b5569232559e3d385fea5a93112/library/std/src/sys/unix/thread.rs:108:17
[INFO] [stdout]   45:     0x7fbe8773dac3 - <unknown>
[INFO] [stdout]   46:     0x7fbe877cebf4 - __clone
[INFO] [stdout]   47:                0x0 - <unknown>
[INFO] [stdout] 
[INFO] [stdout] 
[INFO] [stdout] failures:
[INFO] [stdout]     tests::test_ldapserver_compare_request
[INFO] [stdout] 
[INFO] [stdout] test result: FAILED. 34 passed; 1 failed; 0 ignored; 0 measured; 0 filtered out; finished in 0.14s
[INFO] [stdout] 
[INFO] [stderr] error: test failed, to rerun pass `--lib`
[INFO] running `Command { std: "docker" "inspect" "4b8b4719e90d1a57853f0cbd79ead4856569fb044e7e5c369023d133f5583048", kill_on_drop: false }`
[INFO] running `Command { std: "docker" "rm" "-f" "4b8b4719e90d1a57853f0cbd79ead4856569fb044e7e5c369023d133f5583048", kill_on_drop: false }`
[INFO] [stdout] 4b8b4719e90d1a57853f0cbd79ead4856569fb044e7e5c369023d133f5583048
[INFO] testing ldap3_proto-0.4.2 against beta-2023-12-22 for beta-1.76-1
[INFO] extracting crate ldap3_proto 0.4.2 into /workspace/builds/worker-5-tc2/source
[INFO] validating manifest of crates.io crate ldap3_proto 0.4.2 on toolchain beta-2023-12-22
[INFO] running `Command { std: CARGO_HOME="/workspace/cargo-home" RUSTUP_HOME="/workspace/rustup-home" "/workspace/cargo-home/bin/cargo" "+beta-2023-12-22" "metadata" "--manifest-path" "Cargo.toml" "--no-deps", kill_on_drop: false }`
[INFO] started tweaking crates.io crate ldap3_proto 0.4.2
[INFO] finished tweaking crates.io crate ldap3_proto 0.4.2
[INFO] tweaked toml for crates.io crate ldap3_proto 0.4.2 written to /workspace/builds/worker-5-tc2/source/Cargo.toml
[INFO] crate crates.io crate ldap3_proto 0.4.2 already has a lockfile, it will not be regenerated
[INFO] running `Command { std: CARGO_HOME="/workspace/cargo-home" RUSTUP_HOME="/workspace/rustup-home" "/workspace/cargo-home/bin/cargo" "+beta-2023-12-22" "fetch" "--manifest-path" "Cargo.toml", kill_on_drop: false }`
[INFO] running `Command { std: "docker" "create" "-v" "/var/lib/crater-agent-workspace/builds/worker-5-tc2/target:/opt/rustwide/target:rw,Z" "-v" "/var/lib/crater-agent-workspace/builds/worker-5-tc2/source:/opt/rustwide/workdir:ro,Z" "-v" "/var/lib/crater-agent-workspace/cargo-home:/opt/rustwide/cargo-home:ro,Z" "-v" "/var/lib/crater-agent-workspace/rustup-home:/opt/rustwide/rustup-home:ro,Z" "-e" "SOURCE_DIR=/opt/rustwide/workdir" "-e" "CARGO_TARGET_DIR=/opt/rustwide/target" "-e" "CARGO_HOME=/opt/rustwide/cargo-home" "-e" "RUSTUP_HOME=/opt/rustwide/rustup-home" "-w" "/opt/rustwide/workdir" "-m" "1610612736" "--user" "0:0" "--network" "none" "ghcr.io/rust-lang/crates-build-env/linux@sha256:2788e3201cd34a07e3172128adcd8b3090168a8e3bcc40d7c032b9dda1df7d1c" "/opt/rustwide/cargo-home/bin/cargo" "+beta-2023-12-22" "metadata" "--no-deps" "--format-version=1", kill_on_drop: false }`
[INFO] [stdout] 8a610cc67c27977a2f17adbe468648059cf721ee4ee9d89a3254f5c040b67b8a
[INFO] running `Command { std: "docker" "start" "-a" "8a610cc67c27977a2f17adbe468648059cf721ee4ee9d89a3254f5c040b67b8a", kill_on_drop: false }`
[INFO] running `Command { std: "docker" "inspect" "8a610cc67c27977a2f17adbe468648059cf721ee4ee9d89a3254f5c040b67b8a", kill_on_drop: false }`
[INFO] running `Command { std: "docker" "rm" "-f" "8a610cc67c27977a2f17adbe468648059cf721ee4ee9d89a3254f5c040b67b8a", kill_on_drop: false }`
[INFO] [stdout] 8a610cc67c27977a2f17adbe468648059cf721ee4ee9d89a3254f5c040b67b8a
[INFO] running `Command { std: "docker" "create" "-v" "/var/lib/crater-agent-workspace/builds/worker-5-tc2/target:/opt/rustwide/target:rw,Z" "-v" "/var/lib/crater-agent-workspace/builds/worker-5-tc2/source:/opt/rustwide/workdir:ro,Z" "-v" "/var/lib/crater-agent-workspace/cargo-home:/opt/rustwide/cargo-home:ro,Z" "-v" "/var/lib/crater-agent-workspace/rustup-home:/opt/rustwide/rustup-home:ro,Z" "-e" "SOURCE_DIR=/opt/rustwide/workdir" "-e" "CARGO_TARGET_DIR=/opt/rustwide/target" "-e" "CARGO_INCREMENTAL=0" "-e" "RUST_BACKTRACE=full" "-e" "RUSTFLAGS=--cap-lints=warn" "-e" "RUSTDOCFLAGS=--cap-lints=warn" "-e" "CARGO_HOME=/opt/rustwide/cargo-home" "-e" "RUSTUP_HOME=/opt/rustwide/rustup-home" "-w" "/opt/rustwide/workdir" "-m" "1610612736" "--user" "0:0" "--network" "none" "ghcr.io/rust-lang/crates-build-env/linux@sha256:2788e3201cd34a07e3172128adcd8b3090168a8e3bcc40d7c032b9dda1df7d1c" "/opt/rustwide/cargo-home/bin/cargo" "+beta-2023-12-22" "build" "--frozen" "--message-format=json", kill_on_drop: false }`
[INFO] [stdout] d1a64ac12362435f1e370c78d88e857d304a4a5f28195f53f7b6f9acb697b874
[INFO] running `Command { std: "docker" "start" "-a" "d1a64ac12362435f1e370c78d88e857d304a4a5f28195f53f7b6f9acb697b874", kill_on_drop: false }`
[INFO] [stderr]    Compiling proc-macro2 v1.0.66
[INFO] [stderr]    Compiling unicode-ident v1.0.11
[INFO] [stderr]    Compiling pin-project-lite v0.2.13
[INFO] [stderr]    Compiling futures-core v0.3.28
[INFO] [stderr]    Compiling once_cell v1.18.0
[INFO] [stderr]    Compiling thiserror v1.0.50
[INFO] [stderr]    Compiling peg-runtime v0.8.1
[INFO] [stderr]    Compiling minimal-lexical v0.2.1
[INFO] [stderr]    Compiling memchr v2.6.3
[INFO] [stderr]    Compiling bytes v1.4.0
[INFO] [stderr]    Compiling cfg-if v1.0.0
[INFO] [stderr]    Compiling futures-sink v0.3.28
[INFO] [stderr]    Compiling base64 v0.21.3
[INFO] [stderr]    Compiling uuid v1.4.1
[INFO] [stderr]    Compiling tokio v1.32.0
[INFO] [stderr]    Compiling tracing-core v0.1.31
[INFO] [stderr]    Compiling quote v1.0.33
[INFO] [stderr]    Compiling nom v7.1.3
[INFO] [stderr]    Compiling syn v2.0.31
[INFO] [stderr]    Compiling peg-macros v0.8.1
[INFO] [stderr]    Compiling peg v0.8.1
[INFO] [stderr]    Compiling lber v0.4.2
[INFO] [stderr]    Compiling tracing-attributes v0.1.26
[INFO] [stderr]    Compiling thiserror-impl v1.0.50
[INFO] [stderr]    Compiling tracing v0.1.37
[INFO] [stderr]    Compiling tokio-util v0.7.8
[INFO] [stderr]    Compiling ldap3_proto v0.4.2 (/opt/rustwide/workdir)
[INFO] [stderr]     Finished dev [unoptimized + debuginfo] target(s) in 10.74s
[INFO] running `Command { std: "docker" "inspect" "d1a64ac12362435f1e370c78d88e857d304a4a5f28195f53f7b6f9acb697b874", kill_on_drop: false }`
[INFO] running `Command { std: "docker" "rm" "-f" "d1a64ac12362435f1e370c78d88e857d304a4a5f28195f53f7b6f9acb697b874", kill_on_drop: false }`
[INFO] [stdout] d1a64ac12362435f1e370c78d88e857d304a4a5f28195f53f7b6f9acb697b874
[INFO] running `Command { std: "docker" "create" "-v" "/var/lib/crater-agent-workspace/builds/worker-5-tc2/target:/opt/rustwide/target:rw,Z" "-v" "/var/lib/crater-agent-workspace/builds/worker-5-tc2/source:/opt/rustwide/workdir:ro,Z" "-v" "/var/lib/crater-agent-workspace/cargo-home:/opt/rustwide/cargo-home:ro,Z" "-v" "/var/lib/crater-agent-workspace/rustup-home:/opt/rustwide/rustup-home:ro,Z" "-e" "SOURCE_DIR=/opt/rustwide/workdir" "-e" "CARGO_TARGET_DIR=/opt/rustwide/target" "-e" "CARGO_INCREMENTAL=0" "-e" "RUST_BACKTRACE=full" "-e" "RUSTFLAGS=--cap-lints=warn" "-e" "RUSTDOCFLAGS=--cap-lints=warn" "-e" "CARGO_HOME=/opt/rustwide/cargo-home" "-e" "RUSTUP_HOME=/opt/rustwide/rustup-home" "-w" "/opt/rustwide/workdir" "-m" "1610612736" "--user" "0:0" "--network" "none" "ghcr.io/rust-lang/crates-build-env/linux@sha256:2788e3201cd34a07e3172128adcd8b3090168a8e3bcc40d7c032b9dda1df7d1c" "/opt/rustwide/cargo-home/bin/cargo" "+beta-2023-12-22" "test" "--frozen" "--no-run" "--message-format=json", kill_on_drop: false }`
[INFO] [stdout] 391807d0351fa65c52b2c8b3da6f4cf4804fe0651843676219f4f45214e1ad88
[INFO] running `Command { std: "docker" "start" "-a" "391807d0351fa65c52b2c8b3da6f4cf4804fe0651843676219f4f45214e1ad88", kill_on_drop: false }`
[INFO] [stderr]    Compiling typenum v1.17.0
[INFO] [stderr]    Compiling version_check v0.9.4
[INFO] [stderr]    Compiling libc v0.2.150
[INFO] [stderr]    Compiling subtle v2.4.1
[INFO] [stderr]    Compiling const-oid v0.9.5
[INFO] [stderr]    Compiling autocfg v1.1.0
[INFO] [stderr]    Compiling serde v1.0.188
[INFO] [stderr]    Compiling base64ct v1.6.0
[INFO] [stderr]    Compiling cpufeatures v0.2.11
[INFO] [stderr]    Compiling libm v0.2.8
[INFO] [stderr]    Compiling spin v0.5.2
[INFO] [stderr]    Compiling semver v1.0.20
[INFO] [stderr]    Compiling base16ct v0.2.0
[INFO] [stderr]    Compiling syn v2.0.31
[INFO] [stderr]    Compiling powerfmt v0.2.0
[INFO] [stderr]    Compiling ppv-lite86 v0.2.17
[INFO] [stderr]    Compiling lazy_static v1.4.0
[INFO] [stderr]    Compiling time-core v0.1.2
[INFO] [stderr]    Compiling deranged v0.3.9
[INFO] [stderr]    Compiling pkg-config v0.3.27
[INFO] [stderr]    Compiling memchr v2.6.3
[INFO] [stderr]    Compiling smallvec v1.11.0
[INFO] [stderr]    Compiling pem-rfc7468 v0.7.0
[INFO] [stderr]    Compiling num-bigint-dig v0.8.4
[INFO] [stderr]    Compiling platforms v3.2.0
[INFO] [stderr]    Compiling num-traits v0.2.17
[INFO] [stderr]    Compiling generic-array v0.14.7
[INFO] [stderr]    Compiling num-integer v0.1.45
[INFO] [stderr]    Compiling num-iter v0.1.43
[INFO] [stderr]    Compiling vcpkg v0.2.15
[INFO] [stderr]    Compiling rustc_version v0.4.0
[INFO] [stderr]    Compiling slab v0.4.9
[INFO] [stderr]    Compiling tracing-core v0.1.31
[INFO] [stderr]    Compiling byteorder v1.5.0
[INFO] [stderr]    Compiling futures-channel v0.3.28
[INFO] [stderr]    Compiling futures-task v0.3.28
[INFO] [stderr]    Compiling futures-util v0.3.28
[INFO] [stderr]    Compiling tinyvec_macros v0.1.1
[INFO] [stderr]    Compiling curve25519-dalek v4.1.1
[INFO] [stderr]    Compiling tinyvec v1.6.0
[INFO] [stderr]    Compiling time v0.3.30
[INFO] [stderr]    Compiling cc v1.0.83
[INFO] [stderr]    Compiling getrandom v0.2.11
[INFO] [stderr]    Compiling mio v0.8.8
[INFO] [stderr]    Compiling signal-hook-registry v1.4.1
[INFO] [stderr]    Compiling num_cpus v1.16.0
[INFO] [stderr]    Compiling rand_core v0.6.4
[INFO] [stderr]    Compiling socket2 v0.5.3
[INFO] [stderr]    Compiling pin-utils v0.1.0
[INFO] [stderr]    Compiling futures-io v0.3.28
[INFO] [stderr]    Compiling widestring v1.0.2
[INFO] [stderr]    Compiling keccak v0.1.4
[INFO] [stderr]    Compiling foreign-types-shared v0.1.1
[INFO] [stderr]    Compiling ff v0.13.0
[INFO] [stderr]    Compiling rand_chacha v0.3.1
[INFO] [stderr]    Compiling bitflags v2.4.0
[INFO] [stderr]    Compiling unicode-bidi v0.3.13
[INFO] [stderr]    Compiling openssl v0.10.57
[INFO] [stderr]    Compiling group v0.13.0
[INFO] [stderr]    Compiling percent-encoding v2.3.0
[INFO] [stderr]    Compiling unicode-normalization v0.1.22
[INFO] [stderr]    Compiling nom v7.1.3
[INFO] [stderr]    Compiling rand v0.8.5
[INFO] [stderr]    Compiling foreign-types v0.3.2
[INFO] [stderr]    Compiling log v0.4.20
[INFO] [stderr]    Compiling form_urlencoded v1.2.0
[INFO] [stderr]    Compiling tokio-openssl v0.6.3
[INFO] [stderr]    Compiling overload v0.1.1
[INFO] [stderr]    Compiling nu-ansi-term v0.46.0
[INFO] [stderr]    Compiling tracing-log v0.1.3
[INFO] [stderr]    Compiling sharded-slab v0.1.4
[INFO] [stderr]    Compiling thread_local v1.1.7
[INFO] [stderr]    Compiling idna v0.4.0
[INFO] [stderr]    Compiling openssl-sys v0.9.93
[INFO] [stderr]    Compiling tracing-subscriber v0.3.17
[INFO] [stderr]    Compiling url v2.4.1
[INFO] [stderr]    Compiling lber v0.4.2
[INFO] [stderr]    Compiling zeroize_derive v1.4.2
[INFO] [stderr]    Compiling serde_derive v1.0.188
[INFO] [stderr]    Compiling thiserror-impl v1.0.50
[INFO] [stderr]    Compiling curve25519-dalek-derive v0.1.1
[INFO] [stderr]    Compiling futures-macro v0.3.28
[INFO] [stderr]    Compiling tokio-macros v2.1.0
[INFO] [stderr]    Compiling tracing-attributes v0.1.26
[INFO] [stderr]    Compiling openssl-macros v0.1.1
[INFO] [stderr]    Compiling num-derive v0.4.1
[INFO] [stderr]    Compiling async-recursion v1.0.5
[INFO] [stderr]    Compiling tokio v1.32.0
[INFO] [stderr]    Compiling zeroize v1.7.0
[INFO] [stderr]    Compiling der v0.7.8
[INFO] [stderr]    Compiling thiserror v1.0.50
[INFO] [stderr]    Compiling tracing v0.1.37
[INFO] [stderr]    Compiling crypto-common v0.1.6
[INFO] [stderr]    Compiling block-buffer v0.10.4
[INFO] [stderr]    Compiling block-padding v0.3.3
[INFO] [stderr]    Compiling crypto-bigint v0.5.5
[INFO] [stderr]    Compiling crypto-mac v0.11.1
[INFO] [stderr]    Compiling crypto v0.5.1
[INFO] [stderr]    Compiling digest v0.10.7
[INFO] [stderr]    Compiling inout v0.1.3
[INFO] [stderr]    Compiling cipher v0.4.4
[INFO] [stderr]    Compiling hmac v0.12.1
[INFO] [stderr]    Compiling signature v2.2.0
[INFO] [stderr]    Compiling sha2 v0.10.8
[INFO] [stderr]    Compiling sha1 v0.10.6
[INFO] [stderr]    Compiling md-5 v0.10.6
[INFO] [stderr]    Compiling sha3 v0.10.8
[INFO] [stderr]    Compiling md4 v0.10.2
[INFO] [stderr]    Compiling ed25519 v2.2.3
[INFO] [stderr]    Compiling hkdf v0.12.3
[INFO] [stderr]    Compiling rfc6979 v0.4.0
[INFO] [stderr]    Compiling cbc v0.1.2
[INFO] [stderr]    Compiling des v0.8.1
[INFO] [stderr]    Compiling aes v0.8.3
[INFO] [stderr]    Compiling pbkdf2 v0.12.2
[INFO] [stderr]    Compiling spki v0.7.2
[INFO] [stderr]    Compiling pkcs8 v0.10.2
[INFO] [stderr]    Compiling sec1 v0.7.3
[INFO] [stderr]    Compiling pkcs1 v0.7.5
[INFO] [stderr]    Compiling ed25519-dalek v2.1.0
[INFO] [stderr]    Compiling x25519-dalek v2.0.0
[INFO] [stderr]    Compiling elliptic-curve v0.13.8
[INFO] [stderr]    Compiling primeorder v0.13.6
[INFO] [stderr]    Compiling ecdsa v0.16.9
[INFO] [stderr]    Compiling p256 v0.13.2
[INFO] [stderr]    Compiling p384 v0.13.0
[INFO] [stderr]    Compiling futures-executor v0.3.28
[INFO] [stderr]    Compiling futures v0.3.28
[INFO] [stderr]    Compiling tokio-util v0.7.8
[INFO] [stderr]    Compiling serde_bytes v0.11.12
[INFO] [stderr]    Compiling oid v0.2.1
[INFO] [stderr]    Compiling uuid v1.4.1
[INFO] [stderr]    Compiling serde_test v1.0.176
[INFO] [stderr]    Compiling picky-asn1 v0.8.0
[INFO] [stderr]    Compiling ldap3_proto v0.4.2 (/opt/rustwide/workdir)
[INFO] [stderr]    Compiling picky-asn1-der v0.4.1
[INFO] [stderr]    Compiling rsa v0.9.5
[INFO] [stderr]    Compiling picky-asn1-x509 v0.12.0
[INFO] [stderr]    Compiling picky v7.0.0-rc.8
[INFO] [stderr]    Compiling picky-krb v0.8.0
[INFO] [stderr]    Compiling sspi v0.11.0
[INFO] [stderr]     Finished test [unoptimized + debuginfo] target(s) in 28.14s
[INFO] running `Command { std: "docker" "inspect" "391807d0351fa65c52b2c8b3da6f4cf4804fe0651843676219f4f45214e1ad88", kill_on_drop: false }`
[INFO] running `Command { std: "docker" "rm" "-f" "391807d0351fa65c52b2c8b3da6f4cf4804fe0651843676219f4f45214e1ad88", kill_on_drop: false }`
[INFO] [stdout] 391807d0351fa65c52b2c8b3da6f4cf4804fe0651843676219f4f45214e1ad88
[INFO] running `Command { std: "docker" "create" "-v" "/var/lib/crater-agent-workspace/builds/worker-5-tc2/target:/opt/rustwide/target:rw,Z" "-v" "/var/lib/crater-agent-workspace/builds/worker-5-tc2/source:/opt/rustwide/workdir:ro,Z" "-v" "/var/lib/crater-agent-workspace/cargo-home:/opt/rustwide/cargo-home:ro,Z" "-v" "/var/lib/crater-agent-workspace/rustup-home:/opt/rustwide/rustup-home:ro,Z" "-e" "SOURCE_DIR=/opt/rustwide/workdir" "-e" "CARGO_TARGET_DIR=/opt/rustwide/target" "-e" "CARGO_INCREMENTAL=0" "-e" "RUST_BACKTRACE=full" "-e" "RUSTFLAGS=--cap-lints=warn" "-e" "RUSTDOCFLAGS=--cap-lints=warn" "-e" "CARGO_HOME=/opt/rustwide/cargo-home" "-e" "RUSTUP_HOME=/opt/rustwide/rustup-home" "-w" "/opt/rustwide/workdir" "-m" "1610612736" "--user" "0:0" "--network" "none" "ghcr.io/rust-lang/crates-build-env/linux@sha256:2788e3201cd34a07e3172128adcd8b3090168a8e3bcc40d7c032b9dda1df7d1c" "/opt/rustwide/cargo-home/bin/cargo" "+beta-2023-12-22" "test" "--frozen", kill_on_drop: false }`
[INFO] [stdout] 8961a65afb53b64ad51cc88963786bc74ee244a23c0bbf5f7103760bf052ae07
[INFO] running `Command { std: "docker" "start" "-a" "8961a65afb53b64ad51cc88963786bc74ee244a23c0bbf5f7103760bf052ae07", kill_on_drop: false }`
[INFO] [stderr]     Finished test [unoptimized + debuginfo] target(s) in 0.10s
[INFO] [stderr]      Running unittests src/lib.rs (/opt/rustwide/target/debug/deps/ldap3_proto-262679b05f45e14b)
[INFO] [stdout] 
[INFO] [stdout] running 35 tests
[INFO] [stdout] test filter::test::test_attrdesc ... ok
[INFO] [stdout] test filter::test::test_ldapfilter_approx ... ok
[INFO] [stdout] test filter::test::test_ldapfilter_eq ... ok
[INFO] [stdout] test filter::test::test_ldapfilter_and ... ok
[INFO] [stdout] test filter::test::test_ldapfilter_gte ... ok
[INFO] [stdout] test filter::test::test_ldapfilter_lte ... ok
[INFO] [stdout] test filter::test::test_ldapfilter_nested ... ok
[INFO] [stdout] test filter::test::test_ldapfilter_or ... ok
[INFO] [stdout] test filter::test::test_ldapfilter_not ... ok
[INFO] [stdout] test filter::test::test_ldapfilter_pres ... ok
[INFO] [stdout] test filter::test::test_octetstr ... ok
[INFO] [stdout] test tests::test_ldapserver_codec_abandonrequest ... ok
[INFO] [stdout] test tests::test_ldapserver_codec_delresponse ... ok
[INFO] [stdout] test tests::test_ldapserver_codec_addrequest ... ok
[INFO] [stdout] test tests::test_ldapserver_codec_extendedrequest ... ok
[INFO] [stdout] test tests::test_ldapserver_codec_bindresponse ... ok
[INFO] [stdout] test tests::test_ldapserver_codec_modify_dn_response ... ok
[INFO] [stdout] test tests::test_ldapserver_codec_delrequest ... ok
[INFO] [stdout] test tests::test_ldapserver_codec_addresponse ... ok
[INFO] [stdout] test tests::test_ldapserver_codec_extendedresponse ... ok
[INFO] [stdout] test tests::test_ldapserver_codec_modify_response ... ok
[INFO] [stdout] test tests::test_ldapserver_password_extop ... ok
[INFO] [stdout] test tests::test_ldapserver_codec_modify_request ... ok
[INFO] [stdout] test tests::test_ldapserver_codec_unbind ... ok
[INFO] [stdout] test tests::test_message_partial ... ok
[INFO] [stdout] test tests::test_modify_from_raw ... ok
[INFO] [stdout] test tests::test_syncrepl_result_from_raw ... ok
[INFO] [stdout] test tests::test_ldapserver_codec_searchrequest ... ok
[INFO] [stdout] test tests::test_ldapserver_search_with_simple_paged_results_request ... ok
[INFO] [stdout] test tests::test_ldapserver_codec_simplebind ... ok
[INFO] [stdout] test tests::test_ldapserver_codec_searchresultdone ... ok
[INFO] [stdout] test tests::test_ldapserver_search_with_syncrepl_request ... ok
[INFO] [stdout] test tests::test_ldapserver_codec_modify_dn_request ... ok
[INFO] [stdout] test tests::test_ldapserver_codec_searchresultentry ... ok
[INFO] [stdout] test tests::test_ldapserver_compare_request ... FAILED
[INFO] [stdout] 
[INFO] [stdout] failures:
[INFO] [stdout] 
[INFO] [stdout] ---- tests::test_ldapserver_compare_request stdout ----
[INFO] [stdout] thread 'tests::test_ldapserver_compare_request' panicked at src/lib.rs:548:9:
[INFO] [stdout] failed to decode: Custom { kind: Other, error: ResultBer }
[INFO] [stdout] stack backtrace:
[INFO] [stdout]    0:     0x5612fb35c926 - std::backtrace_rs::backtrace::libunwind::trace::h261606ad26a499c1
[INFO] [stdout]                                at /rustc/0e09125c6c3c2fd70d7de961bcf0e51575235fad/library/std/src/../../backtrace/src/backtrace/libunwind.rs:104:5
[INFO] [stdout]    1:     0x5612fb35c926 - std::backtrace_rs::backtrace::trace_unsynchronized::hd183f0625477fb28
[INFO] [stdout]                                at /rustc/0e09125c6c3c2fd70d7de961bcf0e51575235fad/library/std/src/../../backtrace/src/backtrace/mod.rs:66:5
[INFO] [stdout]    2:     0x5612fb35c926 - std::sys_common::backtrace::_print_fmt::hd7f8fef21b4eda67
[INFO] [stdout]                                at /rustc/0e09125c6c3c2fd70d7de961bcf0e51575235fad/library/std/src/sys_common/backtrace.rs:68:5
[INFO] [stdout]    3:     0x5612fb35c926 - <std::sys_common::backtrace::_print::DisplayBacktrace as core::fmt::Display>::fmt::h623d9b51f2f453f1
[INFO] [stdout]                                at /rustc/0e09125c6c3c2fd70d7de961bcf0e51575235fad/library/std/src/sys_common/backtrace.rs:44:22
[INFO] [stdout]    4:     0x5612fb3864f0 - core::fmt::rt::Argument::fmt::h9f417ac76a86f368
[INFO] [stdout]                                at /rustc/0e09125c6c3c2fd70d7de961bcf0e51575235fad/library/core/src/fmt/rt.rs:142:9
[INFO] [stdout]    5:     0x5612fb3864f0 - core::fmt::write::hc9b6faf4ac2aeff7
[INFO] [stdout]                                at /rustc/0e09125c6c3c2fd70d7de961bcf0e51575235fad/library/core/src/fmt/mod.rs:1120:17
[INFO] [stdout]    6:     0x5612fb35a38f - std::io::Write::write_fmt::he04625a3a989fec3
[INFO] [stdout]                                at /rustc/0e09125c6c3c2fd70d7de961bcf0e51575235fad/library/std/src/io/mod.rs:1810:15
[INFO] [stdout]    7:     0x5612fb35c704 - std::sys_common::backtrace::_print::hd5d66399c7df88a2
[INFO] [stdout]                                at /rustc/0e09125c6c3c2fd70d7de961bcf0e51575235fad/library/std/src/sys_common/backtrace.rs:47:5
[INFO] [stdout]    8:     0x5612fb35c704 - std::sys_common::backtrace::print::he81ed2da642d37e5
[INFO] [stdout]                                at /rustc/0e09125c6c3c2fd70d7de961bcf0e51575235fad/library/std/src/sys_common/backtrace.rs:34:9
[INFO] [stdout]    9:     0x5612fb35e477 - std::panicking::default_hook::{{closure}}::h85773f4fa117163d
[INFO] [stdout]   10:     0x5612fb35e15d - std::panicking::default_hook::h6a1694a91d09b278
[INFO] [stdout]                                at /rustc/0e09125c6c3c2fd70d7de961bcf0e51575235fad/library/std/src/panicking.rs:289:9
[INFO] [stdout]   11:     0x5612fb2e9957 - <alloc::boxed::Box<F,A> as core::ops::function::Fn<Args>>::call::h616ac37fa3cd6c8f
[INFO] [stdout]                                at /rustc/0e09125c6c3c2fd70d7de961bcf0e51575235fad/library/alloc/src/boxed.rs:2029:9
[INFO] [stdout]   12:     0x5612fb2e9957 - test::test_main::{{closure}}::h00d84697cefdcbb6
[INFO] [stdout]                                at /rustc/0e09125c6c3c2fd70d7de961bcf0e51575235fad/library/test/src/lib.rs:138:21
[INFO] [stdout]   13:     0x5612fb35ea96 - <alloc::boxed::Box<F,A> as core::ops::function::Fn<Args>>::call::hcb3fe3b9bb537ba8
[INFO] [stdout]                                at /rustc/0e09125c6c3c2fd70d7de961bcf0e51575235fad/library/alloc/src/boxed.rs:2029:9
[INFO] [stdout]   14:     0x5612fb35ea96 - std::panicking::rust_panic_with_hook::h0a7ad96e90f7145b
[INFO] [stdout]                                at /rustc/0e09125c6c3c2fd70d7de961bcf0e51575235fad/library/std/src/panicking.rs:783:13
[INFO] [stdout]   15:     0x5612fb35e7e2 - std::panicking::begin_panic_handler::{{closure}}::h7919090525c6485e
[INFO] [stdout]                                at /rustc/0e09125c6c3c2fd70d7de961bcf0e51575235fad/library/std/src/panicking.rs:657:13
[INFO] [stdout]   16:     0x5612fb35ce26 - std::sys_common::backtrace::__rust_end_short_backtrace::hf3289479464f7dfe
[INFO] [stdout]                                at /rustc/0e09125c6c3c2fd70d7de961bcf0e51575235fad/library/std/src/sys_common/backtrace.rs:171:18
[INFO] [stdout]   17:     0x5612fb35e540 - rust_begin_unwind
[INFO] [stdout]                                at /rustc/0e09125c6c3c2fd70d7de961bcf0e51575235fad/library/std/src/panicking.rs:645:5
[INFO] [stdout]   18:     0x5612fb146d35 - core::panicking::panic_fmt::hcc9f77c5c132af55
[INFO] [stdout]                                at /rustc/0e09125c6c3c2fd70d7de961bcf0e51575235fad/library/core/src/panicking.rs:72:14
[INFO] [stdout]   19:     0x5612fb147313 - core::result::unwrap_failed::hbe14f498be1452f9
[INFO] [stdout]                                at /rustc/0e09125c6c3c2fd70d7de961bcf0e51575235fad/library/core/src/result.rs:1649:5
[INFO] [stdout]   20:     0x5612fb1f9e1f - core::result::Result<T,E>::expect::h7a95211be51cdc97
[INFO] [stdout]                                at /rustc/0e09125c6c3c2fd70d7de961bcf0e51575235fad/library/core/src/result.rs:1030:23
[INFO] [stdout]   21:     0x5612fb1c52b4 - ldap3_proto::tests::test_ldapserver_compare_request::ha60b67017a1dc8df
[INFO] [stdout]                                at /opt/rustwide/workdir/src/lib.rs:548:9
[INFO] [stdout]   22:     0x5612fb1c48b7 - ldap3_proto::tests::test_ldapserver_compare_request::{{closure}}::h5be5d34802fa696c
[INFO] [stdout]                                at /opt/rustwide/workdir/src/lib.rs:547:41
[INFO] [stdout]   23:     0x5612fb207bd6 - core::ops::function::FnOnce::call_once::he2606f36379b122e
[INFO] [stdout]                                at /rustc/0e09125c6c3c2fd70d7de961bcf0e51575235fad/library/core/src/ops/function.rs:250:5
[INFO] [stdout]   24:     0x5612fb2ef22f - core::ops::function::FnOnce::call_once::hd64d26f405258157
[INFO] [stdout]                                at /rustc/0e09125c6c3c2fd70d7de961bcf0e51575235fad/library/core/src/ops/function.rs:250:5
[INFO] [stdout]   25:     0x5612fb2ef22f - test::__rust_begin_short_backtrace::he21b0b7a6d731bf9
[INFO] [stdout]                                at /rustc/0e09125c6c3c2fd70d7de961bcf0e51575235fad/library/test/src/lib.rs:627:18
[INFO] [stdout]   26:     0x5612fb2edfb1 - test::run_test_in_process::{{closure}}::hf5c73986d7bdfde2
[INFO] [stdout]                                at /rustc/0e09125c6c3c2fd70d7de961bcf0e51575235fad/library/test/src/lib.rs:650:60
[INFO] [stdout]   27:     0x5612fb2edfb1 - <core::panic::unwind_safe::AssertUnwindSafe<F> as core::ops::function::FnOnce<()>>::call_once::h330011ad032aadc0
[INFO] [stdout]                                at /rustc/0e09125c6c3c2fd70d7de961bcf0e51575235fad/library/core/src/panic/unwind_safe.rs:272:9
[INFO] [stdout]   28:     0x5612fb2edfb1 - std::panicking::try::do_call::he61b0a958b795a41
[INFO] [stdout]                                at /rustc/0e09125c6c3c2fd70d7de961bcf0e51575235fad/library/std/src/panicking.rs:552:40
[INFO] [stdout]   29:     0x5612fb2edfb1 - std::panicking::try::h7309da130f906eb7
[INFO] [stdout]                                at /rustc/0e09125c6c3c2fd70d7de961bcf0e51575235fad/library/std/src/panicking.rs:516:19
[INFO] [stdout]   30:     0x5612fb2edfb1 - std::panic::catch_unwind::hc5c3a06fdaf0a92a
[INFO] [stdout]                                at /rustc/0e09125c6c3c2fd70d7de961bcf0e51575235fad/library/std/src/panic.rs:142:14
[INFO] [stdout]   31:     0x5612fb2edfb1 - test::run_test_in_process::h7e7b7c71c3324e0f
[INFO] [stdout]                                at /rustc/0e09125c6c3c2fd70d7de961bcf0e51575235fad/library/test/src/lib.rs:650:27
[INFO] [stdout]   32:     0x5612fb2edfb1 - test::run_test::{{closure}}::h1f509f28f5cf20b1
[INFO] [stdout]                                at /rustc/0e09125c6c3c2fd70d7de961bcf0e51575235fad/library/test/src/lib.rs:573:43
[INFO] [stdout]   33:     0x5612fb2b52e6 - test::run_test::{{closure}}::h1754218abf443f6d
[INFO] [stdout]                                at /rustc/0e09125c6c3c2fd70d7de961bcf0e51575235fad/library/test/src/lib.rs:601:41
[INFO] [stdout]   34:     0x5612fb2b52e6 - std::sys_common::backtrace::__rust_begin_short_backtrace::h2ee174b9d5954948
[INFO] [stdout]                                at /rustc/0e09125c6c3c2fd70d7de961bcf0e51575235fad/library/std/src/sys_common/backtrace.rs:155:18
[INFO] [stdout]   35:     0x5612fb2ba347 - std::thread::Builder::spawn_unchecked_::{{closure}}::{{closure}}::hf60bee9c1a17ef09
[INFO] [stdout]                                at /rustc/0e09125c6c3c2fd70d7de961bcf0e51575235fad/library/std/src/thread/mod.rs:529:17
[INFO] [stdout]   36:     0x5612fb2ba347 - <core::panic::unwind_safe::AssertUnwindSafe<F> as core::ops::function::FnOnce<()>>::call_once::h33d0dddec5216160
[INFO] [stdout]                                at /rustc/0e09125c6c3c2fd70d7de961bcf0e51575235fad/library/core/src/panic/unwind_safe.rs:272:9
[INFO] [stdout]   37:     0x5612fb2ba347 - std::panicking::try::do_call::h144b3048b546f835
[INFO] [stdout]                                at /rustc/0e09125c6c3c2fd70d7de961bcf0e51575235fad/library/std/src/panicking.rs:552:40
[INFO] [stdout]   38:     0x5612fb2ba347 - std::panicking::try::h978244d04646189f
[INFO] [stdout]                                at /rustc/0e09125c6c3c2fd70d7de961bcf0e51575235fad/library/std/src/panicking.rs:516:19
[INFO] [stdout]   39:     0x5612fb2ba347 - std::panic::catch_unwind::hdf436369d188fe86
[INFO] [stdout]                                at /rustc/0e09125c6c3c2fd70d7de961bcf0e51575235fad/library/std/src/panic.rs:142:14
[INFO] [stdout]   40:     0x5612fb2ba347 - std::thread::Builder::spawn_unchecked_::{{closure}}::h87329cbdd33c79ec
[INFO] [stdout]                                at /rustc/0e09125c6c3c2fd70d7de961bcf0e51575235fad/library/std/src/thread/mod.rs:528:30
[INFO] [stdout]   41:     0x5612fb2ba347 - core::ops::function::FnOnce::call_once{{vtable.shim}}::h401abbe67897d450
[INFO] [stdout]                                at /rustc/0e09125c6c3c2fd70d7de961bcf0e51575235fad/library/core/src/ops/function.rs:250:5
[INFO] [stdout]   42:     0x5612fb363545 - <alloc::boxed::Box<F,A> as core::ops::function::FnOnce<Args>>::call_once::h5d7c8f150ab9c84c
[INFO] [stdout]                                at /rustc/0e09125c6c3c2fd70d7de961bcf0e51575235fad/library/alloc/src/boxed.rs:2015:9
[INFO] [stdout]   43:     0x5612fb363545 - <alloc::boxed::Box<F,A> as core::ops::function::FnOnce<Args>>::call_once::h570d5b005c242c15
[INFO] [stdout]                                at /rustc/0e09125c6c3c2fd70d7de961bcf0e51575235fad/library/alloc/src/boxed.rs:2015:9
[INFO] [stdout]   44:     0x5612fb363545 - std::sys::unix::thread::Thread::new::thread_start::h36b0a20c0b2361ad
[INFO] [stdout]                                at /rustc/0e09125c6c3c2fd70d7de961bcf0e51575235fad/library/std/src/sys/unix/thread.rs:108:17
[INFO] [stdout]   45:     0x7f017acd4ac3 - <unknown>
[INFO] [stdout]   46:     0x7f017ad65bf4 - __clone
[INFO] [stdout]   47:                0x0 - <unknown>
[INFO] [stdout] 
[INFO] [stdout] 
[INFO] [stdout] failures:
[INFO] [stdout]     tests::test_ldapserver_compare_request
[INFO] [stdout] 
[INFO] [stdout] test result: FAILED. 34 passed; 1 failed; 0 ignored; 0 measured; 0 filtered out; finished in 0.02s
[INFO] [stdout] 
[INFO] [stderr] error: test failed, to rerun pass `--lib`
[INFO] running `Command { std: "docker" "inspect" "8961a65afb53b64ad51cc88963786bc74ee244a23c0bbf5f7103760bf052ae07", kill_on_drop: false }`
[INFO] running `Command { std: "docker" "rm" "-f" "8961a65afb53b64ad51cc88963786bc74ee244a23c0bbf5f7103760bf052ae07", kill_on_drop: false }`
[INFO] [stdout] 8961a65afb53b64ad51cc88963786bc74ee244a23c0bbf5f7103760bf052ae07
