[INFO] fetching crate lazy_rc 0.1.3...
[INFO] testing lazy_rc-0.1.3 against 1.75.0 for beta-1.76-1
[INFO] extracting crate lazy_rc 0.1.3 into /workspace/builds/worker-0-tc1/source
[INFO] validating manifest of crates.io crate lazy_rc 0.1.3 on toolchain 1.75.0
[INFO] running `Command { std: CARGO_HOME="/workspace/cargo-home" RUSTUP_HOME="/workspace/rustup-home" "/workspace/cargo-home/bin/cargo" "+1.75.0" "metadata" "--manifest-path" "Cargo.toml" "--no-deps", kill_on_drop: false }`
[INFO] started tweaking crates.io crate lazy_rc 0.1.3
[INFO] removed 0 missing examples
[INFO] finished tweaking crates.io crate lazy_rc 0.1.3
[INFO] tweaked toml for crates.io crate lazy_rc 0.1.3 written to /workspace/builds/worker-0-tc1/source/Cargo.toml
[INFO] crate crates.io crate lazy_rc 0.1.3 already has a lockfile, it will not be regenerated
[INFO] running `Command { std: CARGO_HOME="/workspace/cargo-home" RUSTUP_HOME="/workspace/rustup-home" "/workspace/cargo-home/bin/cargo" "+1.75.0" "fetch" "--manifest-path" "Cargo.toml", kill_on_drop: false }`
[INFO] running `Command { std: "docker" "create" "-v" "/var/lib/crater-agent-workspace/builds/worker-0-tc1/target:/opt/rustwide/target:rw,Z" "-v" "/var/lib/crater-agent-workspace/builds/worker-0-tc1/source:/opt/rustwide/workdir:ro,Z" "-v" "/var/lib/crater-agent-workspace/cargo-home:/opt/rustwide/cargo-home:ro,Z" "-v" "/var/lib/crater-agent-workspace/rustup-home:/opt/rustwide/rustup-home:ro,Z" "-e" "SOURCE_DIR=/opt/rustwide/workdir" "-e" "CARGO_TARGET_DIR=/opt/rustwide/target" "-e" "CARGO_HOME=/opt/rustwide/cargo-home" "-e" "RUSTUP_HOME=/opt/rustwide/rustup-home" "-w" "/opt/rustwide/workdir" "-m" "1610612736" "--user" "0:0" "--network" "none" "ghcr.io/rust-lang/crates-build-env/linux@sha256:2788e3201cd34a07e3172128adcd8b3090168a8e3bcc40d7c032b9dda1df7d1c" "/opt/rustwide/cargo-home/bin/cargo" "+1.75.0" "metadata" "--no-deps" "--format-version=1", kill_on_drop: false }`
[INFO] [stdout] 7873b5f5af45f4645823ff01f00dea079ddc75a98f2023022d2dc236edee0eba
[INFO] running `Command { std: "docker" "start" "-a" "7873b5f5af45f4645823ff01f00dea079ddc75a98f2023022d2dc236edee0eba", kill_on_drop: false }`
[INFO] running `Command { std: "docker" "inspect" "7873b5f5af45f4645823ff01f00dea079ddc75a98f2023022d2dc236edee0eba", kill_on_drop: false }`
[INFO] running `Command { std: "docker" "rm" "-f" "7873b5f5af45f4645823ff01f00dea079ddc75a98f2023022d2dc236edee0eba", kill_on_drop: false }`
[INFO] [stdout] 7873b5f5af45f4645823ff01f00dea079ddc75a98f2023022d2dc236edee0eba
[INFO] running `Command { std: "docker" "create" "-v" "/var/lib/crater-agent-workspace/builds/worker-0-tc1/target:/opt/rustwide/target:rw,Z" "-v" "/var/lib/crater-agent-workspace/builds/worker-0-tc1/source:/opt/rustwide/workdir:ro,Z" "-v" "/var/lib/crater-agent-workspace/cargo-home:/opt/rustwide/cargo-home:ro,Z" "-v" "/var/lib/crater-agent-workspace/rustup-home:/opt/rustwide/rustup-home:ro,Z" "-e" "SOURCE_DIR=/opt/rustwide/workdir" "-e" "CARGO_TARGET_DIR=/opt/rustwide/target" "-e" "CARGO_INCREMENTAL=0" "-e" "RUST_BACKTRACE=full" "-e" "RUSTFLAGS=--cap-lints=warn" "-e" "RUSTDOCFLAGS=--cap-lints=warn" "-e" "CARGO_HOME=/opt/rustwide/cargo-home" "-e" "RUSTUP_HOME=/opt/rustwide/rustup-home" "-w" "/opt/rustwide/workdir" "-m" "1610612736" "--user" "0:0" "--network" "none" "ghcr.io/rust-lang/crates-build-env/linux@sha256:2788e3201cd34a07e3172128adcd8b3090168a8e3bcc40d7c032b9dda1df7d1c" "/opt/rustwide/cargo-home/bin/cargo" "+1.75.0" "build" "--frozen" "--message-format=json", kill_on_drop: false }`
[INFO] [stdout] ddb2d502818ba31f396945943e2fe012b555d082cf77a46365e3fae4007bdeeb
[INFO] running `Command { std: "docker" "start" "-a" "ddb2d502818ba31f396945943e2fe012b555d082cf77a46365e3fae4007bdeeb", kill_on_drop: false }`
[INFO] [stderr]    Compiling lazy_rc v0.1.3 (/opt/rustwide/workdir)
[INFO] [stderr]     Finished dev [unoptimized + debuginfo] target(s) in 0.12s
[INFO] running `Command { std: "docker" "inspect" "ddb2d502818ba31f396945943e2fe012b555d082cf77a46365e3fae4007bdeeb", kill_on_drop: false }`
[INFO] running `Command { std: "docker" "rm" "-f" "ddb2d502818ba31f396945943e2fe012b555d082cf77a46365e3fae4007bdeeb", kill_on_drop: false }`
[INFO] [stdout] ddb2d502818ba31f396945943e2fe012b555d082cf77a46365e3fae4007bdeeb
[INFO] running `Command { std: "docker" "create" "-v" "/var/lib/crater-agent-workspace/builds/worker-0-tc1/target:/opt/rustwide/target:rw,Z" "-v" "/var/lib/crater-agent-workspace/builds/worker-0-tc1/source:/opt/rustwide/workdir:ro,Z" "-v" "/var/lib/crater-agent-workspace/cargo-home:/opt/rustwide/cargo-home:ro,Z" "-v" "/var/lib/crater-agent-workspace/rustup-home:/opt/rustwide/rustup-home:ro,Z" "-e" "SOURCE_DIR=/opt/rustwide/workdir" "-e" "CARGO_TARGET_DIR=/opt/rustwide/target" "-e" "CARGO_INCREMENTAL=0" "-e" "RUST_BACKTRACE=full" "-e" "RUSTFLAGS=--cap-lints=warn" "-e" "RUSTDOCFLAGS=--cap-lints=warn" "-e" "CARGO_HOME=/opt/rustwide/cargo-home" "-e" "RUSTUP_HOME=/opt/rustwide/rustup-home" "-w" "/opt/rustwide/workdir" "-m" "1610612736" "--user" "0:0" "--network" "none" "ghcr.io/rust-lang/crates-build-env/linux@sha256:2788e3201cd34a07e3172128adcd8b3090168a8e3bcc40d7c032b9dda1df7d1c" "/opt/rustwide/cargo-home/bin/cargo" "+1.75.0" "test" "--frozen" "--no-run" "--message-format=json", kill_on_drop: false }`
[INFO] [stdout] 204a70862a363eaafd3a5c0989fdd1641de5f0d97b09b622f421141e03819119
[INFO] running `Command { std: "docker" "start" "-a" "204a70862a363eaafd3a5c0989fdd1641de5f0d97b09b622f421141e03819119", kill_on_drop: false }`
[INFO] [stderr]    Compiling libc v0.2.139
[INFO] [stderr]    Compiling num-traits v0.2.15
[INFO] [stderr]    Compiling num-integer v0.1.45
[INFO] [stderr]    Compiling iana-time-zone v0.1.53
[INFO] [stderr]    Compiling getrandom v0.2.8
[INFO] [stderr]    Compiling time v0.1.45
[INFO] [stderr]    Compiling rand_core v0.6.4
[INFO] [stderr]    Compiling rand_chacha v0.3.1
[INFO] [stderr]    Compiling chrono v0.4.23
[INFO] [stderr]    Compiling rand v0.8.5
[INFO] [stderr]    Compiling lazy_rc v0.1.3 (/opt/rustwide/workdir)
[INFO] [stderr]     Finished test [unoptimized + debuginfo] target(s) in 2.43s
[INFO] running `Command { std: "docker" "inspect" "204a70862a363eaafd3a5c0989fdd1641de5f0d97b09b622f421141e03819119", kill_on_drop: false }`
[INFO] running `Command { std: "docker" "rm" "-f" "204a70862a363eaafd3a5c0989fdd1641de5f0d97b09b622f421141e03819119", kill_on_drop: false }`
[INFO] [stdout] 204a70862a363eaafd3a5c0989fdd1641de5f0d97b09b622f421141e03819119
[INFO] running `Command { std: "docker" "create" "-v" "/var/lib/crater-agent-workspace/builds/worker-0-tc1/target:/opt/rustwide/target:rw,Z" "-v" "/var/lib/crater-agent-workspace/builds/worker-0-tc1/source:/opt/rustwide/workdir:ro,Z" "-v" "/var/lib/crater-agent-workspace/cargo-home:/opt/rustwide/cargo-home:ro,Z" "-v" "/var/lib/crater-agent-workspace/rustup-home:/opt/rustwide/rustup-home:ro,Z" "-e" "SOURCE_DIR=/opt/rustwide/workdir" "-e" "CARGO_TARGET_DIR=/opt/rustwide/target" "-e" "CARGO_INCREMENTAL=0" "-e" "RUST_BACKTRACE=full" "-e" "RUSTFLAGS=--cap-lints=warn" "-e" "RUSTDOCFLAGS=--cap-lints=warn" "-e" "CARGO_HOME=/opt/rustwide/cargo-home" "-e" "RUSTUP_HOME=/opt/rustwide/rustup-home" "-w" "/opt/rustwide/workdir" "-m" "1610612736" "--user" "0:0" "--network" "none" "ghcr.io/rust-lang/crates-build-env/linux@sha256:2788e3201cd34a07e3172128adcd8b3090168a8e3bcc40d7c032b9dda1df7d1c" "/opt/rustwide/cargo-home/bin/cargo" "+1.75.0" "test" "--frozen", kill_on_drop: false }`
[INFO] [stdout] 0e0094ce8c5b42474648521552b62405a9b0e6ca14559cc5c918d2a946933fca
[INFO] running `Command { std: "docker" "start" "-a" "0e0094ce8c5b42474648521552b62405a9b0e6ca14559cc5c918d2a946933fca", kill_on_drop: false }`
[INFO] [stderr]     Finished test [unoptimized + debuginfo] target(s) in 0.02s
[INFO] [stderr]      Running unittests src/lib.rs (/opt/rustwide/target/debug/deps/lazy_rc-8628a3fd156892ba)
[INFO] [stdout] 
[INFO] [stdout] running 0 tests
[INFO] [stdout] 
[INFO] [stdout] test result: ok. 0 passed; 0 failed; 0 ignored; 0 measured; 0 filtered out; finished in 0.00s
[INFO] [stdout] 
[INFO] [stderr]    Doc-tests lazy_rc
[INFO] [stdout] 
[INFO] [stdout] running 1 test
[INFO] [stdout] test src/lib.rs - (line 34) ... FAILED
[INFO] [stdout] 
[INFO] [stdout] failures:
[INFO] [stdout] 
[INFO] [stdout] ---- src/lib.rs - (line 34) stdout ----
[INFO] [stdout] error[E0412]: cannot find type `Rc` in this scope
[INFO] [stdout]   --> src/lib.rs:55:33
[INFO] [stdout]    |
[INFO] [stdout] 24 |     pub fn instance() -> Result<Rc<Self>> {
[INFO] [stdout]    |                                 ^^ not found in this scope
[INFO] [stdout]    |
[INFO] [stdout] help: consider importing this struct
[INFO] [stdout]    |
[INFO] [stdout] 2  + use std::rc::Rc;
[INFO] [stdout]    |
[INFO] [stdout] 
[INFO] [stdout] error[E0107]: enum takes 2 generic arguments but 1 generic argument was supplied
[INFO] [stdout]   --> src/lib.rs:49:17
[INFO] [stdout]    |
[INFO] [stdout] 18 |     fn new() -> Result<Self> {
[INFO] [stdout]    |                 ^^^^^^ ---- supplied 1 generic argument
[INFO] [stdout]    |                 |
[INFO] [stdout]    |                 expected 2 generic arguments
[INFO] [stdout]    |
[INFO] [stdout] help: add missing generic argument
[INFO] [stdout]    |
[INFO] [stdout] 18 |     fn new() -> Result<Self, E> {
[INFO] [stdout]    |                            +++
[INFO] [stdout] 
[INFO] [stdout] error[E0107]: enum takes 2 generic arguments but 1 generic argument was supplied
[INFO] [stdout]   --> src/lib.rs:55:26
[INFO] [stdout]    |
[INFO] [stdout] 24 |     pub fn instance() -> Result<Rc<Self>> {
[INFO] [stdout]    |                          ^^^^^^ -------- supplied 1 generic argument
[INFO] [stdout]    |                          |
[INFO] [stdout]    |                          expected 2 generic arguments
[INFO] [stdout]    |
[INFO] [stdout] help: add missing generic argument
[INFO] [stdout]    |
[INFO] [stdout] 24 |     pub fn instance() -> Result<Rc<Self>, E> {
[INFO] [stdout]    |                                         +++
[INFO] [stdout] 
[INFO] [stdout] error: aborting due to 3 previous errors
[INFO] [stdout] 
[INFO] [stdout] Some errors have detailed explanations: E0107, E0412.
[INFO] [stdout] For more information about an error, try `rustc --explain E0107`.
[INFO] [stdout] Couldn't compile the test.
[INFO] [stdout] 
[INFO] [stdout] failures:
[INFO] [stdout]     src/lib.rs - (line 34)
[INFO] [stdout] 
[INFO] [stdout] test result: FAILED. 0 passed; 1 failed; 0 ignored; 0 measured; 0 filtered out; finished in 0.04s
[INFO] [stdout] 
[INFO] [stderr] error: doctest failed, to rerun pass `--doc`
[INFO] running `Command { std: "docker" "inspect" "0e0094ce8c5b42474648521552b62405a9b0e6ca14559cc5c918d2a946933fca", kill_on_drop: false }`
[INFO] running `Command { std: "docker" "rm" "-f" "0e0094ce8c5b42474648521552b62405a9b0e6ca14559cc5c918d2a946933fca", kill_on_drop: false }`
[INFO] [stdout] 0e0094ce8c5b42474648521552b62405a9b0e6ca14559cc5c918d2a946933fca
[INFO] testing lazy_rc-0.1.3 against beta-2023-12-22 for beta-1.76-1
[INFO] extracting crate lazy_rc 0.1.3 into /workspace/builds/worker-0-tc2/source
[INFO] validating manifest of crates.io crate lazy_rc 0.1.3 on toolchain beta-2023-12-22
[INFO] running `Command { std: CARGO_HOME="/workspace/cargo-home" RUSTUP_HOME="/workspace/rustup-home" "/workspace/cargo-home/bin/cargo" "+beta-2023-12-22" "metadata" "--manifest-path" "Cargo.toml" "--no-deps", kill_on_drop: false }`
[INFO] started tweaking crates.io crate lazy_rc 0.1.3
[INFO] removed 0 missing examples
[INFO] finished tweaking crates.io crate lazy_rc 0.1.3
[INFO] tweaked toml for crates.io crate lazy_rc 0.1.3 written to /workspace/builds/worker-0-tc2/source/Cargo.toml
[INFO] crate crates.io crate lazy_rc 0.1.3 already has a lockfile, it will not be regenerated
[INFO] running `Command { std: CARGO_HOME="/workspace/cargo-home" RUSTUP_HOME="/workspace/rustup-home" "/workspace/cargo-home/bin/cargo" "+beta-2023-12-22" "fetch" "--manifest-path" "Cargo.toml", kill_on_drop: false }`
[INFO] running `Command { std: "docker" "create" "-v" "/var/lib/crater-agent-workspace/builds/worker-0-tc2/target:/opt/rustwide/target:rw,Z" "-v" "/var/lib/crater-agent-workspace/builds/worker-0-tc2/source:/opt/rustwide/workdir:ro,Z" "-v" "/var/lib/crater-agent-workspace/cargo-home:/opt/rustwide/cargo-home:ro,Z" "-v" "/var/lib/crater-agent-workspace/rustup-home:/opt/rustwide/rustup-home:ro,Z" "-e" "SOURCE_DIR=/opt/rustwide/workdir" "-e" "CARGO_TARGET_DIR=/opt/rustwide/target" "-e" "CARGO_HOME=/opt/rustwide/cargo-home" "-e" "RUSTUP_HOME=/opt/rustwide/rustup-home" "-w" "/opt/rustwide/workdir" "-m" "1610612736" "--user" "0:0" "--network" "none" "ghcr.io/rust-lang/crates-build-env/linux@sha256:2788e3201cd34a07e3172128adcd8b3090168a8e3bcc40d7c032b9dda1df7d1c" "/opt/rustwide/cargo-home/bin/cargo" "+beta-2023-12-22" "metadata" "--no-deps" "--format-version=1", kill_on_drop: false }`
[INFO] [stdout] ea7f66285bd1ecd198b29068c832b5dbf06d6e2307866e1e6fadab9f7238b272
[INFO] running `Command { std: "docker" "start" "-a" "ea7f66285bd1ecd198b29068c832b5dbf06d6e2307866e1e6fadab9f7238b272", kill_on_drop: false }`
[INFO] running `Command { std: "docker" "inspect" "ea7f66285bd1ecd198b29068c832b5dbf06d6e2307866e1e6fadab9f7238b272", kill_on_drop: false }`
[INFO] running `Command { std: "docker" "rm" "-f" "ea7f66285bd1ecd198b29068c832b5dbf06d6e2307866e1e6fadab9f7238b272", kill_on_drop: false }`
[INFO] [stdout] ea7f66285bd1ecd198b29068c832b5dbf06d6e2307866e1e6fadab9f7238b272
[INFO] running `Command { std: "docker" "create" "-v" "/var/lib/crater-agent-workspace/builds/worker-0-tc2/target:/opt/rustwide/target:rw,Z" "-v" "/var/lib/crater-agent-workspace/builds/worker-0-tc2/source:/opt/rustwide/workdir:ro,Z" "-v" "/var/lib/crater-agent-workspace/cargo-home:/opt/rustwide/cargo-home:ro,Z" "-v" "/var/lib/crater-agent-workspace/rustup-home:/opt/rustwide/rustup-home:ro,Z" "-e" "SOURCE_DIR=/opt/rustwide/workdir" "-e" "CARGO_TARGET_DIR=/opt/rustwide/target" "-e" "CARGO_INCREMENTAL=0" "-e" "RUST_BACKTRACE=full" "-e" "RUSTFLAGS=--cap-lints=warn" "-e" "RUSTDOCFLAGS=--cap-lints=warn" "-e" "CARGO_HOME=/opt/rustwide/cargo-home" "-e" "RUSTUP_HOME=/opt/rustwide/rustup-home" "-w" "/opt/rustwide/workdir" "-m" "1610612736" "--user" "0:0" "--network" "none" "ghcr.io/rust-lang/crates-build-env/linux@sha256:2788e3201cd34a07e3172128adcd8b3090168a8e3bcc40d7c032b9dda1df7d1c" "/opt/rustwide/cargo-home/bin/cargo" "+beta-2023-12-22" "build" "--frozen" "--message-format=json", kill_on_drop: false }`
[INFO] [stdout] 1e67a56cfe0f817a3e251add401558ace26a6e6237a88576aca2d73837a7d0d4
[INFO] running `Command { std: "docker" "start" "-a" "1e67a56cfe0f817a3e251add401558ace26a6e6237a88576aca2d73837a7d0d4", kill_on_drop: false }`
[INFO] [stderr]    Compiling lazy_rc v0.1.3 (/opt/rustwide/workdir)
[INFO] [stderr]     Finished dev [unoptimized + debuginfo] target(s) in 0.09s
[INFO] running `Command { std: "docker" "inspect" "1e67a56cfe0f817a3e251add401558ace26a6e6237a88576aca2d73837a7d0d4", kill_on_drop: false }`
[INFO] running `Command { std: "docker" "rm" "-f" "1e67a56cfe0f817a3e251add401558ace26a6e6237a88576aca2d73837a7d0d4", kill_on_drop: false }`
[INFO] [stdout] 1e67a56cfe0f817a3e251add401558ace26a6e6237a88576aca2d73837a7d0d4
[INFO] running `Command { std: "docker" "create" "-v" "/var/lib/crater-agent-workspace/builds/worker-0-tc2/target:/opt/rustwide/target:rw,Z" "-v" "/var/lib/crater-agent-workspace/builds/worker-0-tc2/source:/opt/rustwide/workdir:ro,Z" "-v" "/var/lib/crater-agent-workspace/cargo-home:/opt/rustwide/cargo-home:ro,Z" "-v" "/var/lib/crater-agent-workspace/rustup-home:/opt/rustwide/rustup-home:ro,Z" "-e" "SOURCE_DIR=/opt/rustwide/workdir" "-e" "CARGO_TARGET_DIR=/opt/rustwide/target" "-e" "CARGO_INCREMENTAL=0" "-e" "RUST_BACKTRACE=full" "-e" "RUSTFLAGS=--cap-lints=warn" "-e" "RUSTDOCFLAGS=--cap-lints=warn" "-e" "CARGO_HOME=/opt/rustwide/cargo-home" "-e" "RUSTUP_HOME=/opt/rustwide/rustup-home" "-w" "/opt/rustwide/workdir" "-m" "1610612736" "--user" "0:0" "--network" "none" "ghcr.io/rust-lang/crates-build-env/linux@sha256:2788e3201cd34a07e3172128adcd8b3090168a8e3bcc40d7c032b9dda1df7d1c" "/opt/rustwide/cargo-home/bin/cargo" "+beta-2023-12-22" "test" "--frozen" "--no-run" "--message-format=json", kill_on_drop: false }`
[INFO] [stdout] 5f1eb5d6f1829fcb4388f4f07af35f39ebdb711616884d9e576ff774f6afc05d
[INFO] running `Command { std: "docker" "start" "-a" "5f1eb5d6f1829fcb4388f4f07af35f39ebdb711616884d9e576ff774f6afc05d", kill_on_drop: false }`
[INFO] [stderr]    Compiling libc v0.2.139
[INFO] [stderr]    Compiling iana-time-zone v0.1.53
[INFO] [stderr]    Compiling num-traits v0.2.15
[INFO] [stderr]    Compiling num-integer v0.1.45
[INFO] [stderr]    Compiling getrandom v0.2.8
[INFO] [stderr]    Compiling time v0.1.45
[INFO] [stderr]    Compiling rand_core v0.6.4
[INFO] [stderr]    Compiling rand_chacha v0.3.1
[INFO] [stderr]    Compiling rand v0.8.5
[INFO] [stderr]    Compiling chrono v0.4.23
[INFO] [stderr]    Compiling lazy_rc v0.1.3 (/opt/rustwide/workdir)
[INFO] [stderr]     Finished test [unoptimized + debuginfo] target(s) in 3.04s
[INFO] running `Command { std: "docker" "inspect" "5f1eb5d6f1829fcb4388f4f07af35f39ebdb711616884d9e576ff774f6afc05d", kill_on_drop: false }`
[INFO] running `Command { std: "docker" "rm" "-f" "5f1eb5d6f1829fcb4388f4f07af35f39ebdb711616884d9e576ff774f6afc05d", kill_on_drop: false }`
[INFO] [stdout] 5f1eb5d6f1829fcb4388f4f07af35f39ebdb711616884d9e576ff774f6afc05d
[INFO] running `Command { std: "docker" "create" "-v" "/var/lib/crater-agent-workspace/builds/worker-0-tc2/target:/opt/rustwide/target:rw,Z" "-v" "/var/lib/crater-agent-workspace/builds/worker-0-tc2/source:/opt/rustwide/workdir:ro,Z" "-v" "/var/lib/crater-agent-workspace/cargo-home:/opt/rustwide/cargo-home:ro,Z" "-v" "/var/lib/crater-agent-workspace/rustup-home:/opt/rustwide/rustup-home:ro,Z" "-e" "SOURCE_DIR=/opt/rustwide/workdir" "-e" "CARGO_TARGET_DIR=/opt/rustwide/target" "-e" "CARGO_INCREMENTAL=0" "-e" "RUST_BACKTRACE=full" "-e" "RUSTFLAGS=--cap-lints=warn" "-e" "RUSTDOCFLAGS=--cap-lints=warn" "-e" "CARGO_HOME=/opt/rustwide/cargo-home" "-e" "RUSTUP_HOME=/opt/rustwide/rustup-home" "-w" "/opt/rustwide/workdir" "-m" "1610612736" "--user" "0:0" "--network" "none" "ghcr.io/rust-lang/crates-build-env/linux@sha256:2788e3201cd34a07e3172128adcd8b3090168a8e3bcc40d7c032b9dda1df7d1c" "/opt/rustwide/cargo-home/bin/cargo" "+beta-2023-12-22" "test" "--frozen", kill_on_drop: false }`
[INFO] [stdout] 1cf450f7597b065119edb2d1cc302f2e782799825eb46a194f655d25d69b7567
[INFO] running `Command { std: "docker" "start" "-a" "1cf450f7597b065119edb2d1cc302f2e782799825eb46a194f655d25d69b7567", kill_on_drop: false }`
[INFO] [stderr]     Finished test [unoptimized + debuginfo] target(s) in 0.02s
[INFO] [stderr]      Running unittests src/lib.rs (/opt/rustwide/target/debug/deps/lazy_rc-03632469ee406c05)
[INFO] [stdout] 
[INFO] [stdout] running 0 tests
[INFO] [stdout] 
[INFO] [stdout] test result: ok. 0 passed; 0 failed; 0 ignored; 0 measured; 0 filtered out; finished in 0.00s
[INFO] [stdout] 
[INFO] [stderr]    Doc-tests lazy_rc
[INFO] [stdout] 
[INFO] [stdout] running 1 test
[INFO] [stdout] test src/lib.rs - (line 34) ... FAILED
[INFO] [stdout] 
[INFO] [stdout] failures:
[INFO] [stdout] 
[INFO] [stdout] ---- src/lib.rs - (line 34) stdout ----
[INFO] [stdout] error[E0412]: cannot find type `Rc` in this scope
[INFO] [stdout]   --> src/lib.rs:55:33
[INFO] [stdout]    |
[INFO] [stdout] 24 |     pub fn instance() -> Result<Rc<Self>> {
[INFO] [stdout]    |                                 ^^ not found in this scope
[INFO] [stdout]    |
[INFO] [stdout] help: consider importing this struct
[INFO] [stdout]    |
[INFO] [stdout] 2  + use std::rc::Rc;
[INFO] [stdout]    |
[INFO] [stdout] 
[INFO] [stdout] error[E0107]: enum takes 2 generic arguments but 1 generic argument was supplied
[INFO] [stdout]   --> src/lib.rs:49:17
[INFO] [stdout]    |
[INFO] [stdout] 18 |     fn new() -> Result<Self> {
[INFO] [stdout]    |                 ^^^^^^ ---- supplied 1 generic argument
[INFO] [stdout]    |                 |
[INFO] [stdout]    |                 expected 2 generic arguments
[INFO] [stdout]    |
[INFO] [stdout] help: add missing generic argument
[INFO] [stdout]    |
[INFO] [stdout] 18 |     fn new() -> Result<Self, E> {
[INFO] [stdout]    |                            +++
[INFO] [stdout] 
[INFO] [stdout] error[E0107]: enum takes 2 generic arguments but 1 generic argument was supplied
[INFO] [stdout]   --> src/lib.rs:55:26
[INFO] [stdout]    |
[INFO] [stdout] 24 |     pub fn instance() -> Result<Rc<Self>> {
[INFO] [stdout]    |                          ^^^^^^ -------- supplied 1 generic argument
[INFO] [stdout]    |                          |
[INFO] [stdout]    |                          expected 2 generic arguments
[INFO] [stdout]    |
[INFO] [stdout] help: add missing generic argument
[INFO] [stdout]    |
[INFO] [stdout] 24 |     pub fn instance() -> Result<Rc<Self>, E> {
[INFO] [stdout]    |                                         +++
[INFO] [stdout] 
[INFO] [stdout] error: aborting due to 3 previous errors
[INFO] [stdout] 
[INFO] [stdout] Some errors have detailed explanations: E0107, E0412.
[INFO] [stdout] For more information about an error, try `rustc --explain E0107`.
[INFO] [stdout] Couldn't compile the test.
[INFO] [stdout] 
[INFO] [stdout] failures:
[INFO] [stdout]     src/lib.rs - (line 34)
[INFO] [stdout] 
[INFO] [stdout] test result: FAILED. 0 passed; 1 failed; 0 ignored; 0 measured; 0 filtered out; finished in 0.04s
[INFO] [stdout] 
[INFO] [stderr] error: doctest failed, to rerun pass `--doc`
[INFO] running `Command { std: "docker" "inspect" "1cf450f7597b065119edb2d1cc302f2e782799825eb46a194f655d25d69b7567", kill_on_drop: false }`
[INFO] running `Command { std: "docker" "rm" "-f" "1cf450f7597b065119edb2d1cc302f2e782799825eb46a194f655d25d69b7567", kill_on_drop: false }`
[INFO] [stdout] 1cf450f7597b065119edb2d1cc302f2e782799825eb46a194f655d25d69b7567
