[INFO] fetching crate lazy_diamond_square 1.0.0...
[INFO] testing lazy_diamond_square-1.0.0 against 1.75.0 for beta-1.76-1
[INFO] extracting crate lazy_diamond_square 1.0.0 into /workspace/builds/worker-4-tc1/source
[INFO] validating manifest of crates.io crate lazy_diamond_square 1.0.0 on toolchain 1.75.0
[INFO] running `Command { std: CARGO_HOME="/workspace/cargo-home" RUSTUP_HOME="/workspace/rustup-home" "/workspace/cargo-home/bin/cargo" "+1.75.0" "metadata" "--manifest-path" "Cargo.toml" "--no-deps", kill_on_drop: false }`
[INFO] started tweaking crates.io crate lazy_diamond_square 1.0.0
[INFO] finished tweaking crates.io crate lazy_diamond_square 1.0.0
[INFO] tweaked toml for crates.io crate lazy_diamond_square 1.0.0 written to /workspace/builds/worker-4-tc1/source/Cargo.toml
[INFO] running `Command { std: CARGO_HOME="/workspace/cargo-home" RUSTUP_HOME="/workspace/rustup-home" "/workspace/cargo-home/bin/cargo" "+1.75.0" "generate-lockfile" "--manifest-path" "Cargo.toml", kill_on_drop: false }`
[INFO] [stderr]     Updating crates.io index
[INFO] running `Command { std: CARGO_HOME="/workspace/cargo-home" RUSTUP_HOME="/workspace/rustup-home" "/workspace/cargo-home/bin/cargo" "+1.75.0" "fetch" "--manifest-path" "Cargo.toml", kill_on_drop: false }`
[INFO] [stderr]  Downloading crates ...
[INFO] [stderr]   Downloaded tinyrand v0.5.0
[INFO] [stderr]   Downloaded tinyrand-std v0.5.0
[INFO] running `Command { std: "docker" "create" "-v" "/var/lib/crater-agent-workspace/builds/worker-4-tc1/target:/opt/rustwide/target:rw,Z" "-v" "/var/lib/crater-agent-workspace/builds/worker-4-tc1/source:/opt/rustwide/workdir:ro,Z" "-v" "/var/lib/crater-agent-workspace/cargo-home:/opt/rustwide/cargo-home:ro,Z" "-v" "/var/lib/crater-agent-workspace/rustup-home:/opt/rustwide/rustup-home:ro,Z" "-e" "SOURCE_DIR=/opt/rustwide/workdir" "-e" "CARGO_TARGET_DIR=/opt/rustwide/target" "-e" "CARGO_HOME=/opt/rustwide/cargo-home" "-e" "RUSTUP_HOME=/opt/rustwide/rustup-home" "-w" "/opt/rustwide/workdir" "-m" "1610612736" "--user" "0:0" "--network" "none" "ghcr.io/rust-lang/crates-build-env/linux@sha256:2788e3201cd34a07e3172128adcd8b3090168a8e3bcc40d7c032b9dda1df7d1c" "/opt/rustwide/cargo-home/bin/cargo" "+1.75.0" "metadata" "--no-deps" "--format-version=1", kill_on_drop: false }`
[INFO] [stdout] f36f8cde45c5c768c3ec980353c7fc09f75ffec56f79d8197fbac8d402e115f4
[INFO] running `Command { std: "docker" "start" "-a" "f36f8cde45c5c768c3ec980353c7fc09f75ffec56f79d8197fbac8d402e115f4", kill_on_drop: false }`
[INFO] running `Command { std: "docker" "inspect" "f36f8cde45c5c768c3ec980353c7fc09f75ffec56f79d8197fbac8d402e115f4", kill_on_drop: false }`
[INFO] running `Command { std: "docker" "rm" "-f" "f36f8cde45c5c768c3ec980353c7fc09f75ffec56f79d8197fbac8d402e115f4", kill_on_drop: false }`
[INFO] [stdout] f36f8cde45c5c768c3ec980353c7fc09f75ffec56f79d8197fbac8d402e115f4
[INFO] running `Command { std: "docker" "create" "-v" "/var/lib/crater-agent-workspace/builds/worker-4-tc1/target:/opt/rustwide/target:rw,Z" "-v" "/var/lib/crater-agent-workspace/builds/worker-4-tc1/source:/opt/rustwide/workdir:ro,Z" "-v" "/var/lib/crater-agent-workspace/cargo-home:/opt/rustwide/cargo-home:ro,Z" "-v" "/var/lib/crater-agent-workspace/rustup-home:/opt/rustwide/rustup-home:ro,Z" "-e" "SOURCE_DIR=/opt/rustwide/workdir" "-e" "CARGO_TARGET_DIR=/opt/rustwide/target" "-e" "CARGO_INCREMENTAL=0" "-e" "RUST_BACKTRACE=full" "-e" "RUSTFLAGS=--cap-lints=warn" "-e" "RUSTDOCFLAGS=--cap-lints=warn" "-e" "CARGO_HOME=/opt/rustwide/cargo-home" "-e" "RUSTUP_HOME=/opt/rustwide/rustup-home" "-w" "/opt/rustwide/workdir" "-m" "1610612736" "--user" "0:0" "--network" "none" "ghcr.io/rust-lang/crates-build-env/linux@sha256:2788e3201cd34a07e3172128adcd8b3090168a8e3bcc40d7c032b9dda1df7d1c" "/opt/rustwide/cargo-home/bin/cargo" "+1.75.0" "build" "--frozen" "--message-format=json", kill_on_drop: false }`
[INFO] [stdout] 6e4e411d4133ab3682b1a067d63c109d0b7c79368965fb627547dd5ad580b64a
[INFO] running `Command { std: "docker" "start" "-a" "6e4e411d4133ab3682b1a067d63c109d0b7c79368965fb627547dd5ad580b64a", kill_on_drop: false }`
[INFO] [stderr]    Compiling tinyrand v0.5.0
[INFO] [stderr]    Compiling seahash v4.1.0
[INFO] [stderr]    Compiling tinyrand-std v0.5.0
[INFO] [stderr]    Compiling lazy_diamond_square v1.0.0 (/opt/rustwide/workdir)
[INFO] [stderr]     Finished dev [unoptimized + debuginfo] target(s) in 0.40s
[INFO] running `Command { std: "docker" "inspect" "6e4e411d4133ab3682b1a067d63c109d0b7c79368965fb627547dd5ad580b64a", kill_on_drop: false }`
[INFO] running `Command { std: "docker" "rm" "-f" "6e4e411d4133ab3682b1a067d63c109d0b7c79368965fb627547dd5ad580b64a", kill_on_drop: false }`
[INFO] [stdout] 6e4e411d4133ab3682b1a067d63c109d0b7c79368965fb627547dd5ad580b64a
[INFO] running `Command { std: "docker" "create" "-v" "/var/lib/crater-agent-workspace/builds/worker-4-tc1/target:/opt/rustwide/target:rw,Z" "-v" "/var/lib/crater-agent-workspace/builds/worker-4-tc1/source:/opt/rustwide/workdir:ro,Z" "-v" "/var/lib/crater-agent-workspace/cargo-home:/opt/rustwide/cargo-home:ro,Z" "-v" "/var/lib/crater-agent-workspace/rustup-home:/opt/rustwide/rustup-home:ro,Z" "-e" "SOURCE_DIR=/opt/rustwide/workdir" "-e" "CARGO_TARGET_DIR=/opt/rustwide/target" "-e" "CARGO_INCREMENTAL=0" "-e" "RUST_BACKTRACE=full" "-e" "RUSTFLAGS=--cap-lints=warn" "-e" "RUSTDOCFLAGS=--cap-lints=warn" "-e" "CARGO_HOME=/opt/rustwide/cargo-home" "-e" "RUSTUP_HOME=/opt/rustwide/rustup-home" "-w" "/opt/rustwide/workdir" "-m" "1610612736" "--user" "0:0" "--network" "none" "ghcr.io/rust-lang/crates-build-env/linux@sha256:2788e3201cd34a07e3172128adcd8b3090168a8e3bcc40d7c032b9dda1df7d1c" "/opt/rustwide/cargo-home/bin/cargo" "+1.75.0" "test" "--frozen" "--no-run" "--message-format=json", kill_on_drop: false }`
[INFO] [stdout] 581cd05eaa21232732e436ebbe6075f7a9366807f2711b40d30ade0bfabe7186
[INFO] running `Command { std: "docker" "start" "-a" "581cd05eaa21232732e436ebbe6075f7a9366807f2711b40d30ade0bfabe7186", kill_on_drop: false }`
[INFO] [stderr]    Compiling lazy_diamond_square v1.0.0 (/opt/rustwide/workdir)
[INFO] [stderr]     Finished test [unoptimized + debuginfo] target(s) in 0.51s
[INFO] running `Command { std: "docker" "inspect" "581cd05eaa21232732e436ebbe6075f7a9366807f2711b40d30ade0bfabe7186", kill_on_drop: false }`
[INFO] running `Command { std: "docker" "rm" "-f" "581cd05eaa21232732e436ebbe6075f7a9366807f2711b40d30ade0bfabe7186", kill_on_drop: false }`
[INFO] [stdout] 581cd05eaa21232732e436ebbe6075f7a9366807f2711b40d30ade0bfabe7186
[INFO] running `Command { std: "docker" "create" "-v" "/var/lib/crater-agent-workspace/builds/worker-4-tc1/target:/opt/rustwide/target:rw,Z" "-v" "/var/lib/crater-agent-workspace/builds/worker-4-tc1/source:/opt/rustwide/workdir:ro,Z" "-v" "/var/lib/crater-agent-workspace/cargo-home:/opt/rustwide/cargo-home:ro,Z" "-v" "/var/lib/crater-agent-workspace/rustup-home:/opt/rustwide/rustup-home:ro,Z" "-e" "SOURCE_DIR=/opt/rustwide/workdir" "-e" "CARGO_TARGET_DIR=/opt/rustwide/target" "-e" "CARGO_INCREMENTAL=0" "-e" "RUST_BACKTRACE=full" "-e" "RUSTFLAGS=--cap-lints=warn" "-e" "RUSTDOCFLAGS=--cap-lints=warn" "-e" "CARGO_HOME=/opt/rustwide/cargo-home" "-e" "RUSTUP_HOME=/opt/rustwide/rustup-home" "-w" "/opt/rustwide/workdir" "-m" "1610612736" "--user" "0:0" "--network" "none" "ghcr.io/rust-lang/crates-build-env/linux@sha256:2788e3201cd34a07e3172128adcd8b3090168a8e3bcc40d7c032b9dda1df7d1c" "/opt/rustwide/cargo-home/bin/cargo" "+1.75.0" "test" "--frozen", kill_on_drop: false }`
[INFO] [stdout] 4c35db168c697f08bb2eb1e9ec706e2bc3f96a81d5a3d7285806bc1253300009
[INFO] running `Command { std: "docker" "start" "-a" "4c35db168c697f08bb2eb1e9ec706e2bc3f96a81d5a3d7285806bc1253300009", kill_on_drop: false }`
[INFO] [stderr]     Finished test [unoptimized + debuginfo] target(s) in 0.02s
[INFO] [stderr]      Running unittests src/lib.rs (/opt/rustwide/target/debug/deps/lazy_diamond_square-a15c2dfb108c367b)
[INFO] [stdout] 
[INFO] [stdout] running 4 tests
[INFO] [stdout] test tests::get ... ok
[INFO] [stdout] test tests::gen ... ok
[INFO] [stdout] test tests::set ... ok
[INFO] [stdout] test tests::max_coord ... ok
[INFO] [stdout] 
[INFO] [stdout] test result: ok. 4 passed; 0 failed; 0 ignored; 0 measured; 0 filtered out; finished in 0.00s
[INFO] [stdout] 
[INFO] [stderr]    Doc-tests lazy_diamond_square
[INFO] [stdout] 
[INFO] [stdout] running 6 tests
[INFO] [stdout] test src/lib.rs - MAX_SIZE (line 43) ... FAILED
[INFO] [stdout] test src/lib.rs - MIN_SIZE (line 30) ... FAILED
[INFO] [stdout] test src/lib.rs - HeightMap::get (line 158) ... ok
[INFO] [stdout] test src/lib.rs - HeightMap::set (line 180) ... ok
[INFO] [stdout] test src/lib.rs - HeightMap::max_coord (line 88) ... ok
[INFO] [stdout] test src/lib.rs - HeightMap::gen (line 213) ... ok
[INFO] [stdout] 
[INFO] [stdout] failures:
[INFO] [stdout] 
[INFO] [stdout] ---- src/lib.rs - MAX_SIZE (line 43) stdout ----
[INFO] [stdout] error[E0425]: cannot find value `MAX_SIZE` in this scope
[INFO] [stdout]  --> src/lib.rs:44:12
[INFO] [stdout]   |
[INFO] [stdout] 3 | assert_eq!(MAX_SIZE, 536870913)
[INFO] [stdout]   |            ^^^^^^^^ not found in this scope
[INFO] [stdout]   |
[INFO] [stdout] help: consider importing this constant
[INFO] [stdout]   |
[INFO] [stdout] 2 + use lazy_diamond_square::MAX_SIZE;
[INFO] [stdout]   |
[INFO] [stdout] 
[INFO] [stdout] error: aborting due to previous error
[INFO] [stdout] 
[INFO] [stdout] For more information about this error, try `rustc --explain E0425`.
[INFO] [stdout] Couldn't compile the test.
[INFO] [stdout] ---- src/lib.rs - MIN_SIZE (line 30) stdout ----
[INFO] [stdout] error[E0425]: cannot find value `MIN_SIZE` in this scope
[INFO] [stdout]  --> src/lib.rs:31:12
[INFO] [stdout]   |
[INFO] [stdout] 3 | assert_eq!(MIN_SIZE, 9)
[INFO] [stdout]   |            ^^^^^^^^ not found in this scope
[INFO] [stdout]   |
[INFO] [stdout] help: consider importing this constant
[INFO] [stdout]   |
[INFO] [stdout] 2 + use lazy_diamond_square::MIN_SIZE;
[INFO] [stdout]   |
[INFO] [stdout] 
[INFO] [stdout] error: aborting due to previous error
[INFO] [stdout] 
[INFO] [stdout] For more information about this error, try `rustc --explain E0425`.
[INFO] [stdout] Couldn't compile the test.
[INFO] [stdout] 
[INFO] [stdout] failures:
[INFO] [stdout]     src/lib.rs - MAX_SIZE (line 43)
[INFO] [stdout]     src/lib.rs - MIN_SIZE (line 30)
[INFO] [stdout] 
[INFO] [stdout] test result: FAILED. 4 passed; 2 failed; 0 ignored; 0 measured; 0 filtered out; finished in 0.24s
[INFO] [stdout] 
[INFO] [stderr] error: doctest failed, to rerun pass `--doc`
[INFO] running `Command { std: "docker" "inspect" "4c35db168c697f08bb2eb1e9ec706e2bc3f96a81d5a3d7285806bc1253300009", kill_on_drop: false }`
[INFO] running `Command { std: "docker" "rm" "-f" "4c35db168c697f08bb2eb1e9ec706e2bc3f96a81d5a3d7285806bc1253300009", kill_on_drop: false }`
[INFO] [stdout] 4c35db168c697f08bb2eb1e9ec706e2bc3f96a81d5a3d7285806bc1253300009
