[INFO] fetching crate lazy-static-include 3.2.1...
[INFO] testing lazy-static-include-3.2.1 against 1.75.0 for beta-1.76-1
[INFO] extracting crate lazy-static-include 3.2.1 into /workspace/builds/worker-1-tc1/source
[INFO] validating manifest of crates.io crate lazy-static-include 3.2.1 on toolchain 1.75.0
[INFO] running `Command { std: CARGO_HOME="/workspace/cargo-home" RUSTUP_HOME="/workspace/rustup-home" "/workspace/cargo-home/bin/cargo" "+1.75.0" "metadata" "--manifest-path" "Cargo.toml" "--no-deps", kill_on_drop: false }`
[INFO] started tweaking crates.io crate lazy-static-include 3.2.1
[INFO] finished tweaking crates.io crate lazy-static-include 3.2.1
[INFO] tweaked toml for crates.io crate lazy-static-include 3.2.1 written to /workspace/builds/worker-1-tc1/source/Cargo.toml
[INFO] running `Command { std: CARGO_HOME="/workspace/cargo-home" RUSTUP_HOME="/workspace/rustup-home" "/workspace/cargo-home/bin/cargo" "+1.75.0" "generate-lockfile" "--manifest-path" "Cargo.toml", kill_on_drop: false }`
[INFO] [stderr]     Updating crates.io index
[INFO] running `Command { std: CARGO_HOME="/workspace/cargo-home" RUSTUP_HOME="/workspace/rustup-home" "/workspace/cargo-home/bin/cargo" "+1.75.0" "fetch" "--manifest-path" "Cargo.toml", kill_on_drop: false }`
[INFO] [stderr]  Downloading crates ...
[INFO] [stderr]   Downloaded assert-eq-float v0.1.3
[INFO] [stderr]   Downloaded concat-with v0.2.9
[INFO] [stderr]   Downloaded manifest-dir-macros v0.1.18
[INFO] [stderr]   Downloaded slash-formatter v3.1.6
[INFO] running `Command { std: "docker" "create" "-v" "/var/lib/crater-agent-workspace/builds/worker-1-tc1/target:/opt/rustwide/target:rw,Z" "-v" "/var/lib/crater-agent-workspace/builds/worker-1-tc1/source:/opt/rustwide/workdir:ro,Z" "-v" "/var/lib/crater-agent-workspace/cargo-home:/opt/rustwide/cargo-home:ro,Z" "-v" "/var/lib/crater-agent-workspace/rustup-home:/opt/rustwide/rustup-home:ro,Z" "-e" "SOURCE_DIR=/opt/rustwide/workdir" "-e" "CARGO_TARGET_DIR=/opt/rustwide/target" "-e" "CARGO_HOME=/opt/rustwide/cargo-home" "-e" "RUSTUP_HOME=/opt/rustwide/rustup-home" "-w" "/opt/rustwide/workdir" "-m" "1610612736" "--user" "0:0" "--network" "none" "ghcr.io/rust-lang/crates-build-env/linux@sha256:2788e3201cd34a07e3172128adcd8b3090168a8e3bcc40d7c032b9dda1df7d1c" "/opt/rustwide/cargo-home/bin/cargo" "+1.75.0" "metadata" "--no-deps" "--format-version=1", kill_on_drop: false }`
[INFO] [stdout] a191d71508f56aea1b3959acd21a44559383621e6a5cf0158221e888478c2293
[INFO] running `Command { std: "docker" "start" "-a" "a191d71508f56aea1b3959acd21a44559383621e6a5cf0158221e888478c2293", kill_on_drop: false }`
[INFO] running `Command { std: "docker" "inspect" "a191d71508f56aea1b3959acd21a44559383621e6a5cf0158221e888478c2293", kill_on_drop: false }`
[INFO] running `Command { std: "docker" "rm" "-f" "a191d71508f56aea1b3959acd21a44559383621e6a5cf0158221e888478c2293", kill_on_drop: false }`
[INFO] [stdout] a191d71508f56aea1b3959acd21a44559383621e6a5cf0158221e888478c2293
[INFO] running `Command { std: "docker" "create" "-v" "/var/lib/crater-agent-workspace/builds/worker-1-tc1/target:/opt/rustwide/target:rw,Z" "-v" "/var/lib/crater-agent-workspace/builds/worker-1-tc1/source:/opt/rustwide/workdir:ro,Z" "-v" "/var/lib/crater-agent-workspace/cargo-home:/opt/rustwide/cargo-home:ro,Z" "-v" "/var/lib/crater-agent-workspace/rustup-home:/opt/rustwide/rustup-home:ro,Z" "-e" "SOURCE_DIR=/opt/rustwide/workdir" "-e" "CARGO_TARGET_DIR=/opt/rustwide/target" "-e" "CARGO_INCREMENTAL=0" "-e" "RUST_BACKTRACE=full" "-e" "RUSTFLAGS=--cap-lints=warn" "-e" "RUSTDOCFLAGS=--cap-lints=warn" "-e" "CARGO_HOME=/opt/rustwide/cargo-home" "-e" "RUSTUP_HOME=/opt/rustwide/rustup-home" "-w" "/opt/rustwide/workdir" "-m" "1610612736" "--user" "0:0" "--network" "none" "ghcr.io/rust-lang/crates-build-env/linux@sha256:2788e3201cd34a07e3172128adcd8b3090168a8e3bcc40d7c032b9dda1df7d1c" "/opt/rustwide/cargo-home/bin/cargo" "+1.75.0" "build" "--frozen" "--message-format=json", kill_on_drop: false }`
[INFO] [stdout] 6407977f695f00599d83acbcaee3fa959c95b87f05503f6188b5229d8a57dacc
[INFO] running `Command { std: "docker" "start" "-a" "6407977f695f00599d83acbcaee3fa959c95b87f05503f6188b5229d8a57dacc", kill_on_drop: false }`
[INFO] [stderr]    Compiling unicode-ident v1.0.12
[INFO] [stderr]    Compiling proc-macro2 v1.0.75
[INFO] [stderr]    Compiling once_cell v1.19.0
[INFO] [stderr]    Compiling quote v1.0.35
[INFO] [stderr]    Compiling syn v2.0.48
[INFO] [stderr]    Compiling manifest-dir-macros v0.1.18
[INFO] [stderr]    Compiling lazy-static-include v3.2.1 (/opt/rustwide/workdir)
[INFO] [stderr]     Finished dev [unoptimized + debuginfo] target(s) in 4.97s
[INFO] running `Command { std: "docker" "inspect" "6407977f695f00599d83acbcaee3fa959c95b87f05503f6188b5229d8a57dacc", kill_on_drop: false }`
[INFO] running `Command { std: "docker" "rm" "-f" "6407977f695f00599d83acbcaee3fa959c95b87f05503f6188b5229d8a57dacc", kill_on_drop: false }`
[INFO] [stdout] 6407977f695f00599d83acbcaee3fa959c95b87f05503f6188b5229d8a57dacc
[INFO] running `Command { std: "docker" "create" "-v" "/var/lib/crater-agent-workspace/builds/worker-1-tc1/target:/opt/rustwide/target:rw,Z" "-v" "/var/lib/crater-agent-workspace/builds/worker-1-tc1/source:/opt/rustwide/workdir:ro,Z" "-v" "/var/lib/crater-agent-workspace/cargo-home:/opt/rustwide/cargo-home:ro,Z" "-v" "/var/lib/crater-agent-workspace/rustup-home:/opt/rustwide/rustup-home:ro,Z" "-e" "SOURCE_DIR=/opt/rustwide/workdir" "-e" "CARGO_TARGET_DIR=/opt/rustwide/target" "-e" "CARGO_INCREMENTAL=0" "-e" "RUST_BACKTRACE=full" "-e" "RUSTFLAGS=--cap-lints=warn" "-e" "RUSTDOCFLAGS=--cap-lints=warn" "-e" "CARGO_HOME=/opt/rustwide/cargo-home" "-e" "RUSTUP_HOME=/opt/rustwide/rustup-home" "-w" "/opt/rustwide/workdir" "-m" "1610612736" "--user" "0:0" "--network" "none" "ghcr.io/rust-lang/crates-build-env/linux@sha256:2788e3201cd34a07e3172128adcd8b3090168a8e3bcc40d7c032b9dda1df7d1c" "/opt/rustwide/cargo-home/bin/cargo" "+1.75.0" "test" "--frozen" "--no-run" "--message-format=json", kill_on_drop: false }`
[INFO] [stdout] 562193e04ce191b751e494aa1b2a7a3e3fc589b70e4300f97fcc845a1891fe5e
[INFO] running `Command { std: "docker" "start" "-a" "562193e04ce191b751e494aa1b2a7a3e3fc589b70e4300f97fcc845a1891fe5e", kill_on_drop: false }`
[INFO] [stderr]    Compiling serde v1.0.194
[INFO] [stderr]    Compiling slash-formatter v3.1.6
[INFO] [stderr]    Compiling concat-with v0.2.9
[INFO] [stderr]    Compiling bencher v0.1.5
[INFO] [stderr]    Compiling assert-eq-float v0.1.3
[INFO] [stderr]    Compiling serde_json v1.0.111
[INFO] [stderr]    Compiling lazy-static-include v3.2.1 (/opt/rustwide/workdir)
[INFO] [stderr]     Finished test [unoptimized + debuginfo] target(s) in 3.52s
[INFO] running `Command { std: "docker" "inspect" "562193e04ce191b751e494aa1b2a7a3e3fc589b70e4300f97fcc845a1891fe5e", kill_on_drop: false }`
[INFO] running `Command { std: "docker" "rm" "-f" "562193e04ce191b751e494aa1b2a7a3e3fc589b70e4300f97fcc845a1891fe5e", kill_on_drop: false }`
[INFO] [stdout] 562193e04ce191b751e494aa1b2a7a3e3fc589b70e4300f97fcc845a1891fe5e
[INFO] running `Command { std: "docker" "create" "-v" "/var/lib/crater-agent-workspace/builds/worker-1-tc1/target:/opt/rustwide/target:rw,Z" "-v" "/var/lib/crater-agent-workspace/builds/worker-1-tc1/source:/opt/rustwide/workdir:ro,Z" "-v" "/var/lib/crater-agent-workspace/cargo-home:/opt/rustwide/cargo-home:ro,Z" "-v" "/var/lib/crater-agent-workspace/rustup-home:/opt/rustwide/rustup-home:ro,Z" "-e" "SOURCE_DIR=/opt/rustwide/workdir" "-e" "CARGO_TARGET_DIR=/opt/rustwide/target" "-e" "CARGO_INCREMENTAL=0" "-e" "RUST_BACKTRACE=full" "-e" "RUSTFLAGS=--cap-lints=warn" "-e" "RUSTDOCFLAGS=--cap-lints=warn" "-e" "CARGO_HOME=/opt/rustwide/cargo-home" "-e" "RUSTUP_HOME=/opt/rustwide/rustup-home" "-w" "/opt/rustwide/workdir" "-m" "1610612736" "--user" "0:0" "--network" "none" "ghcr.io/rust-lang/crates-build-env/linux@sha256:2788e3201cd34a07e3172128adcd8b3090168a8e3bcc40d7c032b9dda1df7d1c" "/opt/rustwide/cargo-home/bin/cargo" "+1.75.0" "test" "--frozen", kill_on_drop: false }`
[INFO] [stdout] 7012976aa280b58103d71cb296e2f5c985f1ced956479f32ec3306f4f434f55f
[INFO] running `Command { std: "docker" "start" "-a" "7012976aa280b58103d71cb296e2f5c985f1ced956479f32ec3306f4f434f55f", kill_on_drop: false }`
[INFO] [stderr]     Finished test [unoptimized + debuginfo] target(s) in 0.01s
[INFO] [stderr]      Running unittests src/lib.rs (/opt/rustwide/target/debug/deps/lazy_static_include-b2264db83b5ea711)
[INFO] [stdout] 
[INFO] [stdout] running 0 tests
[INFO] [stdout] 
[INFO] [stdout] test result: ok. 0 passed; 0 failed; 0 ignored; 0 measured; 0 filtered out; finished in 0.00s
[INFO] [stdout] 
[INFO] [stderr]    Doc-tests lazy-static-include
[INFO] [stdout] 
[INFO] [stdout] running 4 tests
[INFO] [stdout] test src/lib.rs - (line 55) ... FAILED
[INFO] [stdout] test src/lib.rs - (line 36) ... FAILED
[INFO] [stdout] test src/lib.rs - (line 19) ... FAILED
[INFO] [stdout] test src/lib.rs - (line 78) ... FAILED
[INFO] [stdout] 
[INFO] [stdout] failures:
[INFO] [stdout] 
[INFO] [stdout] ---- src/lib.rs - (line 55) stdout ----
[INFO] [stdout] error: The path "/opt/rustwide/workdir/data/test.txt" does not exist
[INFO] [stdout]   --> src/lib.rs:59:1
[INFO] [stdout]    |
[INFO] [stdout] 7  | / lazy_static_include_bytes! {
[INFO] [stdout] 8  | |     /// doc
[INFO] [stdout] 9  | |     TEST => "data/test.txt",
[INFO] [stdout] 10 | | }
[INFO] [stdout]    | |_^
[INFO] [stdout]    |
[INFO] [stdout]    = note: this error originates in the macro `$crate::manifest_dir_macros::not_directory_path` which comes from the expansion of the macro `lazy_static_include_bytes` (in Nightly builds, run with -Z macro-backtrace for more info)
[INFO] [stdout] 
[INFO] [stdout] error: aborting due to previous error
[INFO] [stdout] 
[INFO] [stdout] Couldn't compile the test.
[INFO] [stdout] ---- src/lib.rs - (line 36) stdout ----
[INFO] [stdout] error: The path "/opt/rustwide/workdir/data/test.txt" does not exist
[INFO] [stdout]   --> src/lib.rs:40:1
[INFO] [stdout]    |
[INFO] [stdout] 7  | / lazy_static_include_bytes! {
[INFO] [stdout] 8  | |     /// doc
[INFO] [stdout] 9  | |     TEST => "data/test.txt",
[INFO] [stdout] 10 | | }
[INFO] [stdout]    | |_^
[INFO] [stdout]    |
[INFO] [stdout]    = note: this error originates in the macro `$crate::manifest_dir_macros::not_directory_path` which comes from the expansion of the macro `lazy_static_include_bytes` (in Nightly builds, run with -Z macro-backtrace for more info)
[INFO] [stdout] 
[INFO] [stdout] error: The path "/opt/rustwide/workdir/data/test-2.txt" does not exist
[INFO] [stdout]   --> src/lib.rs:45:1
[INFO] [stdout]    |
[INFO] [stdout] 12 | / lazy_static_include_bytes! {
[INFO] [stdout] 13 | |     /// doc
[INFO] [stdout] 14 | |     pub TEST2 => ("data", "test-2.txt"),
[INFO] [stdout] 15 | | }
[INFO] [stdout]    | |_^
[INFO] [stdout]    |
[INFO] [stdout]    = note: this error originates in the macro `$crate::manifest_dir_macros::not_directory_path` which comes from the expansion of the macro `lazy_static_include_bytes` (in Nightly builds, run with -Z macro-backtrace for more info)
[INFO] [stdout] 
[INFO] [stdout] error: aborting due to 2 previous errors
[INFO] [stdout] 
[INFO] [stdout] Couldn't compile the test.
[INFO] [stdout] ---- src/lib.rs - (line 19) stdout ----
[INFO] [stdout] error: The path "/opt/rustwide/workdir/data/test.txt" does not exist
[INFO] [stdout]   --> src/lib.rs:23:1
[INFO] [stdout]    |
[INFO] [stdout] 7  | / lazy_static_include_str! {
[INFO] [stdout] 8  | |     /// doc
[INFO] [stdout] 9  | |     TEST => "data/test.txt",
[INFO] [stdout] 10 | | }
[INFO] [stdout]    | |_^
[INFO] [stdout]    |
[INFO] [stdout]    = note: this error originates in the macro `$crate::manifest_dir_macros::not_directory_path` which comes from the expansion of the macro `lazy_static_include_str` (in Nightly builds, run with -Z macro-backtrace for more info)
[INFO] [stdout] 
[INFO] [stdout] error: The path "/opt/rustwide/workdir/data/test-2.txt" does not exist
[INFO] [stdout]   --> src/lib.rs:28:1
[INFO] [stdout]    |
[INFO] [stdout] 12 | / lazy_static_include_str! {
[INFO] [stdout] 13 | |     /// doc
[INFO] [stdout] 14 | |     pub TEST2 => ("data", "test-2.txt"),
[INFO] [stdout] 15 | | }
[INFO] [stdout]    | |_^
[INFO] [stdout]    |
[INFO] [stdout]    = note: this error originates in the macro `$crate::manifest_dir_macros::not_directory_path` which comes from the expansion of the macro `lazy_static_include_str` (in Nightly builds, run with -Z macro-backtrace for more info)
[INFO] [stdout] 
[INFO] [stdout] error: aborting due to 2 previous errors
[INFO] [stdout] 
[INFO] [stdout] Couldn't compile the test.
[INFO] [stdout] ---- src/lib.rs - (line 78) stdout ----
[INFO] [stdout] error: The path "/opt/rustwide/workdir/data/u64_array.txt" does not exist
[INFO] [stdout]   --> src/lib.rs:82:1
[INFO] [stdout]    |
[INFO] [stdout] 7  | / lazy_static_include_array! {
[INFO] [stdout] 8  | |     /// doc
[INFO] [stdout] 9  | |     TEST: [u64; 5] => "data/u64_array.txt",
[INFO] [stdout] 10 | | }
[INFO] [stdout]    | |_^
[INFO] [stdout]    |
[INFO] [stdout]    = note: this error originates in the macro `$crate::manifest_dir_macros::not_directory_path` which comes from the expansion of the macro `lazy_static_include_array` (in Nightly builds, run with -Z macro-backtrace for more info)
[INFO] [stdout] 
[INFO] [stdout] error: The path "/opt/rustwide/workdir/data/string_array.txt" does not exist
[INFO] [stdout]   --> src/lib.rs:87:1
[INFO] [stdout]    |
[INFO] [stdout] 12 | / lazy_static_include_array! {
[INFO] [stdout] 13 | |     /// doc
[INFO] [stdout] 14 | |     pub TEST2: [&'static str; 3] => ("data", "string_array.txt")
[INFO] [stdout] 15 | | }
[INFO] [stdout]    | |_^
[INFO] [stdout]    |
[INFO] [stdout]    = note: this error originates in the macro `$crate::manifest_dir_macros::not_directory_path` which comes from the expansion of the macro `lazy_static_include_array` (in Nightly builds, run with -Z macro-backtrace for more info)
[INFO] [stdout] 
[INFO] [stdout] error: aborting due to 2 previous errors
[INFO] [stdout] 
[INFO] [stdout] Couldn't compile the test.
[INFO] [stdout] 
[INFO] [stdout] failures:
[INFO] [stdout]     src/lib.rs - (line 19)
[INFO] [stdout]     src/lib.rs - (line 36)
[INFO] [stdout]     src/lib.rs - (line 55)
[INFO] [stdout]     src/lib.rs - (line 78)
[INFO] [stdout] 
[INFO] [stdout] test result: FAILED. 0 passed; 4 failed; 0 ignored; 0 measured; 0 filtered out; finished in 0.06s
[INFO] [stdout] 
[INFO] [stderr] error: doctest failed, to rerun pass `--doc`
[INFO] running `Command { std: "docker" "inspect" "7012976aa280b58103d71cb296e2f5c985f1ced956479f32ec3306f4f434f55f", kill_on_drop: false }`
[INFO] running `Command { std: "docker" "rm" "-f" "7012976aa280b58103d71cb296e2f5c985f1ced956479f32ec3306f4f434f55f", kill_on_drop: false }`
[INFO] [stdout] 7012976aa280b58103d71cb296e2f5c985f1ced956479f32ec3306f4f434f55f
