[INFO] fetching crate lazy-regex-proc_macros 3.1.0...
[INFO] testing lazy-regex-proc_macros-3.1.0 against 1.75.0 for beta-1.76-1
[INFO] extracting crate lazy-regex-proc_macros 3.1.0 into /workspace/builds/worker-5-tc1/source
[INFO] validating manifest of crates.io crate lazy-regex-proc_macros 3.1.0 on toolchain 1.75.0
[INFO] running `Command { std: CARGO_HOME="/workspace/cargo-home" RUSTUP_HOME="/workspace/rustup-home" "/workspace/cargo-home/bin/cargo" "+1.75.0" "metadata" "--manifest-path" "Cargo.toml" "--no-deps", kill_on_drop: false }`
[INFO] started tweaking crates.io crate lazy-regex-proc_macros 3.1.0
[INFO] finished tweaking crates.io crate lazy-regex-proc_macros 3.1.0
[INFO] tweaked toml for crates.io crate lazy-regex-proc_macros 3.1.0 written to /workspace/builds/worker-5-tc1/source/Cargo.toml
[INFO] running `Command { std: CARGO_HOME="/workspace/cargo-home" RUSTUP_HOME="/workspace/rustup-home" "/workspace/cargo-home/bin/cargo" "+1.75.0" "generate-lockfile" "--manifest-path" "Cargo.toml", kill_on_drop: false }`
[INFO] [stderr]     Updating crates.io index
[INFO] running `Command { std: CARGO_HOME="/workspace/cargo-home" RUSTUP_HOME="/workspace/rustup-home" "/workspace/cargo-home/bin/cargo" "+1.75.0" "fetch" "--manifest-path" "Cargo.toml", kill_on_drop: false }`
[INFO] running `Command { std: "docker" "create" "-v" "/var/lib/crater-agent-workspace/builds/worker-5-tc1/target:/opt/rustwide/target:rw,Z" "-v" "/var/lib/crater-agent-workspace/builds/worker-5-tc1/source:/opt/rustwide/workdir:ro,Z" "-v" "/var/lib/crater-agent-workspace/cargo-home:/opt/rustwide/cargo-home:ro,Z" "-v" "/var/lib/crater-agent-workspace/rustup-home:/opt/rustwide/rustup-home:ro,Z" "-e" "SOURCE_DIR=/opt/rustwide/workdir" "-e" "CARGO_TARGET_DIR=/opt/rustwide/target" "-e" "CARGO_HOME=/opt/rustwide/cargo-home" "-e" "RUSTUP_HOME=/opt/rustwide/rustup-home" "-w" "/opt/rustwide/workdir" "-m" "1610612736" "--user" "0:0" "--network" "none" "ghcr.io/rust-lang/crates-build-env/linux@sha256:2788e3201cd34a07e3172128adcd8b3090168a8e3bcc40d7c032b9dda1df7d1c" "/opt/rustwide/cargo-home/bin/cargo" "+1.75.0" "metadata" "--no-deps" "--format-version=1", kill_on_drop: false }`
[INFO] [stdout] 57dee72f914b974a1bc40cadb4543da0bebc78d93efe1ea826704a682206b246
[INFO] running `Command { std: "docker" "start" "-a" "57dee72f914b974a1bc40cadb4543da0bebc78d93efe1ea826704a682206b246", kill_on_drop: false }`
[INFO] running `Command { std: "docker" "inspect" "57dee72f914b974a1bc40cadb4543da0bebc78d93efe1ea826704a682206b246", kill_on_drop: false }`
[INFO] running `Command { std: "docker" "rm" "-f" "57dee72f914b974a1bc40cadb4543da0bebc78d93efe1ea826704a682206b246", kill_on_drop: false }`
[INFO] [stdout] 57dee72f914b974a1bc40cadb4543da0bebc78d93efe1ea826704a682206b246
[INFO] running `Command { std: "docker" "create" "-v" "/var/lib/crater-agent-workspace/builds/worker-5-tc1/target:/opt/rustwide/target:rw,Z" "-v" "/var/lib/crater-agent-workspace/builds/worker-5-tc1/source:/opt/rustwide/workdir:ro,Z" "-v" "/var/lib/crater-agent-workspace/cargo-home:/opt/rustwide/cargo-home:ro,Z" "-v" "/var/lib/crater-agent-workspace/rustup-home:/opt/rustwide/rustup-home:ro,Z" "-e" "SOURCE_DIR=/opt/rustwide/workdir" "-e" "CARGO_TARGET_DIR=/opt/rustwide/target" "-e" "CARGO_INCREMENTAL=0" "-e" "RUST_BACKTRACE=full" "-e" "RUSTFLAGS=--cap-lints=warn" "-e" "RUSTDOCFLAGS=--cap-lints=warn" "-e" "CARGO_HOME=/opt/rustwide/cargo-home" "-e" "RUSTUP_HOME=/opt/rustwide/rustup-home" "-w" "/opt/rustwide/workdir" "-m" "1610612736" "--user" "0:0" "--network" "none" "ghcr.io/rust-lang/crates-build-env/linux@sha256:2788e3201cd34a07e3172128adcd8b3090168a8e3bcc40d7c032b9dda1df7d1c" "/opt/rustwide/cargo-home/bin/cargo" "+1.75.0" "build" "--frozen" "--message-format=json", kill_on_drop: false }`
[INFO] [stdout] 10832a815a6f1e3fbfac69dfc6ec0787a90787c22d3785d374bbf8c88d35f9c3
[INFO] running `Command { std: "docker" "start" "-a" "10832a815a6f1e3fbfac69dfc6ec0787a90787c22d3785d374bbf8c88d35f9c3", kill_on_drop: false }`
[INFO] [stderr]    Compiling memchr v2.7.1
[INFO] [stderr]    Compiling regex-syntax v0.8.2
[INFO] [stderr]    Compiling aho-corasick v1.1.2
[INFO] [stderr]    Compiling regex-automata v0.4.3
[INFO] [stderr]    Compiling regex v1.10.2
[INFO] [stderr]    Compiling lazy-regex-proc_macros v3.1.0 (/opt/rustwide/workdir)
[INFO] [stderr]     Finished dev [unoptimized + debuginfo] target(s) in 3.79s
[INFO] running `Command { std: "docker" "inspect" "10832a815a6f1e3fbfac69dfc6ec0787a90787c22d3785d374bbf8c88d35f9c3", kill_on_drop: false }`
[INFO] running `Command { std: "docker" "rm" "-f" "10832a815a6f1e3fbfac69dfc6ec0787a90787c22d3785d374bbf8c88d35f9c3", kill_on_drop: false }`
[INFO] [stdout] 10832a815a6f1e3fbfac69dfc6ec0787a90787c22d3785d374bbf8c88d35f9c3
[INFO] running `Command { std: "docker" "create" "-v" "/var/lib/crater-agent-workspace/builds/worker-5-tc1/target:/opt/rustwide/target:rw,Z" "-v" "/var/lib/crater-agent-workspace/builds/worker-5-tc1/source:/opt/rustwide/workdir:ro,Z" "-v" "/var/lib/crater-agent-workspace/cargo-home:/opt/rustwide/cargo-home:ro,Z" "-v" "/var/lib/crater-agent-workspace/rustup-home:/opt/rustwide/rustup-home:ro,Z" "-e" "SOURCE_DIR=/opt/rustwide/workdir" "-e" "CARGO_TARGET_DIR=/opt/rustwide/target" "-e" "CARGO_INCREMENTAL=0" "-e" "RUST_BACKTRACE=full" "-e" "RUSTFLAGS=--cap-lints=warn" "-e" "RUSTDOCFLAGS=--cap-lints=warn" "-e" "CARGO_HOME=/opt/rustwide/cargo-home" "-e" "RUSTUP_HOME=/opt/rustwide/rustup-home" "-w" "/opt/rustwide/workdir" "-m" "1610612736" "--user" "0:0" "--network" "none" "ghcr.io/rust-lang/crates-build-env/linux@sha256:2788e3201cd34a07e3172128adcd8b3090168a8e3bcc40d7c032b9dda1df7d1c" "/opt/rustwide/cargo-home/bin/cargo" "+1.75.0" "test" "--frozen" "--no-run" "--message-format=json", kill_on_drop: false }`
[INFO] [stdout] 410d545411cd0f339b5626f12354cbb7948dd43c15946cf2d57221a0512f3215
[INFO] running `Command { std: "docker" "start" "-a" "410d545411cd0f339b5626f12354cbb7948dd43c15946cf2d57221a0512f3215", kill_on_drop: false }`
[INFO] [stderr]    Compiling lazy-regex-proc_macros v3.1.0 (/opt/rustwide/workdir)
[INFO] [stderr]     Finished test [unoptimized + debuginfo] target(s) in 0.66s
[INFO] running `Command { std: "docker" "inspect" "410d545411cd0f339b5626f12354cbb7948dd43c15946cf2d57221a0512f3215", kill_on_drop: false }`
[INFO] running `Command { std: "docker" "rm" "-f" "410d545411cd0f339b5626f12354cbb7948dd43c15946cf2d57221a0512f3215", kill_on_drop: false }`
[INFO] [stdout] 410d545411cd0f339b5626f12354cbb7948dd43c15946cf2d57221a0512f3215
[INFO] running `Command { std: "docker" "create" "-v" "/var/lib/crater-agent-workspace/builds/worker-5-tc1/target:/opt/rustwide/target:rw,Z" "-v" "/var/lib/crater-agent-workspace/builds/worker-5-tc1/source:/opt/rustwide/workdir:ro,Z" "-v" "/var/lib/crater-agent-workspace/cargo-home:/opt/rustwide/cargo-home:ro,Z" "-v" "/var/lib/crater-agent-workspace/rustup-home:/opt/rustwide/rustup-home:ro,Z" "-e" "SOURCE_DIR=/opt/rustwide/workdir" "-e" "CARGO_TARGET_DIR=/opt/rustwide/target" "-e" "CARGO_INCREMENTAL=0" "-e" "RUST_BACKTRACE=full" "-e" "RUSTFLAGS=--cap-lints=warn" "-e" "RUSTDOCFLAGS=--cap-lints=warn" "-e" "CARGO_HOME=/opt/rustwide/cargo-home" "-e" "RUSTUP_HOME=/opt/rustwide/rustup-home" "-w" "/opt/rustwide/workdir" "-m" "1610612736" "--user" "0:0" "--network" "none" "ghcr.io/rust-lang/crates-build-env/linux@sha256:2788e3201cd34a07e3172128adcd8b3090168a8e3bcc40d7c032b9dda1df7d1c" "/opt/rustwide/cargo-home/bin/cargo" "+1.75.0" "test" "--frozen", kill_on_drop: false }`
[INFO] [stdout] d3548eaebe517fa49b50f10d536093ff1ad5d0bf3c582f72b5228bb9e7d8ef81
[INFO] running `Command { std: "docker" "start" "-a" "d3548eaebe517fa49b50f10d536093ff1ad5d0bf3c582f72b5228bb9e7d8ef81", kill_on_drop: false }`
[INFO] [stderr]     Finished test [unoptimized + debuginfo] target(s) in 0.01s
[INFO] [stderr]      Running unittests mod.rs (/opt/rustwide/target/debug/deps/lazy_regex_proc_macros-64156f5b260712b9)
[INFO] [stdout] 
[INFO] [stdout] running 0 tests
[INFO] [stdout] 
[INFO] [stdout] test result: ok. 0 passed; 0 failed; 0 ignored; 0 measured; 0 filtered out; finished in 0.00s
[INFO] [stdout] 
[INFO] [stderr]    Doc-tests lazy-regex-proc_macros
[INFO] [stdout] 
[INFO] [stdout] running 15 tests
[INFO] [stdout] test mod.rs - bytes_regex_find (line 170) ... FAILED
[INFO] [stdout] test mod.rs - bytes_lazy_regex (line 91) ... FAILED
[INFO] [stdout] test mod.rs - bytes_regex_captures (line 234) ... FAILED
[INFO] [stdout] test mod.rs - bytes_regex_replace (line 379) ... FAILED
[INFO] [stdout] test mod.rs - bytes_regex (line 61) ... FAILED
[INFO] [stdout] test mod.rs - lazy_regex (line 76) ... FAILED
[INFO] [stdout] test mod.rs - bytes_regex_is_match (line 126) ... FAILED
[INFO] [stdout] test mod.rs - bytes_regex_replace_all (line 426) ... FAILED
[INFO] [stdout] test mod.rs - regex_captures (line 197) ... FAILED
[INFO] [stdout] test mod.rs - regex (line 40) ... FAILED
[INFO] [stdout] test mod.rs - regex (line 47) ... FAILED
[INFO] [stdout] test mod.rs - regex_is_match (line 106) ... FAILED
[INFO] [stdout] test mod.rs - regex_find (line 145) ... FAILED
[INFO] [stdout] test mod.rs - regex_replace (line 356) ... FAILED
[INFO] [stdout] test mod.rs - regex_replace_all (line 403) ... FAILED
[INFO] [stdout] 
[INFO] [stdout] failures:
[INFO] [stdout] 
[INFO] [stdout] ---- mod.rs - bytes_regex_find (line 170) stdout ----
[INFO] [stdout] error: cannot find macro `bytes_regex_find` in this scope
[INFO] [stdout]  --> mod.rs:171:14
[INFO] [stdout]   |
[INFO] [stdout] 3 | let f_word = bytes_regex_find!(r#"\bf\w+\b"#, b"The fox jumps.");
[INFO] [stdout]   |              ^^^^^^^^^^^^^^^^
[INFO] [stdout]   |
[INFO] [stdout] help: consider importing this macro
[INFO] [stdout]   |
[INFO] [stdout] 2 + use lazy_regex_proc_macros::bytes_regex_find;
[INFO] [stdout]   |
[INFO] [stdout] 
[INFO] [stdout] error: aborting due to previous error
[INFO] [stdout] 
[INFO] [stdout] Couldn't compile the test.
[INFO] [stdout] ---- mod.rs - bytes_lazy_regex (line 91) stdout ----
[INFO] [stdout] error: cannot find macro `bytes_lazy_regex` in this scope
[INFO] [stdout]  --> mod.rs:92:45
[INFO] [stdout]   |
[INFO] [stdout] 3 | pub static GLOBAL_REX: Lazy<bytes::Regex> = bytes_lazy_regex!("^ab+$"i);
[INFO] [stdout]   |                                             ^^^^^^^^^^^^^^^^
[INFO] [stdout]   |
[INFO] [stdout] help: consider importing this macro
[INFO] [stdout]   |
[INFO] [stdout] 2 + use lazy_regex_proc_macros::bytes_lazy_regex;
[INFO] [stdout]   |
[INFO] [stdout] 
[INFO] [stdout] error[E0412]: cannot find type `Lazy` in this scope
[INFO] [stdout]  --> mod.rs:92:24
[INFO] [stdout]   |
[INFO] [stdout] 3 | pub static GLOBAL_REX: Lazy<bytes::Regex> = bytes_lazy_regex!("^ab+$"i);
[INFO] [stdout]   |                        ^^^^ not found in this scope
[INFO] [stdout] 
[INFO] [stdout] error[E0433]: failed to resolve: use of undeclared crate or module `bytes`
[INFO] [stdout]  --> mod.rs:92:29
[INFO] [stdout]   |
[INFO] [stdout] 3 | pub static GLOBAL_REX: Lazy<bytes::Regex> = bytes_lazy_regex!("^ab+$"i);
[INFO] [stdout]   |                             ^^^^^ use of undeclared crate or module `bytes`
[INFO] [stdout]   |
[INFO] [stdout] help: consider importing this module
[INFO] [stdout]   |
[INFO] [stdout] 2 + use regex::bytes;
[INFO] [stdout]   |
[INFO] [stdout] 
[INFO] [stdout] error: aborting due to 3 previous errors
[INFO] [stdout] 
[INFO] [stdout] Some errors have detailed explanations: E0412, E0433.
[INFO] [stdout] For more information about an error, try `rustc --explain E0412`.
[INFO] [stdout] Couldn't compile the test.
[INFO] [stdout] ---- mod.rs - bytes_regex_captures (line 234) stdout ----
[INFO] [stdout] error: cannot find macro `bytes_regex_captures` in this scope
[INFO] [stdout]  --> mod.rs:235:30
[INFO] [stdout]   |
[INFO] [stdout] 3 | let (whole, name, version) = bytes_regex_captures!(
[INFO] [stdout]   |                              ^^^^^^^^^^^^^^^^^^^^
[INFO] [stdout]   |
[INFO] [stdout] help: consider importing this macro
[INFO] [stdout]   |
[INFO] [stdout] 2 + use lazy_regex_proc_macros::bytes_regex_captures;
[INFO] [stdout]   |
[INFO] [stdout] 
[INFO] [stdout] error: aborting due to previous error
[INFO] [stdout] 
[INFO] [stdout] Couldn't compile the test.
[INFO] [stdout] ---- mod.rs - bytes_regex_replace (line 379) stdout ----
[INFO] [stdout] error: cannot find macro `bytes_regex_replace` in this scope
[INFO] [stdout]  --> mod.rs:382:12
[INFO] [stdout]   |
[INFO] [stdout] 5 | let text = bytes_regex_replace!(
[INFO] [stdout]   |            ^^^^^^^^^^^^^^^^^^^
[INFO] [stdout]   |
[INFO] [stdout] help: consider importing this macro
[INFO] [stdout]   |
[INFO] [stdout] 2 + use lazy_regex_proc_macros::bytes_regex_replace;
[INFO] [stdout]   |
[INFO] [stdout] 
[INFO] [stdout] error: aborting due to previous error
[INFO] [stdout] 
[INFO] [stdout] Couldn't compile the test.
[INFO] [stdout] ---- mod.rs - bytes_regex (line 61) stdout ----
[INFO] [stdout] error: cannot find macro `bytes_regex` in this scope
[INFO] [stdout]  --> mod.rs:62:30
[INFO] [stdout]   |
[INFO] [stdout] 3 | let case_insensitive_regex = bytes_regex!("^ab+$"i);
[INFO] [stdout]   |                              ^^^^^^^^^^^
[INFO] [stdout]   |
[INFO] [stdout] help: consider importing this macro
[INFO] [stdout]   |
[INFO] [stdout] 2 + use lazy_regex_proc_macros::bytes_regex;
[INFO] [stdout]   |
[INFO] [stdout] 
[INFO] [stdout] error: aborting due to previous error
[INFO] [stdout] 
[INFO] [stdout] Couldn't compile the test.
[INFO] [stdout] ---- mod.rs - lazy_regex (line 76) stdout ----
[INFO] [stdout] error: cannot find macro `lazy_regex` in this scope
[INFO] [stdout]  --> mod.rs:77:38
[INFO] [stdout]   |
[INFO] [stdout] 3 | pub static GLOBAL_REX: Lazy<Regex> = lazy_regex!("^ab+$"i);
[INFO] [stdout]   |                                      ^^^^^^^^^^
[INFO] [stdout]   |
[INFO] [stdout] help: consider importing this macro
[INFO] [stdout]   |
[INFO] [stdout] 2 + use lazy_regex_proc_macros::lazy_regex;
[INFO] [stdout]   |
[INFO] [stdout] 
[INFO] [stdout] error[E0412]: cannot find type `Lazy` in this scope
[INFO] [stdout]  --> mod.rs:77:24
[INFO] [stdout]   |
[INFO] [stdout] 3 | pub static GLOBAL_REX: Lazy<Regex> = lazy_regex!("^ab+$"i);
[INFO] [stdout]   |                        ^^^^ not found in this scope
[INFO] [stdout] 
[INFO] [stdout] error[E0412]: cannot find type `Regex` in this scope
[INFO] [stdout]  --> mod.rs:77:29
[INFO] [stdout]   |
[INFO] [stdout] 3 | pub static GLOBAL_REX: Lazy<Regex> = lazy_regex!("^ab+$"i);
[INFO] [stdout]   |                             ^^^^^ not found in this scope
[INFO] [stdout]   |
[INFO] [stdout] help: consider importing one of these items
[INFO] [stdout]   |
[INFO] [stdout] 2 + use regex::Regex;
[INFO] [stdout]   |
[INFO] [stdout] 2 + use regex::bytes::Regex;
[INFO] [stdout]   |
[INFO] [stdout] 
[INFO] [stdout] error: aborting due to 3 previous errors
[INFO] [stdout] 
[INFO] [stdout] For more information about this error, try `rustc --explain E0412`.
[INFO] [stdout] Couldn't compile the test.
[INFO] [stdout] ---- mod.rs - bytes_regex_is_match (line 126) stdout ----
[INFO] [stdout] error: cannot find macro `bytes_regex_is_match` in this scope
[INFO] [stdout]  --> mod.rs:127:9
[INFO] [stdout]   |
[INFO] [stdout] 3 | let b = bytes_regex_is_match!("[ab]+", b"car");
[INFO] [stdout]   |         ^^^^^^^^^^^^^^^^^^^^
[INFO] [stdout]   |
[INFO] [stdout] help: consider importing this macro
[INFO] [stdout]   |
[INFO] [stdout] 2 + use lazy_regex_proc_macros::bytes_regex_is_match;
[INFO] [stdout]   |
[INFO] [stdout] 
[INFO] [stdout] error: aborting due to previous error
[INFO] [stdout] 
[INFO] [stdout] Couldn't compile the test.
[INFO] [stdout] ---- mod.rs - bytes_regex_replace_all (line 426) stdout ----
[INFO] [stdout] error: cannot find macro `bytes_regex_replace_all` in this scope
[INFO] [stdout]  --> mod.rs:428:12
[INFO] [stdout]   |
[INFO] [stdout] 4 | let text = bytes_regex_replace_all!(
[INFO] [stdout]   |            ^^^^^^^^^^^^^^^^^^^^^^^
[INFO] [stdout]   |
[INFO] [stdout] help: consider importing this macro
[INFO] [stdout]   |
[INFO] [stdout] 2 + use lazy_regex_proc_macros::bytes_regex_replace_all;
[INFO] [stdout]   |
[INFO] [stdout] 
[INFO] [stdout] error: aborting due to previous error
[INFO] [stdout] 
[INFO] [stdout] Couldn't compile the test.
[INFO] [stdout] ---- mod.rs - regex_captures (line 197) stdout ----
[INFO] [stdout] error: cannot find macro `regex_captures` in this scope
[INFO] [stdout]  --> mod.rs:198:30
[INFO] [stdout]   |
[INFO] [stdout] 3 | let (whole, name, version) = regex_captures!(
[INFO] [stdout]   |                              ^^^^^^^^^^^^^^
[INFO] [stdout]   |
[INFO] [stdout] help: consider importing this macro
[INFO] [stdout]   |
[INFO] [stdout] 2 + use lazy_regex_proc_macros::regex_captures;
[INFO] [stdout]   |
[INFO] [stdout] 
[INFO] [stdout] error: aborting due to previous error
[INFO] [stdout] 
[INFO] [stdout] Couldn't compile the test.
[INFO] [stdout] ---- mod.rs - regex (line 40) stdout ----
[INFO] [stdout] error: cannot find macro `regex` in this scope
[INFO] [stdout]  --> mod.rs:41:30
[INFO] [stdout]   |
[INFO] [stdout] 3 | let case_insensitive_regex = regex!("^ab+$"i);
[INFO] [stdout]   |                              ^^^^^
[INFO] [stdout]   |
[INFO] [stdout]   = note: `regex` is in scope, but it is a crate, not a macro
[INFO] [stdout] help: consider importing this macro
[INFO] [stdout]   |
[INFO] [stdout] 2 + use lazy_regex_proc_macros::regex;
[INFO] [stdout]   |
[INFO] [stdout] 
[INFO] [stdout] error: aborting due to previous error
[INFO] [stdout] 
[INFO] [stdout] Couldn't compile the test.
[INFO] [stdout] ---- mod.rs - regex (line 47) stdout ----
[INFO] [stdout] error: cannot find macro `regex` in this scope
[INFO] [stdout]  --> mod.rs:48:15
[INFO] [stdout]   |
[INFO] [stdout] 3 | let verbose = regex!(r#"_([\d\.]+)"#)
[INFO] [stdout]   |               ^^^^^
[INFO] [stdout]   |
[INFO] [stdout]   = note: `regex` is in scope, but it is a crate, not a macro
[INFO] [stdout] help: consider importing this macro
[INFO] [stdout]   |
[INFO] [stdout] 2 + use lazy_regex_proc_macros::regex;
[INFO] [stdout]   |
[INFO] [stdout] 
[INFO] [stdout] error: aborting due to previous error
[INFO] [stdout] 
[INFO] [stdout] Couldn't compile the test.
[INFO] [stdout] ---- mod.rs - regex_is_match (line 106) stdout ----
[INFO] [stdout] error: cannot find macro `regex_is_match` in this scope
[INFO] [stdout]  --> mod.rs:107:9
[INFO] [stdout]   |
[INFO] [stdout] 3 | let b = regex_is_match!("[ab]+", "car");
[INFO] [stdout]   |         ^^^^^^^^^^^^^^
[INFO] [stdout]   |
[INFO] [stdout] help: consider importing this macro
[INFO] [stdout]   |
[INFO] [stdout] 2 + use lazy_regex_proc_macros::regex_is_match;
[INFO] [stdout]   |
[INFO] [stdout] 
[INFO] [stdout] error: aborting due to previous error
[INFO] [stdout] 
[INFO] [stdout] Couldn't compile the test.
[INFO] [stdout] ---- mod.rs - regex_find (line 145) stdout ----
[INFO] [stdout] error: cannot find macro `regex_find` in this scope
[INFO] [stdout]  --> mod.rs:148:14
[INFO] [stdout]   |
[INFO] [stdout] 5 | let f_word = regex_find!(r#"\bf\w+\b"#B, "The forest is silent.");
[INFO] [stdout]   |              ^^^^^^^^^^
[INFO] [stdout]   |
[INFO] [stdout] help: consider importing this macro
[INFO] [stdout]   |
[INFO] [stdout] 2 + use lazy_regex_proc_macros::regex_find;
[INFO] [stdout]   |
[INFO] [stdout] 
[INFO] [stdout] error: cannot find macro `regex_find` in this scope
[INFO] [stdout]  --> mod.rs:146:14
[INFO] [stdout]   |
[INFO] [stdout] 3 | let f_word = regex_find!(r#"\bf\w+\b"#, "The fox jumps.");
[INFO] [stdout]   |              ^^^^^^^^^^
[INFO] [stdout]   |
[INFO] [stdout] help: consider importing this macro
[INFO] [stdout]   |
[INFO] [stdout] 2 + use lazy_regex_proc_macros::regex_find;
[INFO] [stdout]   |
[INFO] [stdout] 
[INFO] [stdout] error: aborting due to 2 previous errors
[INFO] [stdout] 
[INFO] [stdout] Couldn't compile the test.
[INFO] [stdout] ---- mod.rs - regex_replace (line 356) stdout ----
[INFO] [stdout] error: cannot find macro `regex_replace` in this scope
[INFO] [stdout]  --> mod.rs:358:12
[INFO] [stdout]   |
[INFO] [stdout] 4 | let text = regex_replace!(
[INFO] [stdout]   |            ^^^^^^^^^^^^^
[INFO] [stdout]   |
[INFO] [stdout] help: consider importing this macro
[INFO] [stdout]   |
[INFO] [stdout] 2 + use lazy_regex_proc_macros::regex_replace;
[INFO] [stdout]   |
[INFO] [stdout] 
[INFO] [stdout] error: aborting due to previous error
[INFO] [stdout] 
[INFO] [stdout] Couldn't compile the test.
[INFO] [stdout] ---- mod.rs - regex_replace_all (line 403) stdout ----
[INFO] [stdout] error: cannot find macro `regex_replace_all` in this scope
[INFO] [stdout]  --> mod.rs:405:12
[INFO] [stdout]   |
[INFO] [stdout] 4 | let text = regex_replace_all!(
[INFO] [stdout]   |            ^^^^^^^^^^^^^^^^^
[INFO] [stdout]   |
[INFO] [stdout] help: consider importing this macro
[INFO] [stdout]   |
[INFO] [stdout] 2 + use lazy_regex_proc_macros::regex_replace_all;
[INFO] [stdout]   |
[INFO] [stdout] 
[INFO] [stdout] error: aborting due to previous error
[INFO] [stdout] 
[INFO] [stdout] Couldn't compile the test.
[INFO] [stdout] 
[INFO] [stdout] failures:
[INFO] [stdout]     mod.rs - bytes_lazy_regex (line 91)
[INFO] [stdout]     mod.rs - bytes_regex (line 61)
[INFO] [stdout]     mod.rs - bytes_regex_captures (line 234)
[INFO] [stdout]     mod.rs - bytes_regex_find (line 170)
[INFO] [stdout]     mod.rs - bytes_regex_is_match (line 126)
[INFO] [stdout]     mod.rs - bytes_regex_replace (line 379)
[INFO] [stdout]     mod.rs - bytes_regex_replace_all (line 426)
[INFO] [stdout]     mod.rs - lazy_regex (line 76)
[INFO] [stdout]     mod.rs - regex (line 40)
[INFO] [stdout]     mod.rs - regex (line 47)
[INFO] [stdout]     mod.rs - regex_captures (line 197)
[INFO] [stdout]     mod.rs - regex_find (line 145)
[INFO] [stdout]     mod.rs - regex_is_match (line 106)
[INFO] [stdout]     mod.rs - regex_replace (line 356)
[INFO] [stdout]     mod.rs - regex_replace_all (line 403)
[INFO] [stdout] 
[INFO] [stdout] test result: FAILED. 0 passed; 15 failed; 0 ignored; 0 measured; 0 filtered out; finished in 0.14s
[INFO] [stdout] 
[INFO] [stderr] error: doctest failed, to rerun pass `--doc`
[INFO] running `Command { std: "docker" "inspect" "d3548eaebe517fa49b50f10d536093ff1ad5d0bf3c582f72b5228bb9e7d8ef81", kill_on_drop: false }`
[INFO] running `Command { std: "docker" "rm" "-f" "d3548eaebe517fa49b50f10d536093ff1ad5d0bf3c582f72b5228bb9e7d8ef81", kill_on_drop: false }`
[INFO] [stdout] d3548eaebe517fa49b50f10d536093ff1ad5d0bf3c582f72b5228bb9e7d8ef81
