[INFO] fetching crate layout21converters 3.0.0-pre.2...
[INFO] testing layout21converters-3.0.0-pre.2 against 1.75.0 for beta-1.76-1
[INFO] extracting crate layout21converters 3.0.0-pre.2 into /workspace/builds/worker-5-tc1/source
[INFO] validating manifest of crates.io crate layout21converters 3.0.0-pre.2 on toolchain 1.75.0
[INFO] running `Command { std: CARGO_HOME="/workspace/cargo-home" RUSTUP_HOME="/workspace/rustup-home" "/workspace/cargo-home/bin/cargo" "+1.75.0" "metadata" "--manifest-path" "Cargo.toml" "--no-deps", kill_on_drop: false }`
[INFO] started tweaking crates.io crate layout21converters 3.0.0-pre.2
[INFO] finished tweaking crates.io crate layout21converters 3.0.0-pre.2
[INFO] tweaked toml for crates.io crate layout21converters 3.0.0-pre.2 written to /workspace/builds/worker-5-tc1/source/Cargo.toml
[INFO] crate crates.io crate layout21converters 3.0.0-pre.2 already has a lockfile, it will not be regenerated
[INFO] running `Command { std: CARGO_HOME="/workspace/cargo-home" RUSTUP_HOME="/workspace/rustup-home" "/workspace/cargo-home/bin/cargo" "+1.75.0" "fetch" "--manifest-path" "Cargo.toml", kill_on_drop: false }`
[INFO] [stderr]     Updating crates.io index
[INFO] [stderr]  Downloading crates ...
[INFO] [stderr]   Downloaded fstrings v0.2.3
[INFO] [stderr]   Downloaded layout21protos v3.0.0-pre.2
[INFO] [stderr]   Downloaded fstrings-proc-macro v0.2.3
[INFO] [stderr]   Downloaded prost-derive v0.6.1
[INFO] [stderr]   Downloaded prost-types v0.6.1
[INFO] [stderr]   Downloaded prost-derive v0.8.0
[INFO] [stderr]   Downloaded layout21utils v3.0.0-pre.2
[INFO] [stderr]   Downloaded schemars_derive v0.8.11
[INFO] [stderr]   Downloaded bytecheck v0.6.9
[INFO] [stderr]   Downloaded by_address v1.1.0
[INFO] [stderr]   Downloaded bytecheck_derive v0.6.9
[INFO] [stderr]   Downloaded prost v0.6.1
[INFO] [stderr]   Downloaded rkyv_derive v0.7.39
[INFO] [stderr]   Downloaded prost v0.8.0
[INFO] [stderr]   Downloaded enum_dispatch v0.3.10
[INFO] [stderr]   Downloaded rend v0.3.6
[INFO] [stderr]   Downloaded rkyv v0.7.39
[INFO] [stderr]   Downloaded rust_decimal v1.27.0
[INFO] [stderr]   Downloaded unicode-linebreak v0.1.4
[INFO] [stderr]   Downloaded schemars v0.8.11
[INFO] [stderr]   Downloaded dyn-clone v1.0.10
[INFO] [stderr]   Downloaded prost-build v0.6.1
[INFO] [stderr]   Downloaded vlsir v3.0.0-pre.2
[INFO] [stderr]   Downloaded layout21raw v3.0.0-pre.2
[INFO] [stderr]   Downloaded gds21 v3.0.0-pre.2
[INFO] [stderr]   Downloaded lef21 v3.0.0-pre.2
[INFO] running `Command { std: "docker" "create" "-v" "/var/lib/crater-agent-workspace/builds/worker-5-tc1/target:/opt/rustwide/target:rw,Z" "-v" "/var/lib/crater-agent-workspace/builds/worker-5-tc1/source:/opt/rustwide/workdir:ro,Z" "-v" "/var/lib/crater-agent-workspace/cargo-home:/opt/rustwide/cargo-home:ro,Z" "-v" "/var/lib/crater-agent-workspace/rustup-home:/opt/rustwide/rustup-home:ro,Z" "-e" "SOURCE_DIR=/opt/rustwide/workdir" "-e" "CARGO_TARGET_DIR=/opt/rustwide/target" "-e" "CARGO_HOME=/opt/rustwide/cargo-home" "-e" "RUSTUP_HOME=/opt/rustwide/rustup-home" "-w" "/opt/rustwide/workdir" "-m" "1610612736" "--user" "0:0" "--network" "none" "ghcr.io/rust-lang/crates-build-env/linux@sha256:2788e3201cd34a07e3172128adcd8b3090168a8e3bcc40d7c032b9dda1df7d1c" "/opt/rustwide/cargo-home/bin/cargo" "+1.75.0" "metadata" "--no-deps" "--format-version=1", kill_on_drop: false }`
[INFO] [stdout] a6c63b8a23dece7c5c0b0c1e2ace698803366ed5a8094a9b7586db857691c78f
[INFO] running `Command { std: "docker" "start" "-a" "a6c63b8a23dece7c5c0b0c1e2ace698803366ed5a8094a9b7586db857691c78f", kill_on_drop: false }`
[INFO] running `Command { std: "docker" "inspect" "a6c63b8a23dece7c5c0b0c1e2ace698803366ed5a8094a9b7586db857691c78f", kill_on_drop: false }`
[INFO] running `Command { std: "docker" "rm" "-f" "a6c63b8a23dece7c5c0b0c1e2ace698803366ed5a8094a9b7586db857691c78f", kill_on_drop: false }`
[INFO] [stdout] a6c63b8a23dece7c5c0b0c1e2ace698803366ed5a8094a9b7586db857691c78f
[INFO] running `Command { std: "docker" "create" "-v" "/var/lib/crater-agent-workspace/builds/worker-5-tc1/target:/opt/rustwide/target:rw,Z" "-v" "/var/lib/crater-agent-workspace/builds/worker-5-tc1/source:/opt/rustwide/workdir:ro,Z" "-v" "/var/lib/crater-agent-workspace/cargo-home:/opt/rustwide/cargo-home:ro,Z" "-v" "/var/lib/crater-agent-workspace/rustup-home:/opt/rustwide/rustup-home:ro,Z" "-e" "SOURCE_DIR=/opt/rustwide/workdir" "-e" "CARGO_TARGET_DIR=/opt/rustwide/target" "-e" "CARGO_INCREMENTAL=0" "-e" "RUST_BACKTRACE=full" "-e" "RUSTFLAGS=--cap-lints=warn" "-e" "RUSTDOCFLAGS=--cap-lints=warn" "-e" "CARGO_HOME=/opt/rustwide/cargo-home" "-e" "RUSTUP_HOME=/opt/rustwide/rustup-home" "-w" "/opt/rustwide/workdir" "-m" "1610612736" "--user" "0:0" "--network" "none" "ghcr.io/rust-lang/crates-build-env/linux@sha256:2788e3201cd34a07e3172128adcd8b3090168a8e3bcc40d7c032b9dda1df7d1c" "/opt/rustwide/cargo-home/bin/cargo" "+1.75.0" "build" "--frozen" "--message-format=json", kill_on_drop: false }`
[INFO] [stdout] 6248807e351de0c395d1fa03865a40631b463d1a1d27657a27741fbb4ea7296f
[INFO] running `Command { std: "docker" "start" "-a" "6248807e351de0c395d1fa03865a40631b463d1a1d27657a27741fbb4ea7296f", kill_on_drop: false }`
[INFO] [stderr]    Compiling proc-macro2 v1.0.49
[INFO] [stderr]    Compiling quote v1.0.23
[INFO] [stderr]    Compiling unicode-ident v1.0.6
[INFO] [stderr]    Compiling syn v1.0.107
[INFO] [stderr]    Compiling libc v0.2.139
[INFO] [stderr]    Compiling once_cell v1.17.0
[INFO] [stderr]    Compiling ahash v0.7.6
[INFO] [stderr]    Compiling serde_derive v1.0.152
[INFO] [stderr]    Compiling serde v1.0.152
[INFO] [stderr]    Compiling either v1.8.0
[INFO] [stderr]    Compiling anyhow v1.0.68
[INFO] [stderr]    Compiling regex-syntax v0.6.28
[INFO] [stderr]    Compiling fnv v1.0.7
[INFO] [stderr]    Compiling indexmap v1.9.2
[INFO] [stderr]    Compiling memchr v2.5.0
[INFO] [stderr]    Compiling bytes v0.5.6
[INFO] [stderr]    Compiling log v0.4.17
[INFO] [stderr]    Compiling strsim v0.9.3
[INFO] [stderr]    Compiling itertools v0.8.2
[INFO] [stderr]    Compiling fixedbitset v0.2.0
[INFO] [stderr]    Compiling ryu v1.0.12
[INFO] [stderr]    Compiling unicode-segmentation v1.10.0
[INFO] [stderr]    Compiling serde_json v1.0.91
[INFO] [stderr]    Compiling rust_decimal v1.27.0
[INFO] [stderr]    Compiling fastrand v1.8.0
[INFO] [stderr]    Compiling remove_dir_all v0.5.3
[INFO] [stderr]    Compiling schemars v0.8.11
[INFO] [stderr]    Compiling proc-macro-hack v0.5.20+deprecated
[INFO] [stderr]    Compiling itoa v1.0.5
[INFO] [stderr]    Compiling arrayvec v0.7.2
[INFO] [stderr]    Compiling aho-corasick v0.7.20
[INFO] [stderr]    Compiling itertools v0.10.5
[INFO] [stderr]    Compiling num-integer v0.1.45
[INFO] [stderr]    Compiling smawk v0.3.1
[INFO] [stderr]    Compiling derive_builder v0.9.0
[INFO] [stderr]    Compiling io-lifetimes v1.0.3
[INFO] [stderr]    Compiling heck v0.3.3
[INFO] [stderr]    Compiling dyn-clone v1.0.10
[INFO] [stderr]    Compiling unicode-width v0.1.10
[INFO] [stderr]    Compiling rustix v0.36.6
[INFO] [stderr]    Compiling bytes v1.3.0
[INFO] [stderr]    Compiling by_address v1.1.0
[INFO] [stderr]    Compiling slotmap v1.0.6
[INFO] [stderr]    Compiling iana-time-zone v0.1.53
[INFO] [stderr]    Compiling linux-raw-sys v0.1.4
[INFO] [stderr]    Compiling proc-macro-error-attr v1.0.4
[INFO] [stderr]    Compiling getrandom v0.2.8
[INFO] [stderr]    Compiling which v3.1.1
[INFO] [stderr]    Compiling tempfile v3.3.0
[INFO] [stderr]    Compiling time v0.1.45
[INFO] [stderr]    Compiling regex v1.7.1
[INFO] [stderr]    Compiling prost-build v0.6.1
[INFO] [stderr]    Compiling hashbrown v0.12.3
[INFO] [stderr]    Compiling petgraph v0.5.1
[INFO] [stderr]    Compiling is-terminal v0.4.2
[INFO] [stderr]    Compiling unicode-linebreak v0.1.4
[INFO] [stderr]    Compiling darling_core v0.10.2
[INFO] [stderr]    Compiling serde_derive_internals v0.26.0
[INFO] [stderr]    Compiling proc-macro-error v1.0.4
[INFO] [stderr]    Compiling textwrap v0.14.2
[INFO] [stderr]    Compiling prost-derive v0.6.1
[INFO] [stderr]    Compiling schemars_derive v0.8.11
[INFO] [stderr]    Compiling prost-derive v0.8.0
[INFO] [stderr]    Compiling derive_more v0.99.17
[INFO] [stderr]    Compiling num-derive v0.3.3
[INFO] [stderr]    Compiling fstrings-proc-macro v0.2.3
[INFO] [stderr]    Compiling enum_dispatch v0.3.10
[INFO] [stderr]    Compiling clap_derive v4.0.21
[INFO] [stderr]    Compiling darling_macro v0.10.2
[INFO] [stderr]    Compiling fstrings v0.2.3
[INFO] [stderr]    Compiling darling v0.10.2
[INFO] [stderr]    Compiling derive_builder_core v0.9.0
[INFO] [stderr]    Compiling prost v0.6.1
[INFO] [stderr]    Compiling prost v0.8.0
[INFO] [stderr]    Compiling clap v4.0.32
[INFO] [stderr]    Compiling prost-types v0.6.1
[INFO] [stderr]    Compiling vlsir v3.0.0-pre.2
[INFO] [stderr]    Compiling toml v0.5.10
[INFO] [stderr]    Compiling serde_yaml v0.8.26
[INFO] [stderr]    Compiling chrono v0.4.23
[INFO] [stderr]    Compiling layout21utils v3.0.0-pre.2
[INFO] [stderr]    Compiling gds21 v3.0.0-pre.2
[INFO] [stderr]    Compiling lef21 v3.0.0-pre.2
[INFO] [stderr]    Compiling layout21protos v3.0.0-pre.2
[INFO] [stderr]    Compiling layout21raw v3.0.0-pre.2
[INFO] [stderr]    Compiling layout21converters v3.0.0-pre.2 (/opt/rustwide/workdir)
[INFO] [stderr]     Finished dev [unoptimized + debuginfo] target(s) in 14.94s
[INFO] running `Command { std: "docker" "inspect" "6248807e351de0c395d1fa03865a40631b463d1a1d27657a27741fbb4ea7296f", kill_on_drop: false }`
[INFO] running `Command { std: "docker" "rm" "-f" "6248807e351de0c395d1fa03865a40631b463d1a1d27657a27741fbb4ea7296f", kill_on_drop: false }`
[INFO] [stdout] 6248807e351de0c395d1fa03865a40631b463d1a1d27657a27741fbb4ea7296f
[INFO] running `Command { std: "docker" "create" "-v" "/var/lib/crater-agent-workspace/builds/worker-5-tc1/target:/opt/rustwide/target:rw,Z" "-v" "/var/lib/crater-agent-workspace/builds/worker-5-tc1/source:/opt/rustwide/workdir:ro,Z" "-v" "/var/lib/crater-agent-workspace/cargo-home:/opt/rustwide/cargo-home:ro,Z" "-v" "/var/lib/crater-agent-workspace/rustup-home:/opt/rustwide/rustup-home:ro,Z" "-e" "SOURCE_DIR=/opt/rustwide/workdir" "-e" "CARGO_TARGET_DIR=/opt/rustwide/target" "-e" "CARGO_INCREMENTAL=0" "-e" "RUST_BACKTRACE=full" "-e" "RUSTFLAGS=--cap-lints=warn" "-e" "RUSTDOCFLAGS=--cap-lints=warn" "-e" "CARGO_HOME=/opt/rustwide/cargo-home" "-e" "RUSTUP_HOME=/opt/rustwide/rustup-home" "-w" "/opt/rustwide/workdir" "-m" "1610612736" "--user" "0:0" "--network" "none" "ghcr.io/rust-lang/crates-build-env/linux@sha256:2788e3201cd34a07e3172128adcd8b3090168a8e3bcc40d7c032b9dda1df7d1c" "/opt/rustwide/cargo-home/bin/cargo" "+1.75.0" "test" "--frozen" "--no-run" "--message-format=json", kill_on_drop: false }`
[INFO] [stdout] 3ab394b2c44f7507e478d75943d4a6b914d30b1ad78ef71f7a636d703aa5a50e
[INFO] running `Command { std: "docker" "start" "-a" "3ab394b2c44f7507e478d75943d4a6b914d30b1ad78ef71f7a636d703aa5a50e", kill_on_drop: false }`
[INFO] [stderr]    Compiling layout21converters v3.0.0-pre.2 (/opt/rustwide/workdir)
[INFO] [stdout] warning: use of deprecated associated function `chrono::NaiveDateTime::from_timestamp`: use `from_timestamp_opt()` instead
[INFO] [stdout]    --> src/bin/proto2gds.rs:125:35
[INFO] [stdout]     |
[INFO] [stdout] 125 |         let date = NaiveDateTime::from_timestamp(0, 0);
[INFO] [stdout]     |                                   ^^^^^^^^^^^^^^
[INFO] [stdout]     |
[INFO] [stdout]     = note: `#[warn(deprecated)]` on by default
[INFO] [stdout] 
[INFO] [stdout] 
[INFO] [stdout] warning: 1 warning emitted
[INFO] [stdout] 
[INFO] [stdout] 
[INFO] [stderr]     Finished test [unoptimized + debuginfo] target(s) in 3.38s
[INFO] running `Command { std: "docker" "inspect" "3ab394b2c44f7507e478d75943d4a6b914d30b1ad78ef71f7a636d703aa5a50e", kill_on_drop: false }`
[INFO] running `Command { std: "docker" "rm" "-f" "3ab394b2c44f7507e478d75943d4a6b914d30b1ad78ef71f7a636d703aa5a50e", kill_on_drop: false }`
[INFO] [stdout] 3ab394b2c44f7507e478d75943d4a6b914d30b1ad78ef71f7a636d703aa5a50e
[INFO] running `Command { std: "docker" "create" "-v" "/var/lib/crater-agent-workspace/builds/worker-5-tc1/target:/opt/rustwide/target:rw,Z" "-v" "/var/lib/crater-agent-workspace/builds/worker-5-tc1/source:/opt/rustwide/workdir:ro,Z" "-v" "/var/lib/crater-agent-workspace/cargo-home:/opt/rustwide/cargo-home:ro,Z" "-v" "/var/lib/crater-agent-workspace/rustup-home:/opt/rustwide/rustup-home:ro,Z" "-e" "SOURCE_DIR=/opt/rustwide/workdir" "-e" "CARGO_TARGET_DIR=/opt/rustwide/target" "-e" "CARGO_INCREMENTAL=0" "-e" "RUST_BACKTRACE=full" "-e" "RUSTFLAGS=--cap-lints=warn" "-e" "RUSTDOCFLAGS=--cap-lints=warn" "-e" "CARGO_HOME=/opt/rustwide/cargo-home" "-e" "RUSTUP_HOME=/opt/rustwide/rustup-home" "-w" "/opt/rustwide/workdir" "-m" "1610612736" "--user" "0:0" "--network" "none" "ghcr.io/rust-lang/crates-build-env/linux@sha256:2788e3201cd34a07e3172128adcd8b3090168a8e3bcc40d7c032b9dda1df7d1c" "/opt/rustwide/cargo-home/bin/cargo" "+1.75.0" "test" "--frozen", kill_on_drop: false }`
[INFO] [stdout] 946a95c2c43f6110cd25ebdc8f0b68fdbebb9b1d820c18062f70e5d33641adeb
[INFO] running `Command { std: "docker" "start" "-a" "946a95c2c43f6110cd25ebdc8f0b68fdbebb9b1d820c18062f70e5d33641adeb", kill_on_drop: false }`
[INFO] [stderr] warning: use of deprecated associated function `chrono::NaiveDateTime::from_timestamp`: use `from_timestamp_opt()` instead
[INFO] [stderr]    --> src/bin/proto2gds.rs:125:35
[INFO] [stderr]     |
[INFO] [stderr] 125 |         let date = NaiveDateTime::from_timestamp(0, 0);
[INFO] [stderr]     |                                   ^^^^^^^^^^^^^^
[INFO] [stderr]     |
[INFO] [stderr]     = note: `#[warn(deprecated)]` on by default
[INFO] [stderr] 
[INFO] [stderr] warning: `layout21converters` (bin "proto2gds" test) generated 1 warning
[INFO] [stderr]     Finished test [unoptimized + debuginfo] target(s) in 0.08s
[INFO] [stderr]      Running unittests src/lib.rs (/opt/rustwide/target/debug/deps/layout21converters-2cb7bd5ca62aa42b)
[INFO] [stdout] 
[INFO] [stdout] running 3 tests
[INFO] [stdout] test gds_serialization::tests::golden_toml ... ignored
[INFO] [stdout] test gds_serialization::tests::golden_yaml ... FAILED
[INFO] [stdout] test gds_serialization::tests::golden_json ... FAILED
[INFO] [stdout] 
[INFO] [stdout] failures:
[INFO] [stdout] 
[INFO] [stdout] ---- gds_serialization::tests::golden_yaml stdout ----
[INFO] [stdout] thread 'gds_serialization::tests::golden_yaml' panicked at src/gds_serialization.rs:47:21:
[INFO] [stdout] Couldn't interpret GDS data: Boxed(Os { code: 2, kind: NotFound, message: "No such file or directory" })
[INFO] [stdout] stack backtrace:
[INFO] [stdout]    0:     0x55953fe3dc5c - std::backtrace_rs::backtrace::libunwind::trace::ha637c64ce894333a
[INFO] [stdout]                                at /rustc/82e1608dfa6e0b5569232559e3d385fea5a93112/library/std/src/../../backtrace/src/backtrace/libunwind.rs:104:5
[INFO] [stdout]    1:     0x55953fe3dc5c - std::backtrace_rs::backtrace::trace_unsynchronized::h47f62dea28e0c88d
[INFO] [stdout]                                at /rustc/82e1608dfa6e0b5569232559e3d385fea5a93112/library/std/src/../../backtrace/src/backtrace/mod.rs:66:5
[INFO] [stdout]    2:     0x55953fe3dc5c - std::sys_common::backtrace::_print_fmt::h9eef0abe20ede486
[INFO] [stdout]                                at /rustc/82e1608dfa6e0b5569232559e3d385fea5a93112/library/std/src/sys_common/backtrace.rs:67:5
[INFO] [stdout]    3:     0x55953fe3dc5c - <std::sys_common::backtrace::_print::DisplayBacktrace as core::fmt::Display>::fmt::hed7f999df88cc644
[INFO] [stdout]                                at /rustc/82e1608dfa6e0b5569232559e3d385fea5a93112/library/std/src/sys_common/backtrace.rs:44:22
[INFO] [stdout]    4:     0x55953fe68e00 - core::fmt::rt::Argument::fmt::h1539a9308b8d058d
[INFO] [stdout]                                at /rustc/82e1608dfa6e0b5569232559e3d385fea5a93112/library/core/src/fmt/rt.rs:142:9
[INFO] [stdout]    5:     0x55953fe68e00 - core::fmt::write::h3a39390d8560d9c9
[INFO] [stdout]                                at /rustc/82e1608dfa6e0b5569232559e3d385fea5a93112/library/core/src/fmt/mod.rs:1120:17
[INFO] [stdout]    6:     0x55953fe3b60f - std::io::Write::write_fmt::h040b369f3a0f9cbc
[INFO] [stdout]                                at /rustc/82e1608dfa6e0b5569232559e3d385fea5a93112/library/std/src/io/mod.rs:1762:15
[INFO] [stdout]    7:     0x55953fe3da44 - std::sys_common::backtrace::_print::h894006fb5c6f3d45
[INFO] [stdout]                                at /rustc/82e1608dfa6e0b5569232559e3d385fea5a93112/library/std/src/sys_common/backtrace.rs:47:5
[INFO] [stdout]    8:     0x55953fe3da44 - std::sys_common::backtrace::print::h23a2d212c6fff936
[INFO] [stdout]                                at /rustc/82e1608dfa6e0b5569232559e3d385fea5a93112/library/std/src/sys_common/backtrace.rs:34:9
[INFO] [stdout]    9:     0x55953fe3f707 - std::panicking::default_hook::{{closure}}::h8a1d2ee00185001a
[INFO] [stdout]   10:     0x55953fe3f3f3 - std::panicking::default_hook::h6038f2eba384e475
[INFO] [stdout]                                at /rustc/82e1608dfa6e0b5569232559e3d385fea5a93112/library/std/src/panicking.rs:289:9
[INFO] [stdout]   11:     0x55953fde4507 - <alloc::boxed::Box<F,A> as core::ops::function::Fn<Args>>::call::h0ad024c9bdc6d768
[INFO] [stdout]                                at /rustc/82e1608dfa6e0b5569232559e3d385fea5a93112/library/alloc/src/boxed.rs:2021:9
[INFO] [stdout]   12:     0x55953fde4507 - test::test_main::{{closure}}::h7500b54257359db6
[INFO] [stdout]                                at /rustc/82e1608dfa6e0b5569232559e3d385fea5a93112/library/test/src/lib.rs:138:21
[INFO] [stdout]   13:     0x55953fe3fd18 - <alloc::boxed::Box<F,A> as core::ops::function::Fn<Args>>::call::h1f8f335eaa9cfaee
[INFO] [stdout]                                at /rustc/82e1608dfa6e0b5569232559e3d385fea5a93112/library/alloc/src/boxed.rs:2021:9
[INFO] [stdout]   14:     0x55953fe3fd18 - std::panicking::rust_panic_with_hook::h2b5517d590cab22e
[INFO] [stdout]                                at /rustc/82e1608dfa6e0b5569232559e3d385fea5a93112/library/std/src/panicking.rs:783:13
[INFO] [stdout]   15:     0x55953fe3fa6e - std::panicking::begin_panic_handler::{{closure}}::h233112c06e0ef43e
[INFO] [stdout]                                at /rustc/82e1608dfa6e0b5569232559e3d385fea5a93112/library/std/src/panicking.rs:657:13
[INFO] [stdout]   16:     0x55953fe3e126 - std::sys_common::backtrace::__rust_end_short_backtrace::h6e893f24d7ebbff8
[INFO] [stdout]                                at /rustc/82e1608dfa6e0b5569232559e3d385fea5a93112/library/std/src/sys_common/backtrace.rs:170:18
[INFO] [stdout]   17:     0x55953fe3f7d2 - rust_begin_unwind
[INFO] [stdout]                                at /rustc/82e1608dfa6e0b5569232559e3d385fea5a93112/library/std/src/panicking.rs:645:5
[INFO] [stdout]   18:     0x55953fd51cf5 - core::panicking::panic_fmt::hbf0e066aabfa482c
[INFO] [stdout]                                at /rustc/82e1608dfa6e0b5569232559e3d385fea5a93112/library/core/src/panicking.rs:72:14
[INFO] [stdout]   19:     0x55953fd73c9b - layout21converters::gds_serialization::convert::h977ea07a4a7e93ac
[INFO] [stdout]                                at /opt/rustwide/workdir/src/gds_serialization.rs:47:21
[INFO] [stdout]   20:     0x55953fd7405e - layout21converters::gds_serialization::tests::test_fmt::h0750ae5e0c9bebec
[INFO] [stdout]                                at /opt/rustwide/workdir/src/gds_serialization.rs:94:22
[INFO] [stdout]   21:     0x55953fd744a2 - layout21converters::gds_serialization::tests::golden_yaml::h7ad090c36b944c0d
[INFO] [stdout]                                at /opt/rustwide/workdir/src/gds_serialization.rs:112:9
[INFO] [stdout]   22:     0x55953fd74477 - layout21converters::gds_serialization::tests::golden_yaml::{{closure}}::h222d6acf87358bae
[INFO] [stdout]                                at /opt/rustwide/workdir/src/gds_serialization.rs:111:21
[INFO] [stdout]   23:     0x55953fd690d6 - core::ops::function::FnOnce::call_once::h8fdd3de4c1777b8e
[INFO] [stdout]                                at /rustc/82e1608dfa6e0b5569232559e3d385fea5a93112/library/core/src/ops/function.rs:250:5
[INFO] [stdout]   24:     0x55953fde9b5f - core::ops::function::FnOnce::call_once::h2b5d431d5046312d
[INFO] [stdout]                                at /rustc/82e1608dfa6e0b5569232559e3d385fea5a93112/library/core/src/ops/function.rs:250:5
[INFO] [stdout]   25:     0x55953fde9b5f - test::__rust_begin_short_backtrace::h7714669af176e207
[INFO] [stdout]                                at /rustc/82e1608dfa6e0b5569232559e3d385fea5a93112/library/test/src/lib.rs:628:18
[INFO] [stdout]   26:     0x55953fde8b75 - test::run_test_in_process::{{closure}}::h85218797dcbcec12
[INFO] [stdout]                                at /rustc/82e1608dfa6e0b5569232559e3d385fea5a93112/library/test/src/lib.rs:651:60
[INFO] [stdout]   27:     0x55953fde8b75 - <core::panic::unwind_safe::AssertUnwindSafe<F> as core::ops::function::FnOnce<()>>::call_once::h76c106ea31c14d7b
[INFO] [stdout]                                at /rustc/82e1608dfa6e0b5569232559e3d385fea5a93112/library/core/src/panic/unwind_safe.rs:272:9
[INFO] [stdout]   28:     0x55953fde8b75 - std::panicking::try::do_call::h3bd5d0f6620ee946
[INFO] [stdout]                                at /rustc/82e1608dfa6e0b5569232559e3d385fea5a93112/library/std/src/panicking.rs:552:40
[INFO] [stdout]   29:     0x55953fde8b75 - std::panicking::try::h232e535e4744fe31
[INFO] [stdout]                                at /rustc/82e1608dfa6e0b5569232559e3d385fea5a93112/library/std/src/panicking.rs:516:19
[INFO] [stdout]   30:     0x55953fde8b75 - std::panic::catch_unwind::h3ce3bd6ca8dbac68
[INFO] [stdout]                                at /rustc/82e1608dfa6e0b5569232559e3d385fea5a93112/library/std/src/panic.rs:142:14
[INFO] [stdout]   31:     0x55953fde8b75 - test::run_test_in_process::hc97b257c9621286a
[INFO] [stdout]                                at /rustc/82e1608dfa6e0b5569232559e3d385fea5a93112/library/test/src/lib.rs:651:27
[INFO] [stdout]   32:     0x55953fde8b75 - test::run_test::{{closure}}::h2aa798823a438d38
[INFO] [stdout]                                at /rustc/82e1608dfa6e0b5569232559e3d385fea5a93112/library/test/src/lib.rs:574:43
[INFO] [stdout]   33:     0x55953fdb0e36 - test::run_test::{{closure}}::h87d231c78fb59832
[INFO] [stdout]                                at /rustc/82e1608dfa6e0b5569232559e3d385fea5a93112/library/test/src/lib.rs:602:41
[INFO] [stdout]   34:     0x55953fdb0e36 - std::sys_common::backtrace::__rust_begin_short_backtrace::he6df152596625789
[INFO] [stdout]                                at /rustc/82e1608dfa6e0b5569232559e3d385fea5a93112/library/std/src/sys_common/backtrace.rs:154:18
[INFO] [stdout]   35:     0x55953fdb5ee7 - std::thread::Builder::spawn_unchecked_::{{closure}}::{{closure}}::ha94be15d1e0acf36
[INFO] [stdout]                                at /rustc/82e1608dfa6e0b5569232559e3d385fea5a93112/library/std/src/thread/mod.rs:529:17
[INFO] [stdout]   36:     0x55953fdb5ee7 - <core::panic::unwind_safe::AssertUnwindSafe<F> as core::ops::function::FnOnce<()>>::call_once::h9dc6bd6372f16606
[INFO] [stdout]                                at /rustc/82e1608dfa6e0b5569232559e3d385fea5a93112/library/core/src/panic/unwind_safe.rs:272:9
[INFO] [stdout]   37:     0x55953fdb5ee7 - std::panicking::try::do_call::h9057517f80303cd4
[INFO] [stdout]                                at /rustc/82e1608dfa6e0b5569232559e3d385fea5a93112/library/std/src/panicking.rs:552:40
[INFO] [stdout]   38:     0x55953fdb5ee7 - std::panicking::try::he3a30b11ee45340c
[INFO] [stdout]                                at /rustc/82e1608dfa6e0b5569232559e3d385fea5a93112/library/std/src/panicking.rs:516:19
[INFO] [stdout]   39:     0x55953fdb5ee7 - std::panic::catch_unwind::h410458cfd3528b8b
[INFO] [stdout]                                at /rustc/82e1608dfa6e0b5569232559e3d385fea5a93112/library/std/src/panic.rs:142:14
[INFO] [stdout]   40:     0x55953fdb5ee7 - std::thread::Builder::spawn_unchecked_::{{closure}}::h72ac3bdb567b737b
[INFO] [stdout]                                at /rustc/82e1608dfa6e0b5569232559e3d385fea5a93112/library/std/src/thread/mod.rs:528:30
[INFO] [stdout]   41:     0x55953fdb5ee7 - core::ops::function::FnOnce::call_once{{vtable.shim}}::h38f34da3654a8344
[INFO] [stdout]                                at /rustc/82e1608dfa6e0b5569232559e3d385fea5a93112/library/core/src/ops/function.rs:250:5
[INFO] [stdout]   42:     0x55953fe447a5 - <alloc::boxed::Box<F,A> as core::ops::function::FnOnce<Args>>::call_once::hc7eafaff61e32df9
[INFO] [stdout]                                at /rustc/82e1608dfa6e0b5569232559e3d385fea5a93112/library/alloc/src/boxed.rs:2007:9
[INFO] [stdout]   43:     0x55953fe447a5 - <alloc::boxed::Box<F,A> as core::ops::function::FnOnce<Args>>::call_once::h6ba4a5de48dd2304
[INFO] [stdout]                                at /rustc/82e1608dfa6e0b5569232559e3d385fea5a93112/library/alloc/src/boxed.rs:2007:9
[INFO] [stdout]   44:     0x55953fe447a5 - std::sys::unix::thread::Thread::new::thread_start::he469335aef763e45
[INFO] [stdout]                                at /rustc/82e1608dfa6e0b5569232559e3d385fea5a93112/library/std/src/sys/unix/thread.rs:108:17
[INFO] [stdout]   45:     0x7f7d66b1aac3 - <unknown>
[INFO] [stdout]   46:     0x7f7d66babbf4 - __clone
[INFO] [stdout]   47:                0x0 - <unknown>
[INFO] [stdout] 
[INFO] [stdout] ---- gds_serialization::tests::golden_json stdout ----
[INFO] [stdout] thread 'gds_serialization::tests::golden_json' panicked at src/gds_serialization.rs:47:21:
[INFO] [stdout] Couldn't interpret GDS data: Boxed(Os { code: 2, kind: NotFound, message: "No such file or directory" })
[INFO] [stdout] stack backtrace:
[INFO] [stdout]    0:     0x55953fe3dc5c - std::backtrace_rs::backtrace::libunwind::trace::ha637c64ce894333a
[INFO] [stdout]                                at /rustc/82e1608dfa6e0b5569232559e3d385fea5a93112/library/std/src/../../backtrace/src/backtrace/libunwind.rs:104:5
[INFO] [stdout]    1:     0x55953fe3dc5c - std::backtrace_rs::backtrace::trace_unsynchronized::h47f62dea28e0c88d
[INFO] [stdout]                                at /rustc/82e1608dfa6e0b5569232559e3d385fea5a93112/library/std/src/../../backtrace/src/backtrace/mod.rs:66:5
[INFO] [stdout]    2:     0x55953fe3dc5c - std::sys_common::backtrace::_print_fmt::h9eef0abe20ede486
[INFO] [stdout]                                at /rustc/82e1608dfa6e0b5569232559e3d385fea5a93112/library/std/src/sys_common/backtrace.rs:67:5
[INFO] [stdout]    3:     0x55953fe3dc5c - <std::sys_common::backtrace::_print::DisplayBacktrace as core::fmt::Display>::fmt::hed7f999df88cc644
[INFO] [stdout]                                at /rustc/82e1608dfa6e0b5569232559e3d385fea5a93112/library/std/src/sys_common/backtrace.rs:44:22
[INFO] [stdout]    4:     0x55953fe68e00 - core::fmt::rt::Argument::fmt::h1539a9308b8d058d
[INFO] [stdout]                                at /rustc/82e1608dfa6e0b5569232559e3d385fea5a93112/library/core/src/fmt/rt.rs:142:9
[INFO] [stdout]    5:     0x55953fe68e00 - core::fmt::write::h3a39390d8560d9c9
[INFO] [stdout]                                at /rustc/82e1608dfa6e0b5569232559e3d385fea5a93112/library/core/src/fmt/mod.rs:1120:17
[INFO] [stdout]    6:     0x55953fe3b60f - std::io::Write::write_fmt::h040b369f3a0f9cbc
[INFO] [stdout]                                at /rustc/82e1608dfa6e0b5569232559e3d385fea5a93112/library/std/src/io/mod.rs:1762:15
[INFO] [stdout]    7:     0x55953fe3da44 - std::sys_common::backtrace::_print::h894006fb5c6f3d45
[INFO] [stdout]                                at /rustc/82e1608dfa6e0b5569232559e3d385fea5a93112/library/std/src/sys_common/backtrace.rs:47:5
[INFO] [stdout]    8:     0x55953fe3da44 - std::sys_common::backtrace::print::h23a2d212c6fff936
[INFO] [stdout]                                at /rustc/82e1608dfa6e0b5569232559e3d385fea5a93112/library/std/src/sys_common/backtrace.rs:34:9
[INFO] [stdout]    9:     0x55953fe3f707 - std::panicking::default_hook::{{closure}}::h8a1d2ee00185001a
[INFO] [stdout]   10:     0x55953fe3f3f3 - std::panicking::default_hook::h6038f2eba384e475
[INFO] [stdout]                                at /rustc/82e1608dfa6e0b5569232559e3d385fea5a93112/library/std/src/panicking.rs:289:9
[INFO] [stdout]   11:     0x55953fde4507 - <alloc::boxed::Box<F,A> as core::ops::function::Fn<Args>>::call::h0ad024c9bdc6d768
[INFO] [stdout]                                at /rustc/82e1608dfa6e0b5569232559e3d385fea5a93112/library/alloc/src/boxed.rs:2021:9
[INFO] [stdout]   12:     0x55953fde4507 - test::test_main::{{closure}}::h7500b54257359db6
[INFO] [stdout]                                at /rustc/82e1608dfa6e0b5569232559e3d385fea5a93112/library/test/src/lib.rs:138:21
[INFO] [stdout]   13:     0x55953fe3fd18 - <alloc::boxed::Box<F,A> as core::ops::function::Fn<Args>>::call::h1f8f335eaa9cfaee
[INFO] [stdout]                                at /rustc/82e1608dfa6e0b5569232559e3d385fea5a93112/library/alloc/src/boxed.rs:2021:9
[INFO] [stdout]   14:     0x55953fe3fd18 - std::panicking::rust_panic_with_hook::h2b5517d590cab22e
[INFO] [stdout]                                at /rustc/82e1608dfa6e0b5569232559e3d385fea5a93112/library/std/src/panicking.rs:783:13
[INFO] [stdout]   15:     0x55953fe3fa6e - std::panicking::begin_panic_handler::{{closure}}::h233112c06e0ef43e
[INFO] [stdout]                                at /rustc/82e1608dfa6e0b5569232559e3d385fea5a93112/library/std/src/panicking.rs:657:13
[INFO] [stdout]   16:     0x55953fe3e126 - std::sys_common::backtrace::__rust_end_short_backtrace::h6e893f24d7ebbff8
[INFO] [stdout]                                at /rustc/82e1608dfa6e0b5569232559e3d385fea5a93112/library/std/src/sys_common/backtrace.rs:170:18
[INFO] [stdout]   17:     0x55953fe3f7d2 - rust_begin_unwind
[INFO] [stdout]                                at /rustc/82e1608dfa6e0b5569232559e3d385fea5a93112/library/std/src/panicking.rs:645:5
[INFO] [stdout]   18:     0x55953fd51cf5 - core::panicking::panic_fmt::hbf0e066aabfa482c
[INFO] [stdout]                                at /rustc/82e1608dfa6e0b5569232559e3d385fea5a93112/library/core/src/panicking.rs:72:14
[INFO] [stdout]   19:     0x55953fd73c9b - layout21converters::gds_serialization::convert::h977ea07a4a7e93ac
[INFO] [stdout]                                at /opt/rustwide/workdir/src/gds_serialization.rs:47:21
[INFO] [stdout]   20:     0x55953fd7405e - layout21converters::gds_serialization::tests::test_fmt::h0750ae5e0c9bebec
[INFO] [stdout]                                at /opt/rustwide/workdir/src/gds_serialization.rs:94:22
[INFO] [stdout]   21:     0x55953fd74452 - layout21converters::gds_serialization::tests::golden_json::hfc6ffc3e5bea2cc6
[INFO] [stdout]                                at /opt/rustwide/workdir/src/gds_serialization.rs:108:9
[INFO] [stdout]   22:     0x55953fd74427 - layout21converters::gds_serialization::tests::golden_json::{{closure}}::he6754128e40a67fd
[INFO] [stdout]                                at /opt/rustwide/workdir/src/gds_serialization.rs:107:21
[INFO] [stdout]   23:     0x55953fd69096 - core::ops::function::FnOnce::call_once::h8e9901c1e3aec2d9
[INFO] [stdout]                                at /rustc/82e1608dfa6e0b5569232559e3d385fea5a93112/library/core/src/ops/function.rs:250:5
[INFO] [stdout]   24:     0x55953fde9b5f - core::ops::function::FnOnce::call_once::h2b5d431d5046312d
[INFO] [stdout]                                at /rustc/82e1608dfa6e0b5569232559e3d385fea5a93112/library/core/src/ops/function.rs:250:5
[INFO] [stdout]   25:     0x55953fde9b5f - test::__rust_begin_short_backtrace::h7714669af176e207
[INFO] [stdout]                                at /rustc/82e1608dfa6e0b5569232559e3d385fea5a93112/library/test/src/lib.rs:628:18
[INFO] [stdout]   26:     0x55953fde8b75 - test::run_test_in_process::{{closure}}::h85218797dcbcec12
[INFO] [stdout]                                at /rustc/82e1608dfa6e0b5569232559e3d385fea5a93112/library/test/src/lib.rs:651:60
[INFO] [stdout]   27:     0x55953fde8b75 - <core::panic::unwind_safe::AssertUnwindSafe<F> as core::ops::function::FnOnce<()>>::call_once::h76c106ea31c14d7b
[INFO] [stdout]                                at /rustc/82e1608dfa6e0b5569232559e3d385fea5a93112/library/core/src/panic/unwind_safe.rs:272:9
[INFO] [stdout]   28:     0x55953fde8b75 - std::panicking::try::do_call::h3bd5d0f6620ee946
[INFO] [stdout]                                at /rustc/82e1608dfa6e0b5569232559e3d385fea5a93112/library/std/src/panicking.rs:552:40
[INFO] [stdout]   29:     0x55953fde8b75 - std::panicking::try::h232e535e4744fe31
[INFO] [stdout]                                at /rustc/82e1608dfa6e0b5569232559e3d385fea5a93112/library/std/src/panicking.rs:516:19
[INFO] [stdout]   30:     0x55953fde8b75 - std::panic::catch_unwind::h3ce3bd6ca8dbac68
[INFO] [stdout]                                at /rustc/82e1608dfa6e0b5569232559e3d385fea5a93112/library/std/src/panic.rs:142:14
[INFO] [stdout]   31:     0x55953fde8b75 - test::run_test_in_process::hc97b257c9621286a
[INFO] [stdout]                                at /rustc/82e1608dfa6e0b5569232559e3d385fea5a93112/library/test/src/lib.rs:651:27
[INFO] [stdout]   32:     0x55953fde8b75 - test::run_test::{{closure}}::h2aa798823a438d38
[INFO] [stdout]                                at /rustc/82e1608dfa6e0b5569232559e3d385fea5a93112/library/test/src/lib.rs:574:43
[INFO] [stdout]   33:     0x55953fdb0e36 - test::run_test::{{closure}}::h87d231c78fb59832
[INFO] [stdout]                                at /rustc/82e1608dfa6e0b5569232559e3d385fea5a93112/library/test/src/lib.rs:602:41
[INFO] [stdout]   34:     0x55953fdb0e36 - std::sys_common::backtrace::__rust_begin_short_backtrace::he6df152596625789
[INFO] [stdout]                                at /rustc/82e1608dfa6e0b5569232559e3d385fea5a93112/library/std/src/sys_common/backtrace.rs:154:18
[INFO] [stdout]   35:     0x55953fdb5ee7 - std::thread::Builder::spawn_unchecked_::{{closure}}::{{closure}}::ha94be15d1e0acf36
[INFO] [stdout]                                at /rustc/82e1608dfa6e0b5569232559e3d385fea5a93112/library/std/src/thread/mod.rs:529:17
[INFO] [stdout]   36:     0x55953fdb5ee7 - <core::panic::unwind_safe::AssertUnwindSafe<F> as core::ops::function::FnOnce<()>>::call_once::h9dc6bd6372f16606
[INFO] [stdout]                                at /rustc/82e1608dfa6e0b5569232559e3d385fea5a93112/library/core/src/panic/unwind_safe.rs:272:9
[INFO] [stdout]   37:     0x55953fdb5ee7 - std::panicking::try::do_call::h9057517f80303cd4
[INFO] [stdout]                                at /rustc/82e1608dfa6e0b5569232559e3d385fea5a93112/library/std/src/panicking.rs:552:40
[INFO] [stdout]   38:     0x55953fdb5ee7 - std::panicking::try::he3a30b11ee45340c
[INFO] [stdout]                                at /rustc/82e1608dfa6e0b5569232559e3d385fea5a93112/library/std/src/panicking.rs:516:19
[INFO] [stdout]   39:     0x55953fdb5ee7 - std::panic::catch_unwind::h410458cfd3528b8b
[INFO] [stdout]                                at /rustc/82e1608dfa6e0b5569232559e3d385fea5a93112/library/std/src/panic.rs:142:14
[INFO] [stdout]   40:     0x55953fdb5ee7 - std::thread::Builder::spawn_unchecked_::{{closure}}::h72ac3bdb567b737b
[INFO] [stdout]                                at /rustc/82e1608dfa6e0b5569232559e3d385fea5a93112/library/std/src/thread/mod.rs:528:30
[INFO] [stdout]   41:     0x55953fdb5ee7 - core::ops::function::FnOnce::call_once{{vtable.shim}}::h38f34da3654a8344
[INFO] [stdout]                                at /rustc/82e1608dfa6e0b5569232559e3d385fea5a93112/library/core/src/ops/function.rs:250:5
[INFO] [stdout]   42:     0x55953fe447a5 - <alloc::boxed::Box<F,A> as core::ops::function::FnOnce<Args>>::call_once::hc7eafaff61e32df9
[INFO] [stdout]                                at /rustc/82e1608dfa6e0b5569232559e3d385fea5a93112/library/alloc/src/boxed.rs:2007:9
[INFO] [stdout]   43:     0x55953fe447a5 - <alloc::boxed::Box<F,A> as core::ops::function::FnOnce<Args>>::call_once::h6ba4a5de48dd2304
[INFO] [stdout]                                at /rustc/82e1608dfa6e0b5569232559e3d385fea5a93112/library/alloc/src/boxed.rs:2007:9
[INFO] [stdout]   44:     0x55953fe447a5 - std::sys::unix::thread::Thread::new::thread_start::he469335aef763e45
[INFO] [stdout]                                at /rustc/82e1608dfa6e0b5569232559e3d385fea5a93112/library/std/src/sys/unix/thread.rs:108:17
[INFO] [stdout]   45:     0x7f7d66b1aac3 - <unknown>
[INFO] [stdout]   46:     0x7f7d66babbf4 - __clone
[INFO] [stdout]   47:                0x0 - <unknown>
[INFO] [stdout] 
[INFO] [stdout] 
[INFO] [stdout] failures:
[INFO] [stdout]     gds_serialization::tests::golden_json
[INFO] [stdout]     gds_serialization::tests::golden_yaml
[INFO] [stdout] 
[INFO] [stdout] test result: FAILED. 0 passed; 2 failed; 1 ignored; 0 measured; 0 filtered out; finished in 0.02s
[INFO] [stdout] 
[INFO] [stderr] error: test failed, to rerun pass `--lib`
[INFO] running `Command { std: "docker" "inspect" "946a95c2c43f6110cd25ebdc8f0b68fdbebb9b1d820c18062f70e5d33641adeb", kill_on_drop: false }`
[INFO] running `Command { std: "docker" "rm" "-f" "946a95c2c43f6110cd25ebdc8f0b68fdbebb9b1d820c18062f70e5d33641adeb", kill_on_drop: false }`
[INFO] [stdout] 946a95c2c43f6110cd25ebdc8f0b68fdbebb9b1d820c18062f70e5d33641adeb
[INFO] testing layout21converters-3.0.0-pre.2 against beta-2023-12-22 for beta-1.76-1
[INFO] extracting crate layout21converters 3.0.0-pre.2 into /workspace/builds/worker-5-tc2/source
[INFO] validating manifest of crates.io crate layout21converters 3.0.0-pre.2 on toolchain beta-2023-12-22
[INFO] running `Command { std: CARGO_HOME="/workspace/cargo-home" RUSTUP_HOME="/workspace/rustup-home" "/workspace/cargo-home/bin/cargo" "+beta-2023-12-22" "metadata" "--manifest-path" "Cargo.toml" "--no-deps", kill_on_drop: false }`
[INFO] started tweaking crates.io crate layout21converters 3.0.0-pre.2
[INFO] finished tweaking crates.io crate layout21converters 3.0.0-pre.2
[INFO] tweaked toml for crates.io crate layout21converters 3.0.0-pre.2 written to /workspace/builds/worker-5-tc2/source/Cargo.toml
[INFO] crate crates.io crate layout21converters 3.0.0-pre.2 already has a lockfile, it will not be regenerated
[INFO] running `Command { std: CARGO_HOME="/workspace/cargo-home" RUSTUP_HOME="/workspace/rustup-home" "/workspace/cargo-home/bin/cargo" "+beta-2023-12-22" "fetch" "--manifest-path" "Cargo.toml", kill_on_drop: false }`
[INFO] running `Command { std: "docker" "create" "-v" "/var/lib/crater-agent-workspace/builds/worker-5-tc2/target:/opt/rustwide/target:rw,Z" "-v" "/var/lib/crater-agent-workspace/builds/worker-5-tc2/source:/opt/rustwide/workdir:ro,Z" "-v" "/var/lib/crater-agent-workspace/cargo-home:/opt/rustwide/cargo-home:ro,Z" "-v" "/var/lib/crater-agent-workspace/rustup-home:/opt/rustwide/rustup-home:ro,Z" "-e" "SOURCE_DIR=/opt/rustwide/workdir" "-e" "CARGO_TARGET_DIR=/opt/rustwide/target" "-e" "CARGO_HOME=/opt/rustwide/cargo-home" "-e" "RUSTUP_HOME=/opt/rustwide/rustup-home" "-w" "/opt/rustwide/workdir" "-m" "1610612736" "--user" "0:0" "--network" "none" "ghcr.io/rust-lang/crates-build-env/linux@sha256:2788e3201cd34a07e3172128adcd8b3090168a8e3bcc40d7c032b9dda1df7d1c" "/opt/rustwide/cargo-home/bin/cargo" "+beta-2023-12-22" "metadata" "--no-deps" "--format-version=1", kill_on_drop: false }`
[INFO] [stdout] efa9f7153cf548226e08a43e048d34fd585329cd9e6dddcd610cd6ad2945ef51
[INFO] running `Command { std: "docker" "start" "-a" "efa9f7153cf548226e08a43e048d34fd585329cd9e6dddcd610cd6ad2945ef51", kill_on_drop: false }`
[INFO] running `Command { std: "docker" "inspect" "efa9f7153cf548226e08a43e048d34fd585329cd9e6dddcd610cd6ad2945ef51", kill_on_drop: false }`
[INFO] running `Command { std: "docker" "rm" "-f" "efa9f7153cf548226e08a43e048d34fd585329cd9e6dddcd610cd6ad2945ef51", kill_on_drop: false }`
[INFO] [stdout] efa9f7153cf548226e08a43e048d34fd585329cd9e6dddcd610cd6ad2945ef51
[INFO] running `Command { std: "docker" "create" "-v" "/var/lib/crater-agent-workspace/builds/worker-5-tc2/target:/opt/rustwide/target:rw,Z" "-v" "/var/lib/crater-agent-workspace/builds/worker-5-tc2/source:/opt/rustwide/workdir:ro,Z" "-v" "/var/lib/crater-agent-workspace/cargo-home:/opt/rustwide/cargo-home:ro,Z" "-v" "/var/lib/crater-agent-workspace/rustup-home:/opt/rustwide/rustup-home:ro,Z" "-e" "SOURCE_DIR=/opt/rustwide/workdir" "-e" "CARGO_TARGET_DIR=/opt/rustwide/target" "-e" "CARGO_INCREMENTAL=0" "-e" "RUST_BACKTRACE=full" "-e" "RUSTFLAGS=--cap-lints=warn" "-e" "RUSTDOCFLAGS=--cap-lints=warn" "-e" "CARGO_HOME=/opt/rustwide/cargo-home" "-e" "RUSTUP_HOME=/opt/rustwide/rustup-home" "-w" "/opt/rustwide/workdir" "-m" "1610612736" "--user" "0:0" "--network" "none" "ghcr.io/rust-lang/crates-build-env/linux@sha256:2788e3201cd34a07e3172128adcd8b3090168a8e3bcc40d7c032b9dda1df7d1c" "/opt/rustwide/cargo-home/bin/cargo" "+beta-2023-12-22" "build" "--frozen" "--message-format=json", kill_on_drop: false }`
[INFO] [stdout] 5ef507b7595b2d3380aba859512cd780c77cf29e6fa8a6bf8c6c4b151aff6815
[INFO] running `Command { std: "docker" "start" "-a" "5ef507b7595b2d3380aba859512cd780c77cf29e6fa8a6bf8c6c4b151aff6815", kill_on_drop: false }`
[INFO] [stderr]    Compiling proc-macro2 v1.0.49
[INFO] [stderr]    Compiling quote v1.0.23
[INFO] [stderr]    Compiling unicode-ident v1.0.6
[INFO] [stderr]    Compiling syn v1.0.107
[INFO] [stderr]    Compiling libc v0.2.139
[INFO] [stderr]    Compiling once_cell v1.17.0
[INFO] [stderr]    Compiling serde_derive v1.0.152
[INFO] [stderr]    Compiling serde v1.0.152
[INFO] [stderr]    Compiling either v1.8.0
[INFO] [stderr]    Compiling anyhow v1.0.68
[INFO] [stderr]    Compiling regex-syntax v0.6.28
[INFO] [stderr]    Compiling strsim v0.9.3
[INFO] [stderr]    Compiling ahash v0.7.6
[INFO] [stderr]    Compiling indexmap v1.9.2
[INFO] [stderr]    Compiling memchr v2.5.0
[INFO] [stderr]    Compiling fnv v1.0.7
[INFO] [stderr]    Compiling bytes v0.5.6
[INFO] [stderr]    Compiling log v0.4.17
[INFO] [stderr]    Compiling itertools v0.8.2
[INFO] [stderr]    Compiling ryu v1.0.12
[INFO] [stderr]    Compiling rust_decimal v1.27.0
[INFO] [stderr]    Compiling remove_dir_all v0.5.3
[INFO] [stderr]    Compiling unicode-segmentation v1.10.0
[INFO] [stderr]    Compiling fastrand v1.8.0
[INFO] [stderr]    Compiling fixedbitset v0.2.0
[INFO] [stderr]    Compiling serde_json v1.0.91
[INFO] [stderr]    Compiling itoa v1.0.5
[INFO] [stderr]    Compiling arrayvec v0.7.2
[INFO] [stderr]    Compiling schemars v0.8.11
[INFO] [stderr]    Compiling aho-corasick v0.7.20
[INFO] [stderr]    Compiling proc-macro-hack v0.5.20+deprecated
[INFO] [stderr]    Compiling itertools v0.10.5
[INFO] [stderr]    Compiling num-integer v0.1.45
[INFO] [stderr]    Compiling derive_builder v0.9.0
[INFO] [stderr]    Compiling smawk v0.3.1
[INFO] [stderr]    Compiling heck v0.3.3
[INFO] [stderr]    Compiling unicode-width v0.1.10
[INFO] [stderr]    Compiling io-lifetimes v1.0.3
[INFO] [stderr]    Compiling dyn-clone v1.0.10
[INFO] [stderr]    Compiling rustix v0.36.6
[INFO] [stderr]    Compiling bytes v1.3.0
[INFO] [stderr]    Compiling by_address v1.1.0
[INFO] [stderr]    Compiling slotmap v1.0.6
[INFO] [stderr]    Compiling linux-raw-sys v0.1.4
[INFO] [stderr]    Compiling iana-time-zone v0.1.53
[INFO] [stderr]    Compiling proc-macro-error-attr v1.0.4
[INFO] [stderr]    Compiling getrandom v0.2.8
[INFO] [stderr]    Compiling which v3.1.1
[INFO] [stderr]    Compiling tempfile v3.3.0
[INFO] [stderr]    Compiling time v0.1.45
[INFO] [stderr]    Compiling regex v1.7.1
[INFO] [stderr]    Compiling prost-build v0.6.1
[INFO] [stderr]    Compiling hashbrown v0.12.3
[INFO] [stderr]    Compiling petgraph v0.5.1
[INFO] [stderr]    Compiling is-terminal v0.4.2
[INFO] [stderr]    Compiling unicode-linebreak v0.1.4
[INFO] [stderr]    Compiling darling_core v0.10.2
[INFO] [stderr]    Compiling serde_derive_internals v0.26.0
[INFO] [stderr]    Compiling proc-macro-error v1.0.4
[INFO] [stderr]    Compiling textwrap v0.14.2
[INFO] [stderr]    Compiling prost-derive v0.6.1
[INFO] [stderr]    Compiling schemars_derive v0.8.11
[INFO] [stderr]    Compiling prost-derive v0.8.0
[INFO] [stderr]    Compiling fstrings-proc-macro v0.2.3
[INFO] [stderr]    Compiling derive_more v0.99.17
[INFO] [stderr]    Compiling num-derive v0.3.3
[INFO] [stderr]    Compiling enum_dispatch v0.3.10
[INFO] [stderr]    Compiling clap_derive v4.0.21
[INFO] [stderr]    Compiling darling_macro v0.10.2
[INFO] [stderr]    Compiling fstrings v0.2.3
[INFO] [stderr]    Compiling darling v0.10.2
[INFO] [stderr]    Compiling derive_builder_core v0.9.0
[INFO] [stderr]    Compiling prost v0.6.1
[INFO] [stderr]    Compiling prost v0.8.0
[INFO] [stderr]    Compiling clap v4.0.32
[INFO] [stderr]    Compiling prost-types v0.6.1
[INFO] [stderr]    Compiling vlsir v3.0.0-pre.2
[INFO] [stderr]    Compiling toml v0.5.10
[INFO] [stderr]    Compiling serde_yaml v0.8.26
[INFO] [stderr]    Compiling chrono v0.4.23
[INFO] [stderr]    Compiling layout21utils v3.0.0-pre.2
[INFO] [stderr]    Compiling lef21 v3.0.0-pre.2
[INFO] [stderr]    Compiling gds21 v3.0.0-pre.2
[INFO] [stderr]    Compiling layout21protos v3.0.0-pre.2
[INFO] [stderr]    Compiling layout21raw v3.0.0-pre.2
[INFO] [stderr]    Compiling layout21converters v3.0.0-pre.2 (/opt/rustwide/workdir)
[INFO] [stderr]     Finished dev [unoptimized + debuginfo] target(s) in 14.58s
[INFO] running `Command { std: "docker" "inspect" "5ef507b7595b2d3380aba859512cd780c77cf29e6fa8a6bf8c6c4b151aff6815", kill_on_drop: false }`
[INFO] running `Command { std: "docker" "rm" "-f" "5ef507b7595b2d3380aba859512cd780c77cf29e6fa8a6bf8c6c4b151aff6815", kill_on_drop: false }`
[INFO] [stdout] 5ef507b7595b2d3380aba859512cd780c77cf29e6fa8a6bf8c6c4b151aff6815
[INFO] running `Command { std: "docker" "create" "-v" "/var/lib/crater-agent-workspace/builds/worker-5-tc2/target:/opt/rustwide/target:rw,Z" "-v" "/var/lib/crater-agent-workspace/builds/worker-5-tc2/source:/opt/rustwide/workdir:ro,Z" "-v" "/var/lib/crater-agent-workspace/cargo-home:/opt/rustwide/cargo-home:ro,Z" "-v" "/var/lib/crater-agent-workspace/rustup-home:/opt/rustwide/rustup-home:ro,Z" "-e" "SOURCE_DIR=/opt/rustwide/workdir" "-e" "CARGO_TARGET_DIR=/opt/rustwide/target" "-e" "CARGO_INCREMENTAL=0" "-e" "RUST_BACKTRACE=full" "-e" "RUSTFLAGS=--cap-lints=warn" "-e" "RUSTDOCFLAGS=--cap-lints=warn" "-e" "CARGO_HOME=/opt/rustwide/cargo-home" "-e" "RUSTUP_HOME=/opt/rustwide/rustup-home" "-w" "/opt/rustwide/workdir" "-m" "1610612736" "--user" "0:0" "--network" "none" "ghcr.io/rust-lang/crates-build-env/linux@sha256:2788e3201cd34a07e3172128adcd8b3090168a8e3bcc40d7c032b9dda1df7d1c" "/opt/rustwide/cargo-home/bin/cargo" "+beta-2023-12-22" "test" "--frozen" "--no-run" "--message-format=json", kill_on_drop: false }`
[INFO] [stdout] face0844710e76c576f3138c14f05bdaaa969e851290630a8ad9a7f08cee8206
[INFO] running `Command { std: "docker" "start" "-a" "face0844710e76c576f3138c14f05bdaaa969e851290630a8ad9a7f08cee8206", kill_on_drop: false }`
[INFO] [stderr]    Compiling layout21converters v3.0.0-pre.2 (/opt/rustwide/workdir)
[INFO] [stdout] warning: use of deprecated associated function `chrono::NaiveDateTime::from_timestamp`: use `from_timestamp_opt()` instead
[INFO] [stdout]    --> src/bin/proto2gds.rs:125:35
[INFO] [stdout]     |
[INFO] [stdout] 125 |         let date = NaiveDateTime::from_timestamp(0, 0);
[INFO] [stdout]     |                                   ^^^^^^^^^^^^^^
[INFO] [stdout]     |
[INFO] [stdout]     = note: `#[warn(deprecated)]` on by default
[INFO] [stdout] 
[INFO] [stdout] 
[INFO] [stdout] warning: 1 warning emitted
[INFO] [stdout] 
[INFO] [stdout] 
[INFO] [stderr]     Finished test [unoptimized + debuginfo] target(s) in 3.39s
[INFO] running `Command { std: "docker" "inspect" "face0844710e76c576f3138c14f05bdaaa969e851290630a8ad9a7f08cee8206", kill_on_drop: false }`
[INFO] running `Command { std: "docker" "rm" "-f" "face0844710e76c576f3138c14f05bdaaa969e851290630a8ad9a7f08cee8206", kill_on_drop: false }`
[INFO] [stdout] face0844710e76c576f3138c14f05bdaaa969e851290630a8ad9a7f08cee8206
[INFO] running `Command { std: "docker" "create" "-v" "/var/lib/crater-agent-workspace/builds/worker-5-tc2/target:/opt/rustwide/target:rw,Z" "-v" "/var/lib/crater-agent-workspace/builds/worker-5-tc2/source:/opt/rustwide/workdir:ro,Z" "-v" "/var/lib/crater-agent-workspace/cargo-home:/opt/rustwide/cargo-home:ro,Z" "-v" "/var/lib/crater-agent-workspace/rustup-home:/opt/rustwide/rustup-home:ro,Z" "-e" "SOURCE_DIR=/opt/rustwide/workdir" "-e" "CARGO_TARGET_DIR=/opt/rustwide/target" "-e" "CARGO_INCREMENTAL=0" "-e" "RUST_BACKTRACE=full" "-e" "RUSTFLAGS=--cap-lints=warn" "-e" "RUSTDOCFLAGS=--cap-lints=warn" "-e" "CARGO_HOME=/opt/rustwide/cargo-home" "-e" "RUSTUP_HOME=/opt/rustwide/rustup-home" "-w" "/opt/rustwide/workdir" "-m" "1610612736" "--user" "0:0" "--network" "none" "ghcr.io/rust-lang/crates-build-env/linux@sha256:2788e3201cd34a07e3172128adcd8b3090168a8e3bcc40d7c032b9dda1df7d1c" "/opt/rustwide/cargo-home/bin/cargo" "+beta-2023-12-22" "test" "--frozen", kill_on_drop: false }`
[INFO] [stdout] 175ffdaeee126e53879c6030ed472e7001116ba66bf09332f35cc18af34bd293
[INFO] running `Command { std: "docker" "start" "-a" "175ffdaeee126e53879c6030ed472e7001116ba66bf09332f35cc18af34bd293", kill_on_drop: false }`
[INFO] [stderr] warning: use of deprecated associated function `chrono::NaiveDateTime::from_timestamp`: use `from_timestamp_opt()` instead
[INFO] [stderr]    --> src/bin/proto2gds.rs:125:35
[INFO] [stderr]     |
[INFO] [stderr] 125 |         let date = NaiveDateTime::from_timestamp(0, 0);
[INFO] [stderr]     |                                   ^^^^^^^^^^^^^^
[INFO] [stderr]     |
[INFO] [stderr]     = note: `#[warn(deprecated)]` on by default
[INFO] [stderr] 
[INFO] [stderr] warning: `layout21converters` (bin "proto2gds" test) generated 1 warning
[INFO] [stderr]     Finished test [unoptimized + debuginfo] target(s) in 0.08s
[INFO] [stderr]      Running unittests src/lib.rs (/opt/rustwide/target/debug/deps/layout21converters-7cb0a82e7f81c20a)
[INFO] [stdout] 
[INFO] [stdout] running 3 tests
[INFO] [stdout] test gds_serialization::tests::golden_toml ... ignored
[INFO] [stdout] test gds_serialization::tests::golden_yaml ... FAILED
[INFO] [stdout] test gds_serialization::tests::golden_json ... FAILED
[INFO] [stdout] 
[INFO] [stdout] failures:
[INFO] [stdout] 
[INFO] [stdout] ---- gds_serialization::tests::golden_yaml stdout ----
[INFO] [stdout] thread 'gds_serialization::tests::golden_yaml' panicked at src/gds_serialization.rs:47:21:
[INFO] [stdout] Couldn't interpret GDS data: Boxed(Os { code: 2, kind: NotFound, message: "No such file or directory" })
[INFO] [stdout] stack backtrace:
[INFO] [stdout]    0:     0x5605617aa7d6 - std::backtrace_rs::backtrace::libunwind::trace::h261606ad26a499c1
[INFO] [stdout]                                at /rustc/0e09125c6c3c2fd70d7de961bcf0e51575235fad/library/std/src/../../backtrace/src/backtrace/libunwind.rs:104:5
[INFO] [stdout]    1:     0x5605617aa7d6 - std::backtrace_rs::backtrace::trace_unsynchronized::hd183f0625477fb28
[INFO] [stdout]                                at /rustc/0e09125c6c3c2fd70d7de961bcf0e51575235fad/library/std/src/../../backtrace/src/backtrace/mod.rs:66:5
[INFO] [stdout]    2:     0x5605617aa7d6 - std::sys_common::backtrace::_print_fmt::hd7f8fef21b4eda67
[INFO] [stdout]                                at /rustc/0e09125c6c3c2fd70d7de961bcf0e51575235fad/library/std/src/sys_common/backtrace.rs:68:5
[INFO] [stdout]    3:     0x5605617aa7d6 - <std::sys_common::backtrace::_print::DisplayBacktrace as core::fmt::Display>::fmt::h623d9b51f2f453f1
[INFO] [stdout]                                at /rustc/0e09125c6c3c2fd70d7de961bcf0e51575235fad/library/std/src/sys_common/backtrace.rs:44:22
[INFO] [stdout]    4:     0x5605617d4c60 - core::fmt::rt::Argument::fmt::h9f417ac76a86f368
[INFO] [stdout]                                at /rustc/0e09125c6c3c2fd70d7de961bcf0e51575235fad/library/core/src/fmt/rt.rs:142:9
[INFO] [stdout]    5:     0x5605617d4c60 - core::fmt::write::hc9b6faf4ac2aeff7
[INFO] [stdout]                                at /rustc/0e09125c6c3c2fd70d7de961bcf0e51575235fad/library/core/src/fmt/mod.rs:1120:17
[INFO] [stdout]    6:     0x5605617a823f - std::io::Write::write_fmt::he04625a3a989fec3
[INFO] [stdout]                                at /rustc/0e09125c6c3c2fd70d7de961bcf0e51575235fad/library/std/src/io/mod.rs:1810:15
[INFO] [stdout]    7:     0x5605617aa5b4 - std::sys_common::backtrace::_print::hd5d66399c7df88a2
[INFO] [stdout]                                at /rustc/0e09125c6c3c2fd70d7de961bcf0e51575235fad/library/std/src/sys_common/backtrace.rs:47:5
[INFO] [stdout]    8:     0x5605617aa5b4 - std::sys_common::backtrace::print::he81ed2da642d37e5
[INFO] [stdout]                                at /rustc/0e09125c6c3c2fd70d7de961bcf0e51575235fad/library/std/src/sys_common/backtrace.rs:34:9
[INFO] [stdout]    9:     0x5605617ac327 - std::panicking::default_hook::{{closure}}::h85773f4fa117163d
[INFO] [stdout]   10:     0x5605617ac00d - std::panicking::default_hook::h6a1694a91d09b278
[INFO] [stdout]                                at /rustc/0e09125c6c3c2fd70d7de961bcf0e51575235fad/library/std/src/panicking.rs:289:9
[INFO] [stdout]   11:     0x560561751677 - <alloc::boxed::Box<F,A> as core::ops::function::Fn<Args>>::call::h616ac37fa3cd6c8f
[INFO] [stdout]                                at /rustc/0e09125c6c3c2fd70d7de961bcf0e51575235fad/library/alloc/src/boxed.rs:2029:9
[INFO] [stdout]   12:     0x560561751677 - test::test_main::{{closure}}::h00d84697cefdcbb6
[INFO] [stdout]                                at /rustc/0e09125c6c3c2fd70d7de961bcf0e51575235fad/library/test/src/lib.rs:138:21
[INFO] [stdout]   13:     0x5605617ac946 - <alloc::boxed::Box<F,A> as core::ops::function::Fn<Args>>::call::hcb3fe3b9bb537ba8
[INFO] [stdout]                                at /rustc/0e09125c6c3c2fd70d7de961bcf0e51575235fad/library/alloc/src/boxed.rs:2029:9
[INFO] [stdout]   14:     0x5605617ac946 - std::panicking::rust_panic_with_hook::h0a7ad96e90f7145b
[INFO] [stdout]                                at /rustc/0e09125c6c3c2fd70d7de961bcf0e51575235fad/library/std/src/panicking.rs:783:13
[INFO] [stdout]   15:     0x5605617ac692 - std::panicking::begin_panic_handler::{{closure}}::h7919090525c6485e
[INFO] [stdout]                                at /rustc/0e09125c6c3c2fd70d7de961bcf0e51575235fad/library/std/src/panicking.rs:657:13
[INFO] [stdout]   16:     0x5605617aacd6 - std::sys_common::backtrace::__rust_end_short_backtrace::hf3289479464f7dfe
[INFO] [stdout]                                at /rustc/0e09125c6c3c2fd70d7de961bcf0e51575235fad/library/std/src/sys_common/backtrace.rs:171:18
[INFO] [stdout]   17:     0x5605617ac3f0 - rust_begin_unwind
[INFO] [stdout]                                at /rustc/0e09125c6c3c2fd70d7de961bcf0e51575235fad/library/std/src/panicking.rs:645:5
[INFO] [stdout]   18:     0x5605616bdcd5 - core::panicking::panic_fmt::hcc9f77c5c132af55
[INFO] [stdout]                                at /rustc/0e09125c6c3c2fd70d7de961bcf0e51575235fad/library/core/src/panicking.rs:72:14
[INFO] [stdout]   19:     0x5605616df0e7 - layout21converters::gds_serialization::convert::h7b0bc9b98e290ad2
[INFO] [stdout]                                at /opt/rustwide/workdir/src/gds_serialization.rs:47:21
[INFO] [stdout]   20:     0x5605616df4ae - layout21converters::gds_serialization::tests::test_fmt::hdd049e76dc680f48
[INFO] [stdout]                                at /opt/rustwide/workdir/src/gds_serialization.rs:94:22
[INFO] [stdout]   21:     0x5605616df8f2 - layout21converters::gds_serialization::tests::golden_yaml::hbcfa36ab666d1ee4
[INFO] [stdout]                                at /opt/rustwide/workdir/src/gds_serialization.rs:112:9
[INFO] [stdout]   22:     0x5605616df8c7 - layout21converters::gds_serialization::tests::golden_yaml::{{closure}}::h3001d21928109ab2
[INFO] [stdout]                                at /opt/rustwide/workdir/src/gds_serialization.rs:111:21
[INFO] [stdout]   23:     0x5605616f1b46 - core::ops::function::FnOnce::call_once::hdcbe17fcb767103b
[INFO] [stdout]                                at /rustc/0e09125c6c3c2fd70d7de961bcf0e51575235fad/library/core/src/ops/function.rs:250:5
[INFO] [stdout]   24:     0x560561756f4f - core::ops::function::FnOnce::call_once::hd64d26f405258157
[INFO] [stdout]                                at /rustc/0e09125c6c3c2fd70d7de961bcf0e51575235fad/library/core/src/ops/function.rs:250:5
[INFO] [stdout]   25:     0x560561756f4f - test::__rust_begin_short_backtrace::he21b0b7a6d731bf9
[INFO] [stdout]                                at /rustc/0e09125c6c3c2fd70d7de961bcf0e51575235fad/library/test/src/lib.rs:627:18
[INFO] [stdout]   26:     0x560561755cd1 - test::run_test_in_process::{{closure}}::hf5c73986d7bdfde2
[INFO] [stdout]                                at /rustc/0e09125c6c3c2fd70d7de961bcf0e51575235fad/library/test/src/lib.rs:650:60
[INFO] [stdout]   27:     0x560561755cd1 - <core::panic::unwind_safe::AssertUnwindSafe<F> as core::ops::function::FnOnce<()>>::call_once::h330011ad032aadc0
[INFO] [stdout]                                at /rustc/0e09125c6c3c2fd70d7de961bcf0e51575235fad/library/core/src/panic/unwind_safe.rs:272:9
[INFO] [stdout]   28:     0x560561755cd1 - std::panicking::try::do_call::he61b0a958b795a41
[INFO] [stdout]                                at /rustc/0e09125c6c3c2fd70d7de961bcf0e51575235fad/library/std/src/panicking.rs:552:40
[INFO] [stdout]   29:     0x560561755cd1 - std::panicking::try::h7309da130f906eb7
[INFO] [stdout]                                at /rustc/0e09125c6c3c2fd70d7de961bcf0e51575235fad/library/std/src/panicking.rs:516:19
[INFO] [stdout]   30:     0x560561755cd1 - std::panic::catch_unwind::hc5c3a06fdaf0a92a
[INFO] [stdout]                                at /rustc/0e09125c6c3c2fd70d7de961bcf0e51575235fad/library/std/src/panic.rs:142:14
[INFO] [stdout]   31:     0x560561755cd1 - test::run_test_in_process::h7e7b7c71c3324e0f
[INFO] [stdout]                                at /rustc/0e09125c6c3c2fd70d7de961bcf0e51575235fad/library/test/src/lib.rs:650:27
[INFO] [stdout]   32:     0x560561755cd1 - test::run_test::{{closure}}::h1f509f28f5cf20b1
[INFO] [stdout]                                at /rustc/0e09125c6c3c2fd70d7de961bcf0e51575235fad/library/test/src/lib.rs:573:43
[INFO] [stdout]   33:     0x56056171d006 - test::run_test::{{closure}}::h1754218abf443f6d
[INFO] [stdout]                                at /rustc/0e09125c6c3c2fd70d7de961bcf0e51575235fad/library/test/src/lib.rs:601:41
[INFO] [stdout]   34:     0x56056171d006 - std::sys_common::backtrace::__rust_begin_short_backtrace::h2ee174b9d5954948
[INFO] [stdout]                                at /rustc/0e09125c6c3c2fd70d7de961bcf0e51575235fad/library/std/src/sys_common/backtrace.rs:155:18
[INFO] [stdout]   35:     0x560561722067 - std::thread::Builder::spawn_unchecked_::{{closure}}::{{closure}}::hf60bee9c1a17ef09
[INFO] [stdout]                                at /rustc/0e09125c6c3c2fd70d7de961bcf0e51575235fad/library/std/src/thread/mod.rs:529:17
[INFO] [stdout]   36:     0x560561722067 - <core::panic::unwind_safe::AssertUnwindSafe<F> as core::ops::function::FnOnce<()>>::call_once::h33d0dddec5216160
[INFO] [stdout]                                at /rustc/0e09125c6c3c2fd70d7de961bcf0e51575235fad/library/core/src/panic/unwind_safe.rs:272:9
[INFO] [stdout]   37:     0x560561722067 - std::panicking::try::do_call::h144b3048b546f835
[INFO] [stdout]                                at /rustc/0e09125c6c3c2fd70d7de961bcf0e51575235fad/library/std/src/panicking.rs:552:40
[INFO] [stdout]   38:     0x560561722067 - std::panicking::try::h978244d04646189f
[INFO] [stdout]                                at /rustc/0e09125c6c3c2fd70d7de961bcf0e51575235fad/library/std/src/panicking.rs:516:19
[INFO] [stdout]   39:     0x560561722067 - std::panic::catch_unwind::hdf436369d188fe86
[INFO] [stdout]                                at /rustc/0e09125c6c3c2fd70d7de961bcf0e51575235fad/library/std/src/panic.rs:142:14
[INFO] [stdout]   40:     0x560561722067 - std::thread::Builder::spawn_unchecked_::{{closure}}::h87329cbdd33c79ec
[INFO] [stdout]                                at /rustc/0e09125c6c3c2fd70d7de961bcf0e51575235fad/library/std/src/thread/mod.rs:528:30
[INFO] [stdout]   41:     0x560561722067 - core::ops::function::FnOnce::call_once{{vtable.shim}}::h401abbe67897d450
[INFO] [stdout]                                at /rustc/0e09125c6c3c2fd70d7de961bcf0e51575235fad/library/core/src/ops/function.rs:250:5
[INFO] [stdout]   42:     0x5605617b13f5 - <alloc::boxed::Box<F,A> as core::ops::function::FnOnce<Args>>::call_once::h5d7c8f150ab9c84c
[INFO] [stdout]                                at /rustc/0e09125c6c3c2fd70d7de961bcf0e51575235fad/library/alloc/src/boxed.rs:2015:9
[INFO] [stdout]   43:     0x5605617b13f5 - <alloc::boxed::Box<F,A> as core::ops::function::FnOnce<Args>>::call_once::h570d5b005c242c15
[INFO] [stdout]                                at /rustc/0e09125c6c3c2fd70d7de961bcf0e51575235fad/library/alloc/src/boxed.rs:2015:9
[INFO] [stdout]   44:     0x5605617b13f5 - std::sys::unix::thread::Thread::new::thread_start::h36b0a20c0b2361ad
[INFO] [stdout]                                at /rustc/0e09125c6c3c2fd70d7de961bcf0e51575235fad/library/std/src/sys/unix/thread.rs:108:17
[INFO] [stdout]   45:     0x7fd2d4be5ac3 - <unknown>
[INFO] [stdout]   46:     0x7fd2d4c76bf4 - __clone
[INFO] [stdout]   47:                0x0 - <unknown>
[INFO] [stdout] 
[INFO] [stdout] ---- gds_serialization::tests::golden_json stdout ----
[INFO] [stdout] thread 'gds_serialization::tests::golden_json' panicked at src/gds_serialization.rs:47:21:
[INFO] [stdout] Couldn't interpret GDS data: Boxed(Os { code: 2, kind: NotFound, message: "No such file or directory" })
[INFO] [stdout] stack backtrace:
[INFO] [stdout]    0:     0x5605617aa7d6 - std::backtrace_rs::backtrace::libunwind::trace::h261606ad26a499c1
[INFO] [stdout]                                at /rustc/0e09125c6c3c2fd70d7de961bcf0e51575235fad/library/std/src/../../backtrace/src/backtrace/libunwind.rs:104:5
[INFO] [stdout]    1:     0x5605617aa7d6 - std::backtrace_rs::backtrace::trace_unsynchronized::hd183f0625477fb28
[INFO] [stdout]                                at /rustc/0e09125c6c3c2fd70d7de961bcf0e51575235fad/library/std/src/../../backtrace/src/backtrace/mod.rs:66:5
[INFO] [stdout]    2:     0x5605617aa7d6 - std::sys_common::backtrace::_print_fmt::hd7f8fef21b4eda67
[INFO] [stdout]                                at /rustc/0e09125c6c3c2fd70d7de961bcf0e51575235fad/library/std/src/sys_common/backtrace.rs:68:5
[INFO] [stdout]    3:     0x5605617aa7d6 - <std::sys_common::backtrace::_print::DisplayBacktrace as core::fmt::Display>::fmt::h623d9b51f2f453f1
[INFO] [stdout]                                at /rustc/0e09125c6c3c2fd70d7de961bcf0e51575235fad/library/std/src/sys_common/backtrace.rs:44:22
[INFO] [stdout]    4:     0x5605617d4c60 - core::fmt::rt::Argument::fmt::h9f417ac76a86f368
[INFO] [stdout]                                at /rustc/0e09125c6c3c2fd70d7de961bcf0e51575235fad/library/core/src/fmt/rt.rs:142:9
[INFO] [stdout]    5:     0x5605617d4c60 - core::fmt::write::hc9b6faf4ac2aeff7
[INFO] [stdout]                                at /rustc/0e09125c6c3c2fd70d7de961bcf0e51575235fad/library/core/src/fmt/mod.rs:1120:17
[INFO] [stdout]    6:     0x5605617a823f - std::io::Write::write_fmt::he04625a3a989fec3
[INFO] [stdout]                                at /rustc/0e09125c6c3c2fd70d7de961bcf0e51575235fad/library/std/src/io/mod.rs:1810:15
[INFO] [stdout]    7:     0x5605617aa5b4 - std::sys_common::backtrace::_print::hd5d66399c7df88a2
[INFO] [stdout]                                at /rustc/0e09125c6c3c2fd70d7de961bcf0e51575235fad/library/std/src/sys_common/backtrace.rs:47:5
[INFO] [stdout]    8:     0x5605617aa5b4 - std::sys_common::backtrace::print::he81ed2da642d37e5
[INFO] [stdout]                                at /rustc/0e09125c6c3c2fd70d7de961bcf0e51575235fad/library/std/src/sys_common/backtrace.rs:34:9
[INFO] [stdout]    9:     0x5605617ac327 - std::panicking::default_hook::{{closure}}::h85773f4fa117163d
[INFO] [stdout]   10:     0x5605617ac00d - std::panicking::default_hook::h6a1694a91d09b278
[INFO] [stdout]                                at /rustc/0e09125c6c3c2fd70d7de961bcf0e51575235fad/library/std/src/panicking.rs:289:9
[INFO] [stdout]   11:     0x560561751677 - <alloc::boxed::Box<F,A> as core::ops::function::Fn<Args>>::call::h616ac37fa3cd6c8f
[INFO] [stdout]                                at /rustc/0e09125c6c3c2fd70d7de961bcf0e51575235fad/library/alloc/src/boxed.rs:2029:9
[INFO] [stdout]   12:     0x560561751677 - test::test_main::{{closure}}::h00d84697cefdcbb6
[INFO] [stdout]                                at /rustc/0e09125c6c3c2fd70d7de961bcf0e51575235fad/library/test/src/lib.rs:138:21
[INFO] [stdout]   13:     0x5605617ac946 - <alloc::boxed::Box<F,A> as core::ops::function::Fn<Args>>::call::hcb3fe3b9bb537ba8
[INFO] [stdout]                                at /rustc/0e09125c6c3c2fd70d7de961bcf0e51575235fad/library/alloc/src/boxed.rs:2029:9
[INFO] [stdout]   14:     0x5605617ac946 - std::panicking::rust_panic_with_hook::h0a7ad96e90f7145b
[INFO] [stdout]                                at /rustc/0e09125c6c3c2fd70d7de961bcf0e51575235fad/library/std/src/panicking.rs:783:13
[INFO] [stdout]   15:     0x5605617ac692 - std::panicking::begin_panic_handler::{{closure}}::h7919090525c6485e
[INFO] [stdout]                                at /rustc/0e09125c6c3c2fd70d7de961bcf0e51575235fad/library/std/src/panicking.rs:657:13
[INFO] [stdout]   16:     0x5605617aacd6 - std::sys_common::backtrace::__rust_end_short_backtrace::hf3289479464f7dfe
[INFO] [stdout]                                at /rustc/0e09125c6c3c2fd70d7de961bcf0e51575235fad/library/std/src/sys_common/backtrace.rs:171:18
[INFO] [stdout]   17:     0x5605617ac3f0 - rust_begin_unwind
[INFO] [stdout]                                at /rustc/0e09125c6c3c2fd70d7de961bcf0e51575235fad/library/std/src/panicking.rs:645:5
[INFO] [stdout]   18:     0x5605616bdcd5 - core::panicking::panic_fmt::hcc9f77c5c132af55
[INFO] [stdout]                                at /rustc/0e09125c6c3c2fd70d7de961bcf0e51575235fad/library/core/src/panicking.rs:72:14
[INFO] [stdout]   19:     0x5605616df0e7 - layout21converters::gds_serialization::convert::h7b0bc9b98e290ad2
[INFO] [stdout]                                at /opt/rustwide/workdir/src/gds_serialization.rs:47:21
[INFO] [stdout]   20:     0x5605616df4ae - layout21converters::gds_serialization::tests::test_fmt::hdd049e76dc680f48
[INFO] [stdout]                                at /opt/rustwide/workdir/src/gds_serialization.rs:94:22
[INFO] [stdout]   21:     0x5605616df8a2 - layout21converters::gds_serialization::tests::golden_json::hf9d6a0b9f403097b
[INFO] [stdout]                                at /opt/rustwide/workdir/src/gds_serialization.rs:108:9
[INFO] [stdout]   22:     0x5605616df877 - layout21converters::gds_serialization::tests::golden_json::{{closure}}::hfa6fe57c60cf9938
[INFO] [stdout]                                at /opt/rustwide/workdir/src/gds_serialization.rs:107:21
[INFO] [stdout]   23:     0x5605616f1a56 - core::ops::function::FnOnce::call_once::h36e54025f0b9439d
[INFO] [stdout]                                at /rustc/0e09125c6c3c2fd70d7de961bcf0e51575235fad/library/core/src/ops/function.rs:250:5
[INFO] [stdout]   24:     0x560561756f4f - core::ops::function::FnOnce::call_once::hd64d26f405258157
[INFO] [stdout]                                at /rustc/0e09125c6c3c2fd70d7de961bcf0e51575235fad/library/core/src/ops/function.rs:250:5
[INFO] [stdout]   25:     0x560561756f4f - test::__rust_begin_short_backtrace::he21b0b7a6d731bf9
[INFO] [stdout]                                at /rustc/0e09125c6c3c2fd70d7de961bcf0e51575235fad/library/test/src/lib.rs:627:18
[INFO] [stdout]   26:     0x560561755cd1 - test::run_test_in_process::{{closure}}::hf5c73986d7bdfde2
[INFO] [stdout]                                at /rustc/0e09125c6c3c2fd70d7de961bcf0e51575235fad/library/test/src/lib.rs:650:60
[INFO] [stdout]   27:     0x560561755cd1 - <core::panic::unwind_safe::AssertUnwindSafe<F> as core::ops::function::FnOnce<()>>::call_once::h330011ad032aadc0
[INFO] [stdout]                                at /rustc/0e09125c6c3c2fd70d7de961bcf0e51575235fad/library/core/src/panic/unwind_safe.rs:272:9
[INFO] [stdout]   28:     0x560561755cd1 - std::panicking::try::do_call::he61b0a958b795a41
[INFO] [stdout]                                at /rustc/0e09125c6c3c2fd70d7de961bcf0e51575235fad/library/std/src/panicking.rs:552:40
[INFO] [stdout]   29:     0x560561755cd1 - std::panicking::try::h7309da130f906eb7
[INFO] [stdout]                                at /rustc/0e09125c6c3c2fd70d7de961bcf0e51575235fad/library/std/src/panicking.rs:516:19
[INFO] [stdout]   30:     0x560561755cd1 - std::panic::catch_unwind::hc5c3a06fdaf0a92a
[INFO] [stdout]                                at /rustc/0e09125c6c3c2fd70d7de961bcf0e51575235fad/library/std/src/panic.rs:142:14
[INFO] [stdout]   31:     0x560561755cd1 - test::run_test_in_process::h7e7b7c71c3324e0f
[INFO] [stdout]                                at /rustc/0e09125c6c3c2fd70d7de961bcf0e51575235fad/library/test/src/lib.rs:650:27
[INFO] [stdout]   32:     0x560561755cd1 - test::run_test::{{closure}}::h1f509f28f5cf20b1
[INFO] [stdout]                                at /rustc/0e09125c6c3c2fd70d7de961bcf0e51575235fad/library/test/src/lib.rs:573:43
[INFO] [stdout]   33:     0x56056171d006 - test::run_test::{{closure}}::h1754218abf443f6d
[INFO] [stdout]                                at /rustc/0e09125c6c3c2fd70d7de961bcf0e51575235fad/library/test/src/lib.rs:601:41
[INFO] [stdout]   34:     0x56056171d006 - std::sys_common::backtrace::__rust_begin_short_backtrace::h2ee174b9d5954948
[INFO] [stdout]                                at /rustc/0e09125c6c3c2fd70d7de961bcf0e51575235fad/library/std/src/sys_common/backtrace.rs:155:18
[INFO] [stdout]   35:     0x560561722067 - std::thread::Builder::spawn_unchecked_::{{closure}}::{{closure}}::hf60bee9c1a17ef09
[INFO] [stdout]                                at /rustc/0e09125c6c3c2fd70d7de961bcf0e51575235fad/library/std/src/thread/mod.rs:529:17
[INFO] [stdout]   36:     0x560561722067 - <core::panic::unwind_safe::AssertUnwindSafe<F> as core::ops::function::FnOnce<()>>::call_once::h33d0dddec5216160
[INFO] [stdout]                                at /rustc/0e09125c6c3c2fd70d7de961bcf0e51575235fad/library/core/src/panic/unwind_safe.rs:272:9
[INFO] [stdout]   37:     0x560561722067 - std::panicking::try::do_call::h144b3048b546f835
[INFO] [stdout]                                at /rustc/0e09125c6c3c2fd70d7de961bcf0e51575235fad/library/std/src/panicking.rs:552:40
[INFO] [stdout]   38:     0x560561722067 - std::panicking::try::h978244d04646189f
[INFO] [stdout]                                at /rustc/0e09125c6c3c2fd70d7de961bcf0e51575235fad/library/std/src/panicking.rs:516:19
[INFO] [stdout]   39:     0x560561722067 - std::panic::catch_unwind::hdf436369d188fe86
[INFO] [stdout]                                at /rustc/0e09125c6c3c2fd70d7de961bcf0e51575235fad/library/std/src/panic.rs:142:14
[INFO] [stdout]   40:     0x560561722067 - std::thread::Builder::spawn_unchecked_::{{closure}}::h87329cbdd33c79ec
[INFO] [stdout]                                at /rustc/0e09125c6c3c2fd70d7de961bcf0e51575235fad/library/std/src/thread/mod.rs:528:30
[INFO] [stdout]   41:     0x560561722067 - core::ops::function::FnOnce::call_once{{vtable.shim}}::h401abbe67897d450
[INFO] [stdout]                                at /rustc/0e09125c6c3c2fd70d7de961bcf0e51575235fad/library/core/src/ops/function.rs:250:5
[INFO] [stdout]   42:     0x5605617b13f5 - <alloc::boxed::Box<F,A> as core::ops::function::FnOnce<Args>>::call_once::h5d7c8f150ab9c84c
[INFO] [stdout]                                at /rustc/0e09125c6c3c2fd70d7de961bcf0e51575235fad/library/alloc/src/boxed.rs:2015:9
[INFO] [stdout]   43:     0x5605617b13f5 - <alloc::boxed::Box<F,A> as core::ops::function::FnOnce<Args>>::call_once::h570d5b005c242c15
[INFO] [stdout]                                at /rustc/0e09125c6c3c2fd70d7de961bcf0e51575235fad/library/alloc/src/boxed.rs:2015:9
[INFO] [stdout]   44:     0x5605617b13f5 - std::sys::unix::thread::Thread::new::thread_start::h36b0a20c0b2361ad
[INFO] [stdout]                                at /rustc/0e09125c6c3c2fd70d7de961bcf0e51575235fad/library/std/src/sys/unix/thread.rs:108:17
[INFO] [stdout]   45:     0x7fd2d4be5ac3 - <unknown>
[INFO] [stdout]   46:     0x7fd2d4c76bf4 - __clone
[INFO] [stdout]   47:                0x0 - <unknown>
[INFO] [stdout] 
[INFO] [stdout] 
[INFO] [stdout] failures:
[INFO] [stdout]     gds_serialization::tests::golden_json
[INFO] [stdout]     gds_serialization::tests::golden_yaml
[INFO] [stdout] 
[INFO] [stdout] test result: FAILED. 0 passed; 2 failed; 1 ignored; 0 measured; 0 filtered out; finished in 0.02s
[INFO] [stdout] 
[INFO] [stderr] error: test failed, to rerun pass `--lib`
[INFO] running `Command { std: "docker" "inspect" "175ffdaeee126e53879c6030ed472e7001116ba66bf09332f35cc18af34bd293", kill_on_drop: false }`
[INFO] running `Command { std: "docker" "rm" "-f" "175ffdaeee126e53879c6030ed472e7001116ba66bf09332f35cc18af34bd293", kill_on_drop: false }`
[INFO] [stdout] 175ffdaeee126e53879c6030ed472e7001116ba66bf09332f35cc18af34bd293
