[INFO] fetching crate layout-lib 0.1.1...
[INFO] testing layout-lib-0.1.1 against 1.75.0 for beta-1.76-1
[INFO] extracting crate layout-lib 0.1.1 into /workspace/builds/worker-0-tc1/source
[INFO] validating manifest of crates.io crate layout-lib 0.1.1 on toolchain 1.75.0
[INFO] running `Command { std: CARGO_HOME="/workspace/cargo-home" RUSTUP_HOME="/workspace/rustup-home" "/workspace/cargo-home/bin/cargo" "+1.75.0" "metadata" "--manifest-path" "Cargo.toml" "--no-deps", kill_on_drop: false }`
[INFO] started tweaking crates.io crate layout-lib 0.1.1
[INFO] finished tweaking crates.io crate layout-lib 0.1.1
[INFO] tweaked toml for crates.io crate layout-lib 0.1.1 written to /workspace/builds/worker-0-tc1/source/Cargo.toml
[INFO] running `Command { std: CARGO_HOME="/workspace/cargo-home" RUSTUP_HOME="/workspace/rustup-home" "/workspace/cargo-home/bin/cargo" "+1.75.0" "generate-lockfile" "--manifest-path" "Cargo.toml", kill_on_drop: false }`
[INFO] [stderr]     Updating crates.io index
[INFO] running `Command { std: CARGO_HOME="/workspace/cargo-home" RUSTUP_HOME="/workspace/rustup-home" "/workspace/cargo-home/bin/cargo" "+1.75.0" "fetch" "--manifest-path" "Cargo.toml", kill_on_drop: false }`
[INFO] [stderr]  Downloading crates ...
[INFO] [stderr]   Downloaded layout-macro v0.1.0
[INFO] running `Command { std: "docker" "create" "-v" "/var/lib/crater-agent-workspace/builds/worker-0-tc1/target:/opt/rustwide/target:rw,Z" "-v" "/var/lib/crater-agent-workspace/builds/worker-0-tc1/source:/opt/rustwide/workdir:ro,Z" "-v" "/var/lib/crater-agent-workspace/cargo-home:/opt/rustwide/cargo-home:ro,Z" "-v" "/var/lib/crater-agent-workspace/rustup-home:/opt/rustwide/rustup-home:ro,Z" "-e" "SOURCE_DIR=/opt/rustwide/workdir" "-e" "CARGO_TARGET_DIR=/opt/rustwide/target" "-e" "CARGO_HOME=/opt/rustwide/cargo-home" "-e" "RUSTUP_HOME=/opt/rustwide/rustup-home" "-w" "/opt/rustwide/workdir" "-m" "1610612736" "--user" "0:0" "--network" "none" "ghcr.io/rust-lang/crates-build-env/linux@sha256:2788e3201cd34a07e3172128adcd8b3090168a8e3bcc40d7c032b9dda1df7d1c" "/opt/rustwide/cargo-home/bin/cargo" "+1.75.0" "metadata" "--no-deps" "--format-version=1", kill_on_drop: false }`
[INFO] [stdout] 200316f8090b716f22b9e243dce8defcf50b208207e4647981f6ddd124f77888
[INFO] running `Command { std: "docker" "start" "-a" "200316f8090b716f22b9e243dce8defcf50b208207e4647981f6ddd124f77888", kill_on_drop: false }`
[INFO] running `Command { std: "docker" "inspect" "200316f8090b716f22b9e243dce8defcf50b208207e4647981f6ddd124f77888", kill_on_drop: false }`
[INFO] running `Command { std: "docker" "rm" "-f" "200316f8090b716f22b9e243dce8defcf50b208207e4647981f6ddd124f77888", kill_on_drop: false }`
[INFO] [stdout] 200316f8090b716f22b9e243dce8defcf50b208207e4647981f6ddd124f77888
[INFO] running `Command { std: "docker" "create" "-v" "/var/lib/crater-agent-workspace/builds/worker-0-tc1/target:/opt/rustwide/target:rw,Z" "-v" "/var/lib/crater-agent-workspace/builds/worker-0-tc1/source:/opt/rustwide/workdir:ro,Z" "-v" "/var/lib/crater-agent-workspace/cargo-home:/opt/rustwide/cargo-home:ro,Z" "-v" "/var/lib/crater-agent-workspace/rustup-home:/opt/rustwide/rustup-home:ro,Z" "-e" "SOURCE_DIR=/opt/rustwide/workdir" "-e" "CARGO_TARGET_DIR=/opt/rustwide/target" "-e" "CARGO_INCREMENTAL=0" "-e" "RUST_BACKTRACE=full" "-e" "RUSTFLAGS=--cap-lints=warn" "-e" "RUSTDOCFLAGS=--cap-lints=warn" "-e" "CARGO_HOME=/opt/rustwide/cargo-home" "-e" "RUSTUP_HOME=/opt/rustwide/rustup-home" "-w" "/opt/rustwide/workdir" "-m" "1610612736" "--user" "0:0" "--network" "none" "ghcr.io/rust-lang/crates-build-env/linux@sha256:2788e3201cd34a07e3172128adcd8b3090168a8e3bcc40d7c032b9dda1df7d1c" "/opt/rustwide/cargo-home/bin/cargo" "+1.75.0" "build" "--frozen" "--message-format=json", kill_on_drop: false }`
[INFO] [stdout] fac67329f9c2cb0de8433fb76dd4e4cbb012288e5db2c993f7b3b22745e807ac
[INFO] running `Command { std: "docker" "start" "-a" "fac67329f9c2cb0de8433fb76dd4e4cbb012288e5db2c993f7b3b22745e807ac", kill_on_drop: false }`
[INFO] [stderr]    Compiling layout-macro v0.1.0
[INFO] [stderr]    Compiling layout-lib v0.1.1 (/opt/rustwide/workdir)
[INFO] [stderr]     Finished dev [unoptimized + debuginfo] target(s) in 0.55s
[INFO] running `Command { std: "docker" "inspect" "fac67329f9c2cb0de8433fb76dd4e4cbb012288e5db2c993f7b3b22745e807ac", kill_on_drop: false }`
[INFO] running `Command { std: "docker" "rm" "-f" "fac67329f9c2cb0de8433fb76dd4e4cbb012288e5db2c993f7b3b22745e807ac", kill_on_drop: false }`
[INFO] [stdout] fac67329f9c2cb0de8433fb76dd4e4cbb012288e5db2c993f7b3b22745e807ac
[INFO] running `Command { std: "docker" "create" "-v" "/var/lib/crater-agent-workspace/builds/worker-0-tc1/target:/opt/rustwide/target:rw,Z" "-v" "/var/lib/crater-agent-workspace/builds/worker-0-tc1/source:/opt/rustwide/workdir:ro,Z" "-v" "/var/lib/crater-agent-workspace/cargo-home:/opt/rustwide/cargo-home:ro,Z" "-v" "/var/lib/crater-agent-workspace/rustup-home:/opt/rustwide/rustup-home:ro,Z" "-e" "SOURCE_DIR=/opt/rustwide/workdir" "-e" "CARGO_TARGET_DIR=/opt/rustwide/target" "-e" "CARGO_INCREMENTAL=0" "-e" "RUST_BACKTRACE=full" "-e" "RUSTFLAGS=--cap-lints=warn" "-e" "RUSTDOCFLAGS=--cap-lints=warn" "-e" "CARGO_HOME=/opt/rustwide/cargo-home" "-e" "RUSTUP_HOME=/opt/rustwide/rustup-home" "-w" "/opt/rustwide/workdir" "-m" "1610612736" "--user" "0:0" "--network" "none" "ghcr.io/rust-lang/crates-build-env/linux@sha256:2788e3201cd34a07e3172128adcd8b3090168a8e3bcc40d7c032b9dda1df7d1c" "/opt/rustwide/cargo-home/bin/cargo" "+1.75.0" "test" "--frozen" "--no-run" "--message-format=json", kill_on_drop: false }`
[INFO] [stdout] 50e9fab1a4f9868f5f7036de05023a32025ed5c69ab0a8c4e75e4e2df5188109
[INFO] running `Command { std: "docker" "start" "-a" "50e9fab1a4f9868f5f7036de05023a32025ed5c69ab0a8c4e75e4e2df5188109", kill_on_drop: false }`
[INFO] [stderr]    Compiling layout-lib v0.1.1 (/opt/rustwide/workdir)
[INFO] [stderr]     Finished test [unoptimized + debuginfo] target(s) in 0.24s
[INFO] running `Command { std: "docker" "inspect" "50e9fab1a4f9868f5f7036de05023a32025ed5c69ab0a8c4e75e4e2df5188109", kill_on_drop: false }`
[INFO] running `Command { std: "docker" "rm" "-f" "50e9fab1a4f9868f5f7036de05023a32025ed5c69ab0a8c4e75e4e2df5188109", kill_on_drop: false }`
[INFO] [stdout] 50e9fab1a4f9868f5f7036de05023a32025ed5c69ab0a8c4e75e4e2df5188109
[INFO] running `Command { std: "docker" "create" "-v" "/var/lib/crater-agent-workspace/builds/worker-0-tc1/target:/opt/rustwide/target:rw,Z" "-v" "/var/lib/crater-agent-workspace/builds/worker-0-tc1/source:/opt/rustwide/workdir:ro,Z" "-v" "/var/lib/crater-agent-workspace/cargo-home:/opt/rustwide/cargo-home:ro,Z" "-v" "/var/lib/crater-agent-workspace/rustup-home:/opt/rustwide/rustup-home:ro,Z" "-e" "SOURCE_DIR=/opt/rustwide/workdir" "-e" "CARGO_TARGET_DIR=/opt/rustwide/target" "-e" "CARGO_INCREMENTAL=0" "-e" "RUST_BACKTRACE=full" "-e" "RUSTFLAGS=--cap-lints=warn" "-e" "RUSTDOCFLAGS=--cap-lints=warn" "-e" "CARGO_HOME=/opt/rustwide/cargo-home" "-e" "RUSTUP_HOME=/opt/rustwide/rustup-home" "-w" "/opt/rustwide/workdir" "-m" "1610612736" "--user" "0:0" "--network" "none" "ghcr.io/rust-lang/crates-build-env/linux@sha256:2788e3201cd34a07e3172128adcd8b3090168a8e3bcc40d7c032b9dda1df7d1c" "/opt/rustwide/cargo-home/bin/cargo" "+1.75.0" "test" "--frozen", kill_on_drop: false }`
[INFO] [stdout] 33e07079b753958c6b6331d345addadd20675f6c0c222d3aba81827541a2d76c
[INFO] running `Command { std: "docker" "start" "-a" "33e07079b753958c6b6331d345addadd20675f6c0c222d3aba81827541a2d76c", kill_on_drop: false }`
[INFO] [stderr]     Finished test [unoptimized + debuginfo] target(s) in 0.01s
[INFO] [stderr]      Running unittests src/lib.rs (/opt/rustwide/target/debug/deps/layout_lib-d0767ee154d33e10)
[INFO] [stdout] 
[INFO] [stdout] running 0 tests
[INFO] [stdout] 
[INFO] [stdout] test result: ok. 0 passed; 0 failed; 0 ignored; 0 measured; 0 filtered out; finished in 0.00s
[INFO] [stdout] 
[INFO] [stderr]    Doc-tests layout-lib
[INFO] [stdout] 
[INFO] [stdout] running 3 tests
[INFO] [stdout] test src/lib.rs - (line 76) ... FAILED
[INFO] [stdout] test src/lib.rs - (line 64) ... ok
[INFO] [stdout] test src/lib.rs - (line 11) ... ok
[INFO] [stdout] 
[INFO] [stdout] failures:
[INFO] [stdout] 
[INFO] [stdout] ---- src/lib.rs - (line 76) stdout ----
[INFO] [stdout] error: cannot find macro `offset_of_struct` in this scope
[INFO] [stdout]  --> src/lib.rs:77:14
[INFO] [stdout]   |
[INFO] [stdout] 3 | let offset = offset_of_struct!(A<Vec<i32>>, b); // 32
[INFO] [stdout]   |              ^^^^^^^^^^^^^^^^
[INFO] [stdout]   |
[INFO] [stdout] help: consider importing this macro
[INFO] [stdout]   |
[INFO] [stdout] 2 + use layout_lib::offset_of_struct;
[INFO] [stdout]   |
[INFO] [stdout] 
[INFO] [stdout] error: aborting due to previous error
[INFO] [stdout] 
[INFO] [stdout] Couldn't compile the test.
[INFO] [stdout] 
[INFO] [stdout] failures:
[INFO] [stdout]     src/lib.rs - (line 76)
[INFO] [stdout] 
[INFO] [stdout] test result: FAILED. 2 passed; 1 failed; 0 ignored; 0 measured; 0 filtered out; finished in 0.20s
[INFO] [stdout] 
[INFO] [stderr] error: doctest failed, to rerun pass `--doc`
[INFO] running `Command { std: "docker" "inspect" "33e07079b753958c6b6331d345addadd20675f6c0c222d3aba81827541a2d76c", kill_on_drop: false }`
[INFO] running `Command { std: "docker" "rm" "-f" "33e07079b753958c6b6331d345addadd20675f6c0c222d3aba81827541a2d76c", kill_on_drop: false }`
[INFO] [stdout] 33e07079b753958c6b6331d345addadd20675f6c0c222d3aba81827541a2d76c
[INFO] testing layout-lib-0.1.1 against beta-2023-12-22 for beta-1.76-1
[INFO] extracting crate layout-lib 0.1.1 into /workspace/builds/worker-0-tc2/source
[INFO] validating manifest of crates.io crate layout-lib 0.1.1 on toolchain beta-2023-12-22
[INFO] running `Command { std: CARGO_HOME="/workspace/cargo-home" RUSTUP_HOME="/workspace/rustup-home" "/workspace/cargo-home/bin/cargo" "+beta-2023-12-22" "metadata" "--manifest-path" "Cargo.toml" "--no-deps", kill_on_drop: false }`
[INFO] started tweaking crates.io crate layout-lib 0.1.1
[INFO] finished tweaking crates.io crate layout-lib 0.1.1
[INFO] tweaked toml for crates.io crate layout-lib 0.1.1 written to /workspace/builds/worker-0-tc2/source/Cargo.toml
[INFO] running `Command { std: CARGO_HOME="/workspace/cargo-home" RUSTUP_HOME="/workspace/rustup-home" "/workspace/cargo-home/bin/cargo" "+beta-2023-12-22" "generate-lockfile" "--manifest-path" "Cargo.toml", kill_on_drop: false }`
[INFO] [stderr]     Updating crates.io index
[INFO] running `Command { std: CARGO_HOME="/workspace/cargo-home" RUSTUP_HOME="/workspace/rustup-home" "/workspace/cargo-home/bin/cargo" "+beta-2023-12-22" "fetch" "--manifest-path" "Cargo.toml", kill_on_drop: false }`
[INFO] running `Command { std: "docker" "create" "-v" "/var/lib/crater-agent-workspace/builds/worker-0-tc2/target:/opt/rustwide/target:rw,Z" "-v" "/var/lib/crater-agent-workspace/builds/worker-0-tc2/source:/opt/rustwide/workdir:ro,Z" "-v" "/var/lib/crater-agent-workspace/cargo-home:/opt/rustwide/cargo-home:ro,Z" "-v" "/var/lib/crater-agent-workspace/rustup-home:/opt/rustwide/rustup-home:ro,Z" "-e" "SOURCE_DIR=/opt/rustwide/workdir" "-e" "CARGO_TARGET_DIR=/opt/rustwide/target" "-e" "CARGO_HOME=/opt/rustwide/cargo-home" "-e" "RUSTUP_HOME=/opt/rustwide/rustup-home" "-w" "/opt/rustwide/workdir" "-m" "1610612736" "--user" "0:0" "--network" "none" "ghcr.io/rust-lang/crates-build-env/linux@sha256:2788e3201cd34a07e3172128adcd8b3090168a8e3bcc40d7c032b9dda1df7d1c" "/opt/rustwide/cargo-home/bin/cargo" "+beta-2023-12-22" "metadata" "--no-deps" "--format-version=1", kill_on_drop: false }`
[INFO] [stdout] 7ed1bda067a38e97ff881fb5c66fe7ece3111e33c2f5735382580dd88ea5001c
[INFO] running `Command { std: "docker" "start" "-a" "7ed1bda067a38e97ff881fb5c66fe7ece3111e33c2f5735382580dd88ea5001c", kill_on_drop: false }`
[INFO] running `Command { std: "docker" "inspect" "7ed1bda067a38e97ff881fb5c66fe7ece3111e33c2f5735382580dd88ea5001c", kill_on_drop: false }`
[INFO] running `Command { std: "docker" "rm" "-f" "7ed1bda067a38e97ff881fb5c66fe7ece3111e33c2f5735382580dd88ea5001c", kill_on_drop: false }`
[INFO] [stdout] 7ed1bda067a38e97ff881fb5c66fe7ece3111e33c2f5735382580dd88ea5001c
[INFO] running `Command { std: "docker" "create" "-v" "/var/lib/crater-agent-workspace/builds/worker-0-tc2/target:/opt/rustwide/target:rw,Z" "-v" "/var/lib/crater-agent-workspace/builds/worker-0-tc2/source:/opt/rustwide/workdir:ro,Z" "-v" "/var/lib/crater-agent-workspace/cargo-home:/opt/rustwide/cargo-home:ro,Z" "-v" "/var/lib/crater-agent-workspace/rustup-home:/opt/rustwide/rustup-home:ro,Z" "-e" "SOURCE_DIR=/opt/rustwide/workdir" "-e" "CARGO_TARGET_DIR=/opt/rustwide/target" "-e" "CARGO_INCREMENTAL=0" "-e" "RUST_BACKTRACE=full" "-e" "RUSTFLAGS=--cap-lints=warn" "-e" "RUSTDOCFLAGS=--cap-lints=warn" "-e" "CARGO_HOME=/opt/rustwide/cargo-home" "-e" "RUSTUP_HOME=/opt/rustwide/rustup-home" "-w" "/opt/rustwide/workdir" "-m" "1610612736" "--user" "0:0" "--network" "none" "ghcr.io/rust-lang/crates-build-env/linux@sha256:2788e3201cd34a07e3172128adcd8b3090168a8e3bcc40d7c032b9dda1df7d1c" "/opt/rustwide/cargo-home/bin/cargo" "+beta-2023-12-22" "build" "--frozen" "--message-format=json", kill_on_drop: false }`
[INFO] [stdout] 3c30a144f8f6d578ff743ce0a78a108cdc01e14905d1c6ce9f288c660dabbc35
[INFO] running `Command { std: "docker" "start" "-a" "3c30a144f8f6d578ff743ce0a78a108cdc01e14905d1c6ce9f288c660dabbc35", kill_on_drop: false }`
[INFO] [stderr]    Compiling layout-macro v0.1.0
[INFO] [stderr]    Compiling layout-lib v0.1.1 (/opt/rustwide/workdir)
[INFO] [stderr]     Finished dev [unoptimized + debuginfo] target(s) in 0.51s
[INFO] running `Command { std: "docker" "inspect" "3c30a144f8f6d578ff743ce0a78a108cdc01e14905d1c6ce9f288c660dabbc35", kill_on_drop: false }`
[INFO] running `Command { std: "docker" "rm" "-f" "3c30a144f8f6d578ff743ce0a78a108cdc01e14905d1c6ce9f288c660dabbc35", kill_on_drop: false }`
[INFO] [stdout] 3c30a144f8f6d578ff743ce0a78a108cdc01e14905d1c6ce9f288c660dabbc35
[INFO] running `Command { std: "docker" "create" "-v" "/var/lib/crater-agent-workspace/builds/worker-0-tc2/target:/opt/rustwide/target:rw,Z" "-v" "/var/lib/crater-agent-workspace/builds/worker-0-tc2/source:/opt/rustwide/workdir:ro,Z" "-v" "/var/lib/crater-agent-workspace/cargo-home:/opt/rustwide/cargo-home:ro,Z" "-v" "/var/lib/crater-agent-workspace/rustup-home:/opt/rustwide/rustup-home:ro,Z" "-e" "SOURCE_DIR=/opt/rustwide/workdir" "-e" "CARGO_TARGET_DIR=/opt/rustwide/target" "-e" "CARGO_INCREMENTAL=0" "-e" "RUST_BACKTRACE=full" "-e" "RUSTFLAGS=--cap-lints=warn" "-e" "RUSTDOCFLAGS=--cap-lints=warn" "-e" "CARGO_HOME=/opt/rustwide/cargo-home" "-e" "RUSTUP_HOME=/opt/rustwide/rustup-home" "-w" "/opt/rustwide/workdir" "-m" "1610612736" "--user" "0:0" "--network" "none" "ghcr.io/rust-lang/crates-build-env/linux@sha256:2788e3201cd34a07e3172128adcd8b3090168a8e3bcc40d7c032b9dda1df7d1c" "/opt/rustwide/cargo-home/bin/cargo" "+beta-2023-12-22" "test" "--frozen" "--no-run" "--message-format=json", kill_on_drop: false }`
[INFO] [stdout] 0e0cd1cdb851245d6005fe5657388ec14b1f53aa795ff3299c5d2c5faf0ebd09
[INFO] running `Command { std: "docker" "start" "-a" "0e0cd1cdb851245d6005fe5657388ec14b1f53aa795ff3299c5d2c5faf0ebd09", kill_on_drop: false }`
[INFO] [stderr]    Compiling layout-lib v0.1.1 (/opt/rustwide/workdir)
[INFO] [stderr]     Finished test [unoptimized + debuginfo] target(s) in 0.20s
[INFO] running `Command { std: "docker" "inspect" "0e0cd1cdb851245d6005fe5657388ec14b1f53aa795ff3299c5d2c5faf0ebd09", kill_on_drop: false }`
[INFO] running `Command { std: "docker" "rm" "-f" "0e0cd1cdb851245d6005fe5657388ec14b1f53aa795ff3299c5d2c5faf0ebd09", kill_on_drop: false }`
[INFO] [stdout] 0e0cd1cdb851245d6005fe5657388ec14b1f53aa795ff3299c5d2c5faf0ebd09
[INFO] running `Command { std: "docker" "create" "-v" "/var/lib/crater-agent-workspace/builds/worker-0-tc2/target:/opt/rustwide/target:rw,Z" "-v" "/var/lib/crater-agent-workspace/builds/worker-0-tc2/source:/opt/rustwide/workdir:ro,Z" "-v" "/var/lib/crater-agent-workspace/cargo-home:/opt/rustwide/cargo-home:ro,Z" "-v" "/var/lib/crater-agent-workspace/rustup-home:/opt/rustwide/rustup-home:ro,Z" "-e" "SOURCE_DIR=/opt/rustwide/workdir" "-e" "CARGO_TARGET_DIR=/opt/rustwide/target" "-e" "CARGO_INCREMENTAL=0" "-e" "RUST_BACKTRACE=full" "-e" "RUSTFLAGS=--cap-lints=warn" "-e" "RUSTDOCFLAGS=--cap-lints=warn" "-e" "CARGO_HOME=/opt/rustwide/cargo-home" "-e" "RUSTUP_HOME=/opt/rustwide/rustup-home" "-w" "/opt/rustwide/workdir" "-m" "1610612736" "--user" "0:0" "--network" "none" "ghcr.io/rust-lang/crates-build-env/linux@sha256:2788e3201cd34a07e3172128adcd8b3090168a8e3bcc40d7c032b9dda1df7d1c" "/opt/rustwide/cargo-home/bin/cargo" "+beta-2023-12-22" "test" "--frozen", kill_on_drop: false }`
[INFO] [stdout] 3bd9f3774fd6cb448e92d75794b8a5bc7e7071cd7617b582db3add035b3ef80e
[INFO] running `Command { std: "docker" "start" "-a" "3bd9f3774fd6cb448e92d75794b8a5bc7e7071cd7617b582db3add035b3ef80e", kill_on_drop: false }`
[INFO] [stderr]     Finished test [unoptimized + debuginfo] target(s) in 0.01s
[INFO] [stderr]      Running unittests src/lib.rs (/opt/rustwide/target/debug/deps/layout_lib-565bcd4f632fcab8)
[INFO] [stdout] 
[INFO] [stdout] running 0 tests
[INFO] [stdout] 
[INFO] [stdout] test result: ok. 0 passed; 0 failed; 0 ignored; 0 measured; 0 filtered out; finished in 0.00s
[INFO] [stdout] 
[INFO] [stderr]    Doc-tests layout-lib
[INFO] [stdout] 
[INFO] [stdout] running 3 tests
[INFO] [stdout] test src/lib.rs - (line 76) ... FAILED
[INFO] [stdout] test src/lib.rs - (line 64) ... ok
[INFO] [stdout] test src/lib.rs - (line 11) ... ok
[INFO] [stdout] 
[INFO] [stdout] failures:
[INFO] [stdout] 
[INFO] [stdout] ---- src/lib.rs - (line 76) stdout ----
[INFO] [stdout] error: cannot find macro `offset_of_struct` in this scope
[INFO] [stdout]  --> src/lib.rs:77:14
[INFO] [stdout]   |
[INFO] [stdout] 3 | let offset = offset_of_struct!(A<Vec<i32>>, b); // 32
[INFO] [stdout]   |              ^^^^^^^^^^^^^^^^
[INFO] [stdout]   |
[INFO] [stdout] help: consider importing this macro
[INFO] [stdout]   |
[INFO] [stdout] 2 + use layout_lib::offset_of_struct;
[INFO] [stdout]   |
[INFO] [stdout] 
[INFO] [stdout] error: aborting due to 1 previous error
[INFO] [stdout] 
[INFO] [stdout] Couldn't compile the test.
[INFO] [stdout] 
[INFO] [stdout] failures:
[INFO] [stdout]     src/lib.rs - (line 76)
[INFO] [stdout] 
[INFO] [stdout] test result: FAILED. 2 passed; 1 failed; 0 ignored; 0 measured; 0 filtered out; finished in 0.20s
[INFO] [stdout] 
[INFO] [stderr] error: doctest failed, to rerun pass `--doc`
[INFO] running `Command { std: "docker" "inspect" "3bd9f3774fd6cb448e92d75794b8a5bc7e7071cd7617b582db3add035b3ef80e", kill_on_drop: false }`
[INFO] running `Command { std: "docker" "rm" "-f" "3bd9f3774fd6cb448e92d75794b8a5bc7e7071cd7617b582db3add035b3ef80e", kill_on_drop: false }`
[INFO] [stdout] 3bd9f3774fd6cb448e92d75794b8a5bc7e7071cd7617b582db3add035b3ef80e
