[INFO] fetching crate lavalink-rs 0.10.0-beta.3...
[INFO] testing lavalink-rs-0.10.0-beta.3 against 1.75.0 for beta-1.76-1
[INFO] extracting crate lavalink-rs 0.10.0-beta.3 into /workspace/builds/worker-5-tc1/source
[INFO] validating manifest of crates.io crate lavalink-rs 0.10.0-beta.3 on toolchain 1.75.0
[INFO] running `Command { std: CARGO_HOME="/workspace/cargo-home" RUSTUP_HOME="/workspace/rustup-home" "/workspace/cargo-home/bin/cargo" "+1.75.0" "metadata" "--manifest-path" "Cargo.toml" "--no-deps", kill_on_drop: false }`
[INFO] started tweaking crates.io crate lavalink-rs 0.10.0-beta.3
[INFO] finished tweaking crates.io crate lavalink-rs 0.10.0-beta.3
[INFO] tweaked toml for crates.io crate lavalink-rs 0.10.0-beta.3 written to /workspace/builds/worker-5-tc1/source/Cargo.toml
[INFO] running `Command { std: CARGO_HOME="/workspace/cargo-home" RUSTUP_HOME="/workspace/rustup-home" "/workspace/cargo-home/bin/cargo" "+1.75.0" "generate-lockfile" "--manifest-path" "Cargo.toml", kill_on_drop: false }`
[INFO] [stderr]     Updating crates.io index
[INFO] running `Command { std: CARGO_HOME="/workspace/cargo-home" RUSTUP_HOME="/workspace/rustup-home" "/workspace/cargo-home/bin/cargo" "+1.75.0" "fetch" "--manifest-path" "Cargo.toml", kill_on_drop: false }`
[INFO] [stderr]  Downloading crates ...
[INFO] [stderr]   Downloaded typemap_rev v0.3.0
[INFO] [stderr]   Downloaded oneshot v0.1.6
[INFO] [stderr]   Downloaded pyo3-log v0.8.4
[INFO] [stderr]   Downloaded macro_rules_attribute v0.2.0
[INFO] [stderr]   Downloaded macro_rules_attribute-proc_macro v0.2.0
[INFO] [stderr]   Downloaded pyo3-asyncio-macros v0.19.0
[INFO] [stderr]   Downloaded pyo3-asyncio v0.19.0
[INFO] [stderr]   Downloaded songbird v0.3.2
[INFO] [stderr]   Downloaded serenity v0.11.7
[INFO] [stderr]   Downloaded twilight-model v0.15.4
[INFO] running `Command { std: "docker" "create" "-v" "/var/lib/crater-agent-workspace/builds/worker-5-tc1/target:/opt/rustwide/target:rw,Z" "-v" "/var/lib/crater-agent-workspace/builds/worker-5-tc1/source:/opt/rustwide/workdir:ro,Z" "-v" "/var/lib/crater-agent-workspace/cargo-home:/opt/rustwide/cargo-home:ro,Z" "-v" "/var/lib/crater-agent-workspace/rustup-home:/opt/rustwide/rustup-home:ro,Z" "-e" "SOURCE_DIR=/opt/rustwide/workdir" "-e" "CARGO_TARGET_DIR=/opt/rustwide/target" "-e" "CARGO_HOME=/opt/rustwide/cargo-home" "-e" "RUSTUP_HOME=/opt/rustwide/rustup-home" "-w" "/opt/rustwide/workdir" "-m" "1610612736" "--user" "0:0" "--network" "none" "ghcr.io/rust-lang/crates-build-env/linux@sha256:2788e3201cd34a07e3172128adcd8b3090168a8e3bcc40d7c032b9dda1df7d1c" "/opt/rustwide/cargo-home/bin/cargo" "+1.75.0" "metadata" "--no-deps" "--format-version=1", kill_on_drop: false }`
[INFO] [stdout] 2f7649b5af712c815b81df553dc366af54f7ed6f2e3aa5931748c7000c2b02ef
[INFO] running `Command { std: "docker" "start" "-a" "2f7649b5af712c815b81df553dc366af54f7ed6f2e3aa5931748c7000c2b02ef", kill_on_drop: false }`
[INFO] running `Command { std: "docker" "inspect" "2f7649b5af712c815b81df553dc366af54f7ed6f2e3aa5931748c7000c2b02ef", kill_on_drop: false }`
[INFO] running `Command { std: "docker" "rm" "-f" "2f7649b5af712c815b81df553dc366af54f7ed6f2e3aa5931748c7000c2b02ef", kill_on_drop: false }`
[INFO] [stdout] 2f7649b5af712c815b81df553dc366af54f7ed6f2e3aa5931748c7000c2b02ef
[INFO] running `Command { std: "docker" "create" "-v" "/var/lib/crater-agent-workspace/builds/worker-5-tc1/target:/opt/rustwide/target:rw,Z" "-v" "/var/lib/crater-agent-workspace/builds/worker-5-tc1/source:/opt/rustwide/workdir:ro,Z" "-v" "/var/lib/crater-agent-workspace/cargo-home:/opt/rustwide/cargo-home:ro,Z" "-v" "/var/lib/crater-agent-workspace/rustup-home:/opt/rustwide/rustup-home:ro,Z" "-e" "SOURCE_DIR=/opt/rustwide/workdir" "-e" "CARGO_TARGET_DIR=/opt/rustwide/target" "-e" "CARGO_INCREMENTAL=0" "-e" "RUST_BACKTRACE=full" "-e" "RUSTFLAGS=--cap-lints=warn" "-e" "RUSTDOCFLAGS=--cap-lints=warn" "-e" "CARGO_HOME=/opt/rustwide/cargo-home" "-e" "RUSTUP_HOME=/opt/rustwide/rustup-home" "-w" "/opt/rustwide/workdir" "-m" "1610612736" "--user" "0:0" "--network" "none" "ghcr.io/rust-lang/crates-build-env/linux@sha256:2788e3201cd34a07e3172128adcd8b3090168a8e3bcc40d7c032b9dda1df7d1c" "/opt/rustwide/cargo-home/bin/cargo" "+1.75.0" "build" "--frozen" "--message-format=json", kill_on_drop: false }`
[INFO] [stdout] ebcf3e97f2a07fd33f95d4e06138ad9c030c7b8882f6a890cb14e62273b804fd
[INFO] running `Command { std: "docker" "start" "-a" "ebcf3e97f2a07fd33f95d4e06138ad9c030c7b8882f6a890cb14e62273b804fd", kill_on_drop: false }`
[INFO] [stderr]    Compiling libc v0.2.151
[INFO] [stderr]    Compiling bytes v1.5.0
[INFO] [stderr]    Compiling futures-core v0.3.30
[INFO] [stderr]    Compiling futures-sink v0.3.30
[INFO] [stderr]    Compiling spin v0.9.8
[INFO] [stderr]    Compiling untrusted v0.9.0
[INFO] [stderr]    Compiling typenum v1.17.0
[INFO] [stderr]    Compiling pin-utils v0.1.0
[INFO] [stderr]    Compiling generic-array v0.14.7
[INFO] [stderr]    Compiling memchr v2.7.1
[INFO] [stderr]    Compiling futures-io v0.3.30
[INFO] [stderr]    Compiling futures-task v0.3.30
[INFO] [stderr]    Compiling getrandom v0.2.11
[INFO] [stderr]    Compiling socket2 v0.5.5
[INFO] [stderr]    Compiling syn v2.0.48
[INFO] [stderr]    Compiling mio v0.8.10
[INFO] [stderr]    Compiling percent-encoding v2.3.1
[INFO] [stderr]    Compiling futures-channel v0.3.30
[INFO] [stderr]    Compiling rustls v0.21.10
[INFO] [stderr]    Compiling tinyvec_macros v0.1.1
[INFO] [stderr]    Compiling tracing-core v0.1.32
[INFO] [stderr]    Compiling tinyvec v1.6.0
[INFO] [stderr]    Compiling hashbrown v0.14.3
[INFO] [stderr]    Compiling serde v1.0.194
[INFO] [stderr]    Compiling form_urlencoded v1.2.1
[INFO] [stderr]    Compiling thiserror v1.0.56
[INFO] [stderr]    Compiling unicode-bidi v0.3.14
[INFO] [stderr]    Compiling equivalent v1.0.1
[INFO] [stderr]    Compiling rand_core v0.6.4
[INFO] [stderr]    Compiling lock_api v0.4.11
[INFO] [stderr]    Compiling ppv-lite86 v0.2.17
[INFO] [stderr]    Compiling tokio v1.35.1
[INFO] [stderr]    Compiling http v0.2.11
[INFO] [stderr]    Compiling parking_lot_core v0.9.9
[INFO] [stderr]    Compiling want v0.3.1
[INFO] [stderr]    Compiling tower-service v0.3.2
[INFO] [stderr]    Compiling cpufeatures v0.2.12
[INFO] [stderr]    Compiling httpdate v1.0.3
[INFO] [stderr]    Compiling rand_chacha v0.3.1
[INFO] [stderr]    Compiling utf-8 v0.7.6
[INFO] [stderr]    Compiling data-encoding v2.5.0
[INFO] [stderr]    Compiling indexmap v2.1.0
[INFO] [stderr]    Compiling rand v0.8.5
[INFO] [stderr]    Compiling webpki-roots v0.25.3
[INFO] [stderr]    Compiling base64 v0.21.5
[INFO] [stderr]    Compiling lavalink-rs v0.10.0-beta.3 (/opt/rustwide/workdir)
[INFO] [stderr]    Compiling unicode-normalization v0.1.22
[INFO] [stderr]    Compiling mime v0.3.17
[INFO] [stderr]    Compiling cc v1.0.83
[INFO] [stderr]    Compiling ipnet v2.9.0
[INFO] [stderr]    Compiling rustls-pemfile v1.0.4
[INFO] [stderr]    Compiling parking_lot v0.12.1
[INFO] [stderr]    Compiling dashmap v5.5.3
[INFO] [stderr]    Compiling http-body v0.4.6
[INFO] [stderr]    Compiling typemap_rev v0.3.0
[INFO] [stderr]    Compiling arc-swap v1.6.0
[INFO] [stderr]    Compiling oneshot v0.1.6
[INFO] [stderr]    Compiling idna v0.5.0
[INFO] [stderr]    Compiling url v2.5.0
[INFO] [stderr]    Compiling ring v0.17.7
[INFO] [stderr]    Compiling crypto-common v0.1.6
[INFO] [stderr]    Compiling block-buffer v0.10.4
[INFO] [stderr]    Compiling digest v0.10.7
[INFO] [stderr]    Compiling sha1 v0.10.6
[INFO] [stderr]    Compiling futures-macro v0.3.30
[INFO] [stderr]    Compiling tracing-attributes v0.1.27
[INFO] [stderr]    Compiling serde_derive v1.0.194
[INFO] [stderr]    Compiling thiserror-impl v1.0.56
[INFO] [stderr]    Compiling futures-util v0.3.30
[INFO] [stderr]    Compiling tracing v0.1.40
[INFO] [stderr]    Compiling tokio-util v0.7.10
[INFO] [stderr]    Compiling rustls-webpki v0.101.7
[INFO] [stderr]    Compiling sct v0.7.1
[INFO] [stderr]    Compiling tokio-rustls v0.24.1
[INFO] [stderr]    Compiling tungstenite v0.20.1
[INFO] [stderr]    Compiling h2 v0.3.22
[INFO] [stderr]    Compiling futures-executor v0.3.30
[INFO] [stderr]    Compiling futures v0.3.30
[INFO] [stderr]    Compiling async-tungstenite v0.23.0
[INFO] [stderr]    Compiling serde_urlencoded v0.7.1
[INFO] [stderr]    Compiling serde_json v1.0.111
[INFO] [stderr]    Compiling serde_qs v0.12.0
[INFO] [stderr]    Compiling hyper v0.14.28
[INFO] [stderr]    Compiling hyper-rustls v0.24.2
[INFO] [stderr]    Compiling reqwest v0.11.23
[INFO] [stderr]     Finished dev [unoptimized + debuginfo] target(s) in 19.32s
[INFO] running `Command { std: "docker" "inspect" "ebcf3e97f2a07fd33f95d4e06138ad9c030c7b8882f6a890cb14e62273b804fd", kill_on_drop: false }`
[INFO] running `Command { std: "docker" "rm" "-f" "ebcf3e97f2a07fd33f95d4e06138ad9c030c7b8882f6a890cb14e62273b804fd", kill_on_drop: false }`
[INFO] [stdout] ebcf3e97f2a07fd33f95d4e06138ad9c030c7b8882f6a890cb14e62273b804fd
[INFO] running `Command { std: "docker" "create" "-v" "/var/lib/crater-agent-workspace/builds/worker-5-tc1/target:/opt/rustwide/target:rw,Z" "-v" "/var/lib/crater-agent-workspace/builds/worker-5-tc1/source:/opt/rustwide/workdir:ro,Z" "-v" "/var/lib/crater-agent-workspace/cargo-home:/opt/rustwide/cargo-home:ro,Z" "-v" "/var/lib/crater-agent-workspace/rustup-home:/opt/rustwide/rustup-home:ro,Z" "-e" "SOURCE_DIR=/opt/rustwide/workdir" "-e" "CARGO_TARGET_DIR=/opt/rustwide/target" "-e" "CARGO_INCREMENTAL=0" "-e" "RUST_BACKTRACE=full" "-e" "RUSTFLAGS=--cap-lints=warn" "-e" "RUSTDOCFLAGS=--cap-lints=warn" "-e" "CARGO_HOME=/opt/rustwide/cargo-home" "-e" "RUSTUP_HOME=/opt/rustwide/rustup-home" "-w" "/opt/rustwide/workdir" "-m" "1610612736" "--user" "0:0" "--network" "none" "ghcr.io/rust-lang/crates-build-env/linux@sha256:2788e3201cd34a07e3172128adcd8b3090168a8e3bcc40d7c032b9dda1df7d1c" "/opt/rustwide/cargo-home/bin/cargo" "+1.75.0" "test" "--frozen" "--no-run" "--message-format=json", kill_on_drop: false }`
[INFO] [stdout] b81af3c7cebba35be93258f6254f3eab324a4ac157e5bb8019c16b4da258ab61
[INFO] running `Command { std: "docker" "start" "-a" "b81af3c7cebba35be93258f6254f3eab324a4ac157e5bb8019c16b4da258ab61", kill_on_drop: false }`
[INFO] [stderr]    Compiling lavalink-rs v0.10.0-beta.3 (/opt/rustwide/workdir)
[INFO] [stderr]     Finished test [unoptimized + debuginfo] target(s) in 1.91s
[INFO] running `Command { std: "docker" "inspect" "b81af3c7cebba35be93258f6254f3eab324a4ac157e5bb8019c16b4da258ab61", kill_on_drop: false }`
[INFO] running `Command { std: "docker" "rm" "-f" "b81af3c7cebba35be93258f6254f3eab324a4ac157e5bb8019c16b4da258ab61", kill_on_drop: false }`
[INFO] [stdout] b81af3c7cebba35be93258f6254f3eab324a4ac157e5bb8019c16b4da258ab61
[INFO] running `Command { std: "docker" "create" "-v" "/var/lib/crater-agent-workspace/builds/worker-5-tc1/target:/opt/rustwide/target:rw,Z" "-v" "/var/lib/crater-agent-workspace/builds/worker-5-tc1/source:/opt/rustwide/workdir:ro,Z" "-v" "/var/lib/crater-agent-workspace/cargo-home:/opt/rustwide/cargo-home:ro,Z" "-v" "/var/lib/crater-agent-workspace/rustup-home:/opt/rustwide/rustup-home:ro,Z" "-e" "SOURCE_DIR=/opt/rustwide/workdir" "-e" "CARGO_TARGET_DIR=/opt/rustwide/target" "-e" "CARGO_INCREMENTAL=0" "-e" "RUST_BACKTRACE=full" "-e" "RUSTFLAGS=--cap-lints=warn" "-e" "RUSTDOCFLAGS=--cap-lints=warn" "-e" "CARGO_HOME=/opt/rustwide/cargo-home" "-e" "RUSTUP_HOME=/opt/rustwide/rustup-home" "-w" "/opt/rustwide/workdir" "-m" "1610612736" "--user" "0:0" "--network" "none" "ghcr.io/rust-lang/crates-build-env/linux@sha256:2788e3201cd34a07e3172128adcd8b3090168a8e3bcc40d7c032b9dda1df7d1c" "/opt/rustwide/cargo-home/bin/cargo" "+1.75.0" "test" "--frozen", kill_on_drop: false }`
[INFO] [stdout] c009d7f75009ca1d3773e25bd9ea428f6d5fb7e67c21478b3ec343148db9128a
[INFO] running `Command { std: "docker" "start" "-a" "c009d7f75009ca1d3773e25bd9ea428f6d5fb7e67c21478b3ec343148db9128a", kill_on_drop: false }`
[INFO] [stderr]     Finished test [unoptimized + debuginfo] target(s) in 0.11s
[INFO] [stderr]      Running unittests src/lib.rs (/opt/rustwide/target/debug/deps/lavalink_rs-0aefd259bbc23154)
[INFO] [stdout] 
[INFO] [stdout] running 0 tests
[INFO] [stdout] 
[INFO] [stdout] test result: ok. 0 passed; 0 failed; 0 ignored; 0 measured; 0 filtered out; finished in 0.00s
[INFO] [stdout] 
[INFO] [stderr]    Doc-tests lavalink_rs
[INFO] [stdout] 
[INFO] [stdout] running 3 tests
[INFO] [stdout] test src/node.rs - node::NodeBuilder (line 21) ... FAILED
[INFO] [stdout] test src/http.rs - http::Http::raw_request (line 21) ... FAILED
[INFO] [stdout] test src/model/search.rs - model::search::SearchEngines::to_query (line 48) ... FAILED
[INFO] [stdout] 
[INFO] [stdout] failures:
[INFO] [stdout] 
[INFO] [stdout] ---- src/node.rs - node::NodeBuilder (line 21) stdout ----
[INFO] [stdout] error[E0432]: unresolved import `crate::model`
[INFO] [stdout]  --> src/node.rs:22:12
[INFO] [stdout]   |
[INFO] [stdout] 3 | use crate::model::UserId;
[INFO] [stdout]   |            ^^^^^
[INFO] [stdout]   |            |
[INFO] [stdout]   |            unresolved import
[INFO] [stdout]   |            help: a similar path exists: `lavalink_rs::model`
[INFO] [stdout] 
[INFO] [stdout] error[E0422]: cannot find struct, variant or union type `NodeBuilder` in this scope
[INFO] [stdout]  --> src/node.rs:23:20
[INFO] [stdout]   |
[INFO] [stdout] 4 | let node_builder = NodeBuilder {
[INFO] [stdout]   |                    ^^^^^^^^^^^ not found in this scope
[INFO] [stdout]   |
[INFO] [stdout] help: consider importing this struct
[INFO] [stdout]   |
[INFO] [stdout] 2 + use lavalink_rs::prelude::NodeBuilder;
[INFO] [stdout]   |
[INFO] [stdout] 
[INFO] [stdout] error: aborting due to 2 previous errors
[INFO] [stdout] 
[INFO] [stdout] Some errors have detailed explanations: E0422, E0432.
[INFO] [stdout] For more information about an error, try `rustc --explain E0422`.
[INFO] [stdout] Couldn't compile the test.
[INFO] [stdout] ---- src/http.rs - http::Http::raw_request (line 21) stdout ----
[INFO] [stdout] error[E0425]: cannot find value `lavalink_client` in this scope
[INFO] [stdout]  --> src/http.rs:25:12
[INFO] [stdout]   |
[INFO] [stdout] 7 | let node = lavalink_client.get_node_for_guild(guild_id);
[INFO] [stdout]   |            ^^^^^^^^^^^^^^^ not found in this scope
[INFO] [stdout] 
[INFO] [stdout] error[E0425]: cannot find value `guild_id` in this scope
[INFO] [stdout]  --> src/http.rs:25:47
[INFO] [stdout]   |
[INFO] [stdout] 7 | let node = lavalink_client.get_node_for_guild(guild_id);
[INFO] [stdout]   |                                               ^^^^^^^^ not found in this scope
[INFO] [stdout] 
[INFO] [stdout] error[E0425]: cannot find value `guild_id` in this scope
[INFO] [stdout]  --> src/http.rs:26:75
[INFO] [stdout]   |
[INFO] [stdout] 8 | let path = format!("/v4/sessions/{}/players/{}", &node.session_id.load(), guild_id.0);
[INFO] [stdout]   |                                                                           ^^^^^^^^ not found in this scope
[INFO] [stdout] 
[INFO] [stdout] error[E0433]: failed to resolve: could not find `player` in `lavalink_rs`
[INFO] [stdout]   --> src/http.rs:28:86
[INFO] [stdout]    |
[INFO] [stdout] 10 | let player = serde_json::from_value::<lavalink_rs::error::RequestResult<lavalink_rs::player::Player>>(result)?.to_result()?;
[INFO] [stdout]    |                                                                                      ^^^^^^ could not find `player` in `lavalink_rs`
[INFO] [stdout]    |
[INFO] [stdout] help: consider importing this module
[INFO] [stdout]    |
[INFO] [stdout] 2  + use lavalink_rs::model::player;
[INFO] [stdout]    |
[INFO] [stdout] help: if you import `player`, refer to it directly
[INFO] [stdout]    |
[INFO] [stdout] 10 - let player = serde_json::from_value::<lavalink_rs::error::RequestResult<lavalink_rs::player::Player>>(result)?.to_result()?;
[INFO] [stdout] 10 + let player = serde_json::from_value::<lavalink_rs::error::RequestResult<player::Player>>(result)?.to_result()?;
[INFO] [stdout]    |
[INFO] [stdout] 
[INFO] [stdout] error[E0603]: enum `RequestResult` is private
[INFO] [stdout]   --> src/http.rs:28:59
[INFO] [stdout]    |
[INFO] [stdout] 10 | let player = serde_json::from_value::<lavalink_rs::error::RequestResult<lavalink_rs::player::Player>>(result)?.to_result()?;
[INFO] [stdout]    |                                                           ^^^^^^^^^^^^^ private enum
[INFO] [stdout]    |
[INFO] [stdout] note: the enum `RequestResult` is defined here
[INFO] [stdout]   --> /opt/rustwide/workdir/src/error.rs:33:1
[INFO] [stdout]    |
[INFO] [stdout] 33 | pub(crate) enum RequestResult<T> {
[INFO] [stdout]    | ^^^^^^^^^^^^^^^^^^^^^^^^^^^^^^^^
[INFO] [stdout] 
[INFO] [stdout] error[E0728]: `await` is only allowed inside `async` functions and blocks
[INFO] [stdout]  --> src/http.rs:27:101
[INFO] [stdout]   |
[INFO] [stdout] 4 | fn main() { #[allow(non_snake_case)] fn _doctest_main_src_http_rs_21_0() {
[INFO] [stdout]   |                                         ------------------------------ this is not `async`
[INFO] [stdout] ...
[INFO] [stdout] 9 | let result = node.http.raw_request(Method::PATCH, path, &serde_json::json!({"encodedTrack": null})).await?;
[INFO] [stdout]   |                                                                                                     ^^^^^ only allowed inside `async` functions and blocks
[INFO] [stdout] 
[INFO] [stdout] error[E0277]: the `?` operator can only be used in a function that returns `Result` or `Option` (or another type that implements `FromResidual`)
[INFO] [stdout]  --> src/http.rs:27:106
[INFO] [stdout]   |
[INFO] [stdout] 4 | fn main() { #[allow(non_snake_case)] fn _doctest_main_src_http_rs_21_0() {
[INFO] [stdout]   |                                      ----------------------------------- this function should return `Result` or `Option` to accept `?`
[INFO] [stdout] ...
[INFO] [stdout] 9 | let result = node.http.raw_request(Method::PATCH, path, &serde_json::json!({"encodedTrack": null})).await?;
[INFO] [stdout]   |                                                                                                          ^ cannot use the `?` operator in a function that returns `()`
[INFO] [stdout]   |
[INFO] [stdout]   = help: the trait `FromResidual<_>` is not implemented for `()`
[INFO] [stdout] 
[INFO] [stdout] error: aborting due to 7 previous errors
[INFO] [stdout] 
[INFO] [stdout] Some errors have detailed explanations: E0277, E0425, E0433, E0603, E0728.
[INFO] [stdout] For more information about an error, try `rustc --explain E0277`.
[INFO] [stdout] Couldn't compile the test.
[INFO] [stdout] ---- src/model/search.rs - model::search::SearchEngines::to_query (line 48) stdout ----
[INFO] [stdout] error[E0433]: failed to resolve: use of undeclared type `SearchEngines`
[INFO] [stdout]  --> src/model/search.rs:49:13
[INFO] [stdout]   |
[INFO] [stdout] 3 | let query = SearchEngines::YouTubeMusic.to_query("Ne Obliviscaris - Forget Not").unwrap();
[INFO] [stdout]   |             ^^^^^^^^^^^^^ use of undeclared type `SearchEngines`
[INFO] [stdout]   |
[INFO] [stdout] help: consider importing this enum
[INFO] [stdout]   |
[INFO] [stdout] 2 + use lavalink_rs::prelude::SearchEngines;
[INFO] [stdout]   |
[INFO] [stdout] 
[INFO] [stdout] error[E0425]: cannot find value `lavalink_client` in this scope
[INFO] [stdout]  --> src/model/search.rs:50:1
[INFO] [stdout]   |
[INFO] [stdout] 4 | lavalink_client.load_tracks(guild_id, query).await?;
[INFO] [stdout]   | ^^^^^^^^^^^^^^^ not found in this scope
[INFO] [stdout] 
[INFO] [stdout] error[E0425]: cannot find value `guild_id` in this scope
[INFO] [stdout]  --> src/model/search.rs:50:29
[INFO] [stdout]   |
[INFO] [stdout] 4 | lavalink_client.load_tracks(guild_id, query).await?;
[INFO] [stdout]   |                             ^^^^^^^^ not found in this scope
[INFO] [stdout] 
[INFO] [stdout] error[E0728]: `await` is only allowed inside `async` functions and blocks
[INFO] [stdout]  --> src/model/search.rs:50:46
[INFO] [stdout]   |
[INFO] [stdout] 2 | fn main() { #[allow(non_snake_case)] fn _doctest_main_src_model_search_rs_48_0() {
[INFO] [stdout]   |                                         -------------------------------------- this is not `async`
[INFO] [stdout] 3 | let query = SearchEngines::YouTubeMusic.to_query("Ne Obliviscaris - Forget Not").unwrap();
[INFO] [stdout] 4 | lavalink_client.load_tracks(guild_id, query).await?;
[INFO] [stdout]   |                                              ^^^^^ only allowed inside `async` functions and blocks
[INFO] [stdout] 
[INFO] [stdout] error[E0277]: the `?` operator can only be used in a function that returns `Result` or `Option` (or another type that implements `FromResidual`)
[INFO] [stdout]  --> src/model/search.rs:50:51
[INFO] [stdout]   |
[INFO] [stdout] 2 | fn main() { #[allow(non_snake_case)] fn _doctest_main_src_model_search_rs_48_0() {
[INFO] [stdout]   |                                      ------------------------------------------- this function should return `Result` or `Option` to accept `?`
[INFO] [stdout] 3 | let query = SearchEngines::YouTubeMusic.to_query("Ne Obliviscaris - Forget Not").unwrap();
[INFO] [stdout] 4 | lavalink_client.load_tracks(guild_id, query).await?;
[INFO] [stdout]   |                                                   ^ cannot use the `?` operator in a function that returns `()`
[INFO] [stdout]   |
[INFO] [stdout]   = help: the trait `FromResidual<_>` is not implemented for `()`
[INFO] [stdout] 
[INFO] [stdout] error: aborting due to 5 previous errors
[INFO] [stdout] 
[INFO] [stdout] Some errors have detailed explanations: E0277, E0425, E0433, E0728.
[INFO] [stdout] For more information about an error, try `rustc --explain E0277`.
[INFO] [stdout] Couldn't compile the test.
[INFO] [stdout] 
[INFO] [stdout] failures:
[INFO] [stdout]     src/http.rs - http::Http::raw_request (line 21)
[INFO] [stdout]     src/model/search.rs - model::search::SearchEngines::to_query (line 48)
[INFO] [stdout]     src/node.rs - node::NodeBuilder (line 21)
[INFO] [stdout] 
[INFO] [stdout] test result: FAILED. 0 passed; 3 failed; 0 ignored; 0 measured; 0 filtered out; finished in 0.12s
[INFO] [stdout] 
[INFO] [stderr] error: doctest failed, to rerun pass `--doc`
[INFO] running `Command { std: "docker" "inspect" "c009d7f75009ca1d3773e25bd9ea428f6d5fb7e67c21478b3ec343148db9128a", kill_on_drop: false }`
[INFO] running `Command { std: "docker" "rm" "-f" "c009d7f75009ca1d3773e25bd9ea428f6d5fb7e67c21478b3ec343148db9128a", kill_on_drop: false }`
[INFO] [stdout] c009d7f75009ca1d3773e25bd9ea428f6d5fb7e67c21478b3ec343148db9128a
