[INFO] fetching crate langchain 0.2.2...
[INFO] testing langchain-0.2.2 against 1.75.0 for beta-1.76-1
[INFO] extracting crate langchain 0.2.2 into /workspace/builds/worker-5-tc1/source
[INFO] validating manifest of crates.io crate langchain 0.2.2 on toolchain 1.75.0
[INFO] running `Command { std: CARGO_HOME="/workspace/cargo-home" RUSTUP_HOME="/workspace/rustup-home" "/workspace/cargo-home/bin/cargo" "+1.75.0" "metadata" "--manifest-path" "Cargo.toml" "--no-deps", kill_on_drop: false }`
[INFO] started tweaking crates.io crate langchain 0.2.2
[INFO] finished tweaking crates.io crate langchain 0.2.2
[INFO] tweaked toml for crates.io crate langchain 0.2.2 written to /workspace/builds/worker-5-tc1/source/Cargo.toml
[INFO] running `Command { std: CARGO_HOME="/workspace/cargo-home" RUSTUP_HOME="/workspace/rustup-home" "/workspace/cargo-home/bin/cargo" "+1.75.0" "generate-lockfile" "--manifest-path" "Cargo.toml", kill_on_drop: false }`
[INFO] [stderr]     Updating crates.io index
[INFO] running `Command { std: CARGO_HOME="/workspace/cargo-home" RUSTUP_HOME="/workspace/rustup-home" "/workspace/cargo-home/bin/cargo" "+1.75.0" "fetch" "--manifest-path" "Cargo.toml", kill_on_drop: false }`
[INFO] [stderr]  Downloading crates ...
[INFO] [stderr]   Downloaded mockito v1.2.0
[INFO] running `Command { std: "docker" "create" "-v" "/var/lib/crater-agent-workspace/builds/worker-5-tc1/target:/opt/rustwide/target:rw,Z" "-v" "/var/lib/crater-agent-workspace/builds/worker-5-tc1/source:/opt/rustwide/workdir:ro,Z" "-v" "/var/lib/crater-agent-workspace/cargo-home:/opt/rustwide/cargo-home:ro,Z" "-v" "/var/lib/crater-agent-workspace/rustup-home:/opt/rustwide/rustup-home:ro,Z" "-e" "SOURCE_DIR=/opt/rustwide/workdir" "-e" "CARGO_TARGET_DIR=/opt/rustwide/target" "-e" "CARGO_HOME=/opt/rustwide/cargo-home" "-e" "RUSTUP_HOME=/opt/rustwide/rustup-home" "-w" "/opt/rustwide/workdir" "-m" "1610612736" "--user" "0:0" "--network" "none" "ghcr.io/rust-lang/crates-build-env/linux@sha256:2788e3201cd34a07e3172128adcd8b3090168a8e3bcc40d7c032b9dda1df7d1c" "/opt/rustwide/cargo-home/bin/cargo" "+1.75.0" "metadata" "--no-deps" "--format-version=1", kill_on_drop: false }`
[INFO] [stdout] e8cf3eb749772fd22b514e88f8894365b566c86eb08dcd5c27b07b76c4f1a0b3
[INFO] running `Command { std: "docker" "start" "-a" "e8cf3eb749772fd22b514e88f8894365b566c86eb08dcd5c27b07b76c4f1a0b3", kill_on_drop: false }`
[INFO] running `Command { std: "docker" "inspect" "e8cf3eb749772fd22b514e88f8894365b566c86eb08dcd5c27b07b76c4f1a0b3", kill_on_drop: false }`
[INFO] running `Command { std: "docker" "rm" "-f" "e8cf3eb749772fd22b514e88f8894365b566c86eb08dcd5c27b07b76c4f1a0b3", kill_on_drop: false }`
[INFO] [stdout] e8cf3eb749772fd22b514e88f8894365b566c86eb08dcd5c27b07b76c4f1a0b3
[INFO] running `Command { std: "docker" "create" "-v" "/var/lib/crater-agent-workspace/builds/worker-5-tc1/target:/opt/rustwide/target:rw,Z" "-v" "/var/lib/crater-agent-workspace/builds/worker-5-tc1/source:/opt/rustwide/workdir:ro,Z" "-v" "/var/lib/crater-agent-workspace/cargo-home:/opt/rustwide/cargo-home:ro,Z" "-v" "/var/lib/crater-agent-workspace/rustup-home:/opt/rustwide/rustup-home:ro,Z" "-e" "SOURCE_DIR=/opt/rustwide/workdir" "-e" "CARGO_TARGET_DIR=/opt/rustwide/target" "-e" "CARGO_INCREMENTAL=0" "-e" "RUST_BACKTRACE=full" "-e" "RUSTFLAGS=--cap-lints=warn" "-e" "RUSTDOCFLAGS=--cap-lints=warn" "-e" "CARGO_HOME=/opt/rustwide/cargo-home" "-e" "RUSTUP_HOME=/opt/rustwide/rustup-home" "-w" "/opt/rustwide/workdir" "-m" "1610612736" "--user" "0:0" "--network" "none" "ghcr.io/rust-lang/crates-build-env/linux@sha256:2788e3201cd34a07e3172128adcd8b3090168a8e3bcc40d7c032b9dda1df7d1c" "/opt/rustwide/cargo-home/bin/cargo" "+1.75.0" "build" "--frozen" "--message-format=json", kill_on_drop: false }`
[INFO] [stdout] d21e830aefa30027dd4bd3c36636232faeb3eeaecb74dd38dab2095764e3f0c1
[INFO] running `Command { std: "docker" "start" "-a" "d21e830aefa30027dd4bd3c36636232faeb3eeaecb74dd38dab2095764e3f0c1", kill_on_drop: false }`
[INFO] [stderr]    Compiling libc v0.2.151
[INFO] [stderr]    Compiling pkg-config v0.3.28
[INFO] [stderr]    Compiling vcpkg v0.2.15
[INFO] [stderr]    Compiling syn v2.0.48
[INFO] [stderr]    Compiling tracing v0.1.40
[INFO] [stderr]    Compiling foreign-types-shared v0.1.1
[INFO] [stderr]    Compiling futures-sink v0.3.30
[INFO] [stderr]    Compiling openssl v0.10.62
[INFO] [stderr]    Compiling foreign-types v0.3.2
[INFO] [stderr]    Compiling native-tls v0.2.11
[INFO] [stderr]    Compiling bitflags v2.4.1
[INFO] [stderr]    Compiling futures-task v0.3.30
[INFO] [stderr]    Compiling futures-util v0.3.30
[INFO] [stderr]    Compiling percent-encoding v2.3.1
[INFO] [stderr]    Compiling try-lock v0.2.5
[INFO] [stderr]    Compiling want v0.3.1
[INFO] [stderr]    Compiling form_urlencoded v1.2.1
[INFO] [stderr]    Compiling http-body v0.4.6
[INFO] [stderr]    Compiling futures-channel v0.3.30
[INFO] [stderr]    Compiling cc v1.0.83
[INFO] [stderr]    Compiling unicode-bidi v0.3.14
[INFO] [stderr]    Compiling eyre v0.6.11
[INFO] [stderr]    Compiling log v0.3.9
[INFO] [stderr]    Compiling indenter v0.3.3
[INFO] [stderr]    Compiling socket2 v0.5.5
[INFO] [stderr]    Compiling mio v0.8.10
[INFO] [stderr]    Compiling tower-layer v0.3.2
[INFO] [stderr]    Compiling idna v0.5.0
[INFO] [stderr]    Compiling tokio v1.35.1
[INFO] [stderr]    Compiling url v2.5.0
[INFO] [stderr]    Compiling openssl-sys v0.9.98
[INFO] [stderr]    Compiling serde_derive v1.0.194
[INFO] [stderr]    Compiling thiserror-impl v1.0.56
[INFO] [stderr]    Compiling openssl-macros v0.1.1
[INFO] [stderr]    Compiling async-trait v0.1.77
[INFO] [stderr]    Compiling thiserror v1.0.56
[INFO] [stderr]    Compiling pest v2.7.6
[INFO] [stderr]    Compiling tokio-util v0.7.10
[INFO] [stderr]    Compiling h2 v0.3.22
[INFO] [stderr]    Compiling tower v0.4.13
[INFO] [stderr]    Compiling pest_meta v2.7.6
[INFO] [stderr]    Compiling serde v1.0.194
[INFO] [stderr]    Compiling pest_generator v2.7.6
[INFO] [stderr]    Compiling pest_derive v2.7.6
[INFO] [stderr]    Compiling tokio-native-tls v0.3.1
[INFO] [stderr]    Compiling hyper v0.14.28
[INFO] [stderr]    Compiling serde_json v1.0.111
[INFO] [stderr]    Compiling serde_urlencoded v0.7.1
[INFO] [stderr]    Compiling mustache v0.9.0
[INFO] [stderr]    Compiling handlebars v4.5.0
[INFO] [stderr]    Compiling hyper-tls v0.5.0
[INFO] [stderr]    Compiling reqwest v0.11.23
[INFO] [stderr]    Compiling langchain v0.2.2 (/opt/rustwide/workdir)
[INFO] [stdout] warning: unused imports: `IntoUrl`, `RequestBuilder`
[INFO] [stdout]  --> src/openai_api/client.rs:2:15
[INFO] [stdout]   |
[INFO] [stdout] 2 | use reqwest::{IntoUrl, RequestBuilder};
[INFO] [stdout]   |               ^^^^^^^  ^^^^^^^^^^^^^^
[INFO] [stdout]   |
[INFO] [stdout]   = note: `#[warn(unused_imports)]` on by default
[INFO] [stdout] 
[INFO] [stdout] 
[INFO] [stdout] warning: unused import: `std::collections::HashMap`
[INFO] [stdout]  --> src/openai_api/files.rs:4:5
[INFO] [stdout]   |
[INFO] [stdout] 4 | use std::collections::HashMap;
[INFO] [stdout]   |     ^^^^^^^^^^^^^^^^^^^^^^^^^
[INFO] [stdout] 
[INFO] [stdout] 
[INFO] [stdout] warning: unused imports: `HelperTemplate`, `Parameter`
[INFO] [stdout]  --> src/lib.rs:4:32
[INFO] [stdout]   |
[INFO] [stdout] 4 |     use handlebars::template::{HelperTemplate, Parameter, TemplateElement};
[INFO] [stdout]   |                                ^^^^^^^^^^^^^^  ^^^^^^^^^
[INFO] [stdout] 
[INFO] [stdout] 
[INFO] [stdout] warning: unused imports: `RawWaker`, `Waker`
[INFO] [stdout]    --> src/lib.rs:153:36
[INFO] [stdout]     |
[INFO] [stdout] 153 |     use std::task::{Context, Poll, RawWaker, Waker};
[INFO] [stdout]     |                                    ^^^^^^^^  ^^^^^
[INFO] [stdout] 
[INFO] [stdout] 
[INFO] [stdout] warning: unreachable expression
[INFO] [stdout]   --> src/lib.rs:36:17
[INFO] [stdout]    |
[INFO] [stdout] 36 |                 return bail!("Template must have a {{ question }} field");
[INFO] [stdout]    |                 ^^^^^^^--------------------------------------------------
[INFO] [stdout]    |                 |      |
[INFO] [stdout]    |                 |      any code following this expression is unreachable
[INFO] [stdout]    |                 unreachable expression
[INFO] [stdout]    |
[INFO] [stdout]    = note: `#[warn(unreachable_code)]` on by default
[INFO] [stdout] 
[INFO] [stdout] 
[INFO] [stdout] warning: unused variable: `cx`
[INFO] [stdout]    --> src/lib.rs:168:34
[INFO] [stdout]     |
[INFO] [stdout] 168 |         fn poll_ready(&mut self, cx: &mut Context<'_>) -> Poll<Result<(), Self::Error>> {
[INFO] [stdout]     |                                  ^^ help: if this is intentional, prefix it with an underscore: `_cx`
[INFO] [stdout]     |
[INFO] [stdout]     = note: `#[warn(unused_variables)]` on by default
[INFO] [stdout] 
[INFO] [stdout] 
[INFO] [stdout] warning: unused variable: `cx`
[INFO] [stdout]    --> src/lib.rs:355:34
[INFO] [stdout]     |
[INFO] [stdout] 355 |         fn poll_ready(&mut self, cx: &mut Context<'_>) -> Poll<Result<(), Self::Error>> {
[INFO] [stdout]     |                                  ^^ help: if this is intentional, prefix it with an underscore: `_cx`
[INFO] [stdout] 
[INFO] [stdout] 
[INFO] [stdout] warning: unused variable: `input`
[INFO] [stdout]    --> src/lib.rs:393:24
[INFO] [stdout]     |
[INFO] [stdout] 393 |         fn init(&self, input: &str, memory: Option<Memory>) -> Memory {
[INFO] [stdout]     |                        ^^^^^ help: if this is intentional, prefix it with an underscore: `_input`
[INFO] [stdout] 
[INFO] [stdout] 
[INFO] [stdout] warning: associated function `new` is never used
[INFO] [stdout]   --> src/openai_api/client.rs:17:12
[INFO] [stdout]    |
[INFO] [stdout] 16 | impl Client {
[INFO] [stdout]    | ----------- associated function in this implementation
[INFO] [stdout] 17 |     pub fn new(
[INFO] [stdout]    |            ^^^
[INFO] [stdout]    |
[INFO] [stdout]    = note: `#[warn(dead_code)]` on by default
[INFO] [stdout] 
[INFO] [stdout] 
[INFO] [stdout] warning: variant `FineTuning` is never constructed
[INFO] [stdout]  --> src/openai_api/files.rs:7:5
[INFO] [stdout]   |
[INFO] [stdout] 6 | pub enum FilePayload<'a> {
[INFO] [stdout]   |          ----------- variant in this enum
[INFO] [stdout] 7 |     FineTuning {
[INFO] [stdout]   |     ^^^^^^^^^^
[INFO] [stdout] 
[INFO] [stdout] 
[INFO] [stdout] warning: field `name` is never read
[INFO] [stdout]    --> src/lib.rs:157:9
[INFO] [stdout]     |
[INFO] [stdout] 156 |     pub struct Agent {
[INFO] [stdout]     |                ----- field in this struct
[INFO] [stdout] 157 |         name: Option<String>,
[INFO] [stdout]     |         ^^^^
[INFO] [stdout] 
[INFO] [stdout] 
[INFO] [stdout] warning: enum `ToolError` is never used
[INFO] [stdout]    --> src/lib.rs:268:14
[INFO] [stdout]     |
[INFO] [stdout] 268 |     pub enum ToolError {
[INFO] [stdout]     |              ^^^^^^^^^
[INFO] [stdout] 
[INFO] [stdout] 
[INFO] [stdout] warning: field `output` is never read
[INFO] [stdout]    --> src/lib.rs:282:9
[INFO] [stdout]     |
[INFO] [stdout] 281 |     pub struct ToolOperation {
[INFO] [stdout]     |                ------------- field in this struct
[INFO] [stdout] 282 |         output: String,
[INFO] [stdout]     |         ^^^^^^
[INFO] [stdout]     |
[INFO] [stdout]     = note: `ToolOperation` has a derived impl for the trait `Debug`, but this is intentionally ignored during dead code analysis
[INFO] [stdout] 
[INFO] [stdout] 
[INFO] [stdout] warning: variants `Ada`, `Babbage`, `Curie`, `Davinci`, `Gpt35Turbo`, and `Gpt4` are never constructed
[INFO] [stdout]    --> src/lib.rs:415:13
[INFO] [stdout]     |
[INFO] [stdout] 414 |         pub enum ModelType {
[INFO] [stdout]     |                  --------- variants in this enum
[INFO] [stdout] 415 |             Ada,
[INFO] [stdout]     |             ^^^
[INFO] [stdout] 416 |             Babbage,
[INFO] [stdout]     |             ^^^^^^^
[INFO] [stdout] 417 |             Curie,
[INFO] [stdout]     |             ^^^^^
[INFO] [stdout] 418 |             Davinci,
[INFO] [stdout]     |             ^^^^^^^
[INFO] [stdout] 419 |             Gpt35Turbo,
[INFO] [stdout]     |             ^^^^^^^^^^
[INFO] [stdout] 420 |             Gpt4,
[INFO] [stdout]     |             ^^^^
[INFO] [stdout] 
[INFO] [stdout] 
[INFO] [stdout] warning: associated function `new` is never used
[INFO] [stdout]    --> src/lib.rs:443:20
[INFO] [stdout]     |
[INFO] [stdout] 442 |         impl Chat {
[INFO] [stdout]     |         --------- associated function in this implementation
[INFO] [stdout] 443 |             pub fn new(
[INFO] [stdout]     |                    ^^^
[INFO] [stdout] 
[INFO] [stdout] 
[INFO] [stdout] warning: 15 warnings emitted
[INFO] [stdout] 
[INFO] [stdout] 
[INFO] [stderr]     Finished dev [unoptimized + debuginfo] target(s) in 25.40s
[INFO] running `Command { std: "docker" "inspect" "d21e830aefa30027dd4bd3c36636232faeb3eeaecb74dd38dab2095764e3f0c1", kill_on_drop: false }`
[INFO] running `Command { std: "docker" "rm" "-f" "d21e830aefa30027dd4bd3c36636232faeb3eeaecb74dd38dab2095764e3f0c1", kill_on_drop: false }`
[INFO] [stdout] d21e830aefa30027dd4bd3c36636232faeb3eeaecb74dd38dab2095764e3f0c1
[INFO] running `Command { std: "docker" "create" "-v" "/var/lib/crater-agent-workspace/builds/worker-5-tc1/target:/opt/rustwide/target:rw,Z" "-v" "/var/lib/crater-agent-workspace/builds/worker-5-tc1/source:/opt/rustwide/workdir:ro,Z" "-v" "/var/lib/crater-agent-workspace/cargo-home:/opt/rustwide/cargo-home:ro,Z" "-v" "/var/lib/crater-agent-workspace/rustup-home:/opt/rustwide/rustup-home:ro,Z" "-e" "SOURCE_DIR=/opt/rustwide/workdir" "-e" "CARGO_TARGET_DIR=/opt/rustwide/target" "-e" "CARGO_INCREMENTAL=0" "-e" "RUST_BACKTRACE=full" "-e" "RUSTFLAGS=--cap-lints=warn" "-e" "RUSTDOCFLAGS=--cap-lints=warn" "-e" "CARGO_HOME=/opt/rustwide/cargo-home" "-e" "RUSTUP_HOME=/opt/rustwide/rustup-home" "-w" "/opt/rustwide/workdir" "-m" "1610612736" "--user" "0:0" "--network" "none" "ghcr.io/rust-lang/crates-build-env/linux@sha256:2788e3201cd34a07e3172128adcd8b3090168a8e3bcc40d7c032b9dda1df7d1c" "/opt/rustwide/cargo-home/bin/cargo" "+1.75.0" "test" "--frozen" "--no-run" "--message-format=json", kill_on_drop: false }`
[INFO] [stdout] c735a9b4ced879cc4d1eaaef948e738d177474539d094af1106acf123b016cc0
[INFO] running `Command { std: "docker" "start" "-a" "c735a9b4ced879cc4d1eaaef948e738d177474539d094af1106acf123b016cc0", kill_on_drop: false }`
[INFO] [stderr]    Compiling num_cpus v1.16.0
[INFO] [stderr]    Compiling parking_lot_core v0.9.9
[INFO] [stderr]    Compiling tokio-macros v2.2.0
[INFO] [stderr]    Compiling signal-hook-registry v1.4.1
[INFO] [stderr]    Compiling futures-macro v0.3.30
[INFO] [stderr]    Compiling futures-channel v0.3.30
[INFO] [stderr]    Compiling futures-io v0.3.30
[INFO] [stderr]    Compiling getrandom v0.2.11
[INFO] [stderr]    Compiling rand_core v0.6.4
[INFO] [stderr]    Compiling parking_lot v0.12.1
[INFO] [stderr]    Compiling colored v2.1.0
[INFO] [stderr]    Compiling rand_chacha v0.3.1
[INFO] [stderr]    Compiling assert-json-diff v2.0.2
[INFO] [stderr]    Compiling rand v0.8.5
[INFO] [stderr]    Compiling similar v2.4.0
[INFO] [stderr]    Compiling dotenv v0.15.0
[INFO] [stderr]    Compiling tokio v1.35.1
[INFO] [stderr]    Compiling futures-util v0.3.30
[INFO] [stderr]    Compiling futures-executor v0.3.30
[INFO] [stderr]    Compiling futures v0.3.30
[INFO] [stderr]    Compiling tokio-util v0.7.10
[INFO] [stderr]    Compiling tokio-native-tls v0.3.1
[INFO] [stderr]    Compiling h2 v0.3.22
[INFO] [stderr]    Compiling tower v0.4.13
[INFO] [stderr]    Compiling hyper v0.14.28
[INFO] [stderr]    Compiling hyper-tls v0.5.0
[INFO] [stderr]    Compiling mockito v1.2.0
[INFO] [stderr]    Compiling reqwest v0.11.23
[INFO] [stderr]    Compiling langchain v0.2.2 (/opt/rustwide/workdir)
[INFO] [stdout] warning: unused imports: `IntoUrl`, `RequestBuilder`
[INFO] [stdout]  --> src/openai_api/client.rs:2:15
[INFO] [stdout]   |
[INFO] [stdout] 2 | use reqwest::{IntoUrl, RequestBuilder};
[INFO] [stdout]   |               ^^^^^^^  ^^^^^^^^^^^^^^
[INFO] [stdout]   |
[INFO] [stdout]   = note: `#[warn(unused_imports)]` on by default
[INFO] [stdout] 
[INFO] [stdout] 
[INFO] [stdout] warning: unused import: `std::collections::HashMap`
[INFO] [stdout]  --> src/openai_api/files.rs:4:5
[INFO] [stdout]   |
[INFO] [stdout] 4 | use std::collections::HashMap;
[INFO] [stdout]   |     ^^^^^^^^^^^^^^^^^^^^^^^^^
[INFO] [stdout] 
[INFO] [stdout] 
[INFO] [stdout] warning: unused imports: `HelperTemplate`, `Parameter`
[INFO] [stdout]  --> src/lib.rs:4:32
[INFO] [stdout]   |
[INFO] [stdout] 4 |     use handlebars::template::{HelperTemplate, Parameter, TemplateElement};
[INFO] [stdout]   |                                ^^^^^^^^^^^^^^  ^^^^^^^^^
[INFO] [stdout] 
[INFO] [stdout] 
[INFO] [stdout] warning: unused imports: `RawWaker`, `Waker`
[INFO] [stdout]    --> src/lib.rs:153:36
[INFO] [stdout]     |
[INFO] [stdout] 153 |     use std::task::{Context, Poll, RawWaker, Waker};
[INFO] [stdout]     |                                    ^^^^^^^^  ^^^^^
[INFO] [stdout] 
[INFO] [stdout] 
[INFO] [stdout] warning: unreachable expression
[INFO] [stdout]   --> src/lib.rs:36:17
[INFO] [stdout]    |
[INFO] [stdout] 36 |                 return bail!("Template must have a {{ question }} field");
[INFO] [stdout]    |                 ^^^^^^^--------------------------------------------------
[INFO] [stdout]    |                 |      |
[INFO] [stdout]    |                 |      any code following this expression is unreachable
[INFO] [stdout]    |                 unreachable expression
[INFO] [stdout]    |
[INFO] [stdout]    = note: `#[warn(unreachable_code)]` on by default
[INFO] [stdout] 
[INFO] [stdout] 
[INFO] [stdout] warning: unused variable: `cx`
[INFO] [stdout]    --> src/lib.rs:168:34
[INFO] [stdout]     |
[INFO] [stdout] 168 |         fn poll_ready(&mut self, cx: &mut Context<'_>) -> Poll<Result<(), Self::Error>> {
[INFO] [stdout]     |                                  ^^ help: if this is intentional, prefix it with an underscore: `_cx`
[INFO] [stdout]     |
[INFO] [stdout]     = note: `#[warn(unused_variables)]` on by default
[INFO] [stdout] 
[INFO] [stdout] 
[INFO] [stdout] warning: unused variable: `cx`
[INFO] [stdout]    --> src/lib.rs:355:34
[INFO] [stdout]     |
[INFO] [stdout] 355 |         fn poll_ready(&mut self, cx: &mut Context<'_>) -> Poll<Result<(), Self::Error>> {
[INFO] [stdout]     |                                  ^^ help: if this is intentional, prefix it with an underscore: `_cx`
[INFO] [stdout] 
[INFO] [stdout] 
[INFO] [stdout] warning: unused variable: `input`
[INFO] [stdout]    --> src/lib.rs:393:24
[INFO] [stdout]     |
[INFO] [stdout] 393 |         fn init(&self, input: &str, memory: Option<Memory>) -> Memory {
[INFO] [stdout]     |                        ^^^^^ help: if this is intentional, prefix it with an underscore: `_input`
[INFO] [stdout] 
[INFO] [stdout] 
[INFO] [stdout] warning: associated function `new` is never used
[INFO] [stdout]   --> src/openai_api/client.rs:17:12
[INFO] [stdout]    |
[INFO] [stdout] 16 | impl Client {
[INFO] [stdout]    | ----------- associated function in this implementation
[INFO] [stdout] 17 |     pub fn new(
[INFO] [stdout]    |            ^^^
[INFO] [stdout]    |
[INFO] [stdout]    = note: `#[warn(dead_code)]` on by default
[INFO] [stdout] 
[INFO] [stdout] 
[INFO] [stdout] warning: variant `FineTuning` is never constructed
[INFO] [stdout]  --> src/openai_api/files.rs:7:5
[INFO] [stdout]   |
[INFO] [stdout] 6 | pub enum FilePayload<'a> {
[INFO] [stdout]   |          ----------- variant in this enum
[INFO] [stdout] 7 |     FineTuning {
[INFO] [stdout]   |     ^^^^^^^^^^
[INFO] [stdout] 
[INFO] [stdout] 
[INFO] [stdout] warning: field `name` is never read
[INFO] [stdout]    --> src/lib.rs:157:9
[INFO] [stdout]     |
[INFO] [stdout] 156 |     pub struct Agent {
[INFO] [stdout]     |                ----- field in this struct
[INFO] [stdout] 157 |         name: Option<String>,
[INFO] [stdout]     |         ^^^^
[INFO] [stdout] 
[INFO] [stdout] 
[INFO] [stdout] warning: enum `ToolError` is never used
[INFO] [stdout]    --> src/lib.rs:268:14
[INFO] [stdout]     |
[INFO] [stdout] 268 |     pub enum ToolError {
[INFO] [stdout]     |              ^^^^^^^^^
[INFO] [stdout] 
[INFO] [stdout] 
[INFO] [stdout] warning: field `output` is never read
[INFO] [stdout]    --> src/lib.rs:282:9
[INFO] [stdout]     |
[INFO] [stdout] 281 |     pub struct ToolOperation {
[INFO] [stdout]     |                ------------- field in this struct
[INFO] [stdout] 282 |         output: String,
[INFO] [stdout]     |         ^^^^^^
[INFO] [stdout]     |
[INFO] [stdout]     = note: `ToolOperation` has a derived impl for the trait `Debug`, but this is intentionally ignored during dead code analysis
[INFO] [stdout] 
[INFO] [stdout] 
[INFO] [stdout] warning: variants `Ada`, `Babbage`, `Curie`, `Davinci`, `Gpt35Turbo`, and `Gpt4` are never constructed
[INFO] [stdout]    --> src/lib.rs:415:13
[INFO] [stdout]     |
[INFO] [stdout] 414 |         pub enum ModelType {
[INFO] [stdout]     |                  --------- variants in this enum
[INFO] [stdout] 415 |             Ada,
[INFO] [stdout]     |             ^^^
[INFO] [stdout] 416 |             Babbage,
[INFO] [stdout]     |             ^^^^^^^
[INFO] [stdout] 417 |             Curie,
[INFO] [stdout]     |             ^^^^^
[INFO] [stdout] 418 |             Davinci,
[INFO] [stdout]     |             ^^^^^^^
[INFO] [stdout] 419 |             Gpt35Turbo,
[INFO] [stdout]     |             ^^^^^^^^^^
[INFO] [stdout] 420 |             Gpt4,
[INFO] [stdout]     |             ^^^^
[INFO] [stdout] 
[INFO] [stdout] 
[INFO] [stdout] warning: associated function `new` is never used
[INFO] [stdout]    --> src/lib.rs:443:20
[INFO] [stdout]     |
[INFO] [stdout] 442 |         impl Chat {
[INFO] [stdout]     |         --------- associated function in this implementation
[INFO] [stdout] 443 |             pub fn new(
[INFO] [stdout]     |                    ^^^
[INFO] [stdout] 
[INFO] [stdout] 
[INFO] [stdout] warning: 15 warnings emitted
[INFO] [stdout] 
[INFO] [stdout] 
[INFO] [stdout] warning: unused imports: `IntoUrl`, `RequestBuilder`
[INFO] [stdout]  --> src/openai_api/client.rs:2:15
[INFO] [stdout]   |
[INFO] [stdout] 2 | use reqwest::{IntoUrl, RequestBuilder};
[INFO] [stdout]   |               ^^^^^^^  ^^^^^^^^^^^^^^
[INFO] [stdout]   |
[INFO] [stdout]   = note: `#[warn(unused_imports)]` on by default
[INFO] [stdout] 
[INFO] [stdout] 
[INFO] [stdout] warning: unused import: `std::collections::HashMap`
[INFO] [stdout]  --> src/openai_api/files.rs:4:5
[INFO] [stdout]   |
[INFO] [stdout] 4 | use std::collections::HashMap;
[INFO] [stdout]   |     ^^^^^^^^^^^^^^^^^^^^^^^^^
[INFO] [stdout] 
[INFO] [stdout] 
[INFO] [stdout] warning: unused imports: `HelperTemplate`, `Parameter`
[INFO] [stdout]  --> src/lib.rs:4:32
[INFO] [stdout]   |
[INFO] [stdout] 4 |     use handlebars::template::{HelperTemplate, Parameter, TemplateElement};
[INFO] [stdout]   |                                ^^^^^^^^^^^^^^  ^^^^^^^^^
[INFO] [stdout] 
[INFO] [stdout] 
[INFO] [stdout] warning: unused imports: `RawWaker`, `Waker`
[INFO] [stdout]    --> src/lib.rs:153:36
[INFO] [stdout]     |
[INFO] [stdout] 153 |     use std::task::{Context, Poll, RawWaker, Waker};
[INFO] [stdout]     |                                    ^^^^^^^^  ^^^^^
[INFO] [stdout] 
[INFO] [stdout] 
[INFO] [stdout] warning: unreachable expression
[INFO] [stdout]   --> src/lib.rs:36:17
[INFO] [stdout]    |
[INFO] [stdout] 36 |                 return bail!("Template must have a {{ question }} field");
[INFO] [stdout]    |                 ^^^^^^^--------------------------------------------------
[INFO] [stdout]    |                 |      |
[INFO] [stdout]    |                 |      any code following this expression is unreachable
[INFO] [stdout]    |                 unreachable expression
[INFO] [stdout]    |
[INFO] [stdout]    = note: `#[warn(unreachable_code)]` on by default
[INFO] [stdout] 
[INFO] [stdout] 
[INFO] [stdout] warning: unused variable: `request`
[INFO] [stdout]   --> src/openai_api/client.rs:82:13
[INFO] [stdout]    |
[INFO] [stdout] 82 |         let request = client.0.get(server.url()).send().await;
[INFO] [stdout]    |             ^^^^^^^ help: if this is intentional, prefix it with an underscore: `_request`
[INFO] [stdout]    |
[INFO] [stdout]    = note: `#[warn(unused_variables)]` on by default
[INFO] [stdout] 
[INFO] [stdout] 
[INFO] [stdout] warning: unused variable: `cx`
[INFO] [stdout]    --> src/lib.rs:168:34
[INFO] [stdout]     |
[INFO] [stdout] 168 |         fn poll_ready(&mut self, cx: &mut Context<'_>) -> Poll<Result<(), Self::Error>> {
[INFO] [stdout]     |                                  ^^ help: if this is intentional, prefix it with an underscore: `_cx`
[INFO] [stdout] 
[INFO] [stdout] 
[INFO] [stdout] warning: unused variable: `cx`
[INFO] [stdout]    --> src/lib.rs:355:34
[INFO] [stdout]     |
[INFO] [stdout] 355 |         fn poll_ready(&mut self, cx: &mut Context<'_>) -> Poll<Result<(), Self::Error>> {
[INFO] [stdout]     |                                  ^^ help: if this is intentional, prefix it with an underscore: `_cx`
[INFO] [stdout] 
[INFO] [stdout] 
[INFO] [stdout] warning: unused variable: `input`
[INFO] [stdout]    --> src/lib.rs:393:24
[INFO] [stdout]     |
[INFO] [stdout] 393 |         fn init(&self, input: &str, memory: Option<Memory>) -> Memory {
[INFO] [stdout]     |                        ^^^^^ help: if this is intentional, prefix it with an underscore: `_input`
[INFO] [stdout] 
[INFO] [stdout] 
[INFO] [stdout] warning: variable does not need to be mutable
[INFO] [stdout]    --> src/lib.rs:651:17
[INFO] [stdout]     |
[INFO] [stdout] 651 |             let mut chain = Chain::default().model(Chat::new(
[INFO] [stdout]     |                 ----^^^^^
[INFO] [stdout]     |                 |
[INFO] [stdout]     |                 help: remove this `mut`
[INFO] [stdout]     |
[INFO] [stdout]     = note: `#[warn(unused_mut)]` on by default
[INFO] [stdout] 
[INFO] [stdout] 
[INFO] [stdout] warning: field `name` is never read
[INFO] [stdout]    --> src/lib.rs:157:9
[INFO] [stdout]     |
[INFO] [stdout] 156 |     pub struct Agent {
[INFO] [stdout]     |                ----- field in this struct
[INFO] [stdout] 157 |         name: Option<String>,
[INFO] [stdout]     |         ^^^^
[INFO] [stdout]     |
[INFO] [stdout]     = note: `#[warn(dead_code)]` on by default
[INFO] [stdout] 
[INFO] [stdout] 
[INFO] [stdout] warning: enum `ToolError` is never used
[INFO] [stdout]    --> src/lib.rs:268:14
[INFO] [stdout]     |
[INFO] [stdout] 268 |     pub enum ToolError {
[INFO] [stdout]     |              ^^^^^^^^^
[INFO] [stdout] 
[INFO] [stdout] 
[INFO] [stdout] warning: field `output` is never read
[INFO] [stdout]    --> src/lib.rs:282:9
[INFO] [stdout]     |
[INFO] [stdout] 281 |     pub struct ToolOperation {
[INFO] [stdout]     |                ------------- field in this struct
[INFO] [stdout] 282 |         output: String,
[INFO] [stdout]     |         ^^^^^^
[INFO] [stdout]     |
[INFO] [stdout]     = note: `ToolOperation` has a derived impl for the trait `Debug`, but this is intentionally ignored during dead code analysis
[INFO] [stdout] 
[INFO] [stdout] 
[INFO] [stdout] warning: variants `Ada`, `Babbage`, `Curie`, `Davinci`, and `Gpt4` are never constructed
[INFO] [stdout]    --> src/lib.rs:415:13
[INFO] [stdout]     |
[INFO] [stdout] 414 |         pub enum ModelType {
[INFO] [stdout]     |                  --------- variants in this enum
[INFO] [stdout] 415 |             Ada,
[INFO] [stdout]     |             ^^^
[INFO] [stdout] 416 |             Babbage,
[INFO] [stdout]     |             ^^^^^^^
[INFO] [stdout] 417 |             Curie,
[INFO] [stdout]     |             ^^^^^
[INFO] [stdout] 418 |             Davinci,
[INFO] [stdout]     |             ^^^^^^^
[INFO] [stdout] 419 |             Gpt35Turbo,
[INFO] [stdout] 420 |             Gpt4,
[INFO] [stdout]     |             ^^^^
[INFO] [stdout] 
[INFO] [stdout] 
[INFO] [stdout] warning: 14 warnings emitted
[INFO] [stdout] 
[INFO] [stdout] 
[INFO] [stderr]     Finished test [unoptimized + debuginfo] target(s) in 29.12s
[INFO] running `Command { std: "docker" "inspect" "c735a9b4ced879cc4d1eaaef948e738d177474539d094af1106acf123b016cc0", kill_on_drop: false }`
[INFO] running `Command { std: "docker" "rm" "-f" "c735a9b4ced879cc4d1eaaef948e738d177474539d094af1106acf123b016cc0", kill_on_drop: false }`
[INFO] [stdout] c735a9b4ced879cc4d1eaaef948e738d177474539d094af1106acf123b016cc0
[INFO] running `Command { std: "docker" "create" "-v" "/var/lib/crater-agent-workspace/builds/worker-5-tc1/target:/opt/rustwide/target:rw,Z" "-v" "/var/lib/crater-agent-workspace/builds/worker-5-tc1/source:/opt/rustwide/workdir:ro,Z" "-v" "/var/lib/crater-agent-workspace/cargo-home:/opt/rustwide/cargo-home:ro,Z" "-v" "/var/lib/crater-agent-workspace/rustup-home:/opt/rustwide/rustup-home:ro,Z" "-e" "SOURCE_DIR=/opt/rustwide/workdir" "-e" "CARGO_TARGET_DIR=/opt/rustwide/target" "-e" "CARGO_INCREMENTAL=0" "-e" "RUST_BACKTRACE=full" "-e" "RUSTFLAGS=--cap-lints=warn" "-e" "RUSTDOCFLAGS=--cap-lints=warn" "-e" "CARGO_HOME=/opt/rustwide/cargo-home" "-e" "RUSTUP_HOME=/opt/rustwide/rustup-home" "-w" "/opt/rustwide/workdir" "-m" "1610612736" "--user" "0:0" "--network" "none" "ghcr.io/rust-lang/crates-build-env/linux@sha256:2788e3201cd34a07e3172128adcd8b3090168a8e3bcc40d7c032b9dda1df7d1c" "/opt/rustwide/cargo-home/bin/cargo" "+1.75.0" "test" "--frozen", kill_on_drop: false }`
[INFO] [stdout] 9c0ac1f9831ea3f8d953d132030c2e2b2cc442eb1add579507432627bf71909c
[INFO] running `Command { std: "docker" "start" "-a" "9c0ac1f9831ea3f8d953d132030c2e2b2cc442eb1add579507432627bf71909c", kill_on_drop: false }`
[INFO] [stderr] warning: unused imports: `IntoUrl`, `RequestBuilder`
[INFO] [stderr]  --> src/openai_api/client.rs:2:15
[INFO] [stderr]   |
[INFO] [stderr] 2 | use reqwest::{IntoUrl, RequestBuilder};
[INFO] [stderr]   |               ^^^^^^^  ^^^^^^^^^^^^^^
[INFO] [stderr]   |
[INFO] [stderr]   = note: `#[warn(unused_imports)]` on by default
[INFO] [stderr] 
[INFO] [stderr] warning: unused import: `std::collections::HashMap`
[INFO] [stderr]  --> src/openai_api/files.rs:4:5
[INFO] [stderr]   |
[INFO] [stderr] 4 | use std::collections::HashMap;
[INFO] [stderr]   |     ^^^^^^^^^^^^^^^^^^^^^^^^^
[INFO] [stderr] 
[INFO] [stderr] warning: unused imports: `HelperTemplate`, `Parameter`
[INFO] [stderr]  --> src/lib.rs:4:32
[INFO] [stderr]   |
[INFO] [stderr] 4 |     use handlebars::template::{HelperTemplate, Parameter, TemplateElement};
[INFO] [stderr]   |                                ^^^^^^^^^^^^^^  ^^^^^^^^^
[INFO] [stderr] 
[INFO] [stderr] warning: unused imports: `RawWaker`, `Waker`
[INFO] [stderr]    --> src/lib.rs:153:36
[INFO] [stderr]     |
[INFO] [stderr] 153 |     use std::task::{Context, Poll, RawWaker, Waker};
[INFO] [stderr]     |                                    ^^^^^^^^  ^^^^^
[INFO] [stderr] 
[INFO] [stderr] warning: unreachable expression
[INFO] [stderr]   --> src/lib.rs:36:17
[INFO] [stderr]    |
[INFO] [stderr] 36 |                 return bail!("Template must have a {{ question }} field");
[INFO] [stderr]    |                 ^^^^^^^--------------------------------------------------
[INFO] [stderr]    |                 |      |
[INFO] [stderr]    |                 |      any code following this expression is unreachable
[INFO] [stderr]    |                 unreachable expression
[INFO] [stderr]    |
[INFO] [stderr]    = note: `#[warn(unreachable_code)]` on by default
[INFO] [stderr] 
[INFO] [stderr] warning: unused variable: `cx`
[INFO] [stderr]    --> src/lib.rs:168:34
[INFO] [stderr]     |
[INFO] [stderr] 168 |         fn poll_ready(&mut self, cx: &mut Context<'_>) -> Poll<Result<(), Self::Error>> {
[INFO] [stderr]     |                                  ^^ help: if this is intentional, prefix it with an underscore: `_cx`
[INFO] [stderr]     |
[INFO] [stderr]     = note: `#[warn(unused_variables)]` on by default
[INFO] [stderr] 
[INFO] [stderr] warning: unused variable: `cx`
[INFO] [stderr]    --> src/lib.rs:355:34
[INFO] [stderr]     |
[INFO] [stderr] 355 |         fn poll_ready(&mut self, cx: &mut Context<'_>) -> Poll<Result<(), Self::Error>> {
[INFO] [stderr]     |                                  ^^ help: if this is intentional, prefix it with an underscore: `_cx`
[INFO] [stderr] 
[INFO] [stderr] warning: unused variable: `input`
[INFO] [stderr]    --> src/lib.rs:393:24
[INFO] [stderr]     |
[INFO] [stderr] 393 |         fn init(&self, input: &str, memory: Option<Memory>) -> Memory {
[INFO] [stderr]     |                        ^^^^^ help: if this is intentional, prefix it with an underscore: `_input`
[INFO] [stderr] 
[INFO] [stderr] warning: associated function `new` is never used
[INFO] [stderr]   --> src/openai_api/client.rs:17:12
[INFO] [stderr]    |
[INFO] [stderr] 16 | impl Client {
[INFO] [stderr]    | ----------- associated function in this implementation
[INFO] [stderr] 17 |     pub fn new(
[INFO] [stderr]    |            ^^^
[INFO] [stderr]    |
[INFO] [stderr]    = note: `#[warn(dead_code)]` on by default
[INFO] [stderr] 
[INFO] [stderr] warning: variant `FineTuning` is never constructed
[INFO] [stderr]  --> src/openai_api/files.rs:7:5
[INFO] [stderr]   |
[INFO] [stderr] 6 | pub enum FilePayload<'a> {
[INFO] [stderr]   |          ----------- variant in this enum
[INFO] [stderr] 7 |     FineTuning {
[INFO] [stderr]   |     ^^^^^^^^^^
[INFO] [stderr] 
[INFO] [stderr] warning: field `name` is never read
[INFO] [stderr]    --> src/lib.rs:157:9
[INFO] [stderr]     |
[INFO] [stderr] 156 |     pub struct Agent {
[INFO] [stderr]     |                ----- field in this struct
[INFO] [stderr] 157 |         name: Option<String>,
[INFO] [stderr]     |         ^^^^
[INFO] [stderr] 
[INFO] [stderr] warning: enum `ToolError` is never used
[INFO] [stderr]    --> src/lib.rs:268:14
[INFO] [stderr]     |
[INFO] [stderr] 268 |     pub enum ToolError {
[INFO] [stderr]     |              ^^^^^^^^^
[INFO] [stderr] 
[INFO] [stderr] warning: field `output` is never read
[INFO] [stderr]    --> src/lib.rs:282:9
[INFO] [stderr]     |
[INFO] [stderr] 281 |     pub struct ToolOperation {
[INFO] [stderr]     |                ------------- field in this struct
[INFO] [stderr] 282 |         output: String,
[INFO] [stderr]     |         ^^^^^^
[INFO] [stderr]     |
[INFO] [stderr]     = note: `ToolOperation` has a derived impl for the trait `Debug`, but this is intentionally ignored during dead code analysis
[INFO] [stderr] 
[INFO] [stderr] warning: variants `Ada`, `Babbage`, `Curie`, `Davinci`, `Gpt35Turbo`, and `Gpt4` are never constructed
[INFO] [stderr]    --> src/lib.rs:415:13
[INFO] [stderr]     |
[INFO] [stderr] 414 |         pub enum ModelType {
[INFO] [stderr]     |                  --------- variants in this enum
[INFO] [stderr] 415 |             Ada,
[INFO] [stderr]     |             ^^^
[INFO] [stderr] 416 |             Babbage,
[INFO] [stderr]     |             ^^^^^^^
[INFO] [stderr] 417 |             Curie,
[INFO] [stderr]     |             ^^^^^
[INFO] [stderr] 418 |             Davinci,
[INFO] [stderr]     |             ^^^^^^^
[INFO] [stderr] 419 |             Gpt35Turbo,
[INFO] [stderr]     |             ^^^^^^^^^^
[INFO] [stderr] 420 |             Gpt4,
[INFO] [stderr]     |             ^^^^
[INFO] [stderr] 
[INFO] [stderr] warning: associated function `new` is never used
[INFO] [stderr]    --> src/lib.rs:443:20
[INFO] [stderr]     |
[INFO] [stderr] 442 |         impl Chat {
[INFO] [stderr]     |         --------- associated function in this implementation
[INFO] [stderr] 443 |             pub fn new(
[INFO] [stderr]     |                    ^^^
[INFO] [stderr] 
[INFO] [stderr] warning: `langchain` (lib) generated 15 warnings (run `cargo fix --lib -p langchain` to apply 7 suggestions)
[INFO] [stderr] warning: unused variable: `request`
[INFO] [stderr]   --> src/openai_api/client.rs:82:13
[INFO] [stderr]    |
[INFO] [stderr] 82 |         let request = client.0.get(server.url()).send().await;
[INFO] [stderr]    |             ^^^^^^^ help: if this is intentional, prefix it with an underscore: `_request`
[INFO] [stderr]    |
[INFO] [stderr]    = note: `#[warn(unused_variables)]` on by default
[INFO] [stderr] 
[INFO] [stderr] warning: unused variable: `cx`
[INFO] [stderr]    --> src/lib.rs:168:34
[INFO] [stderr]     |
[INFO] [stderr] 168 |         fn poll_ready(&mut self, cx: &mut Context<'_>) -> Poll<Result<(), Self::Error>> {
[INFO] [stderr]     |                                  ^^ help: if this is intentional, prefix it with an underscore: `_cx`
[INFO] [stderr] 
[INFO] [stderr] warning: variable does not need to be mutable
[INFO] [stderr]    --> src/lib.rs:651:17
[INFO] [stderr]     |
[INFO] [stderr] 651 |             let mut chain = Chain::default().model(Chat::new(
[INFO] [stderr]     |                 ----^^^^^
[INFO] [stderr]     |                 |
[INFO] [stderr]     |                 help: remove this `mut`
[INFO] [stderr]     |
[INFO] [stderr]     = note: `#[warn(unused_mut)]` on by default
[INFO] [stderr] 
[INFO] [stderr] warning: field `name` is never read
[INFO] [stderr]    --> src/lib.rs:157:9
[INFO] [stderr]     |
[INFO] [stderr] 156 |     pub struct Agent {
[INFO] [stderr]     |                ----- field in this struct
[INFO] [stderr] 157 |         name: Option<String>,
[INFO] [stderr]     |         ^^^^
[INFO] [stderr]     |
[INFO] [stderr]     = note: `#[warn(dead_code)]` on by default
[INFO] [stderr] 
[INFO] [stderr] warning: variants `Ada`, `Babbage`, `Curie`, `Davinci`, and `Gpt4` are never constructed
[INFO] [stderr]    --> src/lib.rs:415:13
[INFO] [stderr]     |
[INFO] [stderr] 414 |         pub enum ModelType {
[INFO] [stderr]     |                  --------- variants in this enum
[INFO] [stderr] 415 |             Ada,
[INFO] [stderr]     |             ^^^
[INFO] [stderr] 416 |             Babbage,
[INFO] [stderr]     |             ^^^^^^^
[INFO] [stderr] 417 |             Curie,
[INFO] [stderr]     |             ^^^^^
[INFO] [stderr] 418 |             Davinci,
[INFO] [stderr]     |             ^^^^^^^
[INFO] [stderr] 419 |             Gpt35Turbo,
[INFO] [stderr] 420 |             Gpt4,
[INFO] [stderr]     |             ^^^^
[INFO] [stderr] 
[INFO] [stderr] warning: `langchain` (lib test) generated 14 warnings (9 duplicates) (run `cargo fix --lib -p langchain --tests` to apply 3 suggestions)
[INFO] [stderr]     Finished test [unoptimized + debuginfo] target(s) in 0.12s
[INFO] [stderr]      Running unittests src/lib.rs (/opt/rustwide/target/debug/deps/langchain-ca3c1cec30365bcd)
[INFO] [stdout] 
[INFO] [stdout] running 5 tests
[INFO] [stdout] test openai_api::files::test::serialisation ... ok
[INFO] [stdout] test prompt::tests::question_parameter_required ... ok
[INFO] [stdout] test executor::tests::simple_chain ... FAILED
[INFO] [stdout] test chain::tests::simple_chain ... FAILED
[INFO] [stdout] test openai_api::client::test::client_builder ... ok
[INFO] [stdout] 
[INFO] [stdout] failures:
[INFO] [stdout] 
[INFO] [stdout] ---- executor::tests::simple_chain stdout ----
[INFO] [stdout] thread 'executor::tests::simple_chain' panicked at src/lib.rs:696:37:
[INFO] [stdout] called `Result::unwrap()` on an `Err` value: EnvVar(NotPresent)
[INFO] [stdout] stack backtrace:
[INFO] [stdout]    0:     0x56243ec3ee1c - std::backtrace_rs::backtrace::libunwind::trace::ha637c64ce894333a
[INFO] [stdout]                                at /rustc/82e1608dfa6e0b5569232559e3d385fea5a93112/library/std/src/../../backtrace/src/backtrace/libunwind.rs:104:5
[INFO] [stdout]    1:     0x56243ec3ee1c - std::backtrace_rs::backtrace::trace_unsynchronized::h47f62dea28e0c88d
[INFO] [stdout]                                at /rustc/82e1608dfa6e0b5569232559e3d385fea5a93112/library/std/src/../../backtrace/src/backtrace/mod.rs:66:5
[INFO] [stdout]    2:     0x56243ec3ee1c - std::sys_common::backtrace::_print_fmt::h9eef0abe20ede486
[INFO] [stdout]                                at /rustc/82e1608dfa6e0b5569232559e3d385fea5a93112/library/std/src/sys_common/backtrace.rs:67:5
[INFO] [stdout]    3:     0x56243ec3ee1c - <std::sys_common::backtrace::_print::DisplayBacktrace as core::fmt::Display>::fmt::hed7f999df88cc644
[INFO] [stdout]                                at /rustc/82e1608dfa6e0b5569232559e3d385fea5a93112/library/std/src/sys_common/backtrace.rs:44:22
[INFO] [stdout]    4:     0x56243ec6d000 - core::fmt::rt::Argument::fmt::h1539a9308b8d058d
[INFO] [stdout]                                at /rustc/82e1608dfa6e0b5569232559e3d385fea5a93112/library/core/src/fmt/rt.rs:142:9
[INFO] [stdout]    5:     0x56243ec6d000 - core::fmt::write::h3a39390d8560d9c9
[INFO] [stdout]                                at /rustc/82e1608dfa6e0b5569232559e3d385fea5a93112/library/core/src/fmt/mod.rs:1120:17
[INFO] [stdout]    6:     0x56243ec3bbff - std::io::Write::write_fmt::h040b369f3a0f9cbc
[INFO] [stdout]                                at /rustc/82e1608dfa6e0b5569232559e3d385fea5a93112/library/std/src/io/mod.rs:1762:15
[INFO] [stdout]    7:     0x56243ec3ec04 - std::sys_common::backtrace::_print::h894006fb5c6f3d45
[INFO] [stdout]                                at /rustc/82e1608dfa6e0b5569232559e3d385fea5a93112/library/std/src/sys_common/backtrace.rs:47:5
[INFO] [stdout]    8:     0x56243ec3ec04 - std::sys_common::backtrace::print::h23a2d212c6fff936
[INFO] [stdout]                                at /rustc/82e1608dfa6e0b5569232559e3d385fea5a93112/library/std/src/sys_common/backtrace.rs:34:9
[INFO] [stdout]    9:     0x56243ec408c7 - std::panicking::default_hook::{{closure}}::h8a1d2ee00185001a
[INFO] [stdout]   10:     0x56243ec405b3 - std::panicking::default_hook::h6038f2eba384e475
[INFO] [stdout]                                at /rustc/82e1608dfa6e0b5569232559e3d385fea5a93112/library/std/src/panicking.rs:289:9
[INFO] [stdout]   11:     0x56243e548c17 - <alloc::boxed::Box<F,A> as core::ops::function::Fn<Args>>::call::h0ad024c9bdc6d768
[INFO] [stdout]                                at /rustc/82e1608dfa6e0b5569232559e3d385fea5a93112/library/alloc/src/boxed.rs:2021:9
[INFO] [stdout]   12:     0x56243e548c17 - test::test_main::{{closure}}::h7500b54257359db6
[INFO] [stdout]                                at /rustc/82e1608dfa6e0b5569232559e3d385fea5a93112/library/test/src/lib.rs:138:21
[INFO] [stdout]   13:     0x56243ec40ed8 - <alloc::boxed::Box<F,A> as core::ops::function::Fn<Args>>::call::h1f8f335eaa9cfaee
[INFO] [stdout]                                at /rustc/82e1608dfa6e0b5569232559e3d385fea5a93112/library/alloc/src/boxed.rs:2021:9
[INFO] [stdout]   14:     0x56243ec40ed8 - std::panicking::rust_panic_with_hook::h2b5517d590cab22e
[INFO] [stdout]                                at /rustc/82e1608dfa6e0b5569232559e3d385fea5a93112/library/std/src/panicking.rs:783:13
[INFO] [stdout]   15:     0x56243ec40c2e - std::panicking::begin_panic_handler::{{closure}}::h233112c06e0ef43e
[INFO] [stdout]                                at /rustc/82e1608dfa6e0b5569232559e3d385fea5a93112/library/std/src/panicking.rs:657:13
[INFO] [stdout]   16:     0x56243ec3f2e6 - std::sys_common::backtrace::__rust_end_short_backtrace::h6e893f24d7ebbff8
[INFO] [stdout]                                at /rustc/82e1608dfa6e0b5569232559e3d385fea5a93112/library/std/src/sys_common/backtrace.rs:170:18
[INFO] [stdout]   17:     0x56243ec40992 - rust_begin_unwind
[INFO] [stdout]                                at /rustc/82e1608dfa6e0b5569232559e3d385fea5a93112/library/std/src/panicking.rs:645:5
[INFO] [stdout]   18:     0x56243e018695 - core::panicking::panic_fmt::hbf0e066aabfa482c
[INFO] [stdout]                                at /rustc/82e1608dfa6e0b5569232559e3d385fea5a93112/library/core/src/panicking.rs:72:14
[INFO] [stdout]   19:     0x56243e018cc3 - core::result::unwrap_failed::hddb4fea594200c52
[INFO] [stdout]                                at /rustc/82e1608dfa6e0b5569232559e3d385fea5a93112/library/core/src/result.rs:1653:5
[INFO] [stdout]   20:     0x56243e05ceab - core::result::Result<T,E>::unwrap::h09509f2a7b697d9b
[INFO] [stdout]                                at /rustc/82e1608dfa6e0b5569232559e3d385fea5a93112/library/core/src/result.rs:1077:23
[INFO] [stdout]   21:     0x56243e0432e6 - langchain::executor::tests::simple_chain::{{closure}}::he1a08d1bb0efa5da
[INFO] [stdout]                                at /opt/rustwide/workdir/src/lib.rs:696:17
[INFO] [stdout]   22:     0x56243e05f1b8 - <core::pin::Pin<P> as core::future::future::Future>::poll::h30b9ffd106c30ef6
[INFO] [stdout]                                at /rustc/82e1608dfa6e0b5569232559e3d385fea5a93112/library/core/src/future/future.rs:125:9
[INFO] [stdout]   23:     0x56243e05f20b - <core::pin::Pin<P> as core::future::future::Future>::poll::h56a147f1cd3bbfe1
[INFO] [stdout]                                at /rustc/82e1608dfa6e0b5569232559e3d385fea5a93112/library/core/src/future/future.rs:125:9
[INFO] [stdout]   24:     0x56243e05b204 - tokio::runtime::scheduler::current_thread::CoreGuard::block_on::{{closure}}::{{closure}}::{{closure}}::hd307a020eca9d79f
[INFO] [stdout]                                at /opt/rustwide/cargo-home/registry/src/index.crates.io-6f17d22bba15001f/tokio-1.35.1/src/runtime/scheduler/current_thread/mod.rs:665:57
[INFO] [stdout]   25:     0x56243e05b12a - tokio::runtime::coop::with_budget::hb7360a07fbab0138
[INFO] [stdout]                                at /opt/rustwide/cargo-home/registry/src/index.crates.io-6f17d22bba15001f/tokio-1.35.1/src/runtime/coop.rs:107:5
[INFO] [stdout]   26:     0x56243e05b12a - tokio::runtime::coop::budget::hec609bb69233adf3
[INFO] [stdout]                                at /opt/rustwide/cargo-home/registry/src/index.crates.io-6f17d22bba15001f/tokio-1.35.1/src/runtime/coop.rs:73:5
[INFO] [stdout]   27:     0x56243e05b12a - tokio::runtime::scheduler::current_thread::CoreGuard::block_on::{{closure}}::{{closure}}::h18421bce446a2bc6
[INFO] [stdout]                                at /opt/rustwide/cargo-home/registry/src/index.crates.io-6f17d22bba15001f/tokio-1.35.1/src/runtime/scheduler/current_thread/mod.rs:665:25
[INFO] [stdout]   28:     0x56243e059abc - tokio::runtime::scheduler::current_thread::Context::enter::h159470fb7de918d7
[INFO] [stdout]                                at /opt/rustwide/cargo-home/registry/src/index.crates.io-6f17d22bba15001f/tokio-1.35.1/src/runtime/scheduler/current_thread/mod.rs:410:19
[INFO] [stdout]   29:     0x56243e05a92e - tokio::runtime::scheduler::current_thread::CoreGuard::block_on::{{closure}}::hc5ffac26fbd69230
[INFO] [stdout]                                at /opt/rustwide/cargo-home/registry/src/index.crates.io-6f17d22bba15001f/tokio-1.35.1/src/runtime/scheduler/current_thread/mod.rs:664:36
[INFO] [stdout]   30:     0x56243e05a63b - tokio::runtime::scheduler::current_thread::CoreGuard::enter::{{closure}}::h9e948358348e7035
[INFO] [stdout]                                at /opt/rustwide/cargo-home/registry/src/index.crates.io-6f17d22bba15001f/tokio-1.35.1/src/runtime/scheduler/current_thread/mod.rs:743:68
[INFO] [stdout]   31:     0x56243e0422db - tokio::runtime::context::scoped::Scoped<T>::set::h7911e6aab69ebab0
[INFO] [stdout]                                at /opt/rustwide/cargo-home/registry/src/index.crates.io-6f17d22bba15001f/tokio-1.35.1/src/runtime/context/scoped.rs:40:9
[INFO] [stdout]   32:     0x56243e07b6a9 - tokio::runtime::context::set_scheduler::{{closure}}::h6d5fb13c3f7d3723
[INFO] [stdout]                                at /opt/rustwide/cargo-home/registry/src/index.crates.io-6f17d22bba15001f/tokio-1.35.1/src/runtime/context.rs:176:26
[INFO] [stdout]   33:     0x56243e03fbc6 - std::thread::local::LocalKey<T>::try_with::h9303be83e9e089f6
[INFO] [stdout]                                at /rustc/82e1608dfa6e0b5569232559e3d385fea5a93112/library/std/src/thread/local.rs:270:16
[INFO] [stdout]   34:     0x56243e03f3ea - std::thread::local::LocalKey<T>::with::h2deb930f4516bf07
[INFO] [stdout]                                at /rustc/82e1608dfa6e0b5569232559e3d385fea5a93112/library/std/src/thread/local.rs:246:9
[INFO] [stdout]   35:     0x56243e07b65d - tokio::runtime::context::set_scheduler::h57a5d3a8c8d70cc3
[INFO] [stdout]                                at /opt/rustwide/cargo-home/registry/src/index.crates.io-6f17d22bba15001f/tokio-1.35.1/src/runtime/context.rs:176:9
[INFO] [stdout]   36:     0x56243e05a3d0 - tokio::runtime::scheduler::current_thread::CoreGuard::enter::hccc8079574451090
[INFO] [stdout]                                at /opt/rustwide/cargo-home/registry/src/index.crates.io-6f17d22bba15001f/tokio-1.35.1/src/runtime/scheduler/current_thread/mod.rs:743:27
[INFO] [stdout]   37:     0x56243e05a66d - tokio::runtime::scheduler::current_thread::CoreGuard::block_on::h743095e2c89f3dd8
[INFO] [stdout]                                at /opt/rustwide/cargo-home/registry/src/index.crates.io-6f17d22bba15001f/tokio-1.35.1/src/runtime/scheduler/current_thread/mod.rs:652:19
[INFO] [stdout]   38:     0x56243e05907d - tokio::runtime::scheduler::current_thread::CurrentThread::block_on::{{closure}}::h0f7d9bf2920ec001
[INFO] [stdout]                                at /opt/rustwide/cargo-home/registry/src/index.crates.io-6f17d22bba15001f/tokio-1.35.1/src/runtime/scheduler/current_thread/mod.rs:175:28
[INFO] [stdout]   39:     0x56243e03ccda - tokio::runtime::context::runtime::enter_runtime::h04d1bd96b6b37e75
[INFO] [stdout]                                at /opt/rustwide/cargo-home/registry/src/index.crates.io-6f17d22bba15001f/tokio-1.35.1/src/runtime/context/runtime.rs:65:16
[INFO] [stdout]   40:     0x56243e058f90 - tokio::runtime::scheduler::current_thread::CurrentThread::block_on::h646c9a74c47e4d86
[INFO] [stdout]                                at /opt/rustwide/cargo-home/registry/src/index.crates.io-6f17d22bba15001f/tokio-1.35.1/src/runtime/scheduler/current_thread/mod.rs:167:9
[INFO] [stdout]   41:     0x56243e058e5d - tokio::runtime::runtime::Runtime::block_on::h8801e8590e9b551a
[INFO] [stdout]                                at /opt/rustwide/cargo-home/registry/src/index.crates.io-6f17d22bba15001f/tokio-1.35.1/src/runtime/runtime.rs:348:47
[INFO] [stdout]   42:     0x56243e0430ad - langchain::executor::tests::simple_chain::hdcb7a71eb6abec86
[INFO] [stdout]                                at /opt/rustwide/workdir/src/lib.rs:706:13
[INFO] [stdout]   43:     0x56243e042f47 - langchain::executor::tests::simple_chain::{{closure}}::hca020aea8c7c7f58
[INFO] [stdout]                                at /opt/rustwide/workdir/src/lib.rs:688:32
[INFO] [stdout]   44:     0x56243e04c226 - core::ops::function::FnOnce::call_once::h0462f6c5e1f552ae
[INFO] [stdout]                                at /rustc/82e1608dfa6e0b5569232559e3d385fea5a93112/library/core/src/ops/function.rs:250:5
[INFO] [stdout]   45:     0x56243e54e26f - core::ops::function::FnOnce::call_once::h2b5d431d5046312d
[INFO] [stdout]                                at /rustc/82e1608dfa6e0b5569232559e3d385fea5a93112/library/core/src/ops/function.rs:250:5
[INFO] [stdout]   46:     0x56243e54e26f - test::__rust_begin_short_backtrace::h7714669af176e207
[INFO] [stdout]                                at /rustc/82e1608dfa6e0b5569232559e3d385fea5a93112/library/test/src/lib.rs:628:18
[INFO] [stdout]   47:     0x56243e54d285 - test::run_test_in_process::{{closure}}::h85218797dcbcec12
[INFO] [stdout]                                at /rustc/82e1608dfa6e0b5569232559e3d385fea5a93112/library/test/src/lib.rs:651:60
[INFO] [stdout]   48:     0x56243e54d285 - <core::panic::unwind_safe::AssertUnwindSafe<F> as core::ops::function::FnOnce<()>>::call_once::h76c106ea31c14d7b
[INFO] [stdout]                                at /rustc/82e1608dfa6e0b5569232559e3d385fea5a93112/library/core/src/panic/unwind_safe.rs:272:9
[INFO] [stdout]   49:     0x56243e54d285 - std::panicking::try::do_call::h3bd5d0f6620ee946
[INFO] [stdout]                                at /rustc/82e1608dfa6e0b5569232559e3d385fea5a93112/library/std/src/panicking.rs:552:40
[INFO] [stdout]   50:     0x56243e54d285 - std::panicking::try::h232e535e4744fe31
[INFO] [stdout]                                at /rustc/82e1608dfa6e0b5569232559e3d385fea5a93112/library/std/src/panicking.rs:516:19
[INFO] [stdout]   51:     0x56243e54d285 - std::panic::catch_unwind::h3ce3bd6ca8dbac68
[INFO] [stdout]                                at /rustc/82e1608dfa6e0b5569232559e3d385fea5a93112/library/std/src/panic.rs:142:14
[INFO] [stdout]   52:     0x56243e54d285 - test::run_test_in_process::hc97b257c9621286a
[INFO] [stdout]                                at /rustc/82e1608dfa6e0b5569232559e3d385fea5a93112/library/test/src/lib.rs:651:27
[INFO] [stdout]   53:     0x56243e54d285 - test::run_test::{{closure}}::h2aa798823a438d38
[INFO] [stdout]                                at /rustc/82e1608dfa6e0b5569232559e3d385fea5a93112/library/test/src/lib.rs:574:43
[INFO] [stdout]   54:     0x56243e515546 - test::run_test::{{closure}}::h87d231c78fb59832
[INFO] [stdout]                                at /rustc/82e1608dfa6e0b5569232559e3d385fea5a93112/library/test/src/lib.rs:602:41
[INFO] [stdout]   55:     0x56243e515546 - std::sys_common::backtrace::__rust_begin_short_backtrace::he6df152596625789
[INFO] [stdout]                                at /rustc/82e1608dfa6e0b5569232559e3d385fea5a93112/library/std/src/sys_common/backtrace.rs:154:18
[INFO] [stdout]   56:     0x56243e51a5f7 - std::thread::Builder::spawn_unchecked_::{{closure}}::{{closure}}::ha94be15d1e0acf36
[INFO] [stdout]                                at /rustc/82e1608dfa6e0b5569232559e3d385fea5a93112/library/std/src/thread/mod.rs:529:17
[INFO] [stdout]   57:     0x56243e51a5f7 - <core::panic::unwind_safe::AssertUnwindSafe<F> as core::ops::function::FnOnce<()>>::call_once::h9dc6bd6372f16606
[INFO] [stdout]                                at /rustc/82e1608dfa6e0b5569232559e3d385fea5a93112/library/core/src/panic/unwind_safe.rs:272:9
[INFO] [stdout]   58:     0x56243e51a5f7 - std::panicking::try::do_call::h9057517f80303cd4
[INFO] [stdout]                                at /rustc/82e1608dfa6e0b5569232559e3d385fea5a93112/library/std/src/panicking.rs:552:40
[INFO] [stdout]   59:     0x56243e51a5f7 - std::panicking::try::he3a30b11ee45340c
[INFO] [stdout]                                at /rustc/82e1608dfa6e0b5569232559e3d385fea5a93112/library/std/src/panicking.rs:516:19
[INFO] [stdout]   60:     0x56243e51a5f7 - std::panic::catch_unwind::h410458cfd3528b8b
[INFO] [stdout]                                at /rustc/82e1608dfa6e0b5569232559e3d385fea5a93112/library/std/src/panic.rs:142:14
[INFO] [stdout]   61:     0x56243e51a5f7 - std::thread::Builder::spawn_unchecked_::{{closure}}::h72ac3bdb567b737b
[INFO] [stdout]                                at /rustc/82e1608dfa6e0b5569232559e3d385fea5a93112/library/std/src/thread/mod.rs:528:30
[INFO] [stdout]   62:     0x56243e51a5f7 - core::ops::function::FnOnce::call_once{{vtable.shim}}::h38f34da3654a8344
[INFO] [stdout]                                at /rustc/82e1608dfa6e0b5569232559e3d385fea5a93112/library/core/src/ops/function.rs:250:5
[INFO] [stdout]   63:     0x56243ec45bf5 - <alloc::boxed::Box<F,A> as core::ops::function::FnOnce<Args>>::call_once::hc7eafaff61e32df9
[INFO] [stdout]                                at /rustc/82e1608dfa6e0b5569232559e3d385fea5a93112/library/alloc/src/boxed.rs:2007:9
[INFO] [stdout]   64:     0x56243ec45bf5 - <alloc::boxed::Box<F,A> as core::ops::function::FnOnce<Args>>::call_once::h6ba4a5de48dd2304
[INFO] [stdout]                                at /rustc/82e1608dfa6e0b5569232559e3d385fea5a93112/library/alloc/src/boxed.rs:2007:9
[INFO] [stdout]   65:     0x56243ec45bf5 - std::sys::unix::thread::Thread::new::thread_start::he469335aef763e45
[INFO] [stdout]                                at /rustc/82e1608dfa6e0b5569232559e3d385fea5a93112/library/std/src/sys/unix/thread.rs:108:17
[INFO] [stdout]   66:     0x7fc9c3c05ac3 - <unknown>
[INFO] [stdout]   67:     0x7fc9c3c96bf4 - __clone
[INFO] [stdout]   68:                0x0 - <unknown>
[INFO] [stdout] 
[INFO] [stdout] ---- chain::tests::simple_chain stdout ----
[INFO] [stdout] thread 'chain::tests::simple_chain' panicked at src/lib.rs:654:37:
[INFO] [stdout] called `Result::unwrap()` on an `Err` value: NotPresent
[INFO] [stdout] stack backtrace:
[INFO] [stdout]    0:     0x56243ec3ee1c - std::backtrace_rs::backtrace::libunwind::trace::ha637c64ce894333a
[INFO] [stdout]                                at /rustc/82e1608dfa6e0b5569232559e3d385fea5a93112/library/std/src/../../backtrace/src/backtrace/libunwind.rs:104:5
[INFO] [stdout]    1:     0x56243ec3ee1c - std::backtrace_rs::backtrace::trace_unsynchronized::h47f62dea28e0c88d
[INFO] [stdout]                                at /rustc/82e1608dfa6e0b5569232559e3d385fea5a93112/library/std/src/../../backtrace/src/backtrace/mod.rs:66:5
[INFO] [stdout]    2:     0x56243ec3ee1c - std::sys_common::backtrace::_print_fmt::h9eef0abe20ede486
[INFO] [stdout]                                at /rustc/82e1608dfa6e0b5569232559e3d385fea5a93112/library/std/src/sys_common/backtrace.rs:67:5
[INFO] [stdout]    3:     0x56243ec3ee1c - <std::sys_common::backtrace::_print::DisplayBacktrace as core::fmt::Display>::fmt::hed7f999df88cc644
[INFO] [stdout]                                at /rustc/82e1608dfa6e0b5569232559e3d385fea5a93112/library/std/src/sys_common/backtrace.rs:44:22
[INFO] [stdout]    4:     0x56243ec6d000 - core::fmt::rt::Argument::fmt::h1539a9308b8d058d
[INFO] [stdout]                                at /rustc/82e1608dfa6e0b5569232559e3d385fea5a93112/library/core/src/fmt/rt.rs:142:9
[INFO] [stdout]    5:     0x56243ec6d000 - core::fmt::write::h3a39390d8560d9c9
[INFO] [stdout]                                at /rustc/82e1608dfa6e0b5569232559e3d385fea5a93112/library/core/src/fmt/mod.rs:1120:17
[INFO] [stdout]    6:     0x56243ec3bbff - std::io::Write::write_fmt::h040b369f3a0f9cbc
[INFO] [stdout]                                at /rustc/82e1608dfa6e0b5569232559e3d385fea5a93112/library/std/src/io/mod.rs:1762:15
[INFO] [stdout]    7:     0x56243ec3ec04 - std::sys_common::backtrace::_print::h894006fb5c6f3d45
[INFO] [stdout]                                at /rustc/82e1608dfa6e0b5569232559e3d385fea5a93112/library/std/src/sys_common/backtrace.rs:47:5
[INFO] [stdout]    8:     0x56243ec3ec04 - std::sys_common::backtrace::print::h23a2d212c6fff936
[INFO] [stdout]                                at /rustc/82e1608dfa6e0b5569232559e3d385fea5a93112/library/std/src/sys_common/backtrace.rs:34:9
[INFO] [stdout]    9:     0x56243ec408c7 - std::panicking::default_hook::{{closure}}::h8a1d2ee00185001a
[INFO] [stdout]   10:     0x56243ec405b3 - std::panicking::default_hook::h6038f2eba384e475
[INFO] [stdout]                                at /rustc/82e1608dfa6e0b5569232559e3d385fea5a93112/library/std/src/panicking.rs:289:9
[INFO] [stdout]   11:     0x56243e548c17 - <alloc::boxed::Box<F,A> as core::ops::function::Fn<Args>>::call::h0ad024c9bdc6d768
[INFO] [stdout]                                at /rustc/82e1608dfa6e0b5569232559e3d385fea5a93112/library/alloc/src/boxed.rs:2021:9
[INFO] [stdout]   12:     0x56243e548c17 - test::test_main::{{closure}}::h7500b54257359db6
[INFO] [stdout]                                at /rustc/82e1608dfa6e0b5569232559e3d385fea5a93112/library/test/src/lib.rs:138:21
[INFO] [stdout]   13:     0x56243ec40ed8 - <alloc::boxed::Box<F,A> as core::ops::function::Fn<Args>>::call::h1f8f335eaa9cfaee
[INFO] [stdout]                                at /rustc/82e1608dfa6e0b5569232559e3d385fea5a93112/library/alloc/src/boxed.rs:2021:9
[INFO] [stdout]   14:     0x56243ec40ed8 - std::panicking::rust_panic_with_hook::h2b5517d590cab22e
[INFO] [stdout]                                at /rustc/82e1608dfa6e0b5569232559e3d385fea5a93112/library/std/src/panicking.rs:783:13
[INFO] [stdout]   15:     0x56243ec40c2e - std::panicking::begin_panic_handler::{{closure}}::h233112c06e0ef43e
[INFO] [stdout]                                at /rustc/82e1608dfa6e0b5569232559e3d385fea5a93112/library/std/src/panicking.rs:657:13
[INFO] [stdout]   16:     0x56243ec3f2e6 - std::sys_common::backtrace::__rust_end_short_backtrace::h6e893f24d7ebbff8
[INFO] [stdout]                                at /rustc/82e1608dfa6e0b5569232559e3d385fea5a93112/library/std/src/sys_common/backtrace.rs:170:18
[INFO] [stdout]   17:     0x56243ec40992 - rust_begin_unwind
[INFO] [stdout]                                at /rustc/82e1608dfa6e0b5569232559e3d385fea5a93112/library/std/src/panicking.rs:645:5
[INFO] [stdout]   18:     0x56243e018695 - core::panicking::panic_fmt::hbf0e066aabfa482c
[INFO] [stdout]                                at /rustc/82e1608dfa6e0b5569232559e3d385fea5a93112/library/core/src/panicking.rs:72:14
[INFO] [stdout]   19:     0x56243e018cc3 - core::result::unwrap_failed::hddb4fea594200c52
[INFO] [stdout]                                at /rustc/82e1608dfa6e0b5569232559e3d385fea5a93112/library/core/src/result.rs:1653:5
[INFO] [stdout]   20:     0x56243e05d184 - core::result::Result<T,E>::unwrap::hd8b6723eb44ceb4b
[INFO] [stdout]                                at /rustc/82e1608dfa6e0b5569232559e3d385fea5a93112/library/core/src/result.rs:1077:23
[INFO] [stdout]   21:     0x56243e07ead2 - langchain::chain::tests::simple_chain::{{closure}}::hc8f5780e90a84b3d
[INFO] [stdout]                                at /opt/rustwide/workdir/src/lib.rs:654:17
[INFO] [stdout]   22:     0x56243e05f1b8 - <core::pin::Pin<P> as core::future::future::Future>::poll::h30b9ffd106c30ef6
[INFO] [stdout]                                at /rustc/82e1608dfa6e0b5569232559e3d385fea5a93112/library/core/src/future/future.rs:125:9
[INFO] [stdout]   23:     0x56243e05f20b - <core::pin::Pin<P> as core::future::future::Future>::poll::h56a147f1cd3bbfe1
[INFO] [stdout]                                at /rustc/82e1608dfa6e0b5569232559e3d385fea5a93112/library/core/src/future/future.rs:125:9
[INFO] [stdout]   24:     0x56243e05b204 - tokio::runtime::scheduler::current_thread::CoreGuard::block_on::{{closure}}::{{closure}}::{{closure}}::hd307a020eca9d79f
[INFO] [stdout]                                at /opt/rustwide/cargo-home/registry/src/index.crates.io-6f17d22bba15001f/tokio-1.35.1/src/runtime/scheduler/current_thread/mod.rs:665:57
[INFO] [stdout]   25:     0x56243e05b12a - tokio::runtime::coop::with_budget::hb7360a07fbab0138
[INFO] [stdout]                                at /opt/rustwide/cargo-home/registry/src/index.crates.io-6f17d22bba15001f/tokio-1.35.1/src/runtime/coop.rs:107:5
[INFO] [stdout]   26:     0x56243e05b12a - tokio::runtime::coop::budget::hec609bb69233adf3
[INFO] [stdout]                                at /opt/rustwide/cargo-home/registry/src/index.crates.io-6f17d22bba15001f/tokio-1.35.1/src/runtime/coop.rs:73:5
[INFO] [stdout]   27:     0x56243e05b12a - tokio::runtime::scheduler::current_thread::CoreGuard::block_on::{{closure}}::{{closure}}::h18421bce446a2bc6
[INFO] [stdout]                                at /opt/rustwide/cargo-home/registry/src/index.crates.io-6f17d22bba15001f/tokio-1.35.1/src/runtime/scheduler/current_thread/mod.rs:665:25
[INFO] [stdout]   28:     0x56243e059abc - tokio::runtime::scheduler::current_thread::Context::enter::h159470fb7de918d7
[INFO] [stdout]                                at /opt/rustwide/cargo-home/registry/src/index.crates.io-6f17d22bba15001f/tokio-1.35.1/src/runtime/scheduler/current_thread/mod.rs:410:19
[INFO] [stdout]   29:     0x56243e05a92e - tokio::runtime::scheduler::current_thread::CoreGuard::block_on::{{closure}}::hc5ffac26fbd69230
[INFO] [stdout]                                at /opt/rustwide/cargo-home/registry/src/index.crates.io-6f17d22bba15001f/tokio-1.35.1/src/runtime/scheduler/current_thread/mod.rs:664:36
[INFO] [stdout]   30:     0x56243e05a63b - tokio::runtime::scheduler::current_thread::CoreGuard::enter::{{closure}}::h9e948358348e7035
[INFO] [stdout]                                at /opt/rustwide/cargo-home/registry/src/index.crates.io-6f17d22bba15001f/tokio-1.35.1/src/runtime/scheduler/current_thread/mod.rs:743:68
[INFO] [stdout]   31:     0x56243e0422db - tokio::runtime::context::scoped::Scoped<T>::set::h7911e6aab69ebab0
[INFO] [stdout]                                at /opt/rustwide/cargo-home/registry/src/index.crates.io-6f17d22bba15001f/tokio-1.35.1/src/runtime/context/scoped.rs:40:9
[INFO] [stdout]   32:     0x56243e07b6a9 - tokio::runtime::context::set_scheduler::{{closure}}::h6d5fb13c3f7d3723
[INFO] [stdout]                                at /opt/rustwide/cargo-home/registry/src/index.crates.io-6f17d22bba15001f/tokio-1.35.1/src/runtime/context.rs:176:26
[INFO] [stdout]   33:     0x56243e03fbc6 - std::thread::local::LocalKey<T>::try_with::h9303be83e9e089f6
[INFO] [stdout]                                at /rustc/82e1608dfa6e0b5569232559e3d385fea5a93112/library/std/src/thread/local.rs:270:16
[INFO] [stdout]   34:     0x56243e03f3ea - std::thread::local::LocalKey<T>::with::h2deb930f4516bf07
[INFO] [stdout]                                at /rustc/82e1608dfa6e0b5569232559e3d385fea5a93112/library/std/src/thread/local.rs:246:9
[INFO] [stdout]   35:     0x56243e07b65d - tokio::runtime::context::set_scheduler::h57a5d3a8c8d70cc3
[INFO] [stdout]                                at /opt/rustwide/cargo-home/registry/src/index.crates.io-6f17d22bba15001f/tokio-1.35.1/src/runtime/context.rs:176:9
[INFO] [stdout]   36:     0x56243e05a3d0 - tokio::runtime::scheduler::current_thread::CoreGuard::enter::hccc8079574451090
[INFO] [stdout]                                at /opt/rustwide/cargo-home/registry/src/index.crates.io-6f17d22bba15001f/tokio-1.35.1/src/runtime/scheduler/current_thread/mod.rs:743:27
[INFO] [stdout]   37:     0x56243e05a66d - tokio::runtime::scheduler::current_thread::CoreGuard::block_on::h743095e2c89f3dd8
[INFO] [stdout]                                at /opt/rustwide/cargo-home/registry/src/index.crates.io-6f17d22bba15001f/tokio-1.35.1/src/runtime/scheduler/current_thread/mod.rs:652:19
[INFO] [stdout]   38:     0x56243e05907d - tokio::runtime::scheduler::current_thread::CurrentThread::block_on::{{closure}}::h0f7d9bf2920ec001
[INFO] [stdout]                                at /opt/rustwide/cargo-home/registry/src/index.crates.io-6f17d22bba15001f/tokio-1.35.1/src/runtime/scheduler/current_thread/mod.rs:175:28
[INFO] [stdout]   39:     0x56243e03ccda - tokio::runtime::context::runtime::enter_runtime::h04d1bd96b6b37e75
[INFO] [stdout]                                at /opt/rustwide/cargo-home/registry/src/index.crates.io-6f17d22bba15001f/tokio-1.35.1/src/runtime/context/runtime.rs:65:16
[INFO] [stdout]   40:     0x56243e058f90 - tokio::runtime::scheduler::current_thread::CurrentThread::block_on::h646c9a74c47e4d86
[INFO] [stdout]                                at /opt/rustwide/cargo-home/registry/src/index.crates.io-6f17d22bba15001f/tokio-1.35.1/src/runtime/scheduler/current_thread/mod.rs:167:9
[INFO] [stdout]   41:     0x56243e058e5d - tokio::runtime::runtime::Runtime::block_on::h8801e8590e9b551a
[INFO] [stdout]                                at /opt/rustwide/cargo-home/registry/src/index.crates.io-6f17d22bba15001f/tokio-1.35.1/src/runtime/runtime.rs:348:47
[INFO] [stdout]   42:     0x56243e07e8b7 - langchain::chain::tests::simple_chain::hcac2024077c1fbf8
[INFO] [stdout]                                at /opt/rustwide/workdir/src/lib.rs:665:13
[INFO] [stdout]   43:     0x56243e07e767 - langchain::chain::tests::simple_chain::{{closure}}::he5d697cb00adabbd
[INFO] [stdout]                                at /opt/rustwide/workdir/src/lib.rs:650:32
[INFO] [stdout]   44:     0x56243e04c2e6 - core::ops::function::FnOnce::call_once::h253996d4f7ac2248
[INFO] [stdout]                                at /rustc/82e1608dfa6e0b5569232559e3d385fea5a93112/library/core/src/ops/function.rs:250:5
[INFO] [stdout]   45:     0x56243e54e26f - core::ops::function::FnOnce::call_once::h2b5d431d5046312d
[INFO] [stdout]                                at /rustc/82e1608dfa6e0b5569232559e3d385fea5a93112/library/core/src/ops/function.rs:250:5
[INFO] [stdout]   46:     0x56243e54e26f - test::__rust_begin_short_backtrace::h7714669af176e207
[INFO] [stdout]                                at /rustc/82e1608dfa6e0b5569232559e3d385fea5a93112/library/test/src/lib.rs:628:18
[INFO] [stdout]   47:     0x56243e54d285 - test::run_test_in_process::{{closure}}::h85218797dcbcec12
[INFO] [stdout]                                at /rustc/82e1608dfa6e0b5569232559e3d385fea5a93112/library/test/src/lib.rs:651:60
[INFO] [stdout]   48:     0x56243e54d285 - <core::panic::unwind_safe::AssertUnwindSafe<F> as core::ops::function::FnOnce<()>>::call_once::h76c106ea31c14d7b
[INFO] [stdout]                                at /rustc/82e1608dfa6e0b5569232559e3d385fea5a93112/library/core/src/panic/unwind_safe.rs:272:9
[INFO] [stdout]   49:     0x56243e54d285 - std::panicking::try::do_call::h3bd5d0f6620ee946
[INFO] [stdout]                                at /rustc/82e1608dfa6e0b5569232559e3d385fea5a93112/library/std/src/panicking.rs:552:40
[INFO] [stdout]   50:     0x56243e54d285 - std::panicking::try::h232e535e4744fe31
[INFO] [stdout]                                at /rustc/82e1608dfa6e0b5569232559e3d385fea5a93112/library/std/src/panicking.rs:516:19
[INFO] [stdout]   51:     0x56243e54d285 - std::panic::catch_unwind::h3ce3bd6ca8dbac68
[INFO] [stdout]                                at /rustc/82e1608dfa6e0b5569232559e3d385fea5a93112/library/std/src/panic.rs:142:14
[INFO] [stdout]   52:     0x56243e54d285 - test::run_test_in_process::hc97b257c9621286a
[INFO] [stdout]                                at /rustc/82e1608dfa6e0b5569232559e3d385fea5a93112/library/test/src/lib.rs:651:27
[INFO] [stdout]   53:     0x56243e54d285 - test::run_test::{{closure}}::h2aa798823a438d38
[INFO] [stdout]                                at /rustc/82e1608dfa6e0b5569232559e3d385fea5a93112/library/test/src/lib.rs:574:43
[INFO] [stdout]   54:     0x56243e515546 - test::run_test::{{closure}}::h87d231c78fb59832
[INFO] [stdout]                                at /rustc/82e1608dfa6e0b5569232559e3d385fea5a93112/library/test/src/lib.rs:602:41
[INFO] [stdout]   55:     0x56243e515546 - std::sys_common::backtrace::__rust_begin_short_backtrace::he6df152596625789
[INFO] [stdout]                                at /rustc/82e1608dfa6e0b5569232559e3d385fea5a93112/library/std/src/sys_common/backtrace.rs:154:18
[INFO] [stdout]   56:     0x56243e51a5f7 - std::thread::Builder::spawn_unchecked_::{{closure}}::{{closure}}::ha94be15d1e0acf36
[INFO] [stdout]                                at /rustc/82e1608dfa6e0b5569232559e3d385fea5a93112/library/std/src/thread/mod.rs:529:17
[INFO] [stdout]   57:     0x56243e51a5f7 - <core::panic::unwind_safe::AssertUnwindSafe<F> as core::ops::function::FnOnce<()>>::call_once::h9dc6bd6372f16606
[INFO] [stdout]                                at /rustc/82e1608dfa6e0b5569232559e3d385fea5a93112/library/core/src/panic/unwind_safe.rs:272:9
[INFO] [stdout]   58:     0x56243e51a5f7 - std::panicking::try::do_call::h9057517f80303cd4
[INFO] [stdout]                                at /rustc/82e1608dfa6e0b5569232559e3d385fea5a93112/library/std/src/panicking.rs:552:40
[INFO] [stdout]   59:     0x56243e51a5f7 - std::panicking::try::he3a30b11ee45340c
[INFO] [stdout]                                at /rustc/82e1608dfa6e0b5569232559e3d385fea5a93112/library/std/src/panicking.rs:516:19
[INFO] [stdout]   60:     0x56243e51a5f7 - std::panic::catch_unwind::h410458cfd3528b8b
[INFO] [stdout]                                at /rustc/82e1608dfa6e0b5569232559e3d385fea5a93112/library/std/src/panic.rs:142:14
[INFO] [stdout]   61:     0x56243e51a5f7 - std::thread::Builder::spawn_unchecked_::{{closure}}::h72ac3bdb567b737b
[INFO] [stdout]                                at /rustc/82e1608dfa6e0b5569232559e3d385fea5a93112/library/std/src/thread/mod.rs:528:30
[INFO] [stdout]   62:     0x56243e51a5f7 - core::ops::function::FnOnce::call_once{{vtable.shim}}::h38f34da3654a8344
[INFO] [stdout]                                at /rustc/82e1608dfa6e0b5569232559e3d385fea5a93112/library/core/src/ops/function.rs:250:5
[INFO] [stdout]   63:     0x56243ec45bf5 - <alloc::boxed::Box<F,A> as core::ops::function::FnOnce<Args>>::call_once::hc7eafaff61e32df9
[INFO] [stdout]                                at /rustc/82e1608dfa6e0b5569232559e3d385fea5a93112/library/alloc/src/boxed.rs:2007:9
[INFO] [stdout]   64:     0x56243ec45bf5 - <alloc::boxed::Box<F,A> as core::ops::function::FnOnce<Args>>::call_once::h6ba4a5de48dd2304
[INFO] [stdout]                                at /rustc/82e1608dfa6e0b5569232559e3d385fea5a93112/library/alloc/src/boxed.rs:2007:9
[INFO] [stdout]   65:     0x56243ec45bf5 - std::sys::unix::thread::Thread::new::thread_start::he469335aef763e45
[INFO] [stdout]                                at /rustc/82e1608dfa6e0b5569232559e3d385fea5a93112/library/std/src/sys/unix/thread.rs:108:17
[INFO] [stdout]   66:     0x7fc9c3c05ac3 - <unknown>
[INFO] [stdout]   67:     0x7fc9c3c96bf4 - __clone
[INFO] [stdout]   68:                0x0 - <unknown>
[INFO] [stdout] 
[INFO] [stdout] 
[INFO] [stdout] failures:
[INFO] [stdout]     chain::tests::simple_chain
[INFO] [stdout]     executor::tests::simple_chain
[INFO] [stdout] 
[INFO] [stdout] test result: FAILED. 3 passed; 2 failed; 0 ignored; 0 measured; 0 filtered out; finished in 0.09s
[INFO] [stdout] 
[INFO] [stderr] error: test failed, to rerun pass `--lib`
[INFO] running `Command { std: "docker" "inspect" "9c0ac1f9831ea3f8d953d132030c2e2b2cc442eb1add579507432627bf71909c", kill_on_drop: false }`
[INFO] running `Command { std: "docker" "rm" "-f" "9c0ac1f9831ea3f8d953d132030c2e2b2cc442eb1add579507432627bf71909c", kill_on_drop: false }`
[INFO] [stdout] 9c0ac1f9831ea3f8d953d132030c2e2b2cc442eb1add579507432627bf71909c
