[INFO] fetching crate laby 0.4.1...
[INFO] testing laby-0.4.1 against 1.75.0 for beta-1.76-1
[INFO] extracting crate laby 0.4.1 into /workspace/builds/worker-6-tc1/source
[INFO] validating manifest of crates.io crate laby 0.4.1 on toolchain 1.75.0
[INFO] running `Command { std: CARGO_HOME="/workspace/cargo-home" RUSTUP_HOME="/workspace/rustup-home" "/workspace/cargo-home/bin/cargo" "+1.75.0" "metadata" "--manifest-path" "Cargo.toml" "--no-deps", kill_on_drop: false }`
[INFO] started tweaking crates.io crate laby 0.4.1
[INFO] finished tweaking crates.io crate laby 0.4.1
[INFO] tweaked toml for crates.io crate laby 0.4.1 written to /workspace/builds/worker-6-tc1/source/Cargo.toml
[INFO] running `Command { std: CARGO_HOME="/workspace/cargo-home" RUSTUP_HOME="/workspace/rustup-home" "/workspace/cargo-home/bin/cargo" "+1.75.0" "generate-lockfile" "--manifest-path" "Cargo.toml", kill_on_drop: false }`
[INFO] [stderr]     Updating crates.io index
[INFO] running `Command { std: CARGO_HOME="/workspace/cargo-home" RUSTUP_HOME="/workspace/rustup-home" "/workspace/cargo-home/bin/cargo" "+1.75.0" "fetch" "--manifest-path" "Cargo.toml", kill_on_drop: false }`
[INFO] [stderr]  Downloading crates ...
[INFO] [stderr]   Downloaded itoap v1.0.1
[INFO] [stderr]   Downloaded laby_common v0.2.0
[INFO] [stderr]   Downloaded laby_macros v0.3.0
[INFO] running `Command { std: "docker" "create" "-v" "/var/lib/crater-agent-workspace/builds/worker-6-tc1/target:/opt/rustwide/target:rw,Z" "-v" "/var/lib/crater-agent-workspace/builds/worker-6-tc1/source:/opt/rustwide/workdir:ro,Z" "-v" "/var/lib/crater-agent-workspace/cargo-home:/opt/rustwide/cargo-home:ro,Z" "-v" "/var/lib/crater-agent-workspace/rustup-home:/opt/rustwide/rustup-home:ro,Z" "-e" "SOURCE_DIR=/opt/rustwide/workdir" "-e" "CARGO_TARGET_DIR=/opt/rustwide/target" "-e" "CARGO_HOME=/opt/rustwide/cargo-home" "-e" "RUSTUP_HOME=/opt/rustwide/rustup-home" "-w" "/opt/rustwide/workdir" "-m" "1610612736" "--user" "0:0" "--network" "none" "ghcr.io/rust-lang/crates-build-env/linux@sha256:2788e3201cd34a07e3172128adcd8b3090168a8e3bcc40d7c032b9dda1df7d1c" "/opt/rustwide/cargo-home/bin/cargo" "+1.75.0" "metadata" "--no-deps" "--format-version=1", kill_on_drop: false }`
[INFO] [stdout] e671ca78fe12de9d1a0620752fc232206673a7f642f3d40ae3d625a023f74b48
[INFO] running `Command { std: "docker" "start" "-a" "e671ca78fe12de9d1a0620752fc232206673a7f642f3d40ae3d625a023f74b48", kill_on_drop: false }`
[INFO] running `Command { std: "docker" "inspect" "e671ca78fe12de9d1a0620752fc232206673a7f642f3d40ae3d625a023f74b48", kill_on_drop: false }`
[INFO] running `Command { std: "docker" "rm" "-f" "e671ca78fe12de9d1a0620752fc232206673a7f642f3d40ae3d625a023f74b48", kill_on_drop: false }`
[INFO] [stdout] e671ca78fe12de9d1a0620752fc232206673a7f642f3d40ae3d625a023f74b48
[INFO] running `Command { std: "docker" "create" "-v" "/var/lib/crater-agent-workspace/builds/worker-6-tc1/target:/opt/rustwide/target:rw,Z" "-v" "/var/lib/crater-agent-workspace/builds/worker-6-tc1/source:/opt/rustwide/workdir:ro,Z" "-v" "/var/lib/crater-agent-workspace/cargo-home:/opt/rustwide/cargo-home:ro,Z" "-v" "/var/lib/crater-agent-workspace/rustup-home:/opt/rustwide/rustup-home:ro,Z" "-e" "SOURCE_DIR=/opt/rustwide/workdir" "-e" "CARGO_TARGET_DIR=/opt/rustwide/target" "-e" "CARGO_INCREMENTAL=0" "-e" "RUST_BACKTRACE=full" "-e" "RUSTFLAGS=--cap-lints=warn" "-e" "RUSTDOCFLAGS=--cap-lints=warn" "-e" "CARGO_HOME=/opt/rustwide/cargo-home" "-e" "RUSTUP_HOME=/opt/rustwide/rustup-home" "-w" "/opt/rustwide/workdir" "-m" "1610612736" "--user" "0:0" "--network" "none" "ghcr.io/rust-lang/crates-build-env/linux@sha256:2788e3201cd34a07e3172128adcd8b3090168a8e3bcc40d7c032b9dda1df7d1c" "/opt/rustwide/cargo-home/bin/cargo" "+1.75.0" "build" "--frozen" "--message-format=json", kill_on_drop: false }`
[INFO] [stdout] 15817ce19cf3663b5973c906a3677f143466903dd36927c0828f96e9f19e9e18
[INFO] running `Command { std: "docker" "start" "-a" "15817ce19cf3663b5973c906a3677f143466903dd36927c0828f96e9f19e9e18", kill_on_drop: false }`
[INFO] [stderr]    Compiling syn v1.0.109
[INFO] [stderr]    Compiling itoap v1.0.1
[INFO] [stderr]    Compiling raw-cpuid v10.7.0
[INFO] [stderr]    Compiling laby_common v0.2.0
[INFO] [stderr]    Compiling laby_macros v0.3.0
[INFO] [stderr]    Compiling laby v0.4.1 (/opt/rustwide/workdir)
[INFO] [stderr]     Finished dev [unoptimized + debuginfo] target(s) in 3.32s
[INFO] running `Command { std: "docker" "inspect" "15817ce19cf3663b5973c906a3677f143466903dd36927c0828f96e9f19e9e18", kill_on_drop: false }`
[INFO] running `Command { std: "docker" "rm" "-f" "15817ce19cf3663b5973c906a3677f143466903dd36927c0828f96e9f19e9e18", kill_on_drop: false }`
[INFO] [stdout] 15817ce19cf3663b5973c906a3677f143466903dd36927c0828f96e9f19e9e18
[INFO] running `Command { std: "docker" "create" "-v" "/var/lib/crater-agent-workspace/builds/worker-6-tc1/target:/opt/rustwide/target:rw,Z" "-v" "/var/lib/crater-agent-workspace/builds/worker-6-tc1/source:/opt/rustwide/workdir:ro,Z" "-v" "/var/lib/crater-agent-workspace/cargo-home:/opt/rustwide/cargo-home:ro,Z" "-v" "/var/lib/crater-agent-workspace/rustup-home:/opt/rustwide/rustup-home:ro,Z" "-e" "SOURCE_DIR=/opt/rustwide/workdir" "-e" "CARGO_TARGET_DIR=/opt/rustwide/target" "-e" "CARGO_INCREMENTAL=0" "-e" "RUST_BACKTRACE=full" "-e" "RUSTFLAGS=--cap-lints=warn" "-e" "RUSTDOCFLAGS=--cap-lints=warn" "-e" "CARGO_HOME=/opt/rustwide/cargo-home" "-e" "RUSTUP_HOME=/opt/rustwide/rustup-home" "-w" "/opt/rustwide/workdir" "-m" "1610612736" "--user" "0:0" "--network" "none" "ghcr.io/rust-lang/crates-build-env/linux@sha256:2788e3201cd34a07e3172128adcd8b3090168a8e3bcc40d7c032b9dda1df7d1c" "/opt/rustwide/cargo-home/bin/cargo" "+1.75.0" "test" "--frozen" "--no-run" "--message-format=json", kill_on_drop: false }`
[INFO] [stdout] b32b431a9f3f84e38766de2c9969d44839d75c1a4ed28f2f70c987e8b6b44e92
[INFO] running `Command { std: "docker" "start" "-a" "b32b431a9f3f84e38766de2c9969d44839d75c1a4ed28f2f70c987e8b6b44e92", kill_on_drop: false }`
[INFO] [stderr]    Compiling laby v0.4.1 (/opt/rustwide/workdir)
[INFO] [stderr]     Finished test [unoptimized + debuginfo] target(s) in 0.45s
[INFO] running `Command { std: "docker" "inspect" "b32b431a9f3f84e38766de2c9969d44839d75c1a4ed28f2f70c987e8b6b44e92", kill_on_drop: false }`
[INFO] running `Command { std: "docker" "rm" "-f" "b32b431a9f3f84e38766de2c9969d44839d75c1a4ed28f2f70c987e8b6b44e92", kill_on_drop: false }`
[INFO] [stdout] b32b431a9f3f84e38766de2c9969d44839d75c1a4ed28f2f70c987e8b6b44e92
[INFO] running `Command { std: "docker" "create" "-v" "/var/lib/crater-agent-workspace/builds/worker-6-tc1/target:/opt/rustwide/target:rw,Z" "-v" "/var/lib/crater-agent-workspace/builds/worker-6-tc1/source:/opt/rustwide/workdir:ro,Z" "-v" "/var/lib/crater-agent-workspace/cargo-home:/opt/rustwide/cargo-home:ro,Z" "-v" "/var/lib/crater-agent-workspace/rustup-home:/opt/rustwide/rustup-home:ro,Z" "-e" "SOURCE_DIR=/opt/rustwide/workdir" "-e" "CARGO_TARGET_DIR=/opt/rustwide/target" "-e" "CARGO_INCREMENTAL=0" "-e" "RUST_BACKTRACE=full" "-e" "RUSTFLAGS=--cap-lints=warn" "-e" "RUSTDOCFLAGS=--cap-lints=warn" "-e" "CARGO_HOME=/opt/rustwide/cargo-home" "-e" "RUSTUP_HOME=/opt/rustwide/rustup-home" "-w" "/opt/rustwide/workdir" "-m" "1610612736" "--user" "0:0" "--network" "none" "ghcr.io/rust-lang/crates-build-env/linux@sha256:2788e3201cd34a07e3172128adcd8b3090168a8e3bcc40d7c032b9dda1df7d1c" "/opt/rustwide/cargo-home/bin/cargo" "+1.75.0" "test" "--frozen", kill_on_drop: false }`
[INFO] [stdout] 38c33b655df874cf63ce04f1ec4b702a70d89701fdc2660da8f8abb7e09811a8
[INFO] running `Command { std: "docker" "start" "-a" "38c33b655df874cf63ce04f1ec4b702a70d89701fdc2660da8f8abb7e09811a8", kill_on_drop: false }`
[INFO] [stderr]     Finished test [unoptimized + debuginfo] target(s) in 0.01s
[INFO] [stderr]      Running unittests src/lib.rs (/opt/rustwide/target/debug/deps/laby-6e25abcf34f0c0be)
[INFO] [stdout] 
[INFO] [stdout] running 0 tests
[INFO] [stdout] 
[INFO] [stdout] test result: ok. 0 passed; 0 failed; 0 ignored; 0 measured; 0 filtered out; finished in 0.00s
[INFO] [stdout] 
[INFO] [stderr]      Running tests/attributes.rs (/opt/rustwide/target/debug/deps/attributes-0f30c9c1c54e1be2)
[INFO] [stdout] 
[INFO] [stdout] running 8 tests
[INFO] [stdout] test attr_first ... ok
[INFO] [stdout] test children_first ... ok
[INFO] [stdout] test duplicates ... ok
[INFO] [stdout] test mixed ... ok
[INFO] [stdout] test variable_both ... ok
[INFO] [stdout] test variable_value ... ok
[INFO] [stdout] test variable_name ... ok
[INFO] [stdout] test variable_what ... ok
[INFO] [stdout] 
[INFO] [stdout] test result: ok. 8 passed; 0 failed; 0 ignored; 0 measured; 0 filtered out; finished in 0.00s
[INFO] [stdout] 
[INFO] [stderr]      Running tests/boolean.rs (/opt/rustwide/target/debug/deps/boolean-aa2e81609e4ae940)
[INFO] [stdout] 
[INFO] [stdout] running 5 tests
[INFO] [stdout] test disabled ... ok
[INFO] [stdout] test none ... ok
[INFO] [stdout] test enabled ... ok
[INFO] [stdout] test variable ... ok
[INFO] [stdout] test weird ... ok
[INFO] [stdout] 
[INFO] [stdout] test result: ok. 5 passed; 0 failed; 0 ignored; 0 measured; 0 filtered out; finished in 0.00s
[INFO] [stdout] 
[INFO] [stderr]      Running tests/classes.rs (/opt/rustwide/target/debug/deps/classes-90549415b0348357)
[INFO] [stdout] 
[INFO] [stdout] running 5 tests
[INFO] [stdout] test nones ... ok
[INFO] [stdout] test mixed ... ok
[INFO] [stdout] test escape ... ok
[INFO] [stdout] test only_exprs ... ok
[INFO] [stdout] test only_lits ... ok
[INFO] [stdout] 
[INFO] [stdout] test result: ok. 5 passed; 0 failed; 0 ignored; 0 measured; 0 filtered out; finished in 0.00s
[INFO] [stdout] 
[INFO] [stderr]      Running tests/complex.rs (/opt/rustwide/target/debug/deps/complex-3c7b5152c762e693)
[INFO] [stdout] 
[INFO] [stdout] running 3 tests
[INFO] [stdout] test argument ... ok
[INFO] [stdout] test nesting ... ok
[INFO] [stdout] test types ... ok
[INFO] [stdout] 
[INFO] [stdout] test result: ok. 3 passed; 0 failed; 0 ignored; 0 measured; 0 filtered out; finished in 0.00s
[INFO] [stdout] 
[INFO] [stderr]      Running tests/component.rs (/opt/rustwide/target/debug/deps/component-48f0067f1027cbcd)
[INFO] [stdout] 
[INFO] [stdout] running 10 tests
[INFO] [stdout] test args ... ok
[INFO] [stdout] test default_args ... ok
[INFO] [stdout] test default_args_generic ... ok
[INFO] [stdout] test default_args_render ... ok
[INFO] [stdout] test difficult_args ... ok
[INFO] [stdout] test direct_call ... ok
[INFO] [stdout] test duplicates ... ok
[INFO] [stdout] test modules ... ok
[INFO] [stdout] test rest ... ok
[INFO] [stdout] test simple ... ok
[INFO] [stdout] 
[INFO] [stdout] test result: ok. 10 passed; 0 failed; 0 ignored; 0 measured; 0 filtered out; finished in 0.00s
[INFO] [stdout] 
[INFO] [stderr]      Running tests/disp.rs (/opt/rustwide/target/debug/deps/disp-20c85e0eedd97bc6)
[INFO] [stdout] 
[INFO] [stdout] running 2 tests
[INFO] [stdout] test escape ... ok
[INFO] [stdout] test normal ... ok
[INFO] [stdout] 
[INFO] [stdout] test result: ok. 2 passed; 0 failed; 0 ignored; 0 measured; 0 filtered out; finished in 0.00s
[INFO] [stdout] 
[INFO] [stderr]      Running tests/elements.rs (/opt/rustwide/target/debug/deps/elements-311876438f6ce029)
[INFO] [stdout] 
[INFO] [stdout] running 3 tests
[INFO] [stdout] test normal ... ok
[INFO] [stdout] test void ... ok
[INFO] [stdout] test void_nested ... ok
[INFO] [stdout] 
[INFO] [stdout] test result: ok. 3 passed; 0 failed; 0 ignored; 0 measured; 0 filtered out; finished in 0.00s
[INFO] [stdout] 
[INFO] [stderr]      Running tests/escape.rs (/opt/rustwide/target/debug/deps/escape-621f0d741767715a)
[INFO] [stdout] 
[INFO] [stdout] running 8 tests
[INFO] [stdout] test all ... ok
[INFO] [stdout] test attr ... ok
[INFO] [stdout] test attr_name ... ok
[INFO] [stdout] test child ... ok
[INFO] [stdout] test raw_attr ... ok
[INFO] [stdout] test raw_attr_name ... ok
[INFO] [stdout] test raw_child ... ok
[INFO] [stdout] test unicode ... ok
[INFO] [stdout] 
[INFO] [stdout] test result: ok. 8 passed; 0 failed; 0 ignored; 0 measured; 0 filtered out; finished in 0.00s
[INFO] [stdout] 
[INFO] [stderr]      Running tests/flatten.rs (/opt/rustwide/target/debug/deps/flatten-b3a58179b1555098)
[INFO] [stdout] 
[INFO] [stdout] running 2 tests
[INFO] [stdout] test flattened ... ok
[INFO] [stdout] test non_flattened ... ok
[INFO] [stdout] 
[INFO] [stdout] test result: ok. 2 passed; 0 failed; 0 ignored; 0 measured; 0 filtered out; finished in 0.00s
[INFO] [stdout] 
[INFO] [stderr]      Running tests/frag.rs (/opt/rustwide/target/debug/deps/frag-002b0e50fbe42176)
[INFO] [stdout] 
[INFO] [stdout] running 6 tests
[INFO] [stdout] test multi ... ok
[INFO] [stdout] test multi2 ... ok
[INFO] [stdout] test none ... ok
[INFO] [stdout] test none2 ... ok
[INFO] [stdout] test single ... ok
[INFO] [stdout] test types ... ok
[INFO] [stdout] 
[INFO] [stdout] test result: ok. 6 passed; 0 failed; 0 ignored; 0 measured; 0 filtered out; finished in 0.00s
[INFO] [stdout] 
[INFO] [stderr]      Running tests/frag_match.rs (/opt/rustwide/target/debug/deps/frag_match-203e835fcd6ae598)
[INFO] [stdout] 
[INFO] [stdout] running 4 tests
[INFO] [stdout] test advanced_if ... ok
[INFO] [stdout] test advanced_match ... ok
[INFO] [stdout] test simple_if ... ok
[INFO] [stdout] test simple_match ... ok
[INFO] [stdout] 
[INFO] [stdout] test result: ok. 4 passed; 0 failed; 0 ignored; 0 measured; 0 filtered out; finished in 0.00s
[INFO] [stdout] 
[INFO] [stderr]      Running tests/iter.rs (/opt/rustwide/target/debug/deps/iter-f8866f888c26f2c3)
[INFO] [stdout] 
[INFO] [stdout] running 6 tests
[INFO] [stdout] test complex ... ok
[INFO] [stdout] test custom ... ok
[INFO] [stdout] test lines ... ok
[INFO] [stdout] test many ... ok
[INFO] [stdout] test none ... ok
[INFO] [stdout] test one ... ok
[INFO] [stdout] 
[INFO] [stdout] test result: ok. 6 passed; 0 failed; 0 ignored; 0 measured; 0 filtered out; finished in 0.00s
[INFO] [stdout] 
[INFO] [stderr]      Running tests/literal.rs (/opt/rustwide/target/debug/deps/literal-d5bdd9c790c69f01)
[INFO] [stdout] 
[INFO] [stdout] running 5 tests
[INFO] [stdout] test float_large ... ok
[INFO] [stdout] test hex ... ok
[INFO] [stdout] test int_large ... ok
[INFO] [stdout] test float_epsilon ... ok
[INFO] [stdout] test raw_str ... ok
[INFO] [stdout] 
[INFO] [stdout] test result: ok. 5 passed; 0 failed; 0 ignored; 0 measured; 0 filtered out; finished in 0.00s
[INFO] [stdout] 
[INFO] [stderr]      Running tests/render.rs (/opt/rustwide/target/debug/deps/render-5512ebdac2722d9c)
[INFO] [stdout] 
[INFO] [stdout] running 3 tests
[INFO] [stdout] test multiple ... ok
[INFO] [stdout] test single ... ok
[INFO] [stdout] test none ... ok
[INFO] [stdout] 
[INFO] [stdout] test result: ok. 3 passed; 0 failed; 0 ignored; 0 measured; 0 filtered out; finished in 0.00s
[INFO] [stdout] 
[INFO] [stderr]    Doc-tests laby
[INFO] [stdout] 
[INFO] [stdout] running 41 tests
[INFO] [stdout] test src/helpers.rs - helpers::disp (line 481) ... ignored
[INFO] [stdout] test src/helpers.rs - helpers::iter (line 255) ... ignored
[INFO] [stdout] test src/helpers.rs - helpers::iter_lines (line 318) ... ignored
[INFO] [stdout] test src/helpers.rs - helpers::raw (line 404) ... ignored
[INFO] [stdout] test src/helpers.rs - helpers::render (line 62) ... ignored
[INFO] [stdout] test src/helpers.rs - helpers::bool (line 33) ... ok
[INFO] [stdout] test src/helpers.rs - helpers::render (line 107) ... ok
[INFO] [stdout] test src/helpers.rs - helpers::RenderRaw (line 354) ... ok
[INFO] [stdout] test src/lib.rs - (line 125) ... ok
[INFO] [stdout] test src/helpers.rs - helpers::render (line 80) ... ok
[INFO] [stdout] test src/helpers.rs - helpers::render (line 116) ... ok
[INFO] [stdout] test src/doctype.rs - doctype::DocType (line 18) ... ok
[INFO] [stdout] test src/helpers.rs - helpers::raw (line 421) ... ok
[INFO] [stdout] test src/helpers.rs - helpers::disp (line 493) ... ok
[INFO] [stdout] test src/helpers.rs - helpers::render (line 91) ... ok
[INFO] [stdout] test src/lib.rs - frag_match (line 719) ... ignored
[INFO] [stdout] test src/lib.rs - (line 101) ... ok
[INFO] [stdout] test src/helpers.rs - helpers::iter (line 276) ... ok
[INFO] [stdout] test src/helpers.rs - helpers::iter (line 288) ... ok
[INFO] [stdout] test src/helpers.rs - helpers::render (line 129) ... ok
[INFO] [stdout] test src/helpers.rs - helpers::iter_lines (line 327) ... ok
[INFO] [stdout] test src/lib.rs - (line 145) ... ok
[INFO] [stdout] test src/lib.rs - laby (line 538) - compile fail ... ok
[INFO] [stdout] test src/lib.rs - laby (line 559) - compile fail ... ok
[INFO] [stdout] test src/lib.rs - laby (line 590) - compile fail ... ok
[INFO] [stdout] test src/lib.rs - laby (line 616) - compile fail ... ok
[INFO] [stdout] test src/lib.rs - laby (line 648) ... FAILED
[INFO] [stdout] test src/lib.rs - (line 42) ... ok
[INFO] [stdout] test src/lib.rs - (line 351) ... ok
[INFO] [stdout] test src/lib.rs - laby (line 456) ... ok
[INFO] [stdout] test src/lib.rs - (line 191) ... ok
[INFO] [stdout] test src/lib.rs - (line 249) ... ok
[INFO] [stdout] test src/lib.rs - (line 296) ... ok
[INFO] [stdout] test src/lib.rs - laby (line 494) ... ok
[INFO] [stdout] test src/lib.rs - (line 61) ... ok
[INFO] [stdout] test src/lib.rs - frag (line 694) ... ok
[INFO] [stdout] test src/lib.rs - frag (line 678) ... ok
[INFO] [stdout] test src/lib.rs - classes (line 776) ... ok
[INFO] [stdout] test src/lib.rs - laby (line 477) ... ok
[INFO] [stdout] test src/lib.rs - frag_match (line 737) ... ok
[INFO] [stdout] test src/lib.rs - laby (line 514) ... ok
[INFO] [stdout] 
[INFO] [stdout] failures:
[INFO] [stdout] 
[INFO] [stdout] ---- src/lib.rs - laby (line 648) stdout ----
[INFO] [stdout] error[E0554]: `#![feature]` may not be used on the stable release channel
[INFO] [stdout]  --> src/lib.rs:648:1
[INFO] [stdout]   |
[INFO] [stdout] 2 | #![feature(decl_macro)]
[INFO] [stdout]   | ^^^^^^^^^^^^^^^^^^^^^^^
[INFO] [stdout] 
[INFO] [stdout] error: aborting due to previous error
[INFO] [stdout] 
[INFO] [stdout] For more information about this error, try `rustc --explain E0554`.
[INFO] [stdout] Couldn't compile the test.
[INFO] [stdout] 
[INFO] [stdout] failures:
[INFO] [stdout]     src/lib.rs - laby (line 648)
[INFO] [stdout] 
[INFO] [stdout] test result: FAILED. 34 passed; 1 failed; 6 ignored; 0 measured; 0 filtered out; finished in 0.53s
[INFO] [stdout] 
[INFO] [stderr] error: doctest failed, to rerun pass `--doc`
[INFO] running `Command { std: "docker" "inspect" "38c33b655df874cf63ce04f1ec4b702a70d89701fdc2660da8f8abb7e09811a8", kill_on_drop: false }`
[INFO] running `Command { std: "docker" "rm" "-f" "38c33b655df874cf63ce04f1ec4b702a70d89701fdc2660da8f8abb7e09811a8", kill_on_drop: false }`
[INFO] [stdout] 38c33b655df874cf63ce04f1ec4b702a70d89701fdc2660da8f8abb7e09811a8
[INFO] testing laby-0.4.1 against beta-2023-12-22 for beta-1.76-1
[INFO] extracting crate laby 0.4.1 into /workspace/builds/worker-6-tc2/source
[INFO] validating manifest of crates.io crate laby 0.4.1 on toolchain beta-2023-12-22
[INFO] running `Command { std: CARGO_HOME="/workspace/cargo-home" RUSTUP_HOME="/workspace/rustup-home" "/workspace/cargo-home/bin/cargo" "+beta-2023-12-22" "metadata" "--manifest-path" "Cargo.toml" "--no-deps", kill_on_drop: false }`
[INFO] started tweaking crates.io crate laby 0.4.1
[INFO] finished tweaking crates.io crate laby 0.4.1
[INFO] tweaked toml for crates.io crate laby 0.4.1 written to /workspace/builds/worker-6-tc2/source/Cargo.toml
[INFO] running `Command { std: CARGO_HOME="/workspace/cargo-home" RUSTUP_HOME="/workspace/rustup-home" "/workspace/cargo-home/bin/cargo" "+beta-2023-12-22" "generate-lockfile" "--manifest-path" "Cargo.toml", kill_on_drop: false }`
[INFO] [stderr]     Updating crates.io index
[INFO] running `Command { std: CARGO_HOME="/workspace/cargo-home" RUSTUP_HOME="/workspace/rustup-home" "/workspace/cargo-home/bin/cargo" "+beta-2023-12-22" "fetch" "--manifest-path" "Cargo.toml", kill_on_drop: false }`
[INFO] running `Command { std: "docker" "create" "-v" "/var/lib/crater-agent-workspace/builds/worker-6-tc2/target:/opt/rustwide/target:rw,Z" "-v" "/var/lib/crater-agent-workspace/builds/worker-6-tc2/source:/opt/rustwide/workdir:ro,Z" "-v" "/var/lib/crater-agent-workspace/cargo-home:/opt/rustwide/cargo-home:ro,Z" "-v" "/var/lib/crater-agent-workspace/rustup-home:/opt/rustwide/rustup-home:ro,Z" "-e" "SOURCE_DIR=/opt/rustwide/workdir" "-e" "CARGO_TARGET_DIR=/opt/rustwide/target" "-e" "CARGO_HOME=/opt/rustwide/cargo-home" "-e" "RUSTUP_HOME=/opt/rustwide/rustup-home" "-w" "/opt/rustwide/workdir" "-m" "1610612736" "--user" "0:0" "--network" "none" "ghcr.io/rust-lang/crates-build-env/linux@sha256:2788e3201cd34a07e3172128adcd8b3090168a8e3bcc40d7c032b9dda1df7d1c" "/opt/rustwide/cargo-home/bin/cargo" "+beta-2023-12-22" "metadata" "--no-deps" "--format-version=1", kill_on_drop: false }`
[INFO] [stdout] 56adc4532a02db845ede55f7a6bca23ee216b46fe0cfa651699cb15432fd73d9
[INFO] running `Command { std: "docker" "start" "-a" "56adc4532a02db845ede55f7a6bca23ee216b46fe0cfa651699cb15432fd73d9", kill_on_drop: false }`
[INFO] running `Command { std: "docker" "inspect" "56adc4532a02db845ede55f7a6bca23ee216b46fe0cfa651699cb15432fd73d9", kill_on_drop: false }`
[INFO] running `Command { std: "docker" "rm" "-f" "56adc4532a02db845ede55f7a6bca23ee216b46fe0cfa651699cb15432fd73d9", kill_on_drop: false }`
[INFO] [stdout] 56adc4532a02db845ede55f7a6bca23ee216b46fe0cfa651699cb15432fd73d9
[INFO] running `Command { std: "docker" "create" "-v" "/var/lib/crater-agent-workspace/builds/worker-6-tc2/target:/opt/rustwide/target:rw,Z" "-v" "/var/lib/crater-agent-workspace/builds/worker-6-tc2/source:/opt/rustwide/workdir:ro,Z" "-v" "/var/lib/crater-agent-workspace/cargo-home:/opt/rustwide/cargo-home:ro,Z" "-v" "/var/lib/crater-agent-workspace/rustup-home:/opt/rustwide/rustup-home:ro,Z" "-e" "SOURCE_DIR=/opt/rustwide/workdir" "-e" "CARGO_TARGET_DIR=/opt/rustwide/target" "-e" "CARGO_INCREMENTAL=0" "-e" "RUST_BACKTRACE=full" "-e" "RUSTFLAGS=--cap-lints=warn" "-e" "RUSTDOCFLAGS=--cap-lints=warn" "-e" "CARGO_HOME=/opt/rustwide/cargo-home" "-e" "RUSTUP_HOME=/opt/rustwide/rustup-home" "-w" "/opt/rustwide/workdir" "-m" "1610612736" "--user" "0:0" "--network" "none" "ghcr.io/rust-lang/crates-build-env/linux@sha256:2788e3201cd34a07e3172128adcd8b3090168a8e3bcc40d7c032b9dda1df7d1c" "/opt/rustwide/cargo-home/bin/cargo" "+beta-2023-12-22" "build" "--frozen" "--message-format=json", kill_on_drop: false }`
[INFO] [stdout] 2a2fecd8eec780af4fe9d83287ece738eeabbfa704741744e32c0bef1a08f365
[INFO] running `Command { std: "docker" "start" "-a" "2a2fecd8eec780af4fe9d83287ece738eeabbfa704741744e32c0bef1a08f365", kill_on_drop: false }`
[INFO] [stderr]    Compiling syn v1.0.109
[INFO] [stderr]    Compiling itoap v1.0.1
[INFO] [stderr]    Compiling raw-cpuid v10.7.0
[INFO] [stderr]    Compiling laby_common v0.2.0
[INFO] [stderr]    Compiling laby_macros v0.3.0
[INFO] [stderr]    Compiling laby v0.4.1 (/opt/rustwide/workdir)
[INFO] [stderr]     Finished dev [unoptimized + debuginfo] target(s) in 3.09s
[INFO] running `Command { std: "docker" "inspect" "2a2fecd8eec780af4fe9d83287ece738eeabbfa704741744e32c0bef1a08f365", kill_on_drop: false }`
[INFO] running `Command { std: "docker" "rm" "-f" "2a2fecd8eec780af4fe9d83287ece738eeabbfa704741744e32c0bef1a08f365", kill_on_drop: false }`
[INFO] [stdout] 2a2fecd8eec780af4fe9d83287ece738eeabbfa704741744e32c0bef1a08f365
[INFO] running `Command { std: "docker" "create" "-v" "/var/lib/crater-agent-workspace/builds/worker-6-tc2/target:/opt/rustwide/target:rw,Z" "-v" "/var/lib/crater-agent-workspace/builds/worker-6-tc2/source:/opt/rustwide/workdir:ro,Z" "-v" "/var/lib/crater-agent-workspace/cargo-home:/opt/rustwide/cargo-home:ro,Z" "-v" "/var/lib/crater-agent-workspace/rustup-home:/opt/rustwide/rustup-home:ro,Z" "-e" "SOURCE_DIR=/opt/rustwide/workdir" "-e" "CARGO_TARGET_DIR=/opt/rustwide/target" "-e" "CARGO_INCREMENTAL=0" "-e" "RUST_BACKTRACE=full" "-e" "RUSTFLAGS=--cap-lints=warn" "-e" "RUSTDOCFLAGS=--cap-lints=warn" "-e" "CARGO_HOME=/opt/rustwide/cargo-home" "-e" "RUSTUP_HOME=/opt/rustwide/rustup-home" "-w" "/opt/rustwide/workdir" "-m" "1610612736" "--user" "0:0" "--network" "none" "ghcr.io/rust-lang/crates-build-env/linux@sha256:2788e3201cd34a07e3172128adcd8b3090168a8e3bcc40d7c032b9dda1df7d1c" "/opt/rustwide/cargo-home/bin/cargo" "+beta-2023-12-22" "test" "--frozen" "--no-run" "--message-format=json", kill_on_drop: false }`
[INFO] [stdout] d1602ae1c77ef227b8225311d1f2e7c21728ed17ea7163345310287db4ad7141
[INFO] running `Command { std: "docker" "start" "-a" "d1602ae1c77ef227b8225311d1f2e7c21728ed17ea7163345310287db4ad7141", kill_on_drop: false }`
[INFO] [stderr]    Compiling laby v0.4.1 (/opt/rustwide/workdir)
[INFO] [stderr]     Finished test [unoptimized + debuginfo] target(s) in 0.42s
[INFO] running `Command { std: "docker" "inspect" "d1602ae1c77ef227b8225311d1f2e7c21728ed17ea7163345310287db4ad7141", kill_on_drop: false }`
[INFO] running `Command { std: "docker" "rm" "-f" "d1602ae1c77ef227b8225311d1f2e7c21728ed17ea7163345310287db4ad7141", kill_on_drop: false }`
[INFO] [stdout] d1602ae1c77ef227b8225311d1f2e7c21728ed17ea7163345310287db4ad7141
[INFO] running `Command { std: "docker" "create" "-v" "/var/lib/crater-agent-workspace/builds/worker-6-tc2/target:/opt/rustwide/target:rw,Z" "-v" "/var/lib/crater-agent-workspace/builds/worker-6-tc2/source:/opt/rustwide/workdir:ro,Z" "-v" "/var/lib/crater-agent-workspace/cargo-home:/opt/rustwide/cargo-home:ro,Z" "-v" "/var/lib/crater-agent-workspace/rustup-home:/opt/rustwide/rustup-home:ro,Z" "-e" "SOURCE_DIR=/opt/rustwide/workdir" "-e" "CARGO_TARGET_DIR=/opt/rustwide/target" "-e" "CARGO_INCREMENTAL=0" "-e" "RUST_BACKTRACE=full" "-e" "RUSTFLAGS=--cap-lints=warn" "-e" "RUSTDOCFLAGS=--cap-lints=warn" "-e" "CARGO_HOME=/opt/rustwide/cargo-home" "-e" "RUSTUP_HOME=/opt/rustwide/rustup-home" "-w" "/opt/rustwide/workdir" "-m" "1610612736" "--user" "0:0" "--network" "none" "ghcr.io/rust-lang/crates-build-env/linux@sha256:2788e3201cd34a07e3172128adcd8b3090168a8e3bcc40d7c032b9dda1df7d1c" "/opt/rustwide/cargo-home/bin/cargo" "+beta-2023-12-22" "test" "--frozen", kill_on_drop: false }`
[INFO] [stdout] 9f96cf71f72fd8ee7ea73e5e760785a8a310115aa0a384d44d3af4099096f20b
[INFO] running `Command { std: "docker" "start" "-a" "9f96cf71f72fd8ee7ea73e5e760785a8a310115aa0a384d44d3af4099096f20b", kill_on_drop: false }`
[INFO] [stderr]     Finished test [unoptimized + debuginfo] target(s) in 0.01s
[INFO] [stderr]      Running unittests src/lib.rs (/opt/rustwide/target/debug/deps/laby-7c6b307b6ef7a9e9)
[INFO] [stdout] 
[INFO] [stdout] running 0 tests
[INFO] [stdout] 
[INFO] [stdout] test result: ok. 0 passed; 0 failed; 0 ignored; 0 measured; 0 filtered out; finished in 0.00s
[INFO] [stdout] 
[INFO] [stderr]      Running tests/attributes.rs (/opt/rustwide/target/debug/deps/attributes-336c05d8edc59609)
[INFO] [stdout] 
[INFO] [stdout] running 8 tests
[INFO] [stdout] test attr_first ... ok
[INFO] [stdout] test mixed ... ok
[INFO] [stdout] test children_first ... ok
[INFO] [stdout] test duplicates ... ok
[INFO] [stdout] test variable_both ... ok
[INFO] [stdout] test variable_name ... ok
[INFO] [stdout] test variable_value ... ok
[INFO] [stdout] test variable_what ... ok
[INFO] [stdout] 
[INFO] [stdout] test result: ok. 8 passed; 0 failed; 0 ignored; 0 measured; 0 filtered out; finished in 0.00s
[INFO] [stdout] 
[INFO] [stderr]      Running tests/boolean.rs (/opt/rustwide/target/debug/deps/boolean-2242e1e1741a84c1)
[INFO] [stdout] 
[INFO] [stdout] running 5 tests
[INFO] [stdout] test disabled ... ok
[INFO] [stdout] test enabled ... ok
[INFO] [stdout] test variable ... ok
[INFO] [stdout] test none ... ok
[INFO] [stdout] test weird ... ok
[INFO] [stdout] 
[INFO] [stdout] test result: ok. 5 passed; 0 failed; 0 ignored; 0 measured; 0 filtered out; finished in 0.00s
[INFO] [stdout] 
[INFO] [stderr]      Running tests/classes.rs (/opt/rustwide/target/debug/deps/classes-d5b2b028e7acc52a)
[INFO] [stdout] 
[INFO] [stdout] running 5 tests
[INFO] [stdout] test only_exprs ... ok
[INFO] [stdout] test mixed ... ok
[INFO] [stdout] test escape ... ok
[INFO] [stdout] test nones ... ok
[INFO] [stdout] test only_lits ... ok
[INFO] [stdout] 
[INFO] [stdout] test result: ok. 5 passed; 0 failed; 0 ignored; 0 measured; 0 filtered out; finished in 0.00s
[INFO] [stdout] 
[INFO] [stderr]      Running tests/complex.rs (/opt/rustwide/target/debug/deps/complex-790608f66ff8a5de)
[INFO] [stdout] 
[INFO] [stdout] running 3 tests
[INFO] [stdout] test nesting ... ok
[INFO] [stdout] test argument ... ok
[INFO] [stdout] test types ... ok
[INFO] [stdout] 
[INFO] [stdout] test result: ok. 3 passed; 0 failed; 0 ignored; 0 measured; 0 filtered out; finished in 0.00s
[INFO] [stdout] 
[INFO] [stderr]      Running tests/component.rs (/opt/rustwide/target/debug/deps/component-017ee01fc4d0cacf)
[INFO] [stdout] 
[INFO] [stdout] running 10 tests
[INFO] [stdout] test args ... ok
[INFO] [stdout] test default_args_render ... ok
[INFO] [stdout] test default_args_generic ... ok
[INFO] [stdout] test direct_call ... ok
[INFO] [stdout] test default_args ... ok
[INFO] [stdout] test duplicates ... ok
[INFO] [stdout] test difficult_args ... ok
[INFO] [stdout] test modules ... ok
[INFO] [stdout] test rest ... ok
[INFO] [stdout] test simple ... ok
[INFO] [stdout] 
[INFO] [stdout] test result: ok. 10 passed; 0 failed; 0 ignored; 0 measured; 0 filtered out; finished in 0.00s
[INFO] [stdout] 
[INFO] [stderr]      Running tests/disp.rs (/opt/rustwide/target/debug/deps/disp-c99b23c04da7463b)
[INFO] [stdout] 
[INFO] [stdout] running 2 tests
[INFO] [stdout] test escape ... ok
[INFO] [stdout] test normal ... ok
[INFO] [stdout] 
[INFO] [stdout] test result: ok. 2 passed; 0 failed; 0 ignored; 0 measured; 0 filtered out; finished in 0.00s
[INFO] [stdout] 
[INFO] [stderr]      Running tests/elements.rs (/opt/rustwide/target/debug/deps/elements-d3d4fe45fd615871)
[INFO] [stdout] 
[INFO] [stdout] running 3 tests
[INFO] [stdout] test normal ... ok
[INFO] [stdout] test void ... ok
[INFO] [stdout] test void_nested ... ok
[INFO] [stdout] 
[INFO] [stdout] test result: ok. 3 passed; 0 failed; 0 ignored; 0 measured; 0 filtered out; finished in 0.00s
[INFO] [stdout] 
[INFO] [stderr]      Running tests/escape.rs (/opt/rustwide/target/debug/deps/escape-cda1bca0bc032daf)
[INFO] [stdout] 
[INFO] [stdout] running 8 tests
[INFO] [stdout] test all ... ok
[INFO] [stdout] test attr ... ok
[INFO] [stdout] test child ... ok
[INFO] [stdout] test attr_name ... ok
[INFO] [stdout] test raw_attr ... ok
[INFO] [stdout] test raw_attr_name ... ok
[INFO] [stdout] test raw_child ... ok
[INFO] [stdout] test unicode ... ok
[INFO] [stdout] 
[INFO] [stdout] test result: ok. 8 passed; 0 failed; 0 ignored; 0 measured; 0 filtered out; finished in 0.00s
[INFO] [stdout] 
[INFO] [stderr]      Running tests/flatten.rs (/opt/rustwide/target/debug/deps/flatten-95e238744fa43e05)
[INFO] [stdout] 
[INFO] [stdout] running 2 tests
[INFO] [stdout] test flattened ... ok
[INFO] [stdout] test non_flattened ... ok
[INFO] [stdout] 
[INFO] [stdout] test result: ok. 2 passed; 0 failed; 0 ignored; 0 measured; 0 filtered out; finished in 0.00s
[INFO] [stdout] 
[INFO] [stderr]      Running tests/frag.rs (/opt/rustwide/target/debug/deps/frag-6dd5bf1cc7aa48c4)
[INFO] [stdout] 
[INFO] [stdout] running 6 tests
[INFO] [stdout] test multi ... ok
[INFO] [stdout] test multi2 ... ok
[INFO] [stdout] test none ... ok
[INFO] [stdout] test none2 ... ok
[INFO] [stdout] test single ... ok
[INFO] [stdout] test types ... ok
[INFO] [stdout] 
[INFO] [stdout] test result: ok. 6 passed; 0 failed; 0 ignored; 0 measured; 0 filtered out; finished in 0.00s
[INFO] [stdout] 
[INFO] [stderr]      Running tests/frag_match.rs (/opt/rustwide/target/debug/deps/frag_match-c2af9b28218007a0)
[INFO] [stdout] 
[INFO] [stdout] running 4 tests
[INFO] [stdout] test advanced_if ... ok
[INFO] [stdout] test advanced_match ... ok
[INFO] [stdout] test simple_if ... ok
[INFO] [stdout] test simple_match ... ok
[INFO] [stdout] 
[INFO] [stdout] test result: ok. 4 passed; 0 failed; 0 ignored; 0 measured; 0 filtered out; finished in 0.00s
[INFO] [stdout] 
[INFO] [stderr]      Running tests/iter.rs (/opt/rustwide/target/debug/deps/iter-0c7c0a6ad1567878)
[INFO] [stdout] 
[INFO] [stdout] running 6 tests
[INFO] [stdout] test complex ... ok
[INFO] [stdout] test custom ... ok
[INFO] [stdout] test lines ... ok
[INFO] [stdout] test many ... ok
[INFO] [stdout] test none ... ok
[INFO] [stdout] test one ... ok
[INFO] [stdout] 
[INFO] [stdout] test result: ok. 6 passed; 0 failed; 0 ignored; 0 measured; 0 filtered out; finished in 0.00s
[INFO] [stdout] 
[INFO] [stderr]      Running tests/literal.rs (/opt/rustwide/target/debug/deps/literal-f31f92a1539e12a2)
[INFO] [stdout] 
[INFO] [stdout] running 5 tests
[INFO] [stdout] test float_epsilon ... ok
[INFO] [stdout] test float_large ... ok
[INFO] [stdout] test hex ... ok
[INFO] [stdout] test int_large ... ok
[INFO] [stdout] test raw_str ... ok
[INFO] [stdout] 
[INFO] [stdout] test result: ok. 5 passed; 0 failed; 0 ignored; 0 measured; 0 filtered out; finished in 0.00s
[INFO] [stdout] 
[INFO] [stderr]      Running tests/render.rs (/opt/rustwide/target/debug/deps/render-9217a6f775be4d29)
[INFO] [stdout] 
[INFO] [stdout] running 3 tests
[INFO] [stdout] test multiple ... ok
[INFO] [stdout] test none ... ok
[INFO] [stdout] test single ... ok
[INFO] [stdout] 
[INFO] [stdout] test result: ok. 3 passed; 0 failed; 0 ignored; 0 measured; 0 filtered out; finished in 0.00s
[INFO] [stdout] 
[INFO] [stderr]    Doc-tests laby
[INFO] [stdout] 
[INFO] [stdout] running 41 tests
[INFO] [stdout] test src/helpers.rs - helpers::disp (line 481) ... ignored
[INFO] [stdout] test src/helpers.rs - helpers::iter (line 255) ... ignored
[INFO] [stdout] test src/helpers.rs - helpers::iter_lines (line 318) ... ignored
[INFO] [stdout] test src/helpers.rs - helpers::raw (line 404) ... ignored
[INFO] [stdout] test src/helpers.rs - helpers::render (line 62) ... ignored
[INFO] [stdout] test src/helpers.rs - helpers::bool (line 33) ... ok
[INFO] [stdout] test src/helpers.rs - helpers::render (line 107) ... ok
[INFO] [stdout] test src/helpers.rs - helpers::render (line 129) ... ok
[INFO] [stdout] test src/lib.rs - (line 101) ... ok
[INFO] [stdout] test src/doctype.rs - doctype::DocType (line 18) ... ok
[INFO] [stdout] test src/helpers.rs - helpers::RenderRaw (line 354) ... ok
[INFO] [stdout] test src/helpers.rs - helpers::raw (line 421) ... ok
[INFO] [stdout] test src/helpers.rs - helpers::iter (line 288) ... ok
[INFO] [stdout] test src/helpers.rs - helpers::iter (line 276) ... ok
[INFO] [stdout] test src/helpers.rs - helpers::disp (line 493) ... ok
[INFO] [stdout] test src/lib.rs - frag_match (line 719) ... ignored
[INFO] [stdout] test src/lib.rs - (line 125) ... ok
[INFO] [stdout] test src/helpers.rs - helpers::render (line 91) ... ok
[INFO] [stdout] test src/helpers.rs - helpers::render (line 116) ... ok
[INFO] [stdout] test src/helpers.rs - helpers::iter_lines (line 327) ... ok
[INFO] [stdout] test src/lib.rs - (line 145) ... ok
[INFO] [stdout] test src/helpers.rs - helpers::render (line 80) ... ok
[INFO] [stdout] test src/lib.rs - laby (line 538) - compile fail ... ok
[INFO] [stdout] test src/lib.rs - laby (line 559) - compile fail ... ok
[INFO] [stdout] test src/lib.rs - laby (line 616) - compile fail ... ok
[INFO] [stdout] test src/lib.rs - laby (line 590) - compile fail ... ok
[INFO] [stdout] test src/lib.rs - laby (line 648) ... FAILED
[INFO] [stdout] test src/lib.rs - (line 351) ... ok
[INFO] [stdout] test src/lib.rs - (line 42) ... ok
[INFO] [stdout] test src/lib.rs - laby (line 456) ... ok
[INFO] [stdout] test src/lib.rs - laby (line 477) ... ok
[INFO] [stdout] test src/lib.rs - frag (line 694) ... ok
[INFO] [stdout] test src/lib.rs - (line 296) ... ok
[INFO] [stdout] test src/lib.rs - (line 249) ... ok
[INFO] [stdout] test src/lib.rs - (line 61) ... ok
[INFO] [stdout] test src/lib.rs - laby (line 494) ... ok
[INFO] [stdout] test src/lib.rs - (line 191) ... ok
[INFO] [stdout] test src/lib.rs - frag (line 678) ... ok
[INFO] [stdout] test src/lib.rs - laby (line 514) ... ok
[INFO] [stdout] test src/lib.rs - classes (line 776) ... ok
[INFO] [stdout] test src/lib.rs - frag_match (line 737) ... ok
[INFO] [stdout] 
[INFO] [stdout] failures:
[INFO] [stdout] 
[INFO] [stdout] ---- src/lib.rs - laby (line 648) stdout ----
[INFO] [stdout] error[E0554]: `#![feature]` may not be used on the beta release channel
[INFO] [stdout]  --> src/lib.rs:648:1
[INFO] [stdout]   |
[INFO] [stdout] 2 | #![feature(decl_macro)]
[INFO] [stdout]   | ^^^^^^^^^^^^^^^^^^^^^^^
[INFO] [stdout] 
[INFO] [stdout] error: aborting due to 1 previous error
[INFO] [stdout] 
[INFO] [stdout] For more information about this error, try `rustc --explain E0554`.
[INFO] [stdout] Couldn't compile the test.
[INFO] [stdout] 
[INFO] [stdout] failures:
[INFO] [stdout]     src/lib.rs - laby (line 648)
[INFO] [stdout] 
[INFO] [stdout] test result: FAILED. 34 passed; 1 failed; 6 ignored; 0 measured; 0 filtered out; finished in 0.53s
[INFO] [stdout] 
[INFO] [stderr] error: doctest failed, to rerun pass `--doc`
[INFO] running `Command { std: "docker" "inspect" "9f96cf71f72fd8ee7ea73e5e760785a8a310115aa0a384d44d3af4099096f20b", kill_on_drop: false }`
[INFO] running `Command { std: "docker" "rm" "-f" "9f96cf71f72fd8ee7ea73e5e760785a8a310115aa0a384d44d3af4099096f20b", kill_on_drop: false }`
[INFO] [stdout] 9f96cf71f72fd8ee7ea73e5e760785a8a310115aa0a384d44d3af4099096f20b
