[INFO] fetching crate kube-runtime 0.87.1...
[INFO] testing kube-runtime-0.87.1 against 1.75.0 for beta-1.76-1
[INFO] extracting crate kube-runtime 0.87.1 into /workspace/builds/worker-0-tc1/source
[INFO] validating manifest of crates.io crate kube-runtime 0.87.1 on toolchain 1.75.0
[INFO] running `Command { std: CARGO_HOME="/workspace/cargo-home" RUSTUP_HOME="/workspace/rustup-home" "/workspace/cargo-home/bin/cargo" "+1.75.0" "metadata" "--manifest-path" "Cargo.toml" "--no-deps", kill_on_drop: false }`
[INFO] started tweaking crates.io crate kube-runtime 0.87.1
[INFO] finished tweaking crates.io crate kube-runtime 0.87.1
[INFO] tweaked toml for crates.io crate kube-runtime 0.87.1 written to /workspace/builds/worker-0-tc1/source/Cargo.toml
[INFO] running `Command { std: CARGO_HOME="/workspace/cargo-home" RUSTUP_HOME="/workspace/rustup-home" "/workspace/cargo-home/bin/cargo" "+1.75.0" "generate-lockfile" "--manifest-path" "Cargo.toml", kill_on_drop: false }`
[INFO] [stderr]     Updating crates.io index
[INFO] running `Command { std: CARGO_HOME="/workspace/cargo-home" RUSTUP_HOME="/workspace/rustup-home" "/workspace/cargo-home/bin/cargo" "+1.75.0" "fetch" "--manifest-path" "Cargo.toml", kill_on_drop: false }`
[INFO] [stderr]  Downloading crates ...
[INFO] [stderr]   Downloaded treediff v4.0.2
[INFO] [stderr]   Downloaded kube v0.87.1
[INFO] [stderr]   Downloaded json-patch v1.2.0
[INFO] [stderr]   Downloaded pem v3.0.3
[INFO] [stderr]   Downloaded kube-derive v0.87.1
[INFO] [stderr]   Downloaded kube-core v0.87.1
[INFO] [stderr]   Downloaded kube-runtime v0.87.1
[INFO] [stderr]   Downloaded kube-client v0.87.1
[INFO] [stderr]   Downloaded tower-http v0.4.4
[INFO] [stderr]   Downloaded jsonpath_lib v0.3.0
[INFO] [stderr]   Downloaded k8s-openapi v0.20.0
[INFO] running `Command { std: "docker" "create" "-v" "/var/lib/crater-agent-workspace/builds/worker-0-tc1/target:/opt/rustwide/target:rw,Z" "-v" "/var/lib/crater-agent-workspace/builds/worker-0-tc1/source:/opt/rustwide/workdir:ro,Z" "-v" "/var/lib/crater-agent-workspace/cargo-home:/opt/rustwide/cargo-home:ro,Z" "-v" "/var/lib/crater-agent-workspace/rustup-home:/opt/rustwide/rustup-home:ro,Z" "-e" "SOURCE_DIR=/opt/rustwide/workdir" "-e" "CARGO_TARGET_DIR=/opt/rustwide/target" "-e" "CARGO_HOME=/opt/rustwide/cargo-home" "-e" "RUSTUP_HOME=/opt/rustwide/rustup-home" "-w" "/opt/rustwide/workdir" "-m" "1610612736" "--user" "0:0" "--network" "none" "ghcr.io/rust-lang/crates-build-env/linux@sha256:2788e3201cd34a07e3172128adcd8b3090168a8e3bcc40d7c032b9dda1df7d1c" "/opt/rustwide/cargo-home/bin/cargo" "+1.75.0" "metadata" "--no-deps" "--format-version=1", kill_on_drop: false }`
[INFO] [stdout] d23ab63c29f600e507241c646e261ec273ebb427d1254bbeb8a4dfe6de805573
[INFO] running `Command { std: "docker" "start" "-a" "d23ab63c29f600e507241c646e261ec273ebb427d1254bbeb8a4dfe6de805573", kill_on_drop: false }`
[INFO] running `Command { std: "docker" "inspect" "d23ab63c29f600e507241c646e261ec273ebb427d1254bbeb8a4dfe6de805573", kill_on_drop: false }`
[INFO] running `Command { std: "docker" "rm" "-f" "d23ab63c29f600e507241c646e261ec273ebb427d1254bbeb8a4dfe6de805573", kill_on_drop: false }`
[INFO] [stdout] d23ab63c29f600e507241c646e261ec273ebb427d1254bbeb8a4dfe6de805573
[INFO] running `Command { std: "docker" "create" "-v" "/var/lib/crater-agent-workspace/builds/worker-0-tc1/target:/opt/rustwide/target:rw,Z" "-v" "/var/lib/crater-agent-workspace/builds/worker-0-tc1/source:/opt/rustwide/workdir:ro,Z" "-v" "/var/lib/crater-agent-workspace/cargo-home:/opt/rustwide/cargo-home:ro,Z" "-v" "/var/lib/crater-agent-workspace/rustup-home:/opt/rustwide/rustup-home:ro,Z" "-e" "SOURCE_DIR=/opt/rustwide/workdir" "-e" "CARGO_TARGET_DIR=/opt/rustwide/target" "-e" "CARGO_INCREMENTAL=0" "-e" "RUST_BACKTRACE=full" "-e" "RUSTFLAGS=--cap-lints=warn" "-e" "RUSTDOCFLAGS=--cap-lints=warn" "-e" "CARGO_HOME=/opt/rustwide/cargo-home" "-e" "RUSTUP_HOME=/opt/rustwide/rustup-home" "-w" "/opt/rustwide/workdir" "-m" "1610612736" "--user" "0:0" "--network" "none" "ghcr.io/rust-lang/crates-build-env/linux@sha256:2788e3201cd34a07e3172128adcd8b3090168a8e3bcc40d7c032b9dda1df7d1c" "/opt/rustwide/cargo-home/bin/cargo" "+1.75.0" "build" "--frozen" "--message-format=json", kill_on_drop: false }`
[INFO] [stdout] 1f75058b981373735f38a0c58a7cd5897e7bf0f7dfbec4a65271e3a107789e6a
[INFO] running `Command { std: "docker" "start" "-a" "1f75058b981373735f38a0c58a7cd5897e7bf0f7dfbec4a65271e3a107789e6a", kill_on_drop: false }`
[INFO] [stderr]    Compiling ahash v0.8.7
[INFO] [stderr]    Compiling zerocopy v0.7.32
[INFO] [stderr]    Compiling syn v2.0.48
[INFO] [stderr]    Compiling getrandom v0.2.11
[INFO] [stderr]    Compiling allocator-api2 v0.2.16
[INFO] [stderr]    Compiling parking_lot_core v0.9.9
[INFO] [stderr]    Compiling ring v0.17.7
[INFO] [stderr]    Compiling futures-channel v0.3.30
[INFO] [stderr]    Compiling parking_lot v0.12.1
[INFO] [stderr]    Compiling signal-hook-registry v1.4.1
[INFO] [stderr]    Compiling tracing-core v0.1.32
[INFO] [stderr]    Compiling rustls v0.21.10
[INFO] [stderr]    Compiling serde_derive_internals v0.26.0
[INFO] [stderr]    Compiling hashbrown v0.14.3
[INFO] [stderr]    Compiling schemars v0.8.16
[INFO] [stderr]    Compiling k8s-openapi v0.20.0
[INFO] [stderr]    Compiling rustls-pemfile v1.0.4
[INFO] [stderr]    Compiling rand_core v0.6.4
[INFO] [stderr]    Compiling dyn-clone v1.0.16
[INFO] [stderr]    Compiling tower-layer v0.3.2
[INFO] [stderr]    Compiling percent-encoding v2.3.1
[INFO] [stderr]    Compiling rustls-native-certs v0.6.3
[INFO] [stderr]    Compiling indexmap v2.1.0
[INFO] [stderr]    Compiling form_urlencoded v1.2.1
[INFO] [stderr]    Compiling rand_chacha v0.3.1
[INFO] [stderr]    Compiling zeroize v1.7.0
[INFO] [stderr]    Compiling http-range-header v0.3.1
[INFO] [stderr]    Compiling unsafe-libyaml v0.2.10
[INFO] [stderr]    Compiling async-trait v0.1.77
[INFO] [stderr]    Compiling rand v0.8.5
[INFO] [stderr]    Compiling schemars_derive v0.8.16
[INFO] [stderr]    Compiling pem v3.0.3
[INFO] [stderr]    Compiling either v1.9.0
[INFO] [stderr]    Compiling home v0.5.9
[INFO] [stderr]    Compiling backoff v0.4.0
[INFO] [stderr]    Compiling sct v0.7.1
[INFO] [stderr]    Compiling rustls-webpki v0.101.7
[INFO] [stderr]    Compiling serde_derive v1.0.194
[INFO] [stderr]    Compiling futures-macro v0.3.30
[INFO] [stderr]    Compiling tokio-macros v2.2.0
[INFO] [stderr]    Compiling tracing-attributes v0.1.27
[INFO] [stderr]    Compiling thiserror-impl v1.0.56
[INFO] [stderr]    Compiling pin-project-internal v1.1.3
[INFO] [stderr]    Compiling tokio v1.35.1
[INFO] [stderr]    Compiling futures-util v0.3.30
[INFO] [stderr]    Compiling thiserror v1.0.56
[INFO] [stderr]    Compiling pin-project v1.1.3
[INFO] [stderr]    Compiling tracing v0.1.40
[INFO] [stderr]    Compiling serde v1.0.194
[INFO] [stderr]    Compiling futures-executor v0.3.30
[INFO] [stderr]    Compiling tower-http v0.4.4
[INFO] [stderr]    Compiling futures v0.3.30
[INFO] [stderr]    Compiling hyper v0.14.28
[INFO] [stderr]    Compiling tokio-util v0.7.10
[INFO] [stderr]    Compiling tokio-rustls v0.24.1
[INFO] [stderr]    Compiling tokio-io-timeout v1.2.0
[INFO] [stderr]    Compiling tower v0.4.13
[INFO] [stderr]    Compiling serde_json v1.0.111
[INFO] [stderr]    Compiling chrono v0.4.31
[INFO] [stderr]    Compiling serde-value v0.7.0
[INFO] [stderr]    Compiling serde_yaml v0.9.30
[INFO] [stderr]    Compiling secrecy v0.8.0
[INFO] [stderr]    Compiling treediff v4.0.2
[INFO] [stderr]    Compiling json-patch v1.2.0
[INFO] [stderr]    Compiling jsonpath_lib v0.3.0
[INFO] [stderr]    Compiling hyper-rustls v0.24.2
[INFO] [stderr]    Compiling hyper-timeout v0.4.1
[INFO] [stderr]    Compiling kube-core v0.87.1
[INFO] [stderr]    Compiling kube-client v0.87.1
[INFO] [stderr]    Compiling kube-runtime v0.87.1 (/opt/rustwide/workdir)
[INFO] [stderr]     Finished dev [unoptimized + debuginfo] target(s) in 27.28s
[INFO] running `Command { std: "docker" "inspect" "1f75058b981373735f38a0c58a7cd5897e7bf0f7dfbec4a65271e3a107789e6a", kill_on_drop: false }`
[INFO] running `Command { std: "docker" "rm" "-f" "1f75058b981373735f38a0c58a7cd5897e7bf0f7dfbec4a65271e3a107789e6a", kill_on_drop: false }`
[INFO] [stdout] 1f75058b981373735f38a0c58a7cd5897e7bf0f7dfbec4a65271e3a107789e6a
[INFO] running `Command { std: "docker" "create" "-v" "/var/lib/crater-agent-workspace/builds/worker-0-tc1/target:/opt/rustwide/target:rw,Z" "-v" "/var/lib/crater-agent-workspace/builds/worker-0-tc1/source:/opt/rustwide/workdir:ro,Z" "-v" "/var/lib/crater-agent-workspace/cargo-home:/opt/rustwide/cargo-home:ro,Z" "-v" "/var/lib/crater-agent-workspace/rustup-home:/opt/rustwide/rustup-home:ro,Z" "-e" "SOURCE_DIR=/opt/rustwide/workdir" "-e" "CARGO_TARGET_DIR=/opt/rustwide/target" "-e" "CARGO_INCREMENTAL=0" "-e" "RUST_BACKTRACE=full" "-e" "RUSTFLAGS=--cap-lints=warn" "-e" "RUSTDOCFLAGS=--cap-lints=warn" "-e" "CARGO_HOME=/opt/rustwide/cargo-home" "-e" "RUSTUP_HOME=/opt/rustwide/rustup-home" "-w" "/opt/rustwide/workdir" "-m" "1610612736" "--user" "0:0" "--network" "none" "ghcr.io/rust-lang/crates-build-env/linux@sha256:2788e3201cd34a07e3172128adcd8b3090168a8e3bcc40d7c032b9dda1df7d1c" "/opt/rustwide/cargo-home/bin/cargo" "+1.75.0" "test" "--frozen" "--no-run" "--message-format=json", kill_on_drop: false }`
[INFO] [stdout] a9d1ca63cd1b9c909cf51b63056d454032cc9971b3a9f44d2585bf975f0a2519
[INFO] running `Command { std: "docker" "start" "-a" "a9d1ca63cd1b9c909cf51b63056d454032cc9971b3a9f44d2585bf975f0a2519", kill_on_drop: false }`
[INFO] [stderr]    Compiling darling_core v0.20.3
[INFO] [stderr]    Compiling overload v0.1.1
[INFO] [stderr]    Compiling tracing-log v0.2.0
[INFO] [stderr]    Compiling thread_local v1.1.7
[INFO] [stderr]    Compiling sharded-slab v0.1.7
[INFO] [stderr]    Compiling kube-runtime v0.87.1
[INFO] [stderr]    Compiling nu-ansi-term v0.46.0
[INFO] [stderr]    Compiling tracing-subscriber v0.3.18
[INFO] [stderr]    Compiling darling_macro v0.20.3
[INFO] [stderr]    Compiling darling v0.20.3
[INFO] [stderr]    Compiling kube-derive v0.87.1
[INFO] [stderr]    Compiling kube v0.87.1
[INFO] [stderr]    Compiling kube-runtime v0.87.1 (/opt/rustwide/workdir)
[INFO] [stderr]     Finished test [unoptimized + debuginfo] target(s) in 12.38s
[INFO] running `Command { std: "docker" "inspect" "a9d1ca63cd1b9c909cf51b63056d454032cc9971b3a9f44d2585bf975f0a2519", kill_on_drop: false }`
[INFO] running `Command { std: "docker" "rm" "-f" "a9d1ca63cd1b9c909cf51b63056d454032cc9971b3a9f44d2585bf975f0a2519", kill_on_drop: false }`
[INFO] [stdout] a9d1ca63cd1b9c909cf51b63056d454032cc9971b3a9f44d2585bf975f0a2519
[INFO] running `Command { std: "docker" "create" "-v" "/var/lib/crater-agent-workspace/builds/worker-0-tc1/target:/opt/rustwide/target:rw,Z" "-v" "/var/lib/crater-agent-workspace/builds/worker-0-tc1/source:/opt/rustwide/workdir:ro,Z" "-v" "/var/lib/crater-agent-workspace/cargo-home:/opt/rustwide/cargo-home:ro,Z" "-v" "/var/lib/crater-agent-workspace/rustup-home:/opt/rustwide/rustup-home:ro,Z" "-e" "SOURCE_DIR=/opt/rustwide/workdir" "-e" "CARGO_TARGET_DIR=/opt/rustwide/target" "-e" "CARGO_INCREMENTAL=0" "-e" "RUST_BACKTRACE=full" "-e" "RUSTFLAGS=--cap-lints=warn" "-e" "RUSTDOCFLAGS=--cap-lints=warn" "-e" "CARGO_HOME=/opt/rustwide/cargo-home" "-e" "RUSTUP_HOME=/opt/rustwide/rustup-home" "-w" "/opt/rustwide/workdir" "-m" "1610612736" "--user" "0:0" "--network" "none" "ghcr.io/rust-lang/crates-build-env/linux@sha256:2788e3201cd34a07e3172128adcd8b3090168a8e3bcc40d7c032b9dda1df7d1c" "/opt/rustwide/cargo-home/bin/cargo" "+1.75.0" "test" "--frozen", kill_on_drop: false }`
[INFO] [stdout] fb0bd4385e7a7c1a0f2a296318650aa9ab36737ea5353c23b4a9a20f93648352
[INFO] running `Command { std: "docker" "start" "-a" "fb0bd4385e7a7c1a0f2a296318650aa9ab36737ea5353c23b4a9a20f93648352", kill_on_drop: false }`
[INFO] [stderr]     Finished test [unoptimized + debuginfo] target(s) in 0.10s
[INFO] [stderr]      Running unittests src/lib.rs (/opt/rustwide/target/debug/deps/kube_runtime-dc94b761ad35ee30)
[INFO] [stdout] 
[INFO] [stdout] running 46 tests
[INFO] [stdout] test controller::future_hash_map::tests::fhm_should_stay_alive_until_all_sources_finish ... ok
[INFO] [stdout] test controller::future_hash_map::tests::fhm_should_forward_all_values_and_shut_down ... ok
[INFO] [stdout] test controller::runner::tests::runner_should_report_readiness_errors ... ok
[INFO] [stdout] test events::test::event_recorder_attaches_events ... ignored, needs cluster (creates an event for the default kubernetes service)
[INFO] [stdout] test controller::runner::tests::runner_should_respect_max_concurrent_executions ... ok
[INFO] [stdout] test events::test::event_recorder_attaches_events_without_namespace ... ignored, needs cluster (creates an event for the default kubernetes service)
[INFO] [stdout] test controller::runner::tests::runner_should_wait_for_readiness ... ok
[INFO] [stdout] test controller::runner::tests::runner_should_never_run_two_instances_at_once ... ok
[INFO] [stdout] test reflector::object_ref::tests::display_should_follow_expected_format ... ok
[INFO] [stdout] test reflector::object_ref::tests::display_should_be_transparent_to_representation ... ok
[INFO] [stdout] test reflector::object_ref::tests::comparison_should_ignore_extra ... ok
[INFO] [stdout] test reflector::store::tests::find_element_in_store ... ok
[INFO] [stdout] test reflector::store::tests::should_allow_getting_clusterscoped_object_by_clusterscoped_ref ... ok
[INFO] [stdout] test reflector::store::tests::should_allow_getting_namespaced_object_by_namespaced_ref ... ok
[INFO] [stdout] test reflector::store::tests::should_allow_getting_clusterscoped_object_by_namespaced_ref ... ok
[INFO] [stdout] test reflector::tests::reflector_applied_should_add_object ... ok
[INFO] [stdout] test reflector::store::tests::should_not_allow_getting_namespaced_object_by_clusterscoped_ref ... ok
[INFO] [stdout] test reflector::tests::reflector_deleted_should_remove_object ... ok
[INFO] [stdout] test reflector::tests::reflector_applied_should_update_object ... ok
[INFO] [stdout] test reflector::tests::reflector_restarted_should_clear_objects ... ok
[INFO] [stdout] test scheduler::tests::scheduler_dedupe_should_keep_earlier_item ... ok
[INFO] [stdout] test controller::runner::tests::runner_should_wake_when_scheduling_messages ... ok
[INFO] [stdout] test scheduler::tests::scheduler_dedupe_should_allow_rescheduling_emitted_item ... ok
[INFO] [stdout] test scheduler::tests::scheduler_pending_message_should_not_block_head_of_line ... ok
[INFO] [stdout] test scheduler::tests::scheduler_dedupe_should_replace_later_item ... ok
[INFO] [stdout] test scheduler::tests::scheduler_should_add_debounce_to_a_request ... ok
[INFO] [stdout] test scheduler::tests::scheduler_should_dedup_message_within_debounce_period ... ok
[INFO] [stdout] test scheduler::tests::scheduler_should_hold_and_release_items ... ok
[INFO] [stdout] test scheduler::tests::scheduler_should_emit_items_as_requested ... ok
[INFO] [stdout] test scheduler::tests::scheduler_should_not_overwrite_message_with_later_version ... ok
[INFO] [stdout] test scheduler::tests::scheduler_should_not_reschedule_pending_items ... ok
[INFO] [stdout] test scheduler::tests::scheduler_should_overwrite_message_with_soonest_version ... ok
[INFO] [stdout] test utils::backoff_reset_timer::tests::should_reset_when_timer_expires ... ok
[INFO] [stdout] test utils::event_flatten::tests::watches_applies_uses_correct_eventflattened_stream ... ok
[INFO] [stdout] test utils::delayed_init::tests::must_allow_concurrent_readers_in_any_order ... ok
[INFO] [stdout] test utils::event_modify::test::eventmodify_modifies_innner_value_of_event ... ok
[INFO] [stdout] test utils::delayed_init::tests::must_allow_concurrent_readers_while_waiting ... ok
[INFO] [stdout] test utils::delayed_init::tests::must_allow_single_reader ... ok
[INFO] [stdout] test utils::stream_backoff::tests::backoff_should_close_when_requested ... ok
[INFO] [stdout] test utils::stream_backoff::tests::backoff_time_should_update ... ok
[INFO] [stdout] test utils::delayed_init::tests::must_allow_reading_after_init ... ok
[INFO] [stdout] test utils::stream_backoff::tests::stream_should_back_off ... ok
[INFO] [stdout] test utils::reflect::test::reflect_passes_events_through ... ok
[INFO] [stdout] test reflector::tests::reflector_store_should_not_contain_duplicates ... ok
[INFO] [stdout] test controller::tests::applier_must_not_deadlock_if_reschedule_buffer_fills ... ok
[INFO] [stdout] test controller::runner::tests::runner_should_dedupe_while_waiting_for_readiness ... ok
[INFO] [stdout] 
[INFO] [stdout] test result: ok. 44 passed; 0 failed; 2 ignored; 0 measured; 0 filtered out; finished in 1.00s
[INFO] [stdout] 
[INFO] [stderr]    Doc-tests kube-runtime
[INFO] [stdout] 
[INFO] [stdout] running 21 tests
[INFO] [stdout] test src/reflector/mod.rs - reflector::reflector (line 34) - compile ... ok
[INFO] [stdout] test src/reflector/mod.rs - reflector::reflector (line 77) - compile ... ok
[INFO] [stdout] test src/controller/mod.rs - controller::Controller (line 483) - compile ... ok
[INFO] [stdout] test src/utils/watch_ext.rs - utils::watch_ext::WatchStreamExt::modify (line 63) - compile ... ok
[INFO] [stdout] test src/utils/watch_ext.rs - utils::watch_ext::WatchStreamExt::reflect (line 202) - compile ... ok
[INFO] [stdout] test src/events.rs - events::Recorder (line 131) ... ok
[INFO] [stdout] test src/controller/mod.rs - controller::Controller<K>::watches (line 855) ... ok
[INFO] [stdout] test src/wait.rs - wait::Condition::and (line 118) ... ok
[INFO] [stdout] test src/wait.rs - wait::Condition (line 76) ... ok
[INFO] [stdout] test src/wait.rs - wait::Condition::not (line 101) ... ok
[INFO] [stdout] test src/wait.rs - wait::Condition::or (line 138) ... ok
[INFO] [stdout] test src/wait.rs - wait::await_condition (line 36) ... ok
[INFO] [stdout] test src/reflector/object_ref.rs - reflector::object_ref::ObjectRef::namespace (line 46) ... ok
[INFO] [stdout] test src/watcher.rs - watcher::Event<K>::modify (line 91) - compile ... ok
[INFO] [stdout] test src/watcher.rs - watcher::metadata_watcher (line 747) - compile ... ok
[INFO] [stdout] test src/watcher.rs - watcher::watcher (line 684) - compile ... ok
[INFO] [stdout] test src/events.rs - events::Reporter (line 70) ... FAILED
[INFO] [stdout] test src/controller/mod.rs - controller::Controller<K>::reconcile_all_on (line 1028) ... ok
[INFO] [stdout] test src/controller/mod.rs - controller::Controller<K>::graceful_shutdown_on (line 1151) ... ok
[INFO] [stdout] test src/reflector/object_ref.rs - reflector::object_ref::ObjectRef (line 27) ... ok
[INFO] [stdout] test src/watcher.rs - watcher::Config (line 294) ... ok
[INFO] [stdout] 
[INFO] [stdout] failures:
[INFO] [stdout] 
[INFO] [stdout] ---- src/events.rs - events::Reporter (line 70) stdout ----
[INFO] [stdout] error: linking with `cc` failed: exit status: 1
[INFO] [stdout]   |
[INFO] [stdout]   = note: LC_ALL="C" PATH="/opt/rustwide/rustup-home/toolchains/1.75.0-x86_64-unknown-linux-gnu/lib/rustlib/x86_64-unknown-linux-gnu/bin:/opt/rustwide/cargo-home/bin:/usr/local/sbin:/usr/local/bin:/usr/sbin:/usr/bin:/sbin:/bin" VSLANG="1033" "cc" "-m64" "/tmp/rustcI8QXWx/symbols.o" "/tmp/rustdoctestjoQZJ1/rust_out.rust_out.263fb70ac1c95110-cgu.0.rcgu.o" "/tmp/rustdoctestjoQZJ1/rust_out.2uel00cfmdh5ufit.rcgu.o" "-Wl,--as-needed" "-L" "/opt/rustwide/target/debug/deps" "-L" "/opt/rustwide/target/debug/deps" "-L" "/opt/rustwide/target/debug/build/ring-3771018f2eb3c800/out" "-L" "/opt/rustwide/rustup-home/toolchains/1.75.0-x86_64-unknown-linux-gnu/lib/rustlib/x86_64-unknown-linux-gnu/lib" "-Wl,-Bstatic" "/opt/rustwide/target/debug/deps/libkube-e4b9de8129739748.rlib" "/opt/rustwide/target/debug/deps/libkube_runtime-25d190206f5b2063.rlib" "/opt/rustwide/target/debug/deps/libkube_client-3eaa0b1b04b91a18.rlib" "/opt/rustwide/target/debug/deps/libpem-064d83b8587b3814.rlib" "/opt/rustwide/target/debug/deps/libhome-66b6aa76aee396d9.rlib" "/opt/rustwide/target/debug/deps/libserde_yaml-84116a95f88385e4.rlib" "/opt/rustwide/target/debug/deps/libunsafe_libyaml-a368febdadade116.rlib" "/opt/rustwide/target/debug/deps/libhyper_rustls-4de1066fa5e85066.rlib" "/opt/rustwide/target/debug/deps/librustls_native_certs-5360b5a42937407c.rlib" "/opt/rustwide/target/debug/deps/librustls_pemfile-ffdc2f3224e5aa74.rlib" "/opt/rustwide/target/debug/deps/libopenssl_probe-d850575132083d7c.rlib" "/opt/rustwide/target/debug/deps/libtokio_rustls-8a7c6331110e1e81.rlib" "/opt/rustwide/target/debug/deps/librustls-39fdee31b5139ce7.rlib" "/opt/rustwide/target/debug/deps/libsct-70f10e623cd98e04.rlib" "/opt/rustwide/target/debug/deps/libwebpki-a5e578fbe05f7430.rlib" "/opt/rustwide/target/debug/deps/libring-854b53ccfa400c2c.rlib" "/opt/rustwide/target/debug/deps/libspin-1881e9d9c2fdf875.rlib" "/opt/rustwide/target/debug/deps/libuntrusted-66bbe55c9f09dd46.rlib" "/opt/rustwide/target/debug/deps/libhyper_timeout-f993b4a6065b87d5.rlib" "/opt/rustwide/target/debug/deps/libtokio_io_timeout-e8328bccc9244af6.rlib" "/opt/rustwide/target/debug/deps/libsecrecy-e774acff187f302d.rlib" "/opt/rustwide/target/debug/deps/libzeroize-0727ba7a6fea7de2.rlib" "/opt/rustwide/target/debug/deps/libjsonpath_lib-942b8ace05879071.rlib" "/opt/rustwide/target/debug/deps/libtower_http-05b660e65cf08389.rlib" "/opt/rustwide/target/debug/deps/libmime-7e306270d8ceb372.rlib" "/opt/rustwide/target/debug/deps/libbitflags-0065cf305c229aa5.rlib" "/opt/rustwide/target/debug/deps/libtower-aeea6c4d64275d1a.rlib" "/opt/rustwide/target/debug/deps/libpin_project-7359831ff78c47f6.rlib" "/opt/rustwide/target/debug/deps/libtower_layer-294cdac6576ba675.rlib" "/opt/rustwide/target/debug/deps/libtokio_util-18ca502abf11788d.rlib" "/opt/rustwide/target/debug/deps/libhyper-f488964c65440587.rlib" "/opt/rustwide/target/debug/deps/libwant-0be28e71d2a5cee8.rlib" "/opt/rustwide/target/debug/deps/libtry_lock-ba0ec0947155aa20.rlib" "/opt/rustwide/target/debug/deps/libhttparse-64f1ffbeda450424.rlib" "/opt/rustwide/target/debug/deps/libtower_service-104d6e83d5ce383d.rlib" "/opt/rustwide/target/debug/deps/libhttp_body-3c42bd17f1cfc680.rlib" "/opt/rustwide/target/debug/deps/libtokio-ecbf0bf6aaed4458.rlib" "/opt/rustwide/target/debug/deps/libsignal_hook_registry-f33810147f436d2a.rlib" "/opt/rustwide/target/debug/deps/libnum_cpus-cb81d41626d198af.rlib" "/opt/rustwide/target/debug/deps/libsocket2-2489340dad73c28d.rlib" "/opt/rustwide/target/debug/deps/libmio-1f577062c0615c74.rlib" "/opt/rustwide/target/debug/deps/libparking_lot-0c7bcc779f815d26.rlib" "/opt/rustwide/target/debug/deps/libparking_lot_core-7ef8619e484c37f5.rlib" "/opt/rustwide/target/debug/deps/libsmallvec-19f6a51af3f3c214.rlib" "/opt/rustwide/target/debug/deps/liblock_api-2e3cdc36e2d071f0.rlib" "/opt/rustwide/target/debug/deps/libscopeguard-012e5ed929fc2fe6.rlib" "/opt/rustwide/target/debug/deps/libhttpdate-60c45fdec07c28d7.rlib" "/opt/rustwide/target/debug/deps/libeither-ff4e6ab7d60eb8c1.rlib" "/opt/rustwide/target/debug/deps/libtracing-f0d739a864924455.rlib" "/opt/rustwide/target/debug/deps/liblog-e491f2c1d0b13538.rlib" "/opt/rustwide/target/debug/deps/libtracing_core-b9b83a99752e221d.rlib" "/opt/rustwide/target/debug/deps/libkube_core-5af422405f131cdf.rlib" "/opt/rustwide/target/debug/deps/libhttp-087a4805b82b800b.rlib" "/opt/rustwide/target/debug/deps/libbytes-0a052f49710012b1.rlib" "/opt/rustwide/target/debug/deps/libfnv-18bf5144d055e772.rlib" "/opt/rustwide/target/debug/deps/libjson_patch-ba4c458aabe8f60d.rlib" "/opt/rustwide/target/debug/deps/libtreediff-c1ae1a8554d249d9.rlib" "/opt/rustwide/target/debug/deps/libform_urlencoded-035837da1d2cdb2f.rlib" "/opt/rustwide/target/debug/deps/libpercent_encoding-bd1303179588ac8e.rlib" "/opt/rustwide/target/debug/deps/libschemars-b5d6e1fde977e4ae.rlib" "/opt/rustwide/target/debug/deps/libdyn_clone-9450e4caca538bf4.rlib" "/opt/rustwide/target/debug/deps/libk8s_openapi-9bbfab1ccf5ee6b3.rlib" "/opt/rustwide/target/debug/deps/libbase64-c757f6e1d18850a5.rlib" "/opt/rustwide/target/debug/deps/libserde_value-563d3257a81c4445.rlib" "/opt/rustwide/target/debug/deps/libordered_float-1f7ed88b288fd351.rlib" "/opt/rustwide/target/debug/deps/libserde_json-f506cecafb075c7c.rlib" "/opt/rustwide/target/debug/deps/libryu-5f304b1b6393964f.rlib" "/opt/rustwide/target/debug/deps/libitoa-5f181af53b99b92c.rlib" "/opt/rustwide/target/debug/deps/libindexmap-2d305c9e4365499f.rlib" "/opt/rustwide/target/debug/deps/libequivalent-daf5c71f5fc642dd.rlib" "/opt/rustwide/target/debug/deps/libhashbrown-ea2fe435dc0741db.rlib" "/opt/rustwide/target/debug/deps/libahash-245b82b7cc7609c4.rlib" "/opt/rustwide/target/debug/deps/libonce_cell-63be820ac0ed0954.rlib" "/opt/rustwide/target/debug/deps/libzerocopy-7fb8a99564534ce8.rlib" "/opt/rustwide/target/debug/deps/liballocator_api2-87ab9ac2a3ea53c5.rlib" "/opt/rustwide/target/debug/deps/libchrono-a2cfc20d02264266.rlib" "/opt/rustwide/target/debug/deps/libnum_traits-021f0c8717b1cfd6.rlib" "/opt/rustwide/target/debug/deps/libiana_time_zone-528d9768cce5eb89.rlib" "/opt/rustwide/target/debug/deps/libthiserror-d2111d7cb6fe900c.rlib" "/opt/rustwide/target/debug/deps/libserde-d06c8372f84dc02c.rlib" "/opt/rustwide/target/debug/deps/libfutures-28d2aae199bfbd7b.rlib" "/opt/rustwide/target/debug/deps/libfutures_executor-39c4ae7361df3284.rlib" "/opt/rustwide/target/debug/deps/libfutures_util-f7d052171e79b449.rlib" "/opt/rustwide/target/debug/deps/libmemchr-94009dd89ebb9d8d.rlib" "/opt/rustwide/target/debug/deps/libfutures_io-06ca5b85b7f1c406.rlib" "/opt/rustwide/target/debug/deps/libslab-6eb39baadbe9101c.rlib" "/opt/rustwide/target/debug/deps/libfutures_channel-a299c85500052389.rlib" "/opt/rustwide/target/debug/deps/libpin_project_lite-e0757e0deaa2f8a0.rlib" "/opt/rustwide/target/debug/deps/libfutures_sink-8957e1e23a8e4733.rlib" "/opt/rustwide/target/debug/deps/libfutures_task-c1403167034c79e1.rlib" "/opt/rustwide/target/debug/deps/libpin_utils-741f7d9d160e4a16.rlib" "/opt/rustwide/target/debug/deps/libfutures_core-9cff0d103c3b3c9e.rlib" "/opt/rustwide/target/debug/deps/libbackoff-de57f750e8441ed0.rlib" "/opt/rustwide/target/debug/deps/librand-a76c3fe6b34a9f29.rlib" "/opt/rustwide/target/debug/deps/librand_chacha-93c229a7eeb7ab43.rlib" "/opt/rustwide/target/debug/deps/libppv_lite86-9f808eb911999ef2.rlib" "/opt/rustwide/target/debug/deps/librand_core-c8190ea9532a8248.rlib" "/opt/rustwide/target/debug/deps/libgetrandom-68b0603389864cc3.rlib" "/opt/rustwide/target/debug/deps/liblibc-f01c1240f7c859d0.rlib" "/opt/rustwide/target/debug/deps/libinstant-65b44248b363c7fa.rlib" "/opt/rustwide/target/debug/deps/libcfg_if-61dc7a6799e72b18.rlib" "/opt/rustwide/rustup-home/toolchains/1.75.0-x86_64-unknown-linux-gnu/lib/rustlib/x86_64-unknown-linux-gnu/lib/libstd-90f6ddbf82de36ec.rlib" "/opt/rustwide/rustup-home/toolchains/1.75.0-x86_64-unknown-linux-gnu/lib/rustlib/x86_64-unknown-linux-gnu/lib/libpanic_unwind-480c41e9d4e1f677.rlib" "/opt/rustwide/rustup-home/toolchains/1.75.0-x86_64-unknown-linux-gnu/lib/rustlib/x86_64-unknown-linux-gnu/lib/libobject-db744c0ca03eed1d.rlib" "/opt/rustwide/rustup-home/toolchains/1.75.0-x86_64-unknown-linux-gnu/lib/rustlib/x86_64-unknown-linux-gnu/lib/libmemchr-8ba652dc7d4b285a.rlib" "/opt/rustwide/rustup-home/toolchains/1.75.0-x86_64-unknown-linux-gnu/lib/rustlib/x86_64-unknown-linux-gnu/lib/libaddr2line-d5f4520a9ebc0d58.rlib" "/opt/rustwide/rustup-home/toolchains/1.75.0-x86_64-unknown-linux-gnu/lib/rustlib/x86_64-unknown-linux-gnu/lib/libgimli-4ad84de58f0cb463.rlib" "/opt/rustwide/rustup-home/toolchains/1.75.0-x86_64-unknown-linux-gnu/lib/rustlib/x86_64-unknown-linux-gnu/lib/librustc_demangle-0d10aae2e0f38735.rlib" "/opt/rustwide/rustup-home/toolchains/1.75.0-x86_64-unknown-linux-gnu/lib/rustlib/x86_64-unknown-linux-gnu/lib/libstd_detect-0c17cff739e6745b.rlib" "/opt/rustwide/rustup-home/toolchains/1.75.0-x86_64-unknown-linux-gnu/lib/rustlib/x86_64-unknown-linux-gnu/lib/libhashbrown-b29e17139dde1aa8.rlib" "/opt/rustwide/rustup-home/toolchains/1.75.0-x86_64-unknown-linux-gnu/lib/rustlib/x86_64-unknown-linux-gnu/lib/librustc_std_workspace_alloc-1f975299829cc7bd.rlib" "/opt/rustwide/rustup-home/toolchains/1.75.0-x86_64-unknown-linux-gnu/lib/rustlib/x86_64-unknown-linux-gnu/lib/libminiz_oxide-86bae3bc3079f89b.rlib" "/opt/rustwide/rustup-home/toolchains/1.75.0-x86_64-unknown-linux-gnu/lib/rustlib/x86_64-unknown-linux-gnu/lib/libadler-321b82c30dffdf5f.rlib" "/opt/rustwide/rustup-home/toolchains/1.75.0-x86_64-unknown-linux-gnu/lib/rustlib/x86_64-unknown-linux-gnu/lib/libunwind-3dd8a6810a0bdfef.rlib" "/opt/rustwide/rustup-home/toolchains/1.75.0-x86_64-unknown-linux-gnu/lib/rustlib/x86_64-unknown-linux-gnu/lib/libcfg_if-eb39a61c0c879984.rlib" "/opt/rustwide/rustup-home/toolchains/1.75.0-x86_64-unknown-linux-gnu/lib/rustlib/x86_64-unknown-linux-gnu/lib/liblibc-aa769569f91c3548.rlib" "/opt/rustwide/rustup-home/toolchains/1.75.0-x86_64-unknown-linux-gnu/lib/rustlib/x86_64-unknown-linux-gnu/lib/liballoc-510a192a50a983ed.rlib" "/opt/rustwide/rustup-home/toolchains/1.75.0-x86_64-unknown-linux-gnu/lib/rustlib/x86_64-unknown-linux-gnu/lib/librustc_std_workspace_core-0577018320f99037.rlib" "/opt/rustwide/rustup-home/toolchains/1.75.0-x86_64-unknown-linux-gnu/lib/rustlib/x86_64-unknown-linux-gnu/lib/libcore-193cf992125ccd4c.rlib" "/opt/rustwide/rustup-home/toolchains/1.75.0-x86_64-unknown-linux-gnu/lib/rustlib/x86_64-unknown-linux-gnu/lib/libcompiler_builtins-8e138eaf26ebb4a8.rlib" "-Wl,-Bdynamic" "-lgcc_s" "-lutil" "-lrt" "-lpthread" "-lm" "-ldl" "-lc" "-Wl,--eh-frame-hdr" "-Wl,-z,noexecstack" "-L" "/opt/rustwide/rustup-home/toolchains/1.75.0-x86_64-unknown-linux-gnu/lib/rustlib/x86_64-unknown-linux-gnu/lib" "-o" "/tmp/rustdoctestjoQZJ1/rust_out" "-Wl,--gc-sections" "-pie" "-Wl,-z,relro,-z,now" "-nodefaultlibs"
[INFO] [stdout]   = note: collect2: fatal error: ld terminated with signal 9 [Killed]
[INFO] [stdout]           compilation terminated.
[INFO] [stdout]           
[INFO] [stdout] 
[INFO] [stdout] error: aborting due to previous error
[INFO] [stdout] 
[INFO] [stdout] Couldn't compile the test.
[INFO] [stdout] 
[INFO] [stdout] failures:
[INFO] [stdout]     src/events.rs - events::Reporter (line 70)
[INFO] [stdout] 
[INFO] [stdout] test result: FAILED. 20 passed; 1 failed; 0 ignored; 0 measured; 0 filtered out; finished in 5.02s
[INFO] [stdout] 
[INFO] [stderr] error: doctest failed, to rerun pass `--doc`
[INFO] running `Command { std: "docker" "inspect" "fb0bd4385e7a7c1a0f2a296318650aa9ab36737ea5353c23b4a9a20f93648352", kill_on_drop: false }`
[INFO] running `Command { std: "docker" "rm" "-f" "fb0bd4385e7a7c1a0f2a296318650aa9ab36737ea5353c23b4a9a20f93648352", kill_on_drop: false }`
[INFO] [stdout] fb0bd4385e7a7c1a0f2a296318650aa9ab36737ea5353c23b4a9a20f93648352
