[INFO] fetching crate krpc 0.2.0...
[INFO] testing krpc-0.2.0 against 1.75.0 for beta-1.76-1
[INFO] extracting crate krpc 0.2.0 into /workspace/builds/worker-6-tc1/source
[INFO] validating manifest of crates.io crate krpc 0.2.0 on toolchain 1.75.0
[INFO] running `Command { std: CARGO_HOME="/workspace/cargo-home" RUSTUP_HOME="/workspace/rustup-home" "/workspace/cargo-home/bin/cargo" "+1.75.0" "metadata" "--manifest-path" "Cargo.toml" "--no-deps", kill_on_drop: false }`
[INFO] removed /workspace/builds/worker-6-tc1/source/.cargo/config
[INFO] started tweaking crates.io crate krpc 0.2.0
[INFO] finished tweaking crates.io crate krpc 0.2.0
[INFO] tweaked toml for crates.io crate krpc 0.2.0 written to /workspace/builds/worker-6-tc1/source/Cargo.toml
[INFO] running `Command { std: CARGO_HOME="/workspace/cargo-home" RUSTUP_HOME="/workspace/rustup-home" "/workspace/cargo-home/bin/cargo" "+1.75.0" "generate-lockfile" "--manifest-path" "Cargo.toml", kill_on_drop: false }`
[INFO] [stderr]     Updating crates.io index
[INFO] running `Command { std: CARGO_HOME="/workspace/cargo-home" RUSTUP_HOME="/workspace/rustup-home" "/workspace/cargo-home/bin/cargo" "+1.75.0" "fetch" "--manifest-path" "Cargo.toml", kill_on_drop: false }`
[INFO] running `Command { std: "docker" "create" "-v" "/var/lib/crater-agent-workspace/builds/worker-6-tc1/target:/opt/rustwide/target:rw,Z" "-v" "/var/lib/crater-agent-workspace/builds/worker-6-tc1/source:/opt/rustwide/workdir:ro,Z" "-v" "/var/lib/crater-agent-workspace/cargo-home:/opt/rustwide/cargo-home:ro,Z" "-v" "/var/lib/crater-agent-workspace/rustup-home:/opt/rustwide/rustup-home:ro,Z" "-e" "SOURCE_DIR=/opt/rustwide/workdir" "-e" "CARGO_TARGET_DIR=/opt/rustwide/target" "-e" "CARGO_HOME=/opt/rustwide/cargo-home" "-e" "RUSTUP_HOME=/opt/rustwide/rustup-home" "-w" "/opt/rustwide/workdir" "-m" "1610612736" "--user" "0:0" "--network" "none" "ghcr.io/rust-lang/crates-build-env/linux@sha256:2788e3201cd34a07e3172128adcd8b3090168a8e3bcc40d7c032b9dda1df7d1c" "/opt/rustwide/cargo-home/bin/cargo" "+1.75.0" "metadata" "--no-deps" "--format-version=1", kill_on_drop: false }`
[INFO] [stdout] 4fba133391ee4d74a1c79443fb5923a2919221b018d380ffd94e22d30ca4b351
[INFO] running `Command { std: "docker" "start" "-a" "4fba133391ee4d74a1c79443fb5923a2919221b018d380ffd94e22d30ca4b351", kill_on_drop: false }`
[INFO] running `Command { std: "docker" "inspect" "4fba133391ee4d74a1c79443fb5923a2919221b018d380ffd94e22d30ca4b351", kill_on_drop: false }`
[INFO] running `Command { std: "docker" "rm" "-f" "4fba133391ee4d74a1c79443fb5923a2919221b018d380ffd94e22d30ca4b351", kill_on_drop: false }`
[INFO] [stdout] 4fba133391ee4d74a1c79443fb5923a2919221b018d380ffd94e22d30ca4b351
[INFO] running `Command { std: "docker" "create" "-v" "/var/lib/crater-agent-workspace/builds/worker-6-tc1/target:/opt/rustwide/target:rw,Z" "-v" "/var/lib/crater-agent-workspace/builds/worker-6-tc1/source:/opt/rustwide/workdir:ro,Z" "-v" "/var/lib/crater-agent-workspace/cargo-home:/opt/rustwide/cargo-home:ro,Z" "-v" "/var/lib/crater-agent-workspace/rustup-home:/opt/rustwide/rustup-home:ro,Z" "-e" "SOURCE_DIR=/opt/rustwide/workdir" "-e" "CARGO_TARGET_DIR=/opt/rustwide/target" "-e" "CARGO_INCREMENTAL=0" "-e" "RUST_BACKTRACE=full" "-e" "RUSTFLAGS=--cap-lints=warn" "-e" "RUSTDOCFLAGS=--cap-lints=warn" "-e" "CARGO_HOME=/opt/rustwide/cargo-home" "-e" "RUSTUP_HOME=/opt/rustwide/rustup-home" "-w" "/opt/rustwide/workdir" "-m" "1610612736" "--user" "0:0" "--network" "none" "ghcr.io/rust-lang/crates-build-env/linux@sha256:2788e3201cd34a07e3172128adcd8b3090168a8e3bcc40d7c032b9dda1df7d1c" "/opt/rustwide/cargo-home/bin/cargo" "+1.75.0" "build" "--frozen" "--message-format=json", kill_on_drop: false }`
[INFO] [stdout] 8c58b7b1b03ba67bf84c64b1ebf1eb3757f01bcf90c99d7e1d71b68a1f4f8b08
[INFO] running `Command { std: "docker" "start" "-a" "8c58b7b1b03ba67bf84c64b1ebf1eb3757f01bcf90c99d7e1d71b68a1f4f8b08", kill_on_drop: false }`
[INFO] [stderr]    Compiling byteorder v1.5.0
[INFO] [stderr]    Compiling tokio-macros v2.2.0
[INFO] [stderr]    Compiling rmp v0.8.12
[INFO] [stderr]    Compiling rmp-serde v1.1.2
[INFO] [stderr]    Compiling tokio v1.35.1
[INFO] [stderr]    Compiling krpc v0.2.0 (/opt/rustwide/workdir)
[INFO] [stderr]     Finished dev [unoptimized + debuginfo] target(s) in 3.63s
[INFO] running `Command { std: "docker" "inspect" "8c58b7b1b03ba67bf84c64b1ebf1eb3757f01bcf90c99d7e1d71b68a1f4f8b08", kill_on_drop: false }`
[INFO] running `Command { std: "docker" "rm" "-f" "8c58b7b1b03ba67bf84c64b1ebf1eb3757f01bcf90c99d7e1d71b68a1f4f8b08", kill_on_drop: false }`
[INFO] [stdout] 8c58b7b1b03ba67bf84c64b1ebf1eb3757f01bcf90c99d7e1d71b68a1f4f8b08
[INFO] running `Command { std: "docker" "create" "-v" "/var/lib/crater-agent-workspace/builds/worker-6-tc1/target:/opt/rustwide/target:rw,Z" "-v" "/var/lib/crater-agent-workspace/builds/worker-6-tc1/source:/opt/rustwide/workdir:ro,Z" "-v" "/var/lib/crater-agent-workspace/cargo-home:/opt/rustwide/cargo-home:ro,Z" "-v" "/var/lib/crater-agent-workspace/rustup-home:/opt/rustwide/rustup-home:ro,Z" "-e" "SOURCE_DIR=/opt/rustwide/workdir" "-e" "CARGO_TARGET_DIR=/opt/rustwide/target" "-e" "CARGO_INCREMENTAL=0" "-e" "RUST_BACKTRACE=full" "-e" "RUSTFLAGS=--cap-lints=warn" "-e" "RUSTDOCFLAGS=--cap-lints=warn" "-e" "CARGO_HOME=/opt/rustwide/cargo-home" "-e" "RUSTUP_HOME=/opt/rustwide/rustup-home" "-w" "/opt/rustwide/workdir" "-m" "1610612736" "--user" "0:0" "--network" "none" "ghcr.io/rust-lang/crates-build-env/linux@sha256:2788e3201cd34a07e3172128adcd8b3090168a8e3bcc40d7c032b9dda1df7d1c" "/opt/rustwide/cargo-home/bin/cargo" "+1.75.0" "test" "--frozen" "--no-run" "--message-format=json", kill_on_drop: false }`
[INFO] [stdout] c4cdde6ed73260cbf79ca6f38247f939869b89dfc0f138756fd0680bc7da1a53
[INFO] running `Command { std: "docker" "start" "-a" "c4cdde6ed73260cbf79ca6f38247f939869b89dfc0f138756fd0680bc7da1a53", kill_on_drop: false }`
[INFO] [stderr]    Compiling krpc v0.2.0 (/opt/rustwide/workdir)
[INFO] [stderr]     Finished test [unoptimized + debuginfo] target(s) in 1.44s
[INFO] running `Command { std: "docker" "inspect" "c4cdde6ed73260cbf79ca6f38247f939869b89dfc0f138756fd0680bc7da1a53", kill_on_drop: false }`
[INFO] running `Command { std: "docker" "rm" "-f" "c4cdde6ed73260cbf79ca6f38247f939869b89dfc0f138756fd0680bc7da1a53", kill_on_drop: false }`
[INFO] [stdout] c4cdde6ed73260cbf79ca6f38247f939869b89dfc0f138756fd0680bc7da1a53
[INFO] running `Command { std: "docker" "create" "-v" "/var/lib/crater-agent-workspace/builds/worker-6-tc1/target:/opt/rustwide/target:rw,Z" "-v" "/var/lib/crater-agent-workspace/builds/worker-6-tc1/source:/opt/rustwide/workdir:ro,Z" "-v" "/var/lib/crater-agent-workspace/cargo-home:/opt/rustwide/cargo-home:ro,Z" "-v" "/var/lib/crater-agent-workspace/rustup-home:/opt/rustwide/rustup-home:ro,Z" "-e" "SOURCE_DIR=/opt/rustwide/workdir" "-e" "CARGO_TARGET_DIR=/opt/rustwide/target" "-e" "CARGO_INCREMENTAL=0" "-e" "RUST_BACKTRACE=full" "-e" "RUSTFLAGS=--cap-lints=warn" "-e" "RUSTDOCFLAGS=--cap-lints=warn" "-e" "CARGO_HOME=/opt/rustwide/cargo-home" "-e" "RUSTUP_HOME=/opt/rustwide/rustup-home" "-w" "/opt/rustwide/workdir" "-m" "1610612736" "--user" "0:0" "--network" "none" "ghcr.io/rust-lang/crates-build-env/linux@sha256:2788e3201cd34a07e3172128adcd8b3090168a8e3bcc40d7c032b9dda1df7d1c" "/opt/rustwide/cargo-home/bin/cargo" "+1.75.0" "test" "--frozen", kill_on_drop: false }`
[INFO] [stdout] 2accaa4497137604ebc24ac4f02f291fe917fcee78dded1164dc457296644b13
[INFO] running `Command { std: "docker" "start" "-a" "2accaa4497137604ebc24ac4f02f291fe917fcee78dded1164dc457296644b13", kill_on_drop: false }`
[INFO] [stderr]     Finished test [unoptimized + debuginfo] target(s) in 0.02s
[INFO] [stderr]      Running unittests src/lib.rs (/opt/rustwide/target/debug/deps/krpc-4e0e9cd61b321ddc)
[INFO] [stdout] 
[INFO] [stdout] running 0 tests
[INFO] [stdout] 
[INFO] [stdout] test result: ok. 0 passed; 0 failed; 0 ignored; 0 measured; 0 filtered out; finished in 0.00s
[INFO] [stdout] 
[INFO] [stderr]      Running tests/cs.rs (/opt/rustwide/target/debug/deps/cs-528fc03c3729906c)
[INFO] [stdout] 
[INFO] [stdout] running 4 tests
[INFO] [stdout] test test_call_macro ... ok
[INFO] [stdout] test test_client_server ... ok
[INFO] [stdout] test test_subcribe_macro ... ok
[INFO] [stdout] test test_multi_subcribe ... ok
[INFO] [stdout] 
[INFO] [stdout] test result: ok. 4 passed; 0 failed; 0 ignored; 0 measured; 0 filtered out; finished in 5.00s
[INFO] [stdout] 
[INFO] [stderr]    Doc-tests krpc
[INFO] [stdout] 
[INFO] [stdout] running 6 tests
[INFO] [stdout] test src/client.rs - client::define (line 613) ... FAILED
[INFO] [stdout] test src/client.rs - client::subcribe (line 447) ... FAILED
[INFO] [stdout] test src/lib.rs - (line 126) ... FAILED
[INFO] [stdout] test src/client.rs - client::call (line 316) ... FAILED
[INFO] [stdout] test src/lib.rs - (line 70) ... FAILED
[INFO] [stdout] test src/lib.rs - (line 10) has been running for over 60 seconds
[ERROR] error running command: no output for 300 seconds
[INFO] running `Command { std: "docker" "inspect" "2accaa4497137604ebc24ac4f02f291fe917fcee78dded1164dc457296644b13", kill_on_drop: false }`
[INFO] running `Command { std: "docker" "rm" "-f" "2accaa4497137604ebc24ac4f02f291fe917fcee78dded1164dc457296644b13", kill_on_drop: false }`
[INFO] [stdout] 2accaa4497137604ebc24ac4f02f291fe917fcee78dded1164dc457296644b13
