[INFO] fetching crate kmerutils 0.0.9...
[INFO] testing kmerutils-0.0.9 against 1.75.0 for beta-1.76-1
[INFO] extracting crate kmerutils 0.0.9 into /workspace/builds/worker-2-tc1/source
[INFO] validating manifest of crates.io crate kmerutils 0.0.9 on toolchain 1.75.0
[INFO] running `Command { std: CARGO_HOME="/workspace/cargo-home" RUSTUP_HOME="/workspace/rustup-home" "/workspace/cargo-home/bin/cargo" "+1.75.0" "metadata" "--manifest-path" "Cargo.toml" "--no-deps", kill_on_drop: false }`
[INFO] started tweaking crates.io crate kmerutils 0.0.9
[INFO] removed 0 missing examples
[INFO] finished tweaking crates.io crate kmerutils 0.0.9
[INFO] tweaked toml for crates.io crate kmerutils 0.0.9 written to /workspace/builds/worker-2-tc1/source/Cargo.toml
[INFO] crate crates.io crate kmerutils 0.0.9 already has a lockfile, it will not be regenerated
[INFO] running `Command { std: CARGO_HOME="/workspace/cargo-home" RUSTUP_HOME="/workspace/rustup-home" "/workspace/cargo-home/bin/cargo" "+1.75.0" "fetch" "--manifest-path" "Cargo.toml", kill_on_drop: false }`
[INFO] [stderr]     Updating crates.io index
[INFO] [stderr]  Downloading crates ...
[INFO] [stderr]   Downloaded multimap v0.4.0
[INFO] [stderr]   Downloaded katexit v0.1.4
[INFO] [stderr]   Downloaded cpu-time v1.0.0
[INFO] [stderr]   Downloaded clap v4.2.2
[INFO] [stderr]   Downloaded buffer-redux v1.0.0
[INFO] [stderr]   Downloaded needletail v0.5.1
[INFO] [stderr]   Downloaded hnsw_rs v0.1.19
[INFO] [stderr]   Downloaded redis v0.21.7
[INFO] [stderr]   Downloaded xdr-codec v0.2.5
[INFO] [stderr]   Downloaded wyhash v0.5.0
[INFO] [stderr]   Downloaded wavelet-matrix v0.4.7
[INFO] [stderr]   Downloaded bit-vec v0.4.4
[INFO] [stderr]   Downloaded clap_builder v4.2.2
[INFO] [stderr]   Downloaded simdeez v1.0.8
[INFO] [stderr]   Downloaded skiplist v0.3.0
[INFO] [stderr]   Downloaded bloom v0.3.2
[INFO] [stderr]   Downloaded succinct v0.4.4
[INFO] [stderr]   Downloaded probminhash v0.1.9
[INFO] running `Command { std: "docker" "create" "-v" "/var/lib/crater-agent-workspace/builds/worker-2-tc1/target:/opt/rustwide/target:rw,Z" "-v" "/var/lib/crater-agent-workspace/builds/worker-2-tc1/source:/opt/rustwide/workdir:ro,Z" "-v" "/var/lib/crater-agent-workspace/cargo-home:/opt/rustwide/cargo-home:ro,Z" "-v" "/var/lib/crater-agent-workspace/rustup-home:/opt/rustwide/rustup-home:ro,Z" "-e" "SOURCE_DIR=/opt/rustwide/workdir" "-e" "CARGO_TARGET_DIR=/opt/rustwide/target" "-e" "CARGO_HOME=/opt/rustwide/cargo-home" "-e" "RUSTUP_HOME=/opt/rustwide/rustup-home" "-w" "/opt/rustwide/workdir" "-m" "1610612736" "--user" "0:0" "--network" "none" "ghcr.io/rust-lang/crates-build-env/linux@sha256:2788e3201cd34a07e3172128adcd8b3090168a8e3bcc40d7c032b9dda1df7d1c" "/opt/rustwide/cargo-home/bin/cargo" "+1.75.0" "metadata" "--no-deps" "--format-version=1", kill_on_drop: false }`
[INFO] [stdout] f48f372f1116cedfc9912acdcc7bbb375b93f6b40cb5151bc7a8442509c15788
[INFO] running `Command { std: "docker" "start" "-a" "f48f372f1116cedfc9912acdcc7bbb375b93f6b40cb5151bc7a8442509c15788", kill_on_drop: false }`
[INFO] running `Command { std: "docker" "inspect" "f48f372f1116cedfc9912acdcc7bbb375b93f6b40cb5151bc7a8442509c15788", kill_on_drop: false }`
[INFO] running `Command { std: "docker" "rm" "-f" "f48f372f1116cedfc9912acdcc7bbb375b93f6b40cb5151bc7a8442509c15788", kill_on_drop: false }`
[INFO] [stdout] f48f372f1116cedfc9912acdcc7bbb375b93f6b40cb5151bc7a8442509c15788
[INFO] running `Command { std: "docker" "create" "-v" "/var/lib/crater-agent-workspace/builds/worker-2-tc1/target:/opt/rustwide/target:rw,Z" "-v" "/var/lib/crater-agent-workspace/builds/worker-2-tc1/source:/opt/rustwide/workdir:ro,Z" "-v" "/var/lib/crater-agent-workspace/cargo-home:/opt/rustwide/cargo-home:ro,Z" "-v" "/var/lib/crater-agent-workspace/rustup-home:/opt/rustwide/rustup-home:ro,Z" "-e" "SOURCE_DIR=/opt/rustwide/workdir" "-e" "CARGO_TARGET_DIR=/opt/rustwide/target" "-e" "CARGO_INCREMENTAL=0" "-e" "RUST_BACKTRACE=full" "-e" "RUSTFLAGS=--cap-lints=warn" "-e" "RUSTDOCFLAGS=--cap-lints=warn" "-e" "CARGO_HOME=/opt/rustwide/cargo-home" "-e" "RUSTUP_HOME=/opt/rustwide/rustup-home" "-w" "/opt/rustwide/workdir" "-m" "1610612736" "--user" "0:0" "--network" "none" "ghcr.io/rust-lang/crates-build-env/linux@sha256:2788e3201cd34a07e3172128adcd8b3090168a8e3bcc40d7c032b9dda1df7d1c" "/opt/rustwide/cargo-home/bin/cargo" "+1.75.0" "build" "--frozen" "--message-format=json", kill_on_drop: false }`
[INFO] [stdout] b709a73492022b46c6c2a8072a7af724c7ef400cc8fe96a03fa1acf4fbd39a04
[INFO] running `Command { std: "docker" "start" "-a" "b709a73492022b46c6c2a8072a7af724c7ef400cc8fe96a03fa1acf4fbd39a04", kill_on_drop: false }`
[INFO] [stderr]    Compiling libc v0.2.141
[INFO] [stderr]    Compiling libm v0.2.6
[INFO] [stderr]    Compiling num-traits v0.2.15
[INFO] [stderr]    Compiling proc-macro2 v1.0.56
[INFO] [stderr]    Compiling unicode-ident v1.0.8
[INFO] [stderr]    Compiling memchr v2.5.0
[INFO] [stderr]    Compiling quote v1.0.26
[INFO] [stderr]    Compiling crossbeam-utils v0.8.15
[INFO] [stderr]    Compiling ppv-lite86 v0.2.17
[INFO] [stderr]    Compiling io-lifetimes v1.0.10
[INFO] [stderr]    Compiling getrandom v0.1.16
[INFO] [stderr]    Compiling pkg-config v0.3.26
[INFO] [stderr]    Compiling syn v2.0.15
[INFO] [stderr]    Compiling num-integer v0.1.45
[INFO] [stderr]    Compiling memoffset v0.8.0
[INFO] [stderr]    Compiling typenum v1.16.0
[INFO] [stderr]    Compiling rustix v0.37.11
[INFO] [stderr]    Compiling serde_derive v1.0.160
[INFO] [stderr]    Compiling scopeguard v1.1.0
[INFO] [stderr]    Compiling generic-array v0.14.7
[INFO] [stderr]    Compiling crossbeam-epoch v0.9.14
[INFO] [stderr]    Compiling serde v1.0.160
[INFO] [stderr]    Compiling linux-raw-sys v0.3.1
[INFO] [stderr]    Compiling byteorder v1.4.3
[INFO] [stderr]    Compiling log v0.4.17
[INFO] [stderr]    Compiling getrandom v0.2.9
[INFO] [stderr]    Compiling rand_core v0.6.4
[INFO] [stderr]    Compiling rand_core v0.5.1
[INFO] [stderr]    Compiling crossbeam-channel v0.5.8
[INFO] [stderr]    Compiling rand_chacha v0.3.1
[INFO] [stderr]    Compiling aho-corasick v0.7.20
[INFO] [stderr]    Compiling num-bigint v0.4.3
[INFO] [stderr]    Compiling regex-syntax v0.6.29
[INFO] [stderr]    Compiling rand v0.8.5
[INFO] [stderr]    Compiling crossbeam-deque v0.8.3
[INFO] [stderr]    Compiling rand_chacha v0.2.2
[INFO] [stderr]    Compiling is-terminal v0.4.7
[INFO] [stderr]    Compiling rand_pcg v0.2.1
[INFO] [stderr]    Compiling bzip2-sys v0.1.11+1.0.8
[INFO] [stderr]    Compiling lzma-sys v0.1.20
[INFO] [stderr]    Compiling num-rational v0.4.1
[INFO] [stderr]    Compiling num-iter v0.1.43
[INFO] [stderr]    Compiling lock_api v0.4.9
[INFO] [stderr]    Compiling regex v1.7.3
[INFO] [stderr]    Compiling rayon-core v1.11.0
[INFO] [stderr]    Compiling humantime v2.1.0
[INFO] [stderr]    Compiling syn v1.0.109
[INFO] [stderr]    Compiling parking_lot_core v0.9.7
[INFO] [stderr]    Compiling termcolor v1.2.0
[INFO] [stderr]    Compiling miniz_oxide v0.6.2
[INFO] [stderr]    Compiling anstyle-parse v0.2.0
[INFO] [stderr]    Compiling rand v0.7.3
[INFO] [stderr]    Compiling block-buffer v0.10.4
[INFO] [stderr]    Compiling crypto-common v0.1.6
[INFO] [stderr]    Compiling unicode-normalization v0.1.22
[INFO] [stderr]    Compiling num-complex v0.4.3
[INFO] [stderr]    Compiling num_cpus v1.15.0
[INFO] [stderr]    Compiling indexmap v1.9.3
[INFO] [stderr]    Compiling ryu v1.0.13
[INFO] [stderr]    Compiling anstyle v1.0.0
[INFO] [stderr]    Compiling crossbeam-queue v0.3.8
[INFO] [stderr]    Compiling serde_json v1.0.96
[INFO] [stderr]    Compiling unicode-bidi v0.3.13
[INFO] [stderr]    Compiling smallvec v1.10.0
[INFO] [stderr]    Compiling async-trait v0.1.68
[INFO] [stderr]    Compiling percent-encoding v2.2.0
[INFO] [stderr]    Compiling itoa v1.0.6
[INFO] [stderr]    Compiling form_urlencoded v1.1.0
[INFO] [stderr]    Compiling idna v0.3.0
[INFO] [stderr]    Compiling anstream v0.3.0
[INFO] [stderr]    Compiling flate2 v1.0.25
[INFO] [stderr]    Compiling digest v0.10.6
[INFO] [stderr]    Compiling atty v0.2.14
[INFO] [stderr]    Compiling minimal-lexical v0.2.1
[INFO] [stderr]    Compiling rawpointer v0.2.1
[INFO] [stderr]    Compiling either v1.8.1
[INFO] [stderr]    Compiling ahash v0.4.7
[INFO] [stderr]    Compiling static_assertions v1.1.0
[INFO] [stderr]    Compiling bytes v1.4.0
[INFO] [stderr]    Compiling sha1_smol v1.0.0
[INFO] [stderr]    Compiling clap_lex v0.4.1
[INFO] [stderr]    Compiling cpufeatures v0.2.6
[INFO] [stderr]    Compiling safemem v0.3.3
[INFO] [stderr]    Compiling buffer-redux v1.0.0
[INFO] [stderr]    Compiling clap_builder v4.2.2
[INFO] [stderr]    Compiling sha1 v0.6.1
[INFO] [stderr]    Compiling sha2 v0.10.6
[INFO] [stderr]    Compiling combine v4.6.6
[INFO] [stderr]    Compiling hashbrown v0.9.1
[INFO] [stderr]    Compiling nom v7.1.3
[INFO] [stderr]    Compiling rayon v1.7.0
[INFO] [stderr]    Compiling twox-hash v1.6.3
[INFO] [stderr]    Compiling matrixmultiply v0.3.2
[INFO] [stderr]    Compiling parking_lot v0.12.1
[INFO] [stderr]    Compiling env_logger v0.9.3
[INFO] [stderr]    Compiling xz2 v0.1.7
[INFO] [stderr]    Compiling num v0.4.0
[INFO] [stderr]    Compiling url v2.3.1
[INFO] [stderr]    Compiling bzip2 v0.4.4
[INFO] [stderr]    Compiling skiplist v0.3.0
[INFO] [stderr]    Compiling env_logger v0.10.0
[INFO] [stderr]    Compiling rand_distr v0.4.3
[INFO] [stderr]    Compiling rand_xoshiro v0.6.0
[INFO] [stderr]    Compiling wyhash v0.5.0
[INFO] [stderr]    Compiling rand_xorshift v0.3.0
[INFO] [stderr]    Compiling succinct v0.4.4
[INFO] [stderr]    Compiling fxhash v0.2.1
[INFO] [stderr]    Compiling cpu-time v1.0.0
[INFO] [stderr]    Compiling base64 v0.13.1
[INFO] [stderr]    Compiling byteorder v0.5.3
[INFO] [stderr]    Compiling bit-vec v0.4.4
[INFO] [stderr]    Compiling bytecount v0.6.3
[INFO] [stderr]    Compiling hdrhistogram v7.5.2
[INFO] [stderr]    Compiling bloom v0.3.2
[INFO] [stderr]    Compiling needletail v0.5.1
[INFO] [stderr]    Compiling wavelet-matrix v0.4.7
[INFO] [stderr]    Compiling xdr-codec v0.2.5
[INFO] [stderr]    Compiling crossbeam v0.8.2
[INFO] [stderr]    Compiling clap v4.2.2
[INFO] [stderr]    Compiling ndarray v0.15.6
[INFO] [stderr]    Compiling cuckoofilter v0.5.0
[INFO] [stderr]    Compiling metrohash v1.0.6
[INFO] [stderr]    Compiling katexit v0.1.4
[INFO] [stderr]    Compiling redis v0.21.7
[INFO] [stderr]    Compiling bincode v1.3.3
[INFO] [stderr]    Compiling multimap v0.4.0
[INFO] [stderr]    Compiling hnsw_rs v0.1.19
[INFO] [stderr]    Compiling probminhash v0.1.9
[INFO] [stderr]    Compiling kmerutils v0.0.9 (/opt/rustwide/workdir)
[INFO] [stderr]     Finished dev [unoptimized + debuginfo] target(s) in 1m 18s
[INFO] running `Command { std: "docker" "inspect" "b709a73492022b46c6c2a8072a7af724c7ef400cc8fe96a03fa1acf4fbd39a04", kill_on_drop: false }`
[INFO] running `Command { std: "docker" "rm" "-f" "b709a73492022b46c6c2a8072a7af724c7ef400cc8fe96a03fa1acf4fbd39a04", kill_on_drop: false }`
[INFO] [stdout] b709a73492022b46c6c2a8072a7af724c7ef400cc8fe96a03fa1acf4fbd39a04
[INFO] running `Command { std: "docker" "create" "-v" "/var/lib/crater-agent-workspace/builds/worker-2-tc1/target:/opt/rustwide/target:rw,Z" "-v" "/var/lib/crater-agent-workspace/builds/worker-2-tc1/source:/opt/rustwide/workdir:ro,Z" "-v" "/var/lib/crater-agent-workspace/cargo-home:/opt/rustwide/cargo-home:ro,Z" "-v" "/var/lib/crater-agent-workspace/rustup-home:/opt/rustwide/rustup-home:ro,Z" "-e" "SOURCE_DIR=/opt/rustwide/workdir" "-e" "CARGO_TARGET_DIR=/opt/rustwide/target" "-e" "CARGO_INCREMENTAL=0" "-e" "RUST_BACKTRACE=full" "-e" "RUSTFLAGS=--cap-lints=warn" "-e" "RUSTDOCFLAGS=--cap-lints=warn" "-e" "CARGO_HOME=/opt/rustwide/cargo-home" "-e" "RUSTUP_HOME=/opt/rustwide/rustup-home" "-w" "/opt/rustwide/workdir" "-m" "1610612736" "--user" "0:0" "--network" "none" "ghcr.io/rust-lang/crates-build-env/linux@sha256:2788e3201cd34a07e3172128adcd8b3090168a8e3bcc40d7c032b9dda1df7d1c" "/opt/rustwide/cargo-home/bin/cargo" "+1.75.0" "test" "--frozen" "--no-run" "--message-format=json", kill_on_drop: false }`
[INFO] [stdout] b51712990d7050b314dcad23fd9795a7270e9b849f0bd95547d17bc89f092413
[INFO] running `Command { std: "docker" "start" "-a" "b51712990d7050b314dcad23fd9795a7270e9b849f0bd95547d17bc89f092413", kill_on_drop: false }`
[INFO] [stderr]    Compiling kmerutils v0.0.9 (/opt/rustwide/workdir)
[INFO] [stderr]     Finished test [unoptimized + debuginfo] target(s) in 11.16s
[INFO] running `Command { std: "docker" "inspect" "b51712990d7050b314dcad23fd9795a7270e9b849f0bd95547d17bc89f092413", kill_on_drop: false }`
[INFO] running `Command { std: "docker" "rm" "-f" "b51712990d7050b314dcad23fd9795a7270e9b849f0bd95547d17bc89f092413", kill_on_drop: false }`
[INFO] [stdout] b51712990d7050b314dcad23fd9795a7270e9b849f0bd95547d17bc89f092413
[INFO] running `Command { std: "docker" "create" "-v" "/var/lib/crater-agent-workspace/builds/worker-2-tc1/target:/opt/rustwide/target:rw,Z" "-v" "/var/lib/crater-agent-workspace/builds/worker-2-tc1/source:/opt/rustwide/workdir:ro,Z" "-v" "/var/lib/crater-agent-workspace/cargo-home:/opt/rustwide/cargo-home:ro,Z" "-v" "/var/lib/crater-agent-workspace/rustup-home:/opt/rustwide/rustup-home:ro,Z" "-e" "SOURCE_DIR=/opt/rustwide/workdir" "-e" "CARGO_TARGET_DIR=/opt/rustwide/target" "-e" "CARGO_INCREMENTAL=0" "-e" "RUST_BACKTRACE=full" "-e" "RUSTFLAGS=--cap-lints=warn" "-e" "RUSTDOCFLAGS=--cap-lints=warn" "-e" "CARGO_HOME=/opt/rustwide/cargo-home" "-e" "RUSTUP_HOME=/opt/rustwide/rustup-home" "-w" "/opt/rustwide/workdir" "-m" "1610612736" "--user" "0:0" "--network" "none" "ghcr.io/rust-lang/crates-build-env/linux@sha256:2788e3201cd34a07e3172128adcd8b3090168a8e3bcc40d7c032b9dda1df7d1c" "/opt/rustwide/cargo-home/bin/cargo" "+1.75.0" "test" "--frozen", kill_on_drop: false }`
[INFO] [stdout] 70e8e8611c8e981035e2d3e4b1b3476361567f9ce31abad8a2dda6fa8c266f86
[INFO] running `Command { std: "docker" "start" "-a" "70e8e8611c8e981035e2d3e4b1b3476361567f9ce31abad8a2dda6fa8c266f86", kill_on_drop: false }`
[INFO] [stderr]     Finished test [unoptimized + debuginfo] target(s) in 0.20s
[INFO] [stderr]      Running unittests src/lib.rs (/opt/rustwide/target/debug/deps/kmerutils-4c3dd6834e617b94)
[INFO] [stdout] 
[INFO] [stdout] running 52 tests
[INFO] [stdout] test aautils::kmeraa::tests::test_seqaa_iterator_end ... ok
[INFO] [stdout] test aautils::kmeraa::tests::test_seqaa_32bit_iterator_range ... ok
[INFO] [stdout] test aautils::kmeraa::tests::test_seqaa_64bit_iterator_range ... ok
[INFO] [stdout] test base::kmer16b32bit::tests::test_reverse_complement_16b32bit ... ok
[INFO] [stdout] test base::kmer32bit::tests::test_reverse_complement_11b_kmer32bit ... ok
[INFO] [stdout] test base::kmer32bit::tests::test_reverse_complement_12b_kmer32bit ... ok
[INFO] [stdout] test base::kmer64bit::tests::test_reverse_complement_12b_kmer64bit ... ok
[INFO] [stdout] test base::kmer32bit::tests::test_ordandeq_kmer32 ... ok
[INFO] [stdout] test base::kmer64bit::tests::test_reverse_complement_11b_kmer64bit ... ok
[INFO] [stdout] test base::kmergenerator::tests::test_gen_kmer16b32bit_50bases ... ok
[INFO] [stdout] test aautils::seqsketchjaccard::tests::test_seqaa_probminhash_32bit ... ok
[INFO] [stdout] test aautils::seqsketchjaccard::tests::test_seqaa_probminhash_gen ... ok
[INFO] [stdout] test base::kmergenerator::tests::test_gen_kmer16b32bit_50bases_range_iterator ... ok
[INFO] [stdout] test base::kmergenerator::tests::test_gen_kmer64bit_50bases ... ok
[INFO] [stdout] test aautils::seqsketchjaccard::tests::test_seqaa_probminhash_64bit ... ok
[INFO] [stdout] test aautils::seqsketchjaccard::tests::test_seqaa_probminhash_trait_64bit ... ok
[INFO] [stdout] test base::kmergenerator::tests::test_gen_kmer16b32bit_80bases ... ok
[INFO] [stdout] test base::kmergenerator::tests::test_gen_kmer32bit_50bases ... ok
[INFO] [stdout] test base::kmergenerator::tests::test_generate_weighted_kmer32bit ... ok
[INFO] [stdout] test base::kmergenerator::tests::test_generate_kmer16b32bit_pattern ... ok
[INFO] [stdout] test base::nthash::tests::test_nthash_simple_16bases ... ok
[INFO] [stdout] test base::nthash::tests::test_nthash_canonical_16bases ... ok
[INFO] [stdout] test base::sequence::tests::encode2b_4bases ... ok
[INFO] [stdout] test aautils::seqsketchjaccard::tests::test_seqaa_superminhash_trait_64bit ... ok
[INFO] [stdout] test base::kmergenerator::tests::test_generate_weighted_kmer64bit ... ok
[INFO] [stdout] test base::sequence::tests::encode4b_5bases_incr ... ok
[INFO] [stdout] test base::sequence::tests::encode2b_5bases ... ok
[INFO] [stdout] test base::sequence::tests::encode4b_4bases_new ... ok
[INFO] [stdout] test base::sequence::tests::test_encode_and_add_with_n ... ok
[INFO] [stdout] test base::sequence::tests::encode4b_5bases_new ... ok
[INFO] [stdout] test base::sequence::tests::test_alphabet2b ... ok
[INFO] [stdout] test base::sequence::tests::test_reverse_complement_sequence_2_12bases ... ok
[INFO] [stdout] test base::sequence::tests::test_incremental_alpha2_14bases_seq_init ... ok
[INFO] [stdout] test base::sequence::tests::test_incremental_alpha2_15bases_seq_init ... ok
[INFO] [stdout] test sketching::minhash::tests::test_mininvhash_count_range_intersection_fnv ... ok
[INFO] [stdout] test sketching::seqblocksketch::tests::test_block_32bit_sketch ... ok
[INFO] [stdout] test base::sequence::tests::test_reverse_complement_sequence_2_14bases ... ok
[INFO] [stdout] test base::sequence::tests::test_reverse_complement_sequence_8 ... ok
[INFO] [stdout] test sketching::minhash::tests::test_minhash_count_range_intersection_fnv ... ok
[INFO] [stdout] test sketching::seqminhash::tests::test_minhash_overlapping_ranges_kmer10b ... ok
[INFO] [stdout] test sketching::seqminhash::tests::test_minhash_overlapping_ranges_kmer16b ... ok
[INFO] [stdout] test sketching::seqminhash::tests::test_superminhash_overlapping_ranges_kmer10b ... ok
[INFO] [stdout] test base::sequence::tests::test_incremental_alpha4_15bases_seq_init ... ok
[INFO] [stdout] test sketching::seqminhash::tests::test_superminhash_overlapping_ranges_kmer16b ... ok
[INFO] [stdout] test sketching::seqsketchjaccard::tests::test_reload_sketch_file ... ok
[INFO] [stdout] test sketching::seqsketchjaccard::tests::test_pminhash_kmer64bit_serial ... ok
[INFO] [stdout] test sketching::seqsketchjaccard::tests::test_pminhasha_k16b32bit_serial ... ok
[INFO] [stdout] test base::kmergenerator::tests::test_generate_kmer64bit_pattern ... ok
[INFO] [stdout] test sketching::seqsketchjaccard::tests::test_superminhash_kmer_16b32bit_serial ... ok
[INFO] [stdout] test sketching::seqsketchjaccard::tests::test_pminhasha_kmer_smallb ... ok
[INFO] [stdout] test base::kmercount::tests::test_kmer_counter ... ok
[INFO] [stdout] test base::kmercount::tests::test_false_positive ... ok
[INFO] [stderr]      Running unittests src/bin/datasketcher.rs (/opt/rustwide/target/debug/deps/datasketcher-9844dc5b43cdc0af)
[INFO] [stdout] 
[INFO] [stderr]      Running unittests src/bin/parsefastq.rs (/opt/rustwide/target/debug/deps/parsefastq-a562e92877d795b9)
[INFO] [stdout] test result: ok. 52 passed; 0 failed; 0 ignored; 0 measured; 0 filtered out; finished in 2.61s
[INFO] [stderr]      Running tests/testredis.rs (/opt/rustwide/target/debug/deps/testredis-3c70a8c1372b8f1e)
[INFO] [stdout] 
[INFO] [stdout] 
[INFO] [stdout] running 0 tests
[INFO] [stdout] 
[INFO] [stdout] test result: ok. 0 passed; 0 failed; 0 ignored; 0 measured; 0 filtered out; finished in 0.00s
[INFO] [stdout] 
[INFO] [stdout] 
[INFO] [stdout] running 0 tests
[INFO] [stdout] 
[INFO] [stdout] test result: ok. 0 passed; 0 failed; 0 ignored; 0 measured; 0 filtered out; finished in 0.00s
[INFO] [stdout] 
[INFO] [stdout] 
[INFO] [stdout] running 1 test
[INFO] [stdout] test test_mininvhash_redis ... FAILED
[INFO] [stdout] 
[INFO] [stdout] failures:
[INFO] [stdout] 
[INFO] [stdout] ---- test_mininvhash_redis stdout ----
[INFO] [stdout] file does not exist: "./tests/2readEcoli.fastq"
[INFO] [stdout] nb anchors computed 0
[INFO] [stdout] thread 'test_mininvhash_redis' panicked at tests/testredis.rs:30:5:
[INFO] [stdout] assertion failed: res.is_ok()
[INFO] [stdout] stack backtrace:
[INFO] [stdout]    0:     0x55f9d2d5222c - std::backtrace_rs::backtrace::libunwind::trace::ha637c64ce894333a
[INFO] [stdout]                                at /rustc/82e1608dfa6e0b5569232559e3d385fea5a93112/library/std/src/../../backtrace/src/backtrace/libunwind.rs:104:5
[INFO] [stdout]    1:     0x55f9d2d5222c - std::backtrace_rs::backtrace::trace_unsynchronized::h47f62dea28e0c88d
[INFO] [stdout]                                at /rustc/82e1608dfa6e0b5569232559e3d385fea5a93112/library/std/src/../../backtrace/src/backtrace/mod.rs:66:5
[INFO] [stdout]    2:     0x55f9d2d5222c - std::sys_common::backtrace::_print_fmt::h9eef0abe20ede486
[INFO] [stdout]                                at /rustc/82e1608dfa6e0b5569232559e3d385fea5a93112/library/std/src/sys_common/backtrace.rs:67:5
[INFO] [stdout]    3:     0x55f9d2d5222c - <std::sys_common::backtrace::_print::DisplayBacktrace as core::fmt::Display>::fmt::hed7f999df88cc644
[INFO] [stdout]                                at /rustc/82e1608dfa6e0b5569232559e3d385fea5a93112/library/std/src/sys_common/backtrace.rs:44:22
[INFO] [stdout]    4:     0x55f9d2d7d910 - core::fmt::rt::Argument::fmt::h1539a9308b8d058d
[INFO] [stdout]                                at /rustc/82e1608dfa6e0b5569232559e3d385fea5a93112/library/core/src/fmt/rt.rs:142:9
[INFO] [stdout]    5:     0x55f9d2d7d910 - core::fmt::write::h3a39390d8560d9c9
[INFO] [stdout]                                at /rustc/82e1608dfa6e0b5569232559e3d385fea5a93112/library/core/src/fmt/mod.rs:1120:17
[INFO] [stdout]    6:     0x55f9d2d4f04f - std::io::Write::write_fmt::h040b369f3a0f9cbc
[INFO] [stdout]                                at /rustc/82e1608dfa6e0b5569232559e3d385fea5a93112/library/std/src/io/mod.rs:1762:15
[INFO] [stdout]    7:     0x55f9d2d52014 - std::sys_common::backtrace::_print::h894006fb5c6f3d45
[INFO] [stdout]                                at /rustc/82e1608dfa6e0b5569232559e3d385fea5a93112/library/std/src/sys_common/backtrace.rs:47:5
[INFO] [stdout]    8:     0x55f9d2d52014 - std::sys_common::backtrace::print::h23a2d212c6fff936
[INFO] [stdout]                                at /rustc/82e1608dfa6e0b5569232559e3d385fea5a93112/library/std/src/sys_common/backtrace.rs:34:9
[INFO] [stdout]    9:     0x55f9d2d53cd7 - std::panicking::default_hook::{{closure}}::h8a1d2ee00185001a
[INFO] [stdout]   10:     0x55f9d2d539c3 - std::panicking::default_hook::h6038f2eba384e475
[INFO] [stdout]                                at /rustc/82e1608dfa6e0b5569232559e3d385fea5a93112/library/std/src/panicking.rs:289:9
[INFO] [stdout]   11:     0x55f9d2ab7f67 - <alloc::boxed::Box<F,A> as core::ops::function::Fn<Args>>::call::h0ad024c9bdc6d768
[INFO] [stdout]                                at /rustc/82e1608dfa6e0b5569232559e3d385fea5a93112/library/alloc/src/boxed.rs:2021:9
[INFO] [stdout]   12:     0x55f9d2ab7f67 - test::test_main::{{closure}}::h7500b54257359db6
[INFO] [stdout]                                at /rustc/82e1608dfa6e0b5569232559e3d385fea5a93112/library/test/src/lib.rs:138:21
[INFO] [stdout]   13:     0x55f9d2d542e8 - <alloc::boxed::Box<F,A> as core::ops::function::Fn<Args>>::call::h1f8f335eaa9cfaee
[INFO] [stdout]                                at /rustc/82e1608dfa6e0b5569232559e3d385fea5a93112/library/alloc/src/boxed.rs:2021:9
[INFO] [stdout]   14:     0x55f9d2d542e8 - std::panicking::rust_panic_with_hook::h2b5517d590cab22e
[INFO] [stdout]                                at /rustc/82e1608dfa6e0b5569232559e3d385fea5a93112/library/std/src/panicking.rs:783:13
[INFO] [stdout]   15:     0x55f9d2d54009 - std::panicking::begin_panic_handler::{{closure}}::h233112c06e0ef43e
[INFO] [stdout]                                at /rustc/82e1608dfa6e0b5569232559e3d385fea5a93112/library/std/src/panicking.rs:649:13
[INFO] [stdout]   16:     0x55f9d2d526f6 - std::sys_common::backtrace::__rust_end_short_backtrace::h6e893f24d7ebbff8
[INFO] [stdout]                                at /rustc/82e1608dfa6e0b5569232559e3d385fea5a93112/library/std/src/sys_common/backtrace.rs:170:18
[INFO] [stdout]   17:     0x55f9d2d53da2 - rust_begin_unwind
[INFO] [stdout]                                at /rustc/82e1608dfa6e0b5569232559e3d385fea5a93112/library/std/src/panicking.rs:645:5
[INFO] [stdout]   18:     0x55f9d2a6f495 - core::panicking::panic_fmt::hbf0e066aabfa482c
[INFO] [stdout]                                at /rustc/82e1608dfa6e0b5569232559e3d385fea5a93112/library/core/src/panicking.rs:72:14
[INFO] [stdout]   19:     0x55f9d2a6f533 - core::panicking::panic::h195fc2a96298d4c3
[INFO] [stdout]                                at /rustc/82e1608dfa6e0b5569232559e3d385fea5a93112/library/core/src/panicking.rs:127:5
[INFO] [stdout]   20:     0x55f9d2a84550 - testredis::test_mininvhash_redis::h1de975443894d63f
[INFO] [stdout]                                at /opt/rustwide/workdir/tests/testredis.rs:30:5
[INFO] [stdout]   21:     0x55f9d2a842d7 - testredis::test_mininvhash_redis::{{closure}}::hc91ce16669633798
[INFO] [stdout]                                at /opt/rustwide/workdir/tests/testredis.rs:19:27
[INFO] [stdout]   22:     0x55f9d2a816a6 - core::ops::function::FnOnce::call_once::hbf85b7c63737c627
[INFO] [stdout]                                at /rustc/82e1608dfa6e0b5569232559e3d385fea5a93112/library/core/src/ops/function.rs:250:5
[INFO] [stdout]   23:     0x55f9d2abd5bf - core::ops::function::FnOnce::call_once::h2b5d431d5046312d
[INFO] [stdout]                                at /rustc/82e1608dfa6e0b5569232559e3d385fea5a93112/library/core/src/ops/function.rs:250:5
[INFO] [stdout]   24:     0x55f9d2abd5bf - test::__rust_begin_short_backtrace::h7714669af176e207
[INFO] [stdout]                                at /rustc/82e1608dfa6e0b5569232559e3d385fea5a93112/library/test/src/lib.rs:628:18
[INFO] [stdout]   25:     0x55f9d2abc5d5 - test::run_test_in_process::{{closure}}::h85218797dcbcec12
[INFO] [stdout]                                at /rustc/82e1608dfa6e0b5569232559e3d385fea5a93112/library/test/src/lib.rs:651:60
[INFO] [stdout]   26:     0x55f9d2abc5d5 - <core::panic::unwind_safe::AssertUnwindSafe<F> as core::ops::function::FnOnce<()>>::call_once::h76c106ea31c14d7b
[INFO] [stdout]                                at /rustc/82e1608dfa6e0b5569232559e3d385fea5a93112/library/core/src/panic/unwind_safe.rs:272:9
[INFO] [stdout]   27:     0x55f9d2abc5d5 - std::panicking::try::do_call::h3bd5d0f6620ee946
[INFO] [stdout]                                at /rustc/82e1608dfa6e0b5569232559e3d385fea5a93112/library/std/src/panicking.rs:552:40
[INFO] [stdout]   28:     0x55f9d2abc5d5 - std::panicking::try::h232e535e4744fe31
[INFO] [stdout]                                at /rustc/82e1608dfa6e0b5569232559e3d385fea5a93112/library/std/src/panicking.rs:516:19
[INFO] [stdout]   29:     0x55f9d2abc5d5 - std::panic::catch_unwind::h3ce3bd6ca8dbac68
[INFO] [stdout]                                at /rustc/82e1608dfa6e0b5569232559e3d385fea5a93112/library/std/src/panic.rs:142:14
[INFO] [stdout]   30:     0x55f9d2abc5d5 - test::run_test_in_process::hc97b257c9621286a
[INFO] [stdout]                                at /rustc/82e1608dfa6e0b5569232559e3d385fea5a93112/library/test/src/lib.rs:651:27
[INFO] [stdout]   31:     0x55f9d2abc5d5 - test::run_test::{{closure}}::h2aa798823a438d38
[INFO] [stdout]                                at /rustc/82e1608dfa6e0b5569232559e3d385fea5a93112/library/test/src/lib.rs:574:43
[INFO] [stdout]   32:     0x55f9d2a84896 - test::run_test::{{closure}}::h87d231c78fb59832
[INFO] [stdout]                                at /rustc/82e1608dfa6e0b5569232559e3d385fea5a93112/library/test/src/lib.rs:602:41
[INFO] [stdout]   33:     0x55f9d2a84896 - std::sys_common::backtrace::__rust_begin_short_backtrace::he6df152596625789
[INFO] [stdout]                                at /rustc/82e1608dfa6e0b5569232559e3d385fea5a93112/library/std/src/sys_common/backtrace.rs:154:18
[INFO] [stdout]   34:     0x55f9d2a89947 - std::thread::Builder::spawn_unchecked_::{{closure}}::{{closure}}::ha94be15d1e0acf36
[INFO] [stdout]                                at /rustc/82e1608dfa6e0b5569232559e3d385fea5a93112/library/std/src/thread/mod.rs:529:17
[INFO] [stdout]   35:     0x55f9d2a89947 - <core::panic::unwind_safe::AssertUnwindSafe<F> as core::ops::function::FnOnce<()>>::call_once::h9dc6bd6372f16606
[INFO] [stdout]                                at /rustc/82e1608dfa6e0b5569232559e3d385fea5a93112/library/core/src/panic/unwind_safe.rs:272:9
[INFO] [stdout]   36:     0x55f9d2a89947 - std::panicking::try::do_call::h9057517f80303cd4
[INFO] [stdout]                                at /rustc/82e1608dfa6e0b5569232559e3d385fea5a93112/library/std/src/panicking.rs:552:40
[INFO] [stdout]   37:     0x55f9d2a89947 - std::panicking::try::he3a30b11ee45340c
[INFO] [stdout]                                at /rustc/82e1608dfa6e0b5569232559e3d385fea5a93112/library/std/src/panicking.rs:516:19
[INFO] [stdout]   38:     0x55f9d2a89947 - std::panic::catch_unwind::h410458cfd3528b8b
[INFO] [stdout]                                at /rustc/82e1608dfa6e0b5569232559e3d385fea5a93112/library/std/src/panic.rs:142:14
[INFO] [stdout]   39:     0x55f9d2a89947 - std::thread::Builder::spawn_unchecked_::{{closure}}::h72ac3bdb567b737b
[INFO] [stdout]                                at /rustc/82e1608dfa6e0b5569232559e3d385fea5a93112/library/std/src/thread/mod.rs:528:30
[INFO] [stdout]   40:     0x55f9d2a89947 - core::ops::function::FnOnce::call_once{{vtable.shim}}::h38f34da3654a8344
[INFO] [stdout]                                at /rustc/82e1608dfa6e0b5569232559e3d385fea5a93112/library/core/src/ops/function.rs:250:5
[INFO] [stdout]   41:     0x55f9d2d58dd5 - <alloc::boxed::Box<F,A> as core::ops::function::FnOnce<Args>>::call_once::hc7eafaff61e32df9
[INFO] [stdout]                                at /rustc/82e1608dfa6e0b5569232559e3d385fea5a93112/library/alloc/src/boxed.rs:2007:9
[INFO] [stdout]   42:     0x55f9d2d58dd5 - <alloc::boxed::Box<F,A> as core::ops::function::FnOnce<Args>>::call_once::h6ba4a5de48dd2304
[INFO] [stdout]                                at /rustc/82e1608dfa6e0b5569232559e3d385fea5a93112/library/alloc/src/boxed.rs:2007:9
[INFO] [stdout]   43:     0x55f9d2d58dd5 - std::sys::unix::thread::Thread::new::thread_start::he469335aef763e45
[INFO] [stdout]                                at /rustc/82e1608dfa6e0b5569232559e3d385fea5a93112/library/std/src/sys/unix/thread.rs:108:17
[INFO] [stdout]   44:     0x7fcbbfdbeac3 - <unknown>
[INFO] [stdout]   45:     0x7fcbbfe4fbf4 - __clone
[INFO] [stdout]   46:                0x0 - <unknown>
[INFO] [stdout] 
[INFO] [stdout] 
[INFO] [stdout] failures:
[INFO] [stdout]     test_mininvhash_redis
[INFO] [stdout] 
[INFO] [stdout] test result: FAILED. 0 passed; 1 failed; 0 ignored; 0 measured; 0 filtered out; finished in 0.07s
[INFO] [stdout] 
[INFO] [stderr] error: test failed, to rerun pass `--test testredis`
[INFO] running `Command { std: "docker" "inspect" "70e8e8611c8e981035e2d3e4b1b3476361567f9ce31abad8a2dda6fa8c266f86", kill_on_drop: false }`
[INFO] running `Command { std: "docker" "rm" "-f" "70e8e8611c8e981035e2d3e4b1b3476361567f9ce31abad8a2dda6fa8c266f86", kill_on_drop: false }`
[INFO] [stdout] 70e8e8611c8e981035e2d3e4b1b3476361567f9ce31abad8a2dda6fa8c266f86
[INFO] testing kmerutils-0.0.9 against beta-2023-12-22 for beta-1.76-1
[INFO] extracting crate kmerutils 0.0.9 into /workspace/builds/worker-2-tc2/source
[INFO] validating manifest of crates.io crate kmerutils 0.0.9 on toolchain beta-2023-12-22
[INFO] running `Command { std: CARGO_HOME="/workspace/cargo-home" RUSTUP_HOME="/workspace/rustup-home" "/workspace/cargo-home/bin/cargo" "+beta-2023-12-22" "metadata" "--manifest-path" "Cargo.toml" "--no-deps", kill_on_drop: false }`
[INFO] started tweaking crates.io crate kmerutils 0.0.9
[INFO] removed 0 missing examples
[INFO] finished tweaking crates.io crate kmerutils 0.0.9
[INFO] tweaked toml for crates.io crate kmerutils 0.0.9 written to /workspace/builds/worker-2-tc2/source/Cargo.toml
[INFO] crate crates.io crate kmerutils 0.0.9 already has a lockfile, it will not be regenerated
[INFO] running `Command { std: CARGO_HOME="/workspace/cargo-home" RUSTUP_HOME="/workspace/rustup-home" "/workspace/cargo-home/bin/cargo" "+beta-2023-12-22" "fetch" "--manifest-path" "Cargo.toml", kill_on_drop: false }`
[INFO] running `Command { std: "docker" "create" "-v" "/var/lib/crater-agent-workspace/builds/worker-2-tc2/target:/opt/rustwide/target:rw,Z" "-v" "/var/lib/crater-agent-workspace/builds/worker-2-tc2/source:/opt/rustwide/workdir:ro,Z" "-v" "/var/lib/crater-agent-workspace/cargo-home:/opt/rustwide/cargo-home:ro,Z" "-v" "/var/lib/crater-agent-workspace/rustup-home:/opt/rustwide/rustup-home:ro,Z" "-e" "SOURCE_DIR=/opt/rustwide/workdir" "-e" "CARGO_TARGET_DIR=/opt/rustwide/target" "-e" "CARGO_HOME=/opt/rustwide/cargo-home" "-e" "RUSTUP_HOME=/opt/rustwide/rustup-home" "-w" "/opt/rustwide/workdir" "-m" "1610612736" "--user" "0:0" "--network" "none" "ghcr.io/rust-lang/crates-build-env/linux@sha256:2788e3201cd34a07e3172128adcd8b3090168a8e3bcc40d7c032b9dda1df7d1c" "/opt/rustwide/cargo-home/bin/cargo" "+beta-2023-12-22" "metadata" "--no-deps" "--format-version=1", kill_on_drop: false }`
[INFO] [stdout] 1379b12877e13cdcb780beec6e3f10c8ddefafa6c1b10a9c3278bd62850ff4d9
[INFO] running `Command { std: "docker" "start" "-a" "1379b12877e13cdcb780beec6e3f10c8ddefafa6c1b10a9c3278bd62850ff4d9", kill_on_drop: false }`
[INFO] running `Command { std: "docker" "inspect" "1379b12877e13cdcb780beec6e3f10c8ddefafa6c1b10a9c3278bd62850ff4d9", kill_on_drop: false }`
[INFO] running `Command { std: "docker" "rm" "-f" "1379b12877e13cdcb780beec6e3f10c8ddefafa6c1b10a9c3278bd62850ff4d9", kill_on_drop: false }`
[INFO] [stdout] 1379b12877e13cdcb780beec6e3f10c8ddefafa6c1b10a9c3278bd62850ff4d9
[INFO] running `Command { std: "docker" "create" "-v" "/var/lib/crater-agent-workspace/builds/worker-2-tc2/target:/opt/rustwide/target:rw,Z" "-v" "/var/lib/crater-agent-workspace/builds/worker-2-tc2/source:/opt/rustwide/workdir:ro,Z" "-v" "/var/lib/crater-agent-workspace/cargo-home:/opt/rustwide/cargo-home:ro,Z" "-v" "/var/lib/crater-agent-workspace/rustup-home:/opt/rustwide/rustup-home:ro,Z" "-e" "SOURCE_DIR=/opt/rustwide/workdir" "-e" "CARGO_TARGET_DIR=/opt/rustwide/target" "-e" "CARGO_INCREMENTAL=0" "-e" "RUST_BACKTRACE=full" "-e" "RUSTFLAGS=--cap-lints=warn" "-e" "RUSTDOCFLAGS=--cap-lints=warn" "-e" "CARGO_HOME=/opt/rustwide/cargo-home" "-e" "RUSTUP_HOME=/opt/rustwide/rustup-home" "-w" "/opt/rustwide/workdir" "-m" "1610612736" "--user" "0:0" "--network" "none" "ghcr.io/rust-lang/crates-build-env/linux@sha256:2788e3201cd34a07e3172128adcd8b3090168a8e3bcc40d7c032b9dda1df7d1c" "/opt/rustwide/cargo-home/bin/cargo" "+beta-2023-12-22" "build" "--frozen" "--message-format=json", kill_on_drop: false }`
[INFO] [stdout] b9232cdc22713c06637c7bd994afdfa2ca6e8b1ff2acf21416c780e9a8496590
[INFO] running `Command { std: "docker" "start" "-a" "b9232cdc22713c06637c7bd994afdfa2ca6e8b1ff2acf21416c780e9a8496590", kill_on_drop: false }`
[INFO] [stderr]    Compiling libc v0.2.141
[INFO] [stderr]    Compiling libm v0.2.6
[INFO] [stderr]    Compiling num-traits v0.2.15
[INFO] [stderr]    Compiling proc-macro2 v1.0.56
[INFO] [stderr]    Compiling unicode-ident v1.0.8
[INFO] [stderr]    Compiling memchr v2.5.0
[INFO] [stderr]    Compiling quote v1.0.26
[INFO] [stderr]    Compiling crossbeam-utils v0.8.15
[INFO] [stderr]    Compiling ppv-lite86 v0.2.17
[INFO] [stderr]    Compiling getrandom v0.1.16
[INFO] [stderr]    Compiling pkg-config v0.3.26
[INFO] [stderr]    Compiling io-lifetimes v1.0.10
[INFO] [stderr]    Compiling syn v2.0.15
[INFO] [stderr]    Compiling memoffset v0.8.0
[INFO] [stderr]    Compiling num-integer v0.1.45
[INFO] [stderr]    Compiling typenum v1.16.0
[INFO] [stderr]    Compiling rustix v0.37.11
[INFO] [stderr]    Compiling scopeguard v1.1.0
[INFO] [stderr]    Compiling serde_derive v1.0.160
[INFO] [stderr]    Compiling generic-array v0.14.7
[INFO] [stderr]    Compiling crossbeam-epoch v0.9.14
[INFO] [stderr]    Compiling serde v1.0.160
[INFO] [stderr]    Compiling linux-raw-sys v0.3.1
[INFO] [stderr]    Compiling byteorder v1.4.3
[INFO] [stderr]    Compiling log v0.4.17
[INFO] [stderr]    Compiling aho-corasick v0.7.20
[INFO] [stderr]    Compiling crossbeam-channel v0.5.8
[INFO] [stderr]    Compiling getrandom v0.2.9
[INFO] [stderr]    Compiling rand_core v0.6.4
[INFO] [stderr]    Compiling num-bigint v0.4.3
[INFO] [stderr]    Compiling rand_core v0.5.1
[INFO] [stderr]    Compiling rand_chacha v0.3.1
[INFO] [stderr]    Compiling regex-syntax v0.6.29
[INFO] [stderr]    Compiling rand v0.8.5
[INFO] [stderr]    Compiling rand_pcg v0.2.1
[INFO] [stderr]    Compiling rand_chacha v0.2.2
[INFO] [stderr]    Compiling crossbeam-deque v0.8.3
[INFO] [stderr]    Compiling bzip2-sys v0.1.11+1.0.8
[INFO] [stderr]    Compiling lzma-sys v0.1.20
[INFO] [stderr]    Compiling lock_api v0.4.9
[INFO] [stderr]    Compiling num-rational v0.4.1
[INFO] [stderr]    Compiling num-iter v0.1.43
[INFO] [stderr]    Compiling humantime v2.1.0
[INFO] [stderr]    Compiling regex v1.7.3
[INFO] [stderr]    Compiling parking_lot_core v0.9.7
[INFO] [stderr]    Compiling is-terminal v0.4.7
[INFO] [stderr]    Compiling termcolor v1.2.0
[INFO] [stderr]    Compiling rayon-core v1.11.0
[INFO] [stderr]    Compiling syn v1.0.109
[INFO] [stderr]    Compiling anstyle-parse v0.2.0
[INFO] [stderr]    Compiling miniz_oxide v0.6.2
[INFO] [stderr]    Compiling crypto-common v0.1.6
[INFO] [stderr]    Compiling block-buffer v0.10.4
[INFO] [stderr]    Compiling rand v0.7.3
[INFO] [stderr]    Compiling unicode-normalization v0.1.22
[INFO] [stderr]    Compiling num_cpus v1.15.0
[INFO] [stderr]    Compiling num-complex v0.4.3
[INFO] [stderr]    Compiling indexmap v1.9.3
[INFO] [stderr]    Compiling percent-encoding v2.2.0
[INFO] [stderr]    Compiling async-trait v0.1.68
[INFO] [stderr]    Compiling itoa v1.0.6
[INFO] [stderr]    Compiling unicode-bidi v0.3.13
[INFO] [stderr]    Compiling ryu v1.0.13
[INFO] [stderr]    Compiling serde_json v1.0.96
[INFO] [stderr]    Compiling crossbeam-queue v0.3.8
[INFO] [stderr]    Compiling smallvec v1.10.0
[INFO] [stderr]    Compiling anstyle v1.0.0
[INFO] [stderr]    Compiling form_urlencoded v1.1.0
[INFO] [stderr]    Compiling idna v0.3.0
[INFO] [stderr]    Compiling anstream v0.3.0
[INFO] [stderr]    Compiling flate2 v1.0.25
[INFO] [stderr]    Compiling digest v0.10.6
[INFO] [stderr]    Compiling atty v0.2.14
[INFO] [stderr]    Compiling rawpointer v0.2.1
[INFO] [stderr]    Compiling clap_lex v0.4.1
[INFO] [stderr]    Compiling static_assertions v1.1.0
[INFO] [stderr]    Compiling either v1.8.1
[INFO] [stderr]    Compiling bytes v1.4.0
[INFO] [stderr]    Compiling sha1_smol v1.0.0
[INFO] [stderr]    Compiling minimal-lexical v0.2.1
[INFO] [stderr]    Compiling cpufeatures v0.2.6
[INFO] [stderr]    Compiling ahash v0.4.7
[INFO] [stderr]    Compiling safemem v0.3.3
[INFO] [stderr]    Compiling buffer-redux v1.0.0
[INFO] [stderr]    Compiling nom v7.1.3
[INFO] [stderr]    Compiling hashbrown v0.9.1
[INFO] [stderr]    Compiling combine v4.6.6
[INFO] [stderr]    Compiling sha2 v0.10.6
[INFO] [stderr]    Compiling sha1 v0.6.1
[INFO] [stderr]    Compiling clap_builder v4.2.2
[INFO] [stderr]    Compiling rayon v1.7.0
[INFO] [stderr]    Compiling twox-hash v1.6.3
[INFO] [stderr]    Compiling matrixmultiply v0.3.2
[INFO] [stderr]    Compiling env_logger v0.9.3
[INFO] [stderr]    Compiling xz2 v0.1.7
[INFO] [stderr]    Compiling num v0.4.0
[INFO] [stderr]    Compiling parking_lot v0.12.1
[INFO] [stderr]    Compiling bzip2 v0.4.4
[INFO] [stderr]    Compiling url v2.3.1
[INFO] [stderr]    Compiling skiplist v0.3.0
[INFO] [stderr]    Compiling env_logger v0.10.0
[INFO] [stderr]    Compiling rand_distr v0.4.3
[INFO] [stderr]    Compiling rand_xorshift v0.3.0
[INFO] [stderr]    Compiling rand_xoshiro v0.6.0
[INFO] [stderr]    Compiling wyhash v0.5.0
[INFO] [stderr]    Compiling cpu-time v1.0.0
[INFO] [stderr]    Compiling succinct v0.4.4
[INFO] [stderr]    Compiling fxhash v0.2.1
[INFO] [stderr]    Compiling bit-vec v0.4.4
[INFO] [stderr]    Compiling byteorder v0.5.3
[INFO] [stderr]    Compiling base64 v0.13.1
[INFO] [stderr]    Compiling bytecount v0.6.3
[INFO] [stderr]    Compiling xdr-codec v0.2.5
[INFO] [stderr]    Compiling needletail v0.5.1
[INFO] [stderr]    Compiling hdrhistogram v7.5.2
[INFO] [stderr]    Compiling wavelet-matrix v0.4.7
[INFO] [stderr]    Compiling bloom v0.3.2
[INFO] [stderr]    Compiling katexit v0.1.4
[INFO] [stderr]    Compiling clap v4.2.2
[INFO] [stderr]    Compiling crossbeam v0.8.2
[INFO] [stderr]    Compiling ndarray v0.15.6
[INFO] [stderr]    Compiling cuckoofilter v0.5.0
[INFO] [stderr]    Compiling metrohash v1.0.6
[INFO] [stderr]    Compiling redis v0.21.7
[INFO] [stderr]    Compiling bincode v1.3.3
[INFO] [stderr]    Compiling multimap v0.4.0
[INFO] [stderr]    Compiling hnsw_rs v0.1.19
[INFO] [stderr]    Compiling probminhash v0.1.9
[INFO] [stderr]    Compiling kmerutils v0.0.9 (/opt/rustwide/workdir)
[INFO] [stderr]     Finished dev [unoptimized + debuginfo] target(s) in 1m 25s
[INFO] running `Command { std: "docker" "inspect" "b9232cdc22713c06637c7bd994afdfa2ca6e8b1ff2acf21416c780e9a8496590", kill_on_drop: false }`
[INFO] running `Command { std: "docker" "rm" "-f" "b9232cdc22713c06637c7bd994afdfa2ca6e8b1ff2acf21416c780e9a8496590", kill_on_drop: false }`
[INFO] [stdout] b9232cdc22713c06637c7bd994afdfa2ca6e8b1ff2acf21416c780e9a8496590
[INFO] running `Command { std: "docker" "create" "-v" "/var/lib/crater-agent-workspace/builds/worker-2-tc2/target:/opt/rustwide/target:rw,Z" "-v" "/var/lib/crater-agent-workspace/builds/worker-2-tc2/source:/opt/rustwide/workdir:ro,Z" "-v" "/var/lib/crater-agent-workspace/cargo-home:/opt/rustwide/cargo-home:ro,Z" "-v" "/var/lib/crater-agent-workspace/rustup-home:/opt/rustwide/rustup-home:ro,Z" "-e" "SOURCE_DIR=/opt/rustwide/workdir" "-e" "CARGO_TARGET_DIR=/opt/rustwide/target" "-e" "CARGO_INCREMENTAL=0" "-e" "RUST_BACKTRACE=full" "-e" "RUSTFLAGS=--cap-lints=warn" "-e" "RUSTDOCFLAGS=--cap-lints=warn" "-e" "CARGO_HOME=/opt/rustwide/cargo-home" "-e" "RUSTUP_HOME=/opt/rustwide/rustup-home" "-w" "/opt/rustwide/workdir" "-m" "1610612736" "--user" "0:0" "--network" "none" "ghcr.io/rust-lang/crates-build-env/linux@sha256:2788e3201cd34a07e3172128adcd8b3090168a8e3bcc40d7c032b9dda1df7d1c" "/opt/rustwide/cargo-home/bin/cargo" "+beta-2023-12-22" "test" "--frozen" "--no-run" "--message-format=json", kill_on_drop: false }`
[INFO] [stdout] 7b400cd0c1e057ef260f00bf8779c887ec4b9844d5030047a67d114074438df1
[INFO] running `Command { std: "docker" "start" "-a" "7b400cd0c1e057ef260f00bf8779c887ec4b9844d5030047a67d114074438df1", kill_on_drop: false }`
[INFO] [stderr]    Compiling kmerutils v0.0.9 (/opt/rustwide/workdir)
[INFO] [stderr]     Finished test [unoptimized + debuginfo] target(s) in 10.33s
[INFO] running `Command { std: "docker" "inspect" "7b400cd0c1e057ef260f00bf8779c887ec4b9844d5030047a67d114074438df1", kill_on_drop: false }`
[INFO] running `Command { std: "docker" "rm" "-f" "7b400cd0c1e057ef260f00bf8779c887ec4b9844d5030047a67d114074438df1", kill_on_drop: false }`
[INFO] [stdout] 7b400cd0c1e057ef260f00bf8779c887ec4b9844d5030047a67d114074438df1
[INFO] running `Command { std: "docker" "create" "-v" "/var/lib/crater-agent-workspace/builds/worker-2-tc2/target:/opt/rustwide/target:rw,Z" "-v" "/var/lib/crater-agent-workspace/builds/worker-2-tc2/source:/opt/rustwide/workdir:ro,Z" "-v" "/var/lib/crater-agent-workspace/cargo-home:/opt/rustwide/cargo-home:ro,Z" "-v" "/var/lib/crater-agent-workspace/rustup-home:/opt/rustwide/rustup-home:ro,Z" "-e" "SOURCE_DIR=/opt/rustwide/workdir" "-e" "CARGO_TARGET_DIR=/opt/rustwide/target" "-e" "CARGO_INCREMENTAL=0" "-e" "RUST_BACKTRACE=full" "-e" "RUSTFLAGS=--cap-lints=warn" "-e" "RUSTDOCFLAGS=--cap-lints=warn" "-e" "CARGO_HOME=/opt/rustwide/cargo-home" "-e" "RUSTUP_HOME=/opt/rustwide/rustup-home" "-w" "/opt/rustwide/workdir" "-m" "1610612736" "--user" "0:0" "--network" "none" "ghcr.io/rust-lang/crates-build-env/linux@sha256:2788e3201cd34a07e3172128adcd8b3090168a8e3bcc40d7c032b9dda1df7d1c" "/opt/rustwide/cargo-home/bin/cargo" "+beta-2023-12-22" "test" "--frozen", kill_on_drop: false }`
[INFO] [stdout] d309db2bce12eebf0d43d69d40195b62e8d1985a37dc81c6558c3ddac4634a32
[INFO] running `Command { std: "docker" "start" "-a" "d309db2bce12eebf0d43d69d40195b62e8d1985a37dc81c6558c3ddac4634a32", kill_on_drop: false }`
[INFO] [stderr]     Finished test [unoptimized + debuginfo] target(s) in 0.16s
[INFO] [stderr]      Running unittests src/lib.rs (/opt/rustwide/target/debug/deps/kmerutils-c1f24be570dd5ab3)
[INFO] [stdout] 
[INFO] [stdout] running 52 tests
[INFO] [stdout] test aautils::kmeraa::tests::test_seqaa_32bit_iterator_range ... ok
[INFO] [stdout] test aautils::kmeraa::tests::test_seqaa_64bit_iterator_range ... ok
[INFO] [stdout] test base::kmer16b32bit::tests::test_reverse_complement_16b32bit ... ok
[INFO] [stdout] test aautils::kmeraa::tests::test_seqaa_iterator_end ... ok
[INFO] [stdout] test base::kmer32bit::tests::test_reverse_complement_11b_kmer32bit ... ok
[INFO] [stdout] test base::kmer32bit::tests::test_ordandeq_kmer32 ... ok
[INFO] [stdout] test base::kmer32bit::tests::test_reverse_complement_12b_kmer32bit ... ok
[INFO] [stdout] test base::kmer64bit::tests::test_reverse_complement_11b_kmer64bit ... ok
[INFO] [stdout] test base::kmer64bit::tests::test_reverse_complement_12b_kmer64bit ... ok
[INFO] [stdout] test aautils::seqsketchjaccard::tests::test_seqaa_probminhash_64bit ... ok
[INFO] [stdout] test aautils::seqsketchjaccard::tests::test_seqaa_probminhash_trait_64bit ... ok
[INFO] [stdout] test base::kmergenerator::tests::test_gen_kmer16b32bit_80bases ... ok
[INFO] [stdout] test base::kmergenerator::tests::test_gen_kmer16b32bit_50bases ... ok
[INFO] [stdout] test aautils::seqsketchjaccard::tests::test_seqaa_probminhash_gen ... ok
[INFO] [stdout] test aautils::seqsketchjaccard::tests::test_seqaa_probminhash_32bit ... ok
[INFO] [stdout] test aautils::seqsketchjaccard::tests::test_seqaa_superminhash_trait_64bit ... ok
[INFO] [stdout] test base::kmergenerator::tests::test_gen_kmer16b32bit_50bases_range_iterator ... ok
[INFO] [stdout] test base::kmergenerator::tests::test_gen_kmer32bit_50bases ... ok
[INFO] [stdout] test base::kmergenerator::tests::test_generate_kmer64bit_pattern ... ok
[INFO] [stdout] test base::nthash::tests::test_nthash_canonical_16bases ... ok
[INFO] [stdout] test base::kmergenerator::tests::test_generate_weighted_kmer64bit ... ok
[INFO] [stdout] test base::kmergenerator::tests::test_gen_kmer64bit_50bases ... ok
[INFO] [stdout] test base::kmergenerator::tests::test_generate_weighted_kmer32bit ... ok
[INFO] [stdout] test base::nthash::tests::test_nthash_simple_16bases ... ok
[INFO] [stdout] test base::kmergenerator::tests::test_generate_kmer16b32bit_pattern ... ok
[INFO] [stdout] test base::sequence::tests::encode4b_4bases_new ... ok
[INFO] [stdout] test base::sequence::tests::encode4b_5bases_incr ... ok
[INFO] [stdout] test base::sequence::tests::encode2b_4bases ... ok
[INFO] [stdout] test base::sequence::tests::encode4b_5bases_new ... ok
[INFO] [stdout] test base::sequence::tests::encode2b_5bases ... ok
[INFO] [stdout] test base::sequence::tests::test_encode_and_add_with_n ... ok
[INFO] [stdout] test base::sequence::tests::test_alphabet2b ... ok
[INFO] [stdout] test base::sequence::tests::test_incremental_alpha2_14bases_seq_init ... ok
[INFO] [stdout] test base::sequence::tests::test_reverse_complement_sequence_8 ... ok
[INFO] [stdout] test base::sequence::tests::test_reverse_complement_sequence_2_12bases ... ok
[INFO] [stdout] test base::sequence::tests::test_incremental_alpha2_15bases_seq_init ... ok
[INFO] [stdout] test base::sequence::tests::test_reverse_complement_sequence_2_14bases ... ok
[INFO] [stdout] test sketching::minhash::tests::test_minhash_count_range_intersection_fnv ... ok
[INFO] [stdout] test sketching::minhash::tests::test_mininvhash_count_range_intersection_fnv ... ok
[INFO] [stdout] test sketching::seqminhash::tests::test_minhash_overlapping_ranges_kmer10b ... ok
[INFO] [stdout] test sketching::seqminhash::tests::test_superminhash_overlapping_ranges_kmer10b ... ok
[INFO] [stdout] test sketching::seqminhash::tests::test_superminhash_overlapping_ranges_kmer16b ... ok
[INFO] [stdout] test sketching::seqsketchjaccard::tests::test_pminhash_kmer64bit_serial ... ok
[INFO] [stdout] test base::sequence::tests::test_incremental_alpha4_15bases_seq_init ... ok
[INFO] [stdout] test sketching::seqsketchjaccard::tests::test_reload_sketch_file ... ok
[INFO] [stdout] test sketching::seqblocksketch::tests::test_block_32bit_sketch ... ok
[INFO] [stdout] test sketching::seqsketchjaccard::tests::test_pminhasha_k16b32bit_serial ... ok
[INFO] [stdout] test sketching::seqminhash::tests::test_minhash_overlapping_ranges_kmer16b ... ok
[INFO] [stdout] test sketching::seqsketchjaccard::tests::test_superminhash_kmer_16b32bit_serial ... ok
[INFO] [stdout] test sketching::seqsketchjaccard::tests::test_pminhasha_kmer_smallb ... ok
[INFO] [stdout] test base::kmercount::tests::test_kmer_counter ... ok
[INFO] [stdout] test base::kmercount::tests::test_false_positive ... ok
[INFO] [stdout] 
[INFO] [stdout] test result: ok. 52 passed; 0 failed; 0 ignored; 0 measured; 0 filtered out; finished in 2.37s
[INFO] [stdout] 
[INFO] [stderr]      Running unittests src/bin/datasketcher.rs (/opt/rustwide/target/debug/deps/datasketcher-647f8447ae07eea1)
[INFO] [stdout] 
[INFO] [stderr]      Running unittests src/bin/parsefastq.rs (/opt/rustwide/target/debug/deps/parsefastq-4183ae695f9daeeb)
[INFO] [stdout] running 0 tests
[INFO] [stdout] 
[INFO] [stdout] test result: ok. 0 passed; 0 failed; 0 ignored; 0 measured; 0 filtered out; finished in 0.00s
[INFO] [stdout] 
[INFO] [stdout] 
[INFO] [stdout] running 0 tests
[INFO] [stdout] 
[INFO] [stdout] test result: ok. 0 passed; 0 failed; 0 ignored; 0 measured; 0 filtered out; finished in 0.00s
[INFO] [stdout] 
[INFO] [stderr]      Running tests/testredis.rs (/opt/rustwide/target/debug/deps/testredis-217d663349362901)
[INFO] [stdout] 
[INFO] [stdout] running 1 test
[INFO] [stdout] test test_mininvhash_redis ... FAILED
[INFO] [stdout] 
[INFO] [stdout] failures:
[INFO] [stdout] 
[INFO] [stdout] ---- test_mininvhash_redis stdout ----
[INFO] [stdout] file does not exist: "./tests/2readEcoli.fastq"
[INFO] [stdout] nb anchors computed 0
[INFO] [stdout] thread 'test_mininvhash_redis' panicked at tests/testredis.rs:30:5:
[INFO] [stdout] assertion failed: res.is_ok()
[INFO] [stdout] stack backtrace:
[INFO] [stdout]    0:     0x563fd90f6876 - std::backtrace_rs::backtrace::libunwind::trace::h261606ad26a499c1
[INFO] [stdout]                                at /rustc/0e09125c6c3c2fd70d7de961bcf0e51575235fad/library/std/src/../../backtrace/src/backtrace/libunwind.rs:104:5
[INFO] [stdout]    1:     0x563fd90f6876 - std::backtrace_rs::backtrace::trace_unsynchronized::hd183f0625477fb28
[INFO] [stdout]                                at /rustc/0e09125c6c3c2fd70d7de961bcf0e51575235fad/library/std/src/../../backtrace/src/backtrace/mod.rs:66:5
[INFO] [stdout]    2:     0x563fd90f6876 - std::sys_common::backtrace::_print_fmt::hd7f8fef21b4eda67
[INFO] [stdout]                                at /rustc/0e09125c6c3c2fd70d7de961bcf0e51575235fad/library/std/src/sys_common/backtrace.rs:68:5
[INFO] [stdout]    3:     0x563fd90f6876 - <std::sys_common::backtrace::_print::DisplayBacktrace as core::fmt::Display>::fmt::h623d9b51f2f453f1
[INFO] [stdout]                                at /rustc/0e09125c6c3c2fd70d7de961bcf0e51575235fad/library/std/src/sys_common/backtrace.rs:44:22
[INFO] [stdout]    4:     0x563fd9121240 - core::fmt::rt::Argument::fmt::h9f417ac76a86f368
[INFO] [stdout]                                at /rustc/0e09125c6c3c2fd70d7de961bcf0e51575235fad/library/core/src/fmt/rt.rs:142:9
[INFO] [stdout]    5:     0x563fd9121240 - core::fmt::write::hc9b6faf4ac2aeff7
[INFO] [stdout]                                at /rustc/0e09125c6c3c2fd70d7de961bcf0e51575235fad/library/core/src/fmt/mod.rs:1120:17
[INFO] [stdout]    6:     0x563fd90f374f - std::io::Write::write_fmt::he04625a3a989fec3
[INFO] [stdout]                                at /rustc/0e09125c6c3c2fd70d7de961bcf0e51575235fad/library/std/src/io/mod.rs:1810:15
[INFO] [stdout]    7:     0x563fd90f6654 - std::sys_common::backtrace::_print::hd5d66399c7df88a2
[INFO] [stdout]                                at /rustc/0e09125c6c3c2fd70d7de961bcf0e51575235fad/library/std/src/sys_common/backtrace.rs:47:5
[INFO] [stdout]    8:     0x563fd90f6654 - std::sys_common::backtrace::print::he81ed2da642d37e5
[INFO] [stdout]                                at /rustc/0e09125c6c3c2fd70d7de961bcf0e51575235fad/library/std/src/sys_common/backtrace.rs:34:9
[INFO] [stdout]    9:     0x563fd90f83c7 - std::panicking::default_hook::{{closure}}::h85773f4fa117163d
[INFO] [stdout]   10:     0x563fd90f80ad - std::panicking::default_hook::h6a1694a91d09b278
[INFO] [stdout]                                at /rustc/0e09125c6c3c2fd70d7de961bcf0e51575235fad/library/std/src/panicking.rs:289:9
[INFO] [stdout]   11:     0x563fd8e55fa7 - <alloc::boxed::Box<F,A> as core::ops::function::Fn<Args>>::call::h616ac37fa3cd6c8f
[INFO] [stdout]                                at /rustc/0e09125c6c3c2fd70d7de961bcf0e51575235fad/library/alloc/src/boxed.rs:2029:9
[INFO] [stdout]   12:     0x563fd8e55fa7 - test::test_main::{{closure}}::h00d84697cefdcbb6
[INFO] [stdout]                                at /rustc/0e09125c6c3c2fd70d7de961bcf0e51575235fad/library/test/src/lib.rs:138:21
[INFO] [stdout]   13:     0x563fd90f89e6 - <alloc::boxed::Box<F,A> as core::ops::function::Fn<Args>>::call::hcb3fe3b9bb537ba8
[INFO] [stdout]                                at /rustc/0e09125c6c3c2fd70d7de961bcf0e51575235fad/library/alloc/src/boxed.rs:2029:9
[INFO] [stdout]   14:     0x563fd90f89e6 - std::panicking::rust_panic_with_hook::h0a7ad96e90f7145b
[INFO] [stdout]                                at /rustc/0e09125c6c3c2fd70d7de961bcf0e51575235fad/library/std/src/panicking.rs:783:13
[INFO] [stdout]   15:     0x563fd90f86f9 - std::panicking::begin_panic_handler::{{closure}}::h7919090525c6485e
[INFO] [stdout]                                at /rustc/0e09125c6c3c2fd70d7de961bcf0e51575235fad/library/std/src/panicking.rs:649:13
[INFO] [stdout]   16:     0x563fd90f6d76 - std::sys_common::backtrace::__rust_end_short_backtrace::hf3289479464f7dfe
[INFO] [stdout]                                at /rustc/0e09125c6c3c2fd70d7de961bcf0e51575235fad/library/std/src/sys_common/backtrace.rs:171:18
[INFO] [stdout]   17:     0x563fd90f8490 - rust_begin_unwind
[INFO] [stdout]                                at /rustc/0e09125c6c3c2fd70d7de961bcf0e51575235fad/library/std/src/panicking.rs:645:5
[INFO] [stdout]   18:     0x563fd8e0c475 - core::panicking::panic_fmt::hcc9f77c5c132af55
[INFO] [stdout]                                at /rustc/0e09125c6c3c2fd70d7de961bcf0e51575235fad/library/core/src/panicking.rs:72:14
[INFO] [stdout]   19:     0x563fd8e0c533 - core::panicking::panic::h5a1259c1164bd480
[INFO] [stdout]                                at /rustc/0e09125c6c3c2fd70d7de961bcf0e51575235fad/library/core/src/panicking.rs:144:5
[INFO] [stdout]   20:     0x563fd8e18619 - testredis::test_mininvhash_redis::h5605faf4533ce60b
[INFO] [stdout]                                at /opt/rustwide/workdir/tests/testredis.rs:30:5
[INFO] [stdout]   21:     0x563fd8e18397 - testredis::test_mininvhash_redis::{{closure}}::h38ab2434c1b366ac
[INFO] [stdout]                                at /opt/rustwide/workdir/tests/testredis.rs:19:27
[INFO] [stdout]   22:     0x563fd8e19136 - core::ops::function::FnOnce::call_once::h731d59089bf3dcdb
[INFO] [stdout]                                at /rustc/0e09125c6c3c2fd70d7de961bcf0e51575235fad/library/core/src/ops/function.rs:250:5
[INFO] [stdout]   23:     0x563fd8e5b87f - core::ops::function::FnOnce::call_once::hd64d26f405258157
[INFO] [stdout]                                at /rustc/0e09125c6c3c2fd70d7de961bcf0e51575235fad/library/core/src/ops/function.rs:250:5
[INFO] [stdout]   24:     0x563fd8e5b87f - test::__rust_begin_short_backtrace::he21b0b7a6d731bf9
[INFO] [stdout]                                at /rustc/0e09125c6c3c2fd70d7de961bcf0e51575235fad/library/test/src/lib.rs:627:18
[INFO] [stdout]   25:     0x563fd8e5a601 - test::run_test_in_process::{{closure}}::hf5c73986d7bdfde2
[INFO] [stdout]                                at /rustc/0e09125c6c3c2fd70d7de961bcf0e51575235fad/library/test/src/lib.rs:650:60
[INFO] [stdout]   26:     0x563fd8e5a601 - <core::panic::unwind_safe::AssertUnwindSafe<F> as core::ops::function::FnOnce<()>>::call_once::h330011ad032aadc0
[INFO] [stdout]                                at /rustc/0e09125c6c3c2fd70d7de961bcf0e51575235fad/library/core/src/panic/unwind_safe.rs:272:9
[INFO] [stdout]   27:     0x563fd8e5a601 - std::panicking::try::do_call::he61b0a958b795a41
[INFO] [stdout]                                at /rustc/0e09125c6c3c2fd70d7de961bcf0e51575235fad/library/std/src/panicking.rs:552:40
[INFO] [stdout]   28:     0x563fd8e5a601 - std::panicking::try::h7309da130f906eb7
[INFO] [stdout]                                at /rustc/0e09125c6c3c2fd70d7de961bcf0e51575235fad/library/std/src/panicking.rs:516:19
[INFO] [stdout]   29:     0x563fd8e5a601 - std::panic::catch_unwind::hc5c3a06fdaf0a92a
[INFO] [stdout]                                at /rustc/0e09125c6c3c2fd70d7de961bcf0e51575235fad/library/std/src/panic.rs:142:14
[INFO] [stdout]   30:     0x563fd8e5a601 - test::run_test_in_process::h7e7b7c71c3324e0f
[INFO] [stdout]                                at /rustc/0e09125c6c3c2fd70d7de961bcf0e51575235fad/library/test/src/lib.rs:650:27
[INFO] [stdout]   31:     0x563fd8e5a601 - test::run_test::{{closure}}::h1f509f28f5cf20b1
[INFO] [stdout]                                at /rustc/0e09125c6c3c2fd70d7de961bcf0e51575235fad/library/test/src/lib.rs:573:43
[INFO] [stdout]   32:     0x563fd8e21936 - test::run_test::{{closure}}::h1754218abf443f6d
[INFO] [stdout]                                at /rustc/0e09125c6c3c2fd70d7de961bcf0e51575235fad/library/test/src/lib.rs:601:41
[INFO] [stdout]   33:     0x563fd8e21936 - std::sys_common::backtrace::__rust_begin_short_backtrace::h2ee174b9d5954948
[INFO] [stdout]                                at /rustc/0e09125c6c3c2fd70d7de961bcf0e51575235fad/library/std/src/sys_common/backtrace.rs:155:18
[INFO] [stdout]   34:     0x563fd8e26997 - std::thread::Builder::spawn_unchecked_::{{closure}}::{{closure}}::hf60bee9c1a17ef09
[INFO] [stdout]                                at /rustc/0e09125c6c3c2fd70d7de961bcf0e51575235fad/library/std/src/thread/mod.rs:529:17
[INFO] [stdout]   35:     0x563fd8e26997 - <core::panic::unwind_safe::AssertUnwindSafe<F> as core::ops::function::FnOnce<()>>::call_once::h33d0dddec5216160
[INFO] [stdout]                                at /rustc/0e09125c6c3c2fd70d7de961bcf0e51575235fad/library/core/src/panic/unwind_safe.rs:272:9
[INFO] [stdout]   36:     0x563fd8e26997 - std::panicking::try::do_call::h144b3048b546f835
[INFO] [stdout]                                at /rustc/0e09125c6c3c2fd70d7de961bcf0e51575235fad/library/std/src/panicking.rs:552:40
[INFO] [stdout]   37:     0x563fd8e26997 - std::panicking::try::h978244d04646189f
[INFO] [stdout]                                at /rustc/0e09125c6c3c2fd70d7de961bcf0e51575235fad/library/std/src/panicking.rs:516:19
[INFO] [stdout]   38:     0x563fd8e26997 - std::panic::catch_unwind::hdf436369d188fe86
[INFO] [stdout]                                at /rustc/0e09125c6c3c2fd70d7de961bcf0e51575235fad/library/std/src/panic.rs:142:14
[INFO] [stdout]   39:     0x563fd8e26997 - std::thread::Builder::spawn_unchecked_::{{closure}}::h87329cbdd33c79ec
[INFO] [stdout]                                at /rustc/0e09125c6c3c2fd70d7de961bcf0e51575235fad/library/std/src/thread/mod.rs:528:30
[INFO] [stdout]   40:     0x563fd8e26997 - core::ops::function::FnOnce::call_once{{vtable.shim}}::h401abbe67897d450
[INFO] [stdout]                                at /rustc/0e09125c6c3c2fd70d7de961bcf0e51575235fad/library/core/src/ops/function.rs:250:5
[INFO] [stdout]   41:     0x563fd90fd4f5 - <alloc::boxed::Box<F,A> as core::ops::function::FnOnce<Args>>::call_once::h5d7c8f150ab9c84c
[INFO] [stdout]                                at /rustc/0e09125c6c3c2fd70d7de961bcf0e51575235fad/library/alloc/src/boxed.rs:2015:9
[INFO] [stdout]   42:     0x563fd90fd4f5 - <alloc::boxed::Box<F,A> as core::ops::function::FnOnce<Args>>::call_once::h570d5b005c242c15
[INFO] [stdout]                                at /rustc/0e09125c6c3c2fd70d7de961bcf0e51575235fad/library/alloc/src/boxed.rs:2015:9
[INFO] [stdout]   43:     0x563fd90fd4f5 - std::sys::unix::thread::Thread::new::thread_start::h36b0a20c0b2361ad
[INFO] [stdout]                                at /rustc/0e09125c6c3c2fd70d7de961bcf0e51575235fad/library/std/src/sys/unix/thread.rs:108:17
[INFO] [stdout]   44:     0x7fc66a25cac3 - <unknown>
[INFO] [stdout]   45:     0x7fc66a2edbf4 - __clone
[INFO] [stdout]   46:                0x0 - <unknown>
[INFO] [stdout] 
[INFO] [stdout] 
[INFO] [stdout] failures:
[INFO] [stdout]     test_mininvhash_redis
[INFO] [stdout] 
[INFO] [stdout] test result: FAILED. 0 passed; 1 failed; 0 ignored; 0 measured; 0 filtered out; finished in 0.07s
[INFO] [stdout] 
[INFO] [stderr] error: test failed, to rerun pass `--test testredis`
[INFO] running `Command { std: "docker" "inspect" "d309db2bce12eebf0d43d69d40195b62e8d1985a37dc81c6558c3ddac4634a32", kill_on_drop: false }`
[INFO] running `Command { std: "docker" "rm" "-f" "d309db2bce12eebf0d43d69d40195b62e8d1985a37dc81c6558c3ddac4634a32", kill_on_drop: false }`
[INFO] [stdout] d309db2bce12eebf0d43d69d40195b62e8d1985a37dc81c6558c3ddac4634a32
