[INFO] fetching crate kll-macros 0.1.2...
[INFO] testing kll-macros-0.1.2 against 1.75.0 for beta-1.76-1
[INFO] extracting crate kll-macros 0.1.2 into /workspace/builds/worker-6-tc1/source
[INFO] validating manifest of crates.io crate kll-macros 0.1.2 on toolchain 1.75.0
[INFO] running `Command { std: CARGO_HOME="/workspace/cargo-home" RUSTUP_HOME="/workspace/rustup-home" "/workspace/cargo-home/bin/cargo" "+1.75.0" "metadata" "--manifest-path" "Cargo.toml" "--no-deps", kill_on_drop: false }`
[INFO] started tweaking crates.io crate kll-macros 0.1.2
[INFO] finished tweaking crates.io crate kll-macros 0.1.2
[INFO] tweaked toml for crates.io crate kll-macros 0.1.2 written to /workspace/builds/worker-6-tc1/source/Cargo.toml
[INFO] running `Command { std: CARGO_HOME="/workspace/cargo-home" RUSTUP_HOME="/workspace/rustup-home" "/workspace/cargo-home/bin/cargo" "+1.75.0" "generate-lockfile" "--manifest-path" "Cargo.toml", kill_on_drop: false }`
[INFO] running `Command { std: CARGO_HOME="/workspace/cargo-home" RUSTUP_HOME="/workspace/rustup-home" "/workspace/cargo-home/bin/cargo" "+1.75.0" "fetch" "--manifest-path" "Cargo.toml", kill_on_drop: false }`
[INFO] running `Command { std: "docker" "create" "-v" "/var/lib/crater-agent-workspace/builds/worker-6-tc1/target:/opt/rustwide/target:rw,Z" "-v" "/var/lib/crater-agent-workspace/builds/worker-6-tc1/source:/opt/rustwide/workdir:ro,Z" "-v" "/var/lib/crater-agent-workspace/cargo-home:/opt/rustwide/cargo-home:ro,Z" "-v" "/var/lib/crater-agent-workspace/rustup-home:/opt/rustwide/rustup-home:ro,Z" "-e" "SOURCE_DIR=/opt/rustwide/workdir" "-e" "CARGO_TARGET_DIR=/opt/rustwide/target" "-e" "CARGO_HOME=/opt/rustwide/cargo-home" "-e" "RUSTUP_HOME=/opt/rustwide/rustup-home" "-w" "/opt/rustwide/workdir" "-m" "1610612736" "--user" "0:0" "--network" "none" "ghcr.io/rust-lang/crates-build-env/linux@sha256:2788e3201cd34a07e3172128adcd8b3090168a8e3bcc40d7c032b9dda1df7d1c" "/opt/rustwide/cargo-home/bin/cargo" "+1.75.0" "metadata" "--no-deps" "--format-version=1", kill_on_drop: false }`
[INFO] [stdout] c073f41ecf72ddd02cf2ac3d411d38b4423539d16d7f48d3ca5474ebf3449946
[INFO] running `Command { std: "docker" "start" "-a" "c073f41ecf72ddd02cf2ac3d411d38b4423539d16d7f48d3ca5474ebf3449946", kill_on_drop: false }`
[INFO] running `Command { std: "docker" "inspect" "c073f41ecf72ddd02cf2ac3d411d38b4423539d16d7f48d3ca5474ebf3449946", kill_on_drop: false }`
[INFO] running `Command { std: "docker" "rm" "-f" "c073f41ecf72ddd02cf2ac3d411d38b4423539d16d7f48d3ca5474ebf3449946", kill_on_drop: false }`
[INFO] [stdout] c073f41ecf72ddd02cf2ac3d411d38b4423539d16d7f48d3ca5474ebf3449946
[INFO] running `Command { std: "docker" "create" "-v" "/var/lib/crater-agent-workspace/builds/worker-6-tc1/target:/opt/rustwide/target:rw,Z" "-v" "/var/lib/crater-agent-workspace/builds/worker-6-tc1/source:/opt/rustwide/workdir:ro,Z" "-v" "/var/lib/crater-agent-workspace/cargo-home:/opt/rustwide/cargo-home:ro,Z" "-v" "/var/lib/crater-agent-workspace/rustup-home:/opt/rustwide/rustup-home:ro,Z" "-e" "SOURCE_DIR=/opt/rustwide/workdir" "-e" "CARGO_TARGET_DIR=/opt/rustwide/target" "-e" "CARGO_INCREMENTAL=0" "-e" "RUST_BACKTRACE=full" "-e" "RUSTFLAGS=--cap-lints=warn" "-e" "RUSTDOCFLAGS=--cap-lints=warn" "-e" "CARGO_HOME=/opt/rustwide/cargo-home" "-e" "RUSTUP_HOME=/opt/rustwide/rustup-home" "-w" "/opt/rustwide/workdir" "-m" "1610612736" "--user" "0:0" "--network" "none" "ghcr.io/rust-lang/crates-build-env/linux@sha256:2788e3201cd34a07e3172128adcd8b3090168a8e3bcc40d7c032b9dda1df7d1c" "/opt/rustwide/cargo-home/bin/cargo" "+1.75.0" "build" "--frozen" "--message-format=json", kill_on_drop: false }`
[INFO] [stdout] ca4f37bbf44ad77f8ae67000d1562cf5d3ed00ef340eaa9fd6d15761c73e2bd2
[INFO] running `Command { std: "docker" "start" "-a" "ca4f37bbf44ad77f8ae67000d1562cf5d3ed00ef340eaa9fd6d15761c73e2bd2", kill_on_drop: false }`
[INFO] [stderr]    Compiling kll-macros v0.1.2 (/opt/rustwide/workdir)
[INFO] [stderr]     Finished dev [unoptimized + debuginfo] target(s) in 0.31s
[INFO] running `Command { std: "docker" "inspect" "ca4f37bbf44ad77f8ae67000d1562cf5d3ed00ef340eaa9fd6d15761c73e2bd2", kill_on_drop: false }`
[INFO] running `Command { std: "docker" "rm" "-f" "ca4f37bbf44ad77f8ae67000d1562cf5d3ed00ef340eaa9fd6d15761c73e2bd2", kill_on_drop: false }`
[INFO] [stdout] ca4f37bbf44ad77f8ae67000d1562cf5d3ed00ef340eaa9fd6d15761c73e2bd2
[INFO] running `Command { std: "docker" "create" "-v" "/var/lib/crater-agent-workspace/builds/worker-6-tc1/target:/opt/rustwide/target:rw,Z" "-v" "/var/lib/crater-agent-workspace/builds/worker-6-tc1/source:/opt/rustwide/workdir:ro,Z" "-v" "/var/lib/crater-agent-workspace/cargo-home:/opt/rustwide/cargo-home:ro,Z" "-v" "/var/lib/crater-agent-workspace/rustup-home:/opt/rustwide/rustup-home:ro,Z" "-e" "SOURCE_DIR=/opt/rustwide/workdir" "-e" "CARGO_TARGET_DIR=/opt/rustwide/target" "-e" "CARGO_INCREMENTAL=0" "-e" "RUST_BACKTRACE=full" "-e" "RUSTFLAGS=--cap-lints=warn" "-e" "RUSTDOCFLAGS=--cap-lints=warn" "-e" "CARGO_HOME=/opt/rustwide/cargo-home" "-e" "RUSTUP_HOME=/opt/rustwide/rustup-home" "-w" "/opt/rustwide/workdir" "-m" "1610612736" "--user" "0:0" "--network" "none" "ghcr.io/rust-lang/crates-build-env/linux@sha256:2788e3201cd34a07e3172128adcd8b3090168a8e3bcc40d7c032b9dda1df7d1c" "/opt/rustwide/cargo-home/bin/cargo" "+1.75.0" "test" "--frozen" "--no-run" "--message-format=json", kill_on_drop: false }`
[INFO] [stdout] 11fb98d3ce18abdf32f4b718208dde398fc82669aade25e82930ce2671453f01
[INFO] running `Command { std: "docker" "start" "-a" "11fb98d3ce18abdf32f4b718208dde398fc82669aade25e82930ce2671453f01", kill_on_drop: false }`
[INFO] [stderr]    Compiling kll-macros v0.1.2 (/opt/rustwide/workdir)
[INFO] [stderr]     Finished test [unoptimized + debuginfo] target(s) in 0.28s
[INFO] running `Command { std: "docker" "inspect" "11fb98d3ce18abdf32f4b718208dde398fc82669aade25e82930ce2671453f01", kill_on_drop: false }`
[INFO] running `Command { std: "docker" "rm" "-f" "11fb98d3ce18abdf32f4b718208dde398fc82669aade25e82930ce2671453f01", kill_on_drop: false }`
[INFO] [stdout] 11fb98d3ce18abdf32f4b718208dde398fc82669aade25e82930ce2671453f01
[INFO] running `Command { std: "docker" "create" "-v" "/var/lib/crater-agent-workspace/builds/worker-6-tc1/target:/opt/rustwide/target:rw,Z" "-v" "/var/lib/crater-agent-workspace/builds/worker-6-tc1/source:/opt/rustwide/workdir:ro,Z" "-v" "/var/lib/crater-agent-workspace/cargo-home:/opt/rustwide/cargo-home:ro,Z" "-v" "/var/lib/crater-agent-workspace/rustup-home:/opt/rustwide/rustup-home:ro,Z" "-e" "SOURCE_DIR=/opt/rustwide/workdir" "-e" "CARGO_TARGET_DIR=/opt/rustwide/target" "-e" "CARGO_INCREMENTAL=0" "-e" "RUST_BACKTRACE=full" "-e" "RUSTFLAGS=--cap-lints=warn" "-e" "RUSTDOCFLAGS=--cap-lints=warn" "-e" "CARGO_HOME=/opt/rustwide/cargo-home" "-e" "RUSTUP_HOME=/opt/rustwide/rustup-home" "-w" "/opt/rustwide/workdir" "-m" "1610612736" "--user" "0:0" "--network" "none" "ghcr.io/rust-lang/crates-build-env/linux@sha256:2788e3201cd34a07e3172128adcd8b3090168a8e3bcc40d7c032b9dda1df7d1c" "/opt/rustwide/cargo-home/bin/cargo" "+1.75.0" "test" "--frozen", kill_on_drop: false }`
[INFO] [stdout] 477eb74033164e6712dd985113de1581ef388716339ebbdc608bc5b097ce91a5
[INFO] running `Command { std: "docker" "start" "-a" "477eb74033164e6712dd985113de1581ef388716339ebbdc608bc5b097ce91a5", kill_on_drop: false }`
[INFO] [stderr]     Finished test [unoptimized + debuginfo] target(s) in 0.00s
[INFO] [stderr]      Running unittests src/lib.rs (/opt/rustwide/target/debug/deps/kll_macros-35aab17cd1413811)
[INFO] [stdout] 
[INFO] [stdout] running 0 tests
[INFO] [stdout] 
[INFO] [stdout] test result: ok. 0 passed; 0 failed; 0 ignored; 0 measured; 0 filtered out; finished in 0.00s
[INFO] [stdout] 
[INFO] [stderr]    Doc-tests kll-macros
[INFO] [stdout] 
[INFO] [stdout] running 3 tests
[INFO] [stdout] test src/lib.rs - trigger_guide (line 15) ... FAILED
[INFO] [stdout] test src/lib.rs - result_guide (line 155) ... FAILED
[INFO] [stdout] test src/lib.rs - layer_lookup (line 326) ... ok
[INFO] [stdout] 
[INFO] [stdout] failures:
[INFO] [stdout] 
[INFO] [stdout] ---- src/lib.rs - trigger_guide (line 15) stdout ----
[INFO] [stdout] error[E0432]: unresolved import `kll_core`
[INFO] [stdout]  --> src/lib.rs:17:5
[INFO] [stdout]   |
[INFO] [stdout] 5 | use kll_core::{Capability, CapabilityState, TriggerCondition, trigger};
[INFO] [stdout]   |     ^^^^^^^^ use of undeclared crate or module `kll_core`
[INFO] [stdout] 
[INFO] [stdout] error: aborting due to previous error
[INFO] [stdout] 
[INFO] [stdout] For more information about this error, try `rustc --explain E0432`.
[INFO] [stdout] Couldn't compile the test.
[INFO] [stdout] ---- src/lib.rs - result_guide (line 155) stdout ----
[INFO] [stdout] error[E0432]: unresolved import `kll_core`
[INFO] [stdout]  --> src/lib.rs:157:5
[INFO] [stdout]   |
[INFO] [stdout] 5 | use kll_core::{Capability, CapabilityState};
[INFO] [stdout]   |     ^^^^^^^^ use of undeclared crate or module `kll_core`
[INFO] [stdout] 
[INFO] [stdout] error[E0433]: failed to resolve: use of undeclared crate or module `kll_hid`
[INFO] [stdout]   --> src/lib.rs:159:38
[INFO] [stdout]    |
[INFO] [stdout] 7  |   const RESULT_GUIDES: &'static [u8] = kll_macros::result_guide!(
[INFO] [stdout]    |  ______________________________________^
[INFO] [stdout] 8  | |     [
[INFO] [stdout] 9  | |         // Press Shift + A; Release Shift; Release A
[INFO] [stdout] 10 | |         [
[INFO] [stdout] ...  |
[INFO] [stdout] 44 | |     },]],
[INFO] [stdout] 45 | | );
[INFO] [stdout]    | |_^ use of undeclared crate or module `kll_hid`
[INFO] [stdout]    |
[INFO] [stdout]    = note: this error originates in the macro `kll_macros::result_guide` (in Nightly builds, run with -Z macro-backtrace for more info)
[INFO] [stdout] 
[INFO] [stdout] error: aborting due to 2 previous errors
[INFO] [stdout] 
[INFO] [stdout] Some errors have detailed explanations: E0432, E0433.
[INFO] [stdout] For more information about an error, try `rustc --explain E0432`.
[INFO] [stdout] Couldn't compile the test.
[INFO] [stdout] 
[INFO] [stdout] failures:
[INFO] [stdout]     src/lib.rs - result_guide (line 155)
[INFO] [stdout]     src/lib.rs - trigger_guide (line 15)
[INFO] [stdout] 
[INFO] [stdout] test result: FAILED. 1 passed; 2 failed; 0 ignored; 0 measured; 0 filtered out; finished in 0.14s
[INFO] [stdout] 
[INFO] [stderr] error: doctest failed, to rerun pass `--doc`
[INFO] running `Command { std: "docker" "inspect" "477eb74033164e6712dd985113de1581ef388716339ebbdc608bc5b097ce91a5", kill_on_drop: false }`
[INFO] running `Command { std: "docker" "rm" "-f" "477eb74033164e6712dd985113de1581ef388716339ebbdc608bc5b097ce91a5", kill_on_drop: false }`
[INFO] [stdout] 477eb74033164e6712dd985113de1581ef388716339ebbdc608bc5b097ce91a5
