[INFO] fetching crate keysmith 0.4.0...
[INFO] testing keysmith-0.4.0 against 1.75.0 for beta-1.76-1
[INFO] extracting crate keysmith 0.4.0 into /workspace/builds/worker-3-tc1/source
[INFO] validating manifest of crates.io crate keysmith 0.4.0 on toolchain 1.75.0
[INFO] running `Command { std: CARGO_HOME="/workspace/cargo-home" RUSTUP_HOME="/workspace/rustup-home" "/workspace/cargo-home/bin/cargo" "+1.75.0" "metadata" "--manifest-path" "Cargo.toml" "--no-deps", kill_on_drop: false }`
[INFO] started tweaking crates.io crate keysmith 0.4.0
[INFO] finished tweaking crates.io crate keysmith 0.4.0
[INFO] tweaked toml for crates.io crate keysmith 0.4.0 written to /workspace/builds/worker-3-tc1/source/Cargo.toml
[INFO] running `Command { std: CARGO_HOME="/workspace/cargo-home" RUSTUP_HOME="/workspace/rustup-home" "/workspace/cargo-home/bin/cargo" "+1.75.0" "generate-lockfile" "--manifest-path" "Cargo.toml", kill_on_drop: false }`
[INFO] [stderr]     Updating crates.io index
[INFO] running `Command { std: CARGO_HOME="/workspace/cargo-home" RUSTUP_HOME="/workspace/rustup-home" "/workspace/cargo-home/bin/cargo" "+1.75.0" "fetch" "--manifest-path" "Cargo.toml", kill_on_drop: false }`
[INFO] running `Command { std: "docker" "create" "-v" "/var/lib/crater-agent-workspace/builds/worker-3-tc1/target:/opt/rustwide/target:rw,Z" "-v" "/var/lib/crater-agent-workspace/builds/worker-3-tc1/source:/opt/rustwide/workdir:ro,Z" "-v" "/var/lib/crater-agent-workspace/cargo-home:/opt/rustwide/cargo-home:ro,Z" "-v" "/var/lib/crater-agent-workspace/rustup-home:/opt/rustwide/rustup-home:ro,Z" "-e" "SOURCE_DIR=/opt/rustwide/workdir" "-e" "CARGO_TARGET_DIR=/opt/rustwide/target" "-e" "CARGO_HOME=/opt/rustwide/cargo-home" "-e" "RUSTUP_HOME=/opt/rustwide/rustup-home" "-w" "/opt/rustwide/workdir" "-m" "1610612736" "--user" "0:0" "--network" "none" "ghcr.io/rust-lang/crates-build-env/linux@sha256:2788e3201cd34a07e3172128adcd8b3090168a8e3bcc40d7c032b9dda1df7d1c" "/opt/rustwide/cargo-home/bin/cargo" "+1.75.0" "metadata" "--no-deps" "--format-version=1", kill_on_drop: false }`
[INFO] [stdout] bf51093804b5c80de34ee305fcddbd59917d8fcd2c312b117da3bde8aeba9802
[INFO] running `Command { std: "docker" "start" "-a" "bf51093804b5c80de34ee305fcddbd59917d8fcd2c312b117da3bde8aeba9802", kill_on_drop: false }`
[INFO] running `Command { std: "docker" "inspect" "bf51093804b5c80de34ee305fcddbd59917d8fcd2c312b117da3bde8aeba9802", kill_on_drop: false }`
[INFO] running `Command { std: "docker" "rm" "-f" "bf51093804b5c80de34ee305fcddbd59917d8fcd2c312b117da3bde8aeba9802", kill_on_drop: false }`
[INFO] [stdout] bf51093804b5c80de34ee305fcddbd59917d8fcd2c312b117da3bde8aeba9802
[INFO] running `Command { std: "docker" "create" "-v" "/var/lib/crater-agent-workspace/builds/worker-3-tc1/target:/opt/rustwide/target:rw,Z" "-v" "/var/lib/crater-agent-workspace/builds/worker-3-tc1/source:/opt/rustwide/workdir:ro,Z" "-v" "/var/lib/crater-agent-workspace/cargo-home:/opt/rustwide/cargo-home:ro,Z" "-v" "/var/lib/crater-agent-workspace/rustup-home:/opt/rustwide/rustup-home:ro,Z" "-e" "SOURCE_DIR=/opt/rustwide/workdir" "-e" "CARGO_TARGET_DIR=/opt/rustwide/target" "-e" "CARGO_INCREMENTAL=0" "-e" "RUST_BACKTRACE=full" "-e" "RUSTFLAGS=--cap-lints=warn" "-e" "RUSTDOCFLAGS=--cap-lints=warn" "-e" "CARGO_HOME=/opt/rustwide/cargo-home" "-e" "RUSTUP_HOME=/opt/rustwide/rustup-home" "-w" "/opt/rustwide/workdir" "-m" "1610612736" "--user" "0:0" "--network" "none" "ghcr.io/rust-lang/crates-build-env/linux@sha256:2788e3201cd34a07e3172128adcd8b3090168a8e3bcc40d7c032b9dda1df7d1c" "/opt/rustwide/cargo-home/bin/cargo" "+1.75.0" "build" "--frozen" "--message-format=json", kill_on_drop: false }`
[INFO] [stdout] 0fffc68ed49475d9a976281bca0732e868357756039dc8d48f4de55d33093ddc
[INFO] running `Command { std: "docker" "start" "-a" "0fffc68ed49475d9a976281bca0732e868357756039dc8d48f4de55d33093ddc", kill_on_drop: false }`
[INFO] [stderr]    Compiling num-traits v0.2.17
[INFO] [stderr]    Compiling getrandom v0.2.11
[INFO] [stderr]    Compiling rand_core v0.6.4
[INFO] [stderr]    Compiling rand_chacha v0.3.1
[INFO] [stderr]    Compiling rand v0.8.5
[INFO] [stderr]    Compiling chrono v0.4.31
[INFO] [stderr]    Compiling keysmith v0.4.0 (/opt/rustwide/workdir)
[INFO] [stderr]     Finished dev [unoptimized + debuginfo] target(s) in 2.24s
[INFO] running `Command { std: "docker" "inspect" "0fffc68ed49475d9a976281bca0732e868357756039dc8d48f4de55d33093ddc", kill_on_drop: false }`
[INFO] running `Command { std: "docker" "rm" "-f" "0fffc68ed49475d9a976281bca0732e868357756039dc8d48f4de55d33093ddc", kill_on_drop: false }`
[INFO] [stdout] 0fffc68ed49475d9a976281bca0732e868357756039dc8d48f4de55d33093ddc
[INFO] running `Command { std: "docker" "create" "-v" "/var/lib/crater-agent-workspace/builds/worker-3-tc1/target:/opt/rustwide/target:rw,Z" "-v" "/var/lib/crater-agent-workspace/builds/worker-3-tc1/source:/opt/rustwide/workdir:ro,Z" "-v" "/var/lib/crater-agent-workspace/cargo-home:/opt/rustwide/cargo-home:ro,Z" "-v" "/var/lib/crater-agent-workspace/rustup-home:/opt/rustwide/rustup-home:ro,Z" "-e" "SOURCE_DIR=/opt/rustwide/workdir" "-e" "CARGO_TARGET_DIR=/opt/rustwide/target" "-e" "CARGO_INCREMENTAL=0" "-e" "RUST_BACKTRACE=full" "-e" "RUSTFLAGS=--cap-lints=warn" "-e" "RUSTDOCFLAGS=--cap-lints=warn" "-e" "CARGO_HOME=/opt/rustwide/cargo-home" "-e" "RUSTUP_HOME=/opt/rustwide/rustup-home" "-w" "/opt/rustwide/workdir" "-m" "1610612736" "--user" "0:0" "--network" "none" "ghcr.io/rust-lang/crates-build-env/linux@sha256:2788e3201cd34a07e3172128adcd8b3090168a8e3bcc40d7c032b9dda1df7d1c" "/opt/rustwide/cargo-home/bin/cargo" "+1.75.0" "test" "--frozen" "--no-run" "--message-format=json", kill_on_drop: false }`
[INFO] [stdout] 963305483f71297264962e3bc78bfc2f13a9bb63bf1fb12b5fbe35777fe2bc5b
[INFO] running `Command { std: "docker" "start" "-a" "963305483f71297264962e3bc78bfc2f13a9bb63bf1fb12b5fbe35777fe2bc5b", kill_on_drop: false }`
[INFO] [stderr]    Compiling keysmith v0.4.0 (/opt/rustwide/workdir)
[INFO] [stderr]     Finished test [unoptimized + debuginfo] target(s) in 1.11s
[INFO] running `Command { std: "docker" "inspect" "963305483f71297264962e3bc78bfc2f13a9bb63bf1fb12b5fbe35777fe2bc5b", kill_on_drop: false }`
[INFO] running `Command { std: "docker" "rm" "-f" "963305483f71297264962e3bc78bfc2f13a9bb63bf1fb12b5fbe35777fe2bc5b", kill_on_drop: false }`
[INFO] [stdout] 963305483f71297264962e3bc78bfc2f13a9bb63bf1fb12b5fbe35777fe2bc5b
[INFO] running `Command { std: "docker" "create" "-v" "/var/lib/crater-agent-workspace/builds/worker-3-tc1/target:/opt/rustwide/target:rw,Z" "-v" "/var/lib/crater-agent-workspace/builds/worker-3-tc1/source:/opt/rustwide/workdir:ro,Z" "-v" "/var/lib/crater-agent-workspace/cargo-home:/opt/rustwide/cargo-home:ro,Z" "-v" "/var/lib/crater-agent-workspace/rustup-home:/opt/rustwide/rustup-home:ro,Z" "-e" "SOURCE_DIR=/opt/rustwide/workdir" "-e" "CARGO_TARGET_DIR=/opt/rustwide/target" "-e" "CARGO_INCREMENTAL=0" "-e" "RUST_BACKTRACE=full" "-e" "RUSTFLAGS=--cap-lints=warn" "-e" "RUSTDOCFLAGS=--cap-lints=warn" "-e" "CARGO_HOME=/opt/rustwide/cargo-home" "-e" "RUSTUP_HOME=/opt/rustwide/rustup-home" "-w" "/opt/rustwide/workdir" "-m" "1610612736" "--user" "0:0" "--network" "none" "ghcr.io/rust-lang/crates-build-env/linux@sha256:2788e3201cd34a07e3172128adcd8b3090168a8e3bcc40d7c032b9dda1df7d1c" "/opt/rustwide/cargo-home/bin/cargo" "+1.75.0" "test" "--frozen", kill_on_drop: false }`
[INFO] [stdout] acff2c3de4d1e2e1bfdfd76075bf8144b7aaafe65af95f2383643bc99389a5a3
[INFO] running `Command { std: "docker" "start" "-a" "acff2c3de4d1e2e1bfdfd76075bf8144b7aaafe65af95f2383643bc99389a5a3", kill_on_drop: false }`
[INFO] [stderr]     Finished test [unoptimized + debuginfo] target(s) in 0.01s
[INFO] [stderr]      Running unittests src/lib.rs (/opt/rustwide/target/debug/deps/keysmith-7523829dfcbe1018)
[INFO] [stdout] 
[INFO] [stdout] running 30 tests
[INFO] [stdout] test char::tests::test_char ... ok
[INFO] [stdout] test char::tests::test_uuid4_char ... ok
[INFO] [stdout] test char::tests::test_get_char_from_set ... ok
[INFO] [stdout] test date::tests::test_date ... ok
[INFO] [stdout] test char::tests::test_uuidn_char ... ok
[INFO] [stdout] test date::tests::test_date_no_seps ... ok
[INFO] [stdout] test date::tests::test_date_slashes ... ok
[INFO] [stdout] test date::tests::test_datetime ... ok
[INFO] [stdout] test date::tests::test_datetime_no_seps ... ok
[INFO] [stdout] test date::tests::test_datetime_pretty ... ok
[INFO] [stdout] test date::tests::test_time ... ok
[INFO] [stdout] test date::tests::test_time_hyphen ... ok
[INFO] [stdout] test date::tests::test_time_no_secs ... ok
[INFO] [stdout] test date::tests::test_time_no_secs_hyphen ... ok
[INFO] [stdout] test date::tests::test_time_no_secs_no_seps ... ok
[INFO] [stdout] test date::tests::test_time_no_seps ... ok
[INFO] [stdout] test key::tests::test_correct_characters_letters ... ok
[INFO] [stdout] test key::tests::test_correct_characters_nums_and_letters ... ok
[INFO] [stdout] test key::tests::test_correct_characters_key ... ok
[INFO] [stdout] test key::tests::test_correct_characters_letters_lower ... ok
[INFO] [stdout] test key::tests::test_length ... ok
[INFO] [stdout] test key::tests::test_correct_characters_nums ... ok
[INFO] [stdout] test timestamp::tests::test_gen_timestamp ... ok
[INFO] [stdout] test key::tests::test_correct_characters_special_chars ... ok
[INFO] [stdout] test key::tests::test_correct_characters_letters_upper ... ok
[INFO] [stdout] test key::tests::test_correct_characters_nums_and_letters_lower ... ok
[INFO] [stdout] test key::tests::test_correct_characters_special_chars_unsafe ... ok
[INFO] [stdout] test uuid::tests::test_uuidn ... ok
[INFO] [stdout] test key::tests::test_correct_characters_nums_and_letters_upper ... ok
[INFO] [stdout] test uuid::tests::test_uuid4 ... ok
[INFO] [stdout] 
[INFO] [stdout] test result: ok. 30 passed; 0 failed; 0 ignored; 0 measured; 0 filtered out; finished in 0.00s
[INFO] [stdout] 
[INFO] [stderr]    Doc-tests keysmith
[INFO] [stdout] 
[INFO] [stdout] running 9 tests
[INFO] [stdout] test src/char.rs - char::get_charset_from_opts (line 87) ... FAILED
[INFO] [stdout] test src/lib.rs - (line 134) ... ok
[INFO] [stdout] test src/lib.rs - (line 160) ... ok
[INFO] [stdout] test src/lib.rs - (line 147) ... ok
[INFO] [stdout] test src/lib.rs - (line 68) ... ok
[INFO] [stdout] test src/lib.rs - (line 42) ... ok
[INFO] [stdout] test src/lib.rs - (line 103) ... ok
[INFO] [stdout] test src/lib.rs - (line 88) ... ok
[INFO] [stdout] test src/lib.rs - (line 121) ... ok
[INFO] [stdout] 
[INFO] [stdout] failures:
[INFO] [stdout] 
[INFO] [stdout] ---- src/char.rs - char::get_charset_from_opts (line 87) stdout ----
[INFO] [stdout] error[E0422]: cannot find struct, variant or union type `GenCharOpts` in this scope
[INFO] [stdout]  --> src/char.rs:88:12
[INFO] [stdout]   |
[INFO] [stdout] 3 | let opts = GenCharOpts {
[INFO] [stdout]   |            ^^^^^^^^^^^ not found in this scope
[INFO] [stdout]   |
[INFO] [stdout] help: consider importing this struct
[INFO] [stdout]   |
[INFO] [stdout] 2 + use keysmith::char::GenCharOpts;
[INFO] [stdout]   |
[INFO] [stdout] 
[INFO] [stdout] error: aborting due to previous error
[INFO] [stdout] 
[INFO] [stdout] For more information about this error, try `rustc --explain E0422`.
[INFO] [stdout] Couldn't compile the test.
[INFO] [stdout] 
[INFO] [stdout] failures:
[INFO] [stdout]     src/char.rs - char::get_charset_from_opts (line 87)
[INFO] [stdout] 
[INFO] [stdout] test result: FAILED. 8 passed; 1 failed; 0 ignored; 0 measured; 0 filtered out; finished in 0.45s
[INFO] [stdout] 
[INFO] [stderr] error: doctest failed, to rerun pass `--doc`
[INFO] running `Command { std: "docker" "inspect" "acff2c3de4d1e2e1bfdfd76075bf8144b7aaafe65af95f2383643bc99389a5a3", kill_on_drop: false }`
[INFO] running `Command { std: "docker" "rm" "-f" "acff2c3de4d1e2e1bfdfd76075bf8144b7aaafe65af95f2383643bc99389a5a3", kill_on_drop: false }`
[INFO] [stdout] acff2c3de4d1e2e1bfdfd76075bf8144b7aaafe65af95f2383643bc99389a5a3
[INFO] testing keysmith-0.4.0 against beta-2023-12-22 for beta-1.76-1
[INFO] extracting crate keysmith 0.4.0 into /workspace/builds/worker-3-tc2/source
[INFO] validating manifest of crates.io crate keysmith 0.4.0 on toolchain beta-2023-12-22
[INFO] running `Command { std: CARGO_HOME="/workspace/cargo-home" RUSTUP_HOME="/workspace/rustup-home" "/workspace/cargo-home/bin/cargo" "+beta-2023-12-22" "metadata" "--manifest-path" "Cargo.toml" "--no-deps", kill_on_drop: false }`
[INFO] started tweaking crates.io crate keysmith 0.4.0
[INFO] finished tweaking crates.io crate keysmith 0.4.0
[INFO] tweaked toml for crates.io crate keysmith 0.4.0 written to /workspace/builds/worker-3-tc2/source/Cargo.toml
[INFO] running `Command { std: CARGO_HOME="/workspace/cargo-home" RUSTUP_HOME="/workspace/rustup-home" "/workspace/cargo-home/bin/cargo" "+beta-2023-12-22" "generate-lockfile" "--manifest-path" "Cargo.toml", kill_on_drop: false }`
[INFO] [stderr]     Blocking waiting for file lock on package cache
[INFO] [stderr]     Updating crates.io index
[INFO] running `Command { std: CARGO_HOME="/workspace/cargo-home" RUSTUP_HOME="/workspace/rustup-home" "/workspace/cargo-home/bin/cargo" "+beta-2023-12-22" "fetch" "--manifest-path" "Cargo.toml", kill_on_drop: false }`
[INFO] running `Command { std: "docker" "create" "-v" "/var/lib/crater-agent-workspace/builds/worker-3-tc2/target:/opt/rustwide/target:rw,Z" "-v" "/var/lib/crater-agent-workspace/builds/worker-3-tc2/source:/opt/rustwide/workdir:ro,Z" "-v" "/var/lib/crater-agent-workspace/cargo-home:/opt/rustwide/cargo-home:ro,Z" "-v" "/var/lib/crater-agent-workspace/rustup-home:/opt/rustwide/rustup-home:ro,Z" "-e" "SOURCE_DIR=/opt/rustwide/workdir" "-e" "CARGO_TARGET_DIR=/opt/rustwide/target" "-e" "CARGO_HOME=/opt/rustwide/cargo-home" "-e" "RUSTUP_HOME=/opt/rustwide/rustup-home" "-w" "/opt/rustwide/workdir" "-m" "1610612736" "--user" "0:0" "--network" "none" "ghcr.io/rust-lang/crates-build-env/linux@sha256:2788e3201cd34a07e3172128adcd8b3090168a8e3bcc40d7c032b9dda1df7d1c" "/opt/rustwide/cargo-home/bin/cargo" "+beta-2023-12-22" "metadata" "--no-deps" "--format-version=1", kill_on_drop: false }`
[INFO] [stdout] 06d8176fe9be432f2b9cb7200a65894d1c5876476da290644d2b53a421003eab
[INFO] running `Command { std: "docker" "start" "-a" "06d8176fe9be432f2b9cb7200a65894d1c5876476da290644d2b53a421003eab", kill_on_drop: false }`
[INFO] running `Command { std: "docker" "inspect" "06d8176fe9be432f2b9cb7200a65894d1c5876476da290644d2b53a421003eab", kill_on_drop: false }`
[INFO] running `Command { std: "docker" "rm" "-f" "06d8176fe9be432f2b9cb7200a65894d1c5876476da290644d2b53a421003eab", kill_on_drop: false }`
[INFO] [stdout] 06d8176fe9be432f2b9cb7200a65894d1c5876476da290644d2b53a421003eab
[INFO] running `Command { std: "docker" "create" "-v" "/var/lib/crater-agent-workspace/builds/worker-3-tc2/target:/opt/rustwide/target:rw,Z" "-v" "/var/lib/crater-agent-workspace/builds/worker-3-tc2/source:/opt/rustwide/workdir:ro,Z" "-v" "/var/lib/crater-agent-workspace/cargo-home:/opt/rustwide/cargo-home:ro,Z" "-v" "/var/lib/crater-agent-workspace/rustup-home:/opt/rustwide/rustup-home:ro,Z" "-e" "SOURCE_DIR=/opt/rustwide/workdir" "-e" "CARGO_TARGET_DIR=/opt/rustwide/target" "-e" "CARGO_INCREMENTAL=0" "-e" "RUST_BACKTRACE=full" "-e" "RUSTFLAGS=--cap-lints=warn" "-e" "RUSTDOCFLAGS=--cap-lints=warn" "-e" "CARGO_HOME=/opt/rustwide/cargo-home" "-e" "RUSTUP_HOME=/opt/rustwide/rustup-home" "-w" "/opt/rustwide/workdir" "-m" "1610612736" "--user" "0:0" "--network" "none" "ghcr.io/rust-lang/crates-build-env/linux@sha256:2788e3201cd34a07e3172128adcd8b3090168a8e3bcc40d7c032b9dda1df7d1c" "/opt/rustwide/cargo-home/bin/cargo" "+beta-2023-12-22" "build" "--frozen" "--message-format=json", kill_on_drop: false }`
[INFO] [stdout] b9ce89be70f9ab9b001a6dff73a5fc435514850531454d26b7c84ea9cfe3202e
[INFO] running `Command { std: "docker" "start" "-a" "b9ce89be70f9ab9b001a6dff73a5fc435514850531454d26b7c84ea9cfe3202e", kill_on_drop: false }`
[INFO] [stderr]    Compiling num-traits v0.2.17
[INFO] [stderr]    Compiling getrandom v0.2.11
[INFO] [stderr]    Compiling rand_core v0.6.4
[INFO] [stderr]    Compiling rand_chacha v0.3.1
[INFO] [stderr]    Compiling rand v0.8.5
[INFO] [stderr]    Compiling chrono v0.4.31
[INFO] [stderr]    Compiling keysmith v0.4.0 (/opt/rustwide/workdir)
[INFO] [stderr]     Finished dev [unoptimized + debuginfo] target(s) in 2.14s
[INFO] running `Command { std: "docker" "inspect" "b9ce89be70f9ab9b001a6dff73a5fc435514850531454d26b7c84ea9cfe3202e", kill_on_drop: false }`
[INFO] running `Command { std: "docker" "rm" "-f" "b9ce89be70f9ab9b001a6dff73a5fc435514850531454d26b7c84ea9cfe3202e", kill_on_drop: false }`
[INFO] [stdout] b9ce89be70f9ab9b001a6dff73a5fc435514850531454d26b7c84ea9cfe3202e
[INFO] running `Command { std: "docker" "create" "-v" "/var/lib/crater-agent-workspace/builds/worker-3-tc2/target:/opt/rustwide/target:rw,Z" "-v" "/var/lib/crater-agent-workspace/builds/worker-3-tc2/source:/opt/rustwide/workdir:ro,Z" "-v" "/var/lib/crater-agent-workspace/cargo-home:/opt/rustwide/cargo-home:ro,Z" "-v" "/var/lib/crater-agent-workspace/rustup-home:/opt/rustwide/rustup-home:ro,Z" "-e" "SOURCE_DIR=/opt/rustwide/workdir" "-e" "CARGO_TARGET_DIR=/opt/rustwide/target" "-e" "CARGO_INCREMENTAL=0" "-e" "RUST_BACKTRACE=full" "-e" "RUSTFLAGS=--cap-lints=warn" "-e" "RUSTDOCFLAGS=--cap-lints=warn" "-e" "CARGO_HOME=/opt/rustwide/cargo-home" "-e" "RUSTUP_HOME=/opt/rustwide/rustup-home" "-w" "/opt/rustwide/workdir" "-m" "1610612736" "--user" "0:0" "--network" "none" "ghcr.io/rust-lang/crates-build-env/linux@sha256:2788e3201cd34a07e3172128adcd8b3090168a8e3bcc40d7c032b9dda1df7d1c" "/opt/rustwide/cargo-home/bin/cargo" "+beta-2023-12-22" "test" "--frozen" "--no-run" "--message-format=json", kill_on_drop: false }`
[INFO] [stdout] c51b89df8f4f7b83d4245061608b2660c7450a12022ae0250ee79f5e3e3828cd
[INFO] running `Command { std: "docker" "start" "-a" "c51b89df8f4f7b83d4245061608b2660c7450a12022ae0250ee79f5e3e3828cd", kill_on_drop: false }`
[INFO] [stderr]    Compiling keysmith v0.4.0 (/opt/rustwide/workdir)
[INFO] [stderr]     Finished test [unoptimized + debuginfo] target(s) in 0.55s
[INFO] running `Command { std: "docker" "inspect" "c51b89df8f4f7b83d4245061608b2660c7450a12022ae0250ee79f5e3e3828cd", kill_on_drop: false }`
[INFO] running `Command { std: "docker" "rm" "-f" "c51b89df8f4f7b83d4245061608b2660c7450a12022ae0250ee79f5e3e3828cd", kill_on_drop: false }`
[INFO] [stdout] c51b89df8f4f7b83d4245061608b2660c7450a12022ae0250ee79f5e3e3828cd
[INFO] running `Command { std: "docker" "create" "-v" "/var/lib/crater-agent-workspace/builds/worker-3-tc2/target:/opt/rustwide/target:rw,Z" "-v" "/var/lib/crater-agent-workspace/builds/worker-3-tc2/source:/opt/rustwide/workdir:ro,Z" "-v" "/var/lib/crater-agent-workspace/cargo-home:/opt/rustwide/cargo-home:ro,Z" "-v" "/var/lib/crater-agent-workspace/rustup-home:/opt/rustwide/rustup-home:ro,Z" "-e" "SOURCE_DIR=/opt/rustwide/workdir" "-e" "CARGO_TARGET_DIR=/opt/rustwide/target" "-e" "CARGO_INCREMENTAL=0" "-e" "RUST_BACKTRACE=full" "-e" "RUSTFLAGS=--cap-lints=warn" "-e" "RUSTDOCFLAGS=--cap-lints=warn" "-e" "CARGO_HOME=/opt/rustwide/cargo-home" "-e" "RUSTUP_HOME=/opt/rustwide/rustup-home" "-w" "/opt/rustwide/workdir" "-m" "1610612736" "--user" "0:0" "--network" "none" "ghcr.io/rust-lang/crates-build-env/linux@sha256:2788e3201cd34a07e3172128adcd8b3090168a8e3bcc40d7c032b9dda1df7d1c" "/opt/rustwide/cargo-home/bin/cargo" "+beta-2023-12-22" "test" "--frozen", kill_on_drop: false }`
[INFO] [stdout] 33460e89754152405a17ca6852e6f6f898ec5be8f3e42cf8966a39045a33ed2f
[INFO] running `Command { std: "docker" "start" "-a" "33460e89754152405a17ca6852e6f6f898ec5be8f3e42cf8966a39045a33ed2f", kill_on_drop: false }`
[INFO] [stderr]     Finished test [unoptimized + debuginfo] target(s) in 0.01s
[INFO] [stderr]      Running unittests src/lib.rs (/opt/rustwide/target/debug/deps/keysmith-ba5e6ae2b548ab51)
[INFO] [stdout] 
[INFO] [stdout] running 30 tests
[INFO] [stdout] test char::tests::test_char ... ok
[INFO] [stdout] test char::tests::test_uuid4_char ... ok
[INFO] [stdout] test char::tests::test_get_char_from_set ... ok
[INFO] [stdout] test date::tests::test_date ... ok
[INFO] [stdout] test date::tests::test_date_no_seps ... ok
[INFO] [stdout] test char::tests::test_uuidn_char ... ok
[INFO] [stdout] test date::tests::test_date_slashes ... ok
[INFO] [stdout] test date::tests::test_datetime ... ok
[INFO] [stdout] test date::tests::test_datetime_no_seps ... ok
[INFO] [stdout] test date::tests::test_datetime_pretty ... ok
[INFO] [stdout] test date::tests::test_time ... ok
[INFO] [stdout] test date::tests::test_time_hyphen ... ok
[INFO] [stdout] test date::tests::test_time_no_secs ... ok
[INFO] [stdout] test date::tests::test_time_no_secs_hyphen ... ok
[INFO] [stdout] test date::tests::test_time_no_secs_no_seps ... ok
[INFO] [stdout] test date::tests::test_time_no_seps ... ok
[INFO] [stdout] test key::tests::test_correct_characters_key ... ok
[INFO] [stdout] test key::tests::test_correct_characters_letters_upper ... ok
[INFO] [stdout] test key::tests::test_correct_characters_nums ... ok
[INFO] [stdout] test timestamp::tests::test_gen_timestamp ... ok
[INFO] [stdout] test key::tests::test_correct_characters_letters ... ok
[INFO] [stdout] test key::tests::test_correct_characters_nums_and_letters_upper ... ok
[INFO] [stdout] test uuid::tests::test_uuidn ... ok
[INFO] [stdout] test key::tests::test_correct_characters_nums_and_letters ... ok
[INFO] [stdout] test key::tests::test_correct_characters_special_chars_unsafe ... ok
[INFO] [stdout] test key::tests::test_correct_characters_nums_and_letters_lower ... ok
[INFO] [stdout] test uuid::tests::test_uuid4 ... ok
[INFO] [stdout] test key::tests::test_length ... ok
[INFO] [stdout] test key::tests::test_correct_characters_letters_lower ... ok
[INFO] [stdout] test key::tests::test_correct_characters_special_chars ... ok
[INFO] [stdout] 
[INFO] [stdout] test result: ok. 30 passed; 0 failed; 0 ignored; 0 measured; 0 filtered out; finished in 0.01s
[INFO] [stdout] 
[INFO] [stderr]    Doc-tests keysmith
[INFO] [stdout] 
[INFO] [stdout] running 9 tests
[INFO] [stdout] test src/char.rs - char::get_charset_from_opts (line 87) ... FAILED
[INFO] [stdout] test src/lib.rs - (line 147) ... ok
[INFO] [stdout] test src/lib.rs - (line 103) ... ok
[INFO] [stdout] test src/lib.rs - (line 42) ... ok
[INFO] [stdout] test src/lib.rs - (line 134) ... ok
[INFO] [stdout] test src/lib.rs - (line 68) ... ok
[INFO] [stdout] test src/lib.rs - (line 88) ... ok
[INFO] [stdout] test src/lib.rs - (line 160) ... ok
[INFO] [stdout] test src/lib.rs - (line 121) ... ok
[INFO] [stdout] 
[INFO] [stdout] failures:
[INFO] [stdout] 
[INFO] [stdout] ---- src/char.rs - char::get_charset_from_opts (line 87) stdout ----
[INFO] [stdout] error[E0422]: cannot find struct, variant or union type `GenCharOpts` in this scope
[INFO] [stdout]  --> src/char.rs:88:12
[INFO] [stdout]   |
[INFO] [stdout] 3 | let opts = GenCharOpts {
[INFO] [stdout]   |            ^^^^^^^^^^^ not found in this scope
[INFO] [stdout]   |
[INFO] [stdout] help: consider importing this struct
[INFO] [stdout]   |
[INFO] [stdout] 2 + use keysmith::char::GenCharOpts;
[INFO] [stdout]   |
[INFO] [stdout] 
[INFO] [stdout] error: aborting due to 1 previous error
[INFO] [stdout] 
[INFO] [stdout] For more information about this error, try `rustc --explain E0422`.
[INFO] [stdout] Couldn't compile the test.
[INFO] [stdout] 
[INFO] [stdout] failures:
[INFO] [stdout]     src/char.rs - char::get_charset_from_opts (line 87)
[INFO] [stdout] 
[INFO] [stdout] test result: FAILED. 8 passed; 1 failed; 0 ignored; 0 measured; 0 filtered out; finished in 0.34s
[INFO] [stdout] 
[INFO] [stderr] error: doctest failed, to rerun pass `--doc`
[INFO] running `Command { std: "docker" "inspect" "33460e89754152405a17ca6852e6f6f898ec5be8f3e42cf8966a39045a33ed2f", kill_on_drop: false }`
[INFO] running `Command { std: "docker" "rm" "-f" "33460e89754152405a17ca6852e6f6f898ec5be8f3e42cf8966a39045a33ed2f", kill_on_drop: false }`
[INFO] [stdout] 33460e89754152405a17ca6852e6f6f898ec5be8f3e42cf8966a39045a33ed2f
