[INFO] fetching crate kenku_control 0.1.1...
[INFO] testing kenku_control-0.1.1 against 1.75.0 for beta-1.76-1
[INFO] extracting crate kenku_control 0.1.1 into /workspace/builds/worker-2-tc1/source
[INFO] validating manifest of crates.io crate kenku_control 0.1.1 on toolchain 1.75.0
[INFO] running `Command { std: CARGO_HOME="/workspace/cargo-home" RUSTUP_HOME="/workspace/rustup-home" "/workspace/cargo-home/bin/cargo" "+1.75.0" "metadata" "--manifest-path" "Cargo.toml" "--no-deps", kill_on_drop: false }`
[INFO] started tweaking crates.io crate kenku_control 0.1.1
[INFO] finished tweaking crates.io crate kenku_control 0.1.1
[INFO] tweaked toml for crates.io crate kenku_control 0.1.1 written to /workspace/builds/worker-2-tc1/source/Cargo.toml
[INFO] crate crates.io crate kenku_control 0.1.1 already has a lockfile, it will not be regenerated
[INFO] running `Command { std: CARGO_HOME="/workspace/cargo-home" RUSTUP_HOME="/workspace/rustup-home" "/workspace/cargo-home/bin/cargo" "+1.75.0" "fetch" "--manifest-path" "Cargo.toml", kill_on_drop: false }`
[INFO] running `Command { std: "docker" "create" "-v" "/var/lib/crater-agent-workspace/builds/worker-2-tc1/target:/opt/rustwide/target:rw,Z" "-v" "/var/lib/crater-agent-workspace/builds/worker-2-tc1/source:/opt/rustwide/workdir:ro,Z" "-v" "/var/lib/crater-agent-workspace/cargo-home:/opt/rustwide/cargo-home:ro,Z" "-v" "/var/lib/crater-agent-workspace/rustup-home:/opt/rustwide/rustup-home:ro,Z" "-e" "SOURCE_DIR=/opt/rustwide/workdir" "-e" "CARGO_TARGET_DIR=/opt/rustwide/target" "-e" "CARGO_HOME=/opt/rustwide/cargo-home" "-e" "RUSTUP_HOME=/opt/rustwide/rustup-home" "-w" "/opt/rustwide/workdir" "-m" "1610612736" "--user" "0:0" "--network" "none" "ghcr.io/rust-lang/crates-build-env/linux@sha256:2788e3201cd34a07e3172128adcd8b3090168a8e3bcc40d7c032b9dda1df7d1c" "/opt/rustwide/cargo-home/bin/cargo" "+1.75.0" "metadata" "--no-deps" "--format-version=1", kill_on_drop: false }`
[INFO] [stdout] e6aba1c311e0d03ea6f9a247c4a6def246a8cce6a82adc9c8f3fc4af6be83078
[INFO] running `Command { std: "docker" "start" "-a" "e6aba1c311e0d03ea6f9a247c4a6def246a8cce6a82adc9c8f3fc4af6be83078", kill_on_drop: false }`
[INFO] running `Command { std: "docker" "inspect" "e6aba1c311e0d03ea6f9a247c4a6def246a8cce6a82adc9c8f3fc4af6be83078", kill_on_drop: false }`
[INFO] running `Command { std: "docker" "rm" "-f" "e6aba1c311e0d03ea6f9a247c4a6def246a8cce6a82adc9c8f3fc4af6be83078", kill_on_drop: false }`
[INFO] [stdout] e6aba1c311e0d03ea6f9a247c4a6def246a8cce6a82adc9c8f3fc4af6be83078
[INFO] running `Command { std: "docker" "create" "-v" "/var/lib/crater-agent-workspace/builds/worker-2-tc1/target:/opt/rustwide/target:rw,Z" "-v" "/var/lib/crater-agent-workspace/builds/worker-2-tc1/source:/opt/rustwide/workdir:ro,Z" "-v" "/var/lib/crater-agent-workspace/cargo-home:/opt/rustwide/cargo-home:ro,Z" "-v" "/var/lib/crater-agent-workspace/rustup-home:/opt/rustwide/rustup-home:ro,Z" "-e" "SOURCE_DIR=/opt/rustwide/workdir" "-e" "CARGO_TARGET_DIR=/opt/rustwide/target" "-e" "CARGO_INCREMENTAL=0" "-e" "RUST_BACKTRACE=full" "-e" "RUSTFLAGS=--cap-lints=warn" "-e" "RUSTDOCFLAGS=--cap-lints=warn" "-e" "CARGO_HOME=/opt/rustwide/cargo-home" "-e" "RUSTUP_HOME=/opt/rustwide/rustup-home" "-w" "/opt/rustwide/workdir" "-m" "1610612736" "--user" "0:0" "--network" "none" "ghcr.io/rust-lang/crates-build-env/linux@sha256:2788e3201cd34a07e3172128adcd8b3090168a8e3bcc40d7c032b9dda1df7d1c" "/opt/rustwide/cargo-home/bin/cargo" "+1.75.0" "build" "--frozen" "--message-format=json", kill_on_drop: false }`
[INFO] [stdout] 52eadf57df63ce930b2be84bf9781502559d44ff93e9be50b1776d3c680b587b
[INFO] running `Command { std: "docker" "start" "-a" "52eadf57df63ce930b2be84bf9781502559d44ff93e9be50b1776d3c680b587b", kill_on_drop: false }`
[INFO] [stderr]    Compiling libc v0.2.148
[INFO] [stderr]    Compiling proc-macro2 v1.0.67
[INFO] [stderr]    Compiling pkg-config v0.3.27
[INFO] [stderr]    Compiling futures-core v0.3.28
[INFO] [stderr]    Compiling futures-task v0.3.28
[INFO] [stderr]    Compiling tracing-core v0.1.31
[INFO] [stderr]    Compiling indexmap v1.9.3
[INFO] [stderr]    Compiling openssl v0.10.57
[INFO] [stderr]    Compiling futures-util v0.3.28
[INFO] [stderr]    Compiling http v0.2.9
[INFO] [stderr]    Compiling futures-channel v0.3.28
[INFO] [stderr]    Compiling bitflags v2.4.0
[INFO] [stderr]    Compiling tracing v0.1.37
[INFO] [stderr]    Compiling hashbrown v0.12.3
[INFO] [stderr]    Compiling futures-sink v0.3.28
[INFO] [stderr]    Compiling serde v1.0.188
[INFO] [stderr]    Compiling quote v1.0.33
[INFO] [stderr]    Compiling mio v0.8.8
[INFO] [stderr]    Compiling socket2 v0.5.4
[INFO] [stderr]    Compiling percent-encoding v2.3.0
[INFO] [stderr]    Compiling syn v2.0.37
[INFO] [stderr]    Compiling try-lock v0.2.4
[INFO] [stderr]    Compiling want v0.3.1
[INFO] [stderr]    Compiling cc v1.0.83
[INFO] [stderr]    Compiling tokio v1.32.0
[INFO] [stderr]    Compiling http-body v0.4.5
[INFO] [stderr]    Compiling form_urlencoded v1.2.0
[INFO] [stderr]    Compiling socket2 v0.4.9
[INFO] [stderr]    Compiling unicode-bidi v0.3.13
[INFO] [stderr]    Compiling serde_json v1.0.107
[INFO] [stderr]    Compiling ipnet v2.8.0
[INFO] [stderr]    Compiling base64 v0.21.4
[INFO] [stderr]    Compiling idna v0.4.0
[INFO] [stderr]    Compiling openssl-sys v0.9.93
[INFO] [stderr]    Compiling url v2.4.1
[INFO] [stderr]    Compiling native-tls v0.2.11
[INFO] [stderr]    Compiling openssl-macros v0.1.1
[INFO] [stderr]    Compiling serde_derive v1.0.188
[INFO] [stderr]    Compiling tokio-util v0.7.8
[INFO] [stderr]    Compiling h2 v0.3.21
[INFO] [stderr]    Compiling tokio-native-tls v0.3.1
[INFO] [stderr]    Compiling hyper v0.14.27
[INFO] [stderr]    Compiling hyper-tls v0.5.0
[INFO] [stderr]    Compiling serde_urlencoded v0.7.1
[INFO] [stderr]    Compiling reqwest v0.11.20
[INFO] [stderr]    Compiling kenku_control v0.1.1 (/opt/rustwide/workdir)
[INFO] [stdout] warning: found module declaration for lib.rs
[INFO] [stdout]  --> src/main.rs:7:1
[INFO] [stdout]   |
[INFO] [stdout] 7 | mod lib;
[INFO] [stdout]   | ^^^^^^^^
[INFO] [stdout]   |
[INFO] [stdout]   = note: lib.rs is the root of this crate's library target
[INFO] [stdout]   = help: to refer to it from other targets, use the library's name as the path
[INFO] [stdout]   = note: `#[warn(special_module_name)]` on by default
[INFO] [stdout] 
[INFO] [stdout] 
[INFO] [stdout] warning: 1 warning emitted
[INFO] [stdout] 
[INFO] [stdout] 
[INFO] [stderr]     Finished dev [unoptimized + debuginfo] target(s) in 35.33s
[INFO] running `Command { std: "docker" "inspect" "52eadf57df63ce930b2be84bf9781502559d44ff93e9be50b1776d3c680b587b", kill_on_drop: false }`
[INFO] running `Command { std: "docker" "rm" "-f" "52eadf57df63ce930b2be84bf9781502559d44ff93e9be50b1776d3c680b587b", kill_on_drop: false }`
[INFO] [stdout] 52eadf57df63ce930b2be84bf9781502559d44ff93e9be50b1776d3c680b587b
[INFO] running `Command { std: "docker" "create" "-v" "/var/lib/crater-agent-workspace/builds/worker-2-tc1/target:/opt/rustwide/target:rw,Z" "-v" "/var/lib/crater-agent-workspace/builds/worker-2-tc1/source:/opt/rustwide/workdir:ro,Z" "-v" "/var/lib/crater-agent-workspace/cargo-home:/opt/rustwide/cargo-home:ro,Z" "-v" "/var/lib/crater-agent-workspace/rustup-home:/opt/rustwide/rustup-home:ro,Z" "-e" "SOURCE_DIR=/opt/rustwide/workdir" "-e" "CARGO_TARGET_DIR=/opt/rustwide/target" "-e" "CARGO_INCREMENTAL=0" "-e" "RUST_BACKTRACE=full" "-e" "RUSTFLAGS=--cap-lints=warn" "-e" "RUSTDOCFLAGS=--cap-lints=warn" "-e" "CARGO_HOME=/opt/rustwide/cargo-home" "-e" "RUSTUP_HOME=/opt/rustwide/rustup-home" "-w" "/opt/rustwide/workdir" "-m" "1610612736" "--user" "0:0" "--network" "none" "ghcr.io/rust-lang/crates-build-env/linux@sha256:2788e3201cd34a07e3172128adcd8b3090168a8e3bcc40d7c032b9dda1df7d1c" "/opt/rustwide/cargo-home/bin/cargo" "+1.75.0" "test" "--frozen" "--no-run" "--message-format=json", kill_on_drop: false }`
[INFO] [stdout] 949fef4424bd9a33f0839177fdd63bd9c0c31cdbf481ce8432380320e4e76c1d
[INFO] running `Command { std: "docker" "start" "-a" "949fef4424bd9a33f0839177fdd63bd9c0c31cdbf481ce8432380320e4e76c1d", kill_on_drop: false }`
[INFO] [stderr]    Compiling kenku_control v0.1.1 (/opt/rustwide/workdir)
[INFO] [stdout] warning: found module declaration for lib.rs
[INFO] [stdout]  --> src/main.rs:7:1
[INFO] [stdout]   |
[INFO] [stdout] 7 | mod lib;
[INFO] [stdout]   | ^^^^^^^^
[INFO] [stdout]   |
[INFO] [stdout]   = note: lib.rs is the root of this crate's library target
[INFO] [stdout]   = help: to refer to it from other targets, use the library's name as the path
[INFO] [stdout]   = note: `#[warn(special_module_name)]` on by default
[INFO] [stdout] 
[INFO] [stdout] 
[INFO] [stdout] warning: 1 warning emitted
[INFO] [stdout] 
[INFO] [stdout] 
[INFO] [stderr]     Finished test [unoptimized + debuginfo] target(s) in 1.24s
[INFO] running `Command { std: "docker" "inspect" "949fef4424bd9a33f0839177fdd63bd9c0c31cdbf481ce8432380320e4e76c1d", kill_on_drop: false }`
[INFO] running `Command { std: "docker" "rm" "-f" "949fef4424bd9a33f0839177fdd63bd9c0c31cdbf481ce8432380320e4e76c1d", kill_on_drop: false }`
[INFO] [stdout] 949fef4424bd9a33f0839177fdd63bd9c0c31cdbf481ce8432380320e4e76c1d
[INFO] running `Command { std: "docker" "create" "-v" "/var/lib/crater-agent-workspace/builds/worker-2-tc1/target:/opt/rustwide/target:rw,Z" "-v" "/var/lib/crater-agent-workspace/builds/worker-2-tc1/source:/opt/rustwide/workdir:ro,Z" "-v" "/var/lib/crater-agent-workspace/cargo-home:/opt/rustwide/cargo-home:ro,Z" "-v" "/var/lib/crater-agent-workspace/rustup-home:/opt/rustwide/rustup-home:ro,Z" "-e" "SOURCE_DIR=/opt/rustwide/workdir" "-e" "CARGO_TARGET_DIR=/opt/rustwide/target" "-e" "CARGO_INCREMENTAL=0" "-e" "RUST_BACKTRACE=full" "-e" "RUSTFLAGS=--cap-lints=warn" "-e" "RUSTDOCFLAGS=--cap-lints=warn" "-e" "CARGO_HOME=/opt/rustwide/cargo-home" "-e" "RUSTUP_HOME=/opt/rustwide/rustup-home" "-w" "/opt/rustwide/workdir" "-m" "1610612736" "--user" "0:0" "--network" "none" "ghcr.io/rust-lang/crates-build-env/linux@sha256:2788e3201cd34a07e3172128adcd8b3090168a8e3bcc40d7c032b9dda1df7d1c" "/opt/rustwide/cargo-home/bin/cargo" "+1.75.0" "test" "--frozen", kill_on_drop: false }`
[INFO] [stdout] 6fb001c97d1c34d84cd5a197404a2700c93028c8c6fbc2c673d81116ec771e6d
[INFO] running `Command { std: "docker" "start" "-a" "6fb001c97d1c34d84cd5a197404a2700c93028c8c6fbc2c673d81116ec771e6d", kill_on_drop: false }`
[INFO] [stderr] warning: found module declaration for lib.rs
[INFO] [stderr]  --> src/main.rs:7:1
[INFO] [stderr]   |
[INFO] [stderr] 7 | mod lib;
[INFO] [stderr]   | ^^^^^^^^
[INFO] [stderr]   |
[INFO] [stderr]   = note: lib.rs is the root of this crate's library target
[INFO] [stderr]   = help: to refer to it from other targets, use the library's name as the path
[INFO] [stderr]   = note: `#[warn(special_module_name)]` on by default
[INFO] [stderr] 
[INFO] [stderr] warning: `kenku_control` (bin "kenku_control" test) generated 1 warning
[INFO] [stderr]     Finished test [unoptimized + debuginfo] target(s) in 0.12s
[INFO] [stderr]      Running unittests src/lib.rs (/opt/rustwide/target/debug/deps/kenku_control-83e44c5a1754ad2c)
[INFO] [stdout] 
[INFO] [stderr]      Running unittests src/main.rs (/opt/rustwide/target/debug/deps/kenku_control-cd5c5b3b95c4c6a7)
[INFO] [stdout] running 0 tests
[INFO] [stdout] 
[INFO] [stdout] test result: ok. 0 passed; 0 failed; 0 ignored; 0 measured; 0 filtered out; finished in 0.00s
[INFO] [stdout] 
[INFO] [stderr]    Doc-tests kenku_control
[INFO] [stdout] 
[INFO] [stdout] running 0 tests
[INFO] [stdout] 
[INFO] [stdout] test result: ok. 0 passed; 0 failed; 0 ignored; 0 measured; 0 filtered out; finished in 0.00s
[INFO] [stdout] 
[INFO] [stdout] 
[INFO] [stdout] running 17 tests
[INFO] [stdout] test src/lib.rs - Controller::get_soundboard_playback (line 955) ... FAILED
[INFO] [stdout] test src/lib.rs - check_kenku_server_state (line 396) ... FAILED
[INFO] [stdout] test src/lib.rs - Controller::get_playlist_playback (line 1023) ... FAILED
[INFO] [stdout] test src/lib.rs - Controller::new (line 895) ... FAILED
[INFO] [stdout] test src/lib.rs - Controller::get_soundboard (line 922) ... FAILED
[INFO] [stdout] test src/lib.rs - playback_mute (line 679) ... FAILED
[INFO] [stdout] test src/lib.rs - playback_next (line 647) ... FAILED
[INFO] [stdout] test src/lib.rs - Controller::get_playlist (line 990) ... FAILED
[INFO] [stdout] test src/lib.rs - playback_pause (line 616) ... FAILED
[INFO] [stdout] test src/lib.rs - process_url (line 426) ... FAILED
[INFO] [stdout] test src/lib.rs - playback_shuffle (line 775) ... FAILED
[INFO] [stdout] test src/lib.rs - playback_play (line 585) ... FAILED
[INFO] [stdout] test src/lib.rs - soundboard::Sounds::play (line 112) ... FAILED
[INFO] [stdout] test src/lib.rs - playback_repeat (line 825) ... FAILED
[INFO] [stdout] test src/lib.rs - playlist::Track::play (line 316) ... FAILED
[INFO] [stdout] test src/lib.rs - soundboard::Sounds::stop (line 157) ... FAILED
[INFO] [stdout] test src/lib.rs - playback_volume (line 724) ... FAILED
[INFO] [stdout] 
[INFO] [stdout] failures:
[INFO] [stdout] 
[INFO] [stdout] ---- src/lib.rs - Controller::get_soundboard_playback (line 955) stdout ----
[INFO] [stdout] error[E0433]: failed to resolve: use of undeclared type `Controller`
[INFO] [stdout]  --> src/lib.rs:959:18
[INFO] [stdout]   |
[INFO] [stdout] 6 | let controller = Controller::new(ip, port);
[INFO] [stdout]   |                  ^^^^^^^^^^ use of undeclared type `Controller`
[INFO] [stdout]   |
[INFO] [stdout] help: consider importing this struct
[INFO] [stdout]   |
[INFO] [stdout] 2 + use kenku_control::Controller;
[INFO] [stdout]   |
[INFO] [stdout] 
[INFO] [stdout] error[E0728]: `await` is only allowed inside `async` functions and blocks
[INFO] [stdout]  --> src/lib.rs:960:38
[INFO] [stdout]   |
[INFO] [stdout] 2 | fn main() { #[allow(non_snake_case)] fn _doctest_main_src_lib_rs_955_0() {
[INFO] [stdout]   |                                         ------------------------------ this is not `async`
[INFO] [stdout] ...
[INFO] [stdout] 7 | controller.get_soundboard_playback().await.unwrap();
[INFO] [stdout]   |                                      ^^^^^ only allowed inside `async` functions and blocks
[INFO] [stdout] 
[INFO] [stdout] error: aborting due to 2 previous errors
[INFO] [stdout] 
[INFO] [stdout] Some errors have detailed explanations: E0433, E0728.
[INFO] [stdout] For more information about an error, try `rustc --explain E0433`.
[INFO] [stdout] Couldn't compile the test.
[INFO] [stdout] ---- src/lib.rs - check_kenku_server_state (line 396) stdout ----
[INFO] [stdout] error[E0425]: cannot find function `check_kenku_server_state` in this scope
[INFO] [stdout]  --> src/lib.rs:397:13
[INFO] [stdout]   |
[INFO] [stdout] 3 | let state = check_kenku_server_state(&"127.0.0.1".to_string(), &"3333".to_string()).await;
[INFO] [stdout]   |             ^^^^^^^^^^^^^^^^^^^^^^^^ not found in this scope
[INFO] [stdout]   |
[INFO] [stdout] help: consider importing this function
[INFO] [stdout]   |
[INFO] [stdout] 2 + use kenku_control::check_kenku_server_state;
[INFO] [stdout]   |
[INFO] [stdout] 
[INFO] [stdout] error[E0728]: `await` is only allowed inside `async` functions and blocks
[INFO] [stdout]  --> src/lib.rs:397:85
[INFO] [stdout]   |
[INFO] [stdout] 2 | fn main() { #[allow(non_snake_case)] fn _doctest_main_src_lib_rs_396_0() {
[INFO] [stdout]   |                                         ------------------------------ this is not `async`
[INFO] [stdout] 3 | let state = check_kenku_server_state(&"127.0.0.1".to_string(), &"3333".to_string()).await;
[INFO] [stdout]   |                                                                                     ^^^^^ only allowed inside `async` functions and blocks
[INFO] [stdout] 
[INFO] [stdout] error: aborting due to 2 previous errors
[INFO] [stdout] 
[INFO] [stdout] Some errors have detailed explanations: E0425, E0728.
[INFO] [stdout] For more information about an error, try `rustc --explain E0425`.
[INFO] [stdout] Couldn't compile the test.
[INFO] [stdout] ---- src/lib.rs - Controller::get_playlist_playback (line 1023) stdout ----
[INFO] [stdout] error[E0433]: failed to resolve: use of undeclared type `Controller`
[INFO] [stdout]  --> src/lib.rs:1027:18
[INFO] [stdout]   |
[INFO] [stdout] 6 | let controller = Controller::new(ip, port);
[INFO] [stdout]   |                  ^^^^^^^^^^ use of undeclared type `Controller`
[INFO] [stdout]   |
[INFO] [stdout] help: consider importing this struct
[INFO] [stdout]   |
[INFO] [stdout] 2 + use kenku_control::Controller;
[INFO] [stdout]   |
[INFO] [stdout] 
[INFO] [stdout] error[E0728]: `await` is only allowed inside `async` functions and blocks
[INFO] [stdout]  --> src/lib.rs:1028:36
[INFO] [stdout]   |
[INFO] [stdout] 2 | fn main() { #[allow(non_snake_case)] fn _doctest_main_src_lib_rs_1023_0() {
[INFO] [stdout]   |                                         ------------------------------- this is not `async`
[INFO] [stdout] ...
[INFO] [stdout] 7 | controller.get_playlist_playback().await.unwrap();
[INFO] [stdout]   |                                    ^^^^^ only allowed inside `async` functions and blocks
[INFO] [stdout] 
[INFO] [stdout] error: aborting due to 2 previous errors
[INFO] [stdout] 
[INFO] [stdout] Some errors have detailed explanations: E0433, E0728.
[INFO] [stdout] For more information about an error, try `rustc --explain E0433`.
[INFO] [stdout] Couldn't compile the test.
[INFO] [stdout] ---- src/lib.rs - Controller::new (line 895) stdout ----
[INFO] [stdout] error[E0433]: failed to resolve: use of undeclared type `Controller`
[INFO] [stdout]  --> src/lib.rs:899:18
[INFO] [stdout]   |
[INFO] [stdout] 6 | let controller = Controller::new(ip, port);
[INFO] [stdout]   |                  ^^^^^^^^^^ use of undeclared type `Controller`
[INFO] [stdout]   |
[INFO] [stdout] help: consider importing this struct
[INFO] [stdout]   |
[INFO] [stdout] 2 + use kenku_control::Controller;
[INFO] [stdout]   |
[INFO] [stdout] 
[INFO] [stdout] error: aborting due to previous error
[INFO] [stdout] 
[INFO] [stdout] For more information about this error, try `rustc --explain E0433`.
[INFO] [stdout] Couldn't compile the test.
[INFO] [stdout] ---- src/lib.rs - Controller::get_soundboard (line 922) stdout ----
[INFO] [stdout] error[E0433]: failed to resolve: use of undeclared type `Controller`
[INFO] [stdout]  --> src/lib.rs:926:18
[INFO] [stdout]   |
[INFO] [stdout] 6 | let controller = Controller::new(ip, port);
[INFO] [stdout]   |                  ^^^^^^^^^^ use of undeclared type `Controller`
[INFO] [stdout]   |
[INFO] [stdout] help: consider importing this struct
[INFO] [stdout]   |
[INFO] [stdout] 2 + use kenku_control::Controller;
[INFO] [stdout]   |
[INFO] [stdout] 
[INFO] [stdout] error[E0728]: `await` is only allowed inside `async` functions and blocks
[INFO] [stdout]  --> src/lib.rs:927:29
[INFO] [stdout]   |
[INFO] [stdout] 2 | fn main() { #[allow(non_snake_case)] fn _doctest_main_src_lib_rs_922_0() {
[INFO] [stdout]   |                                         ------------------------------ this is not `async`
[INFO] [stdout] ...
[INFO] [stdout] 7 | controller.get_soundboard().await.unwrap();
[INFO] [stdout]   |                             ^^^^^ only allowed inside `async` functions and blocks
[INFO] [stdout] 
[INFO] [stdout] error: aborting due to 2 previous errors
[INFO] [stdout] 
[INFO] [stdout] Some errors have detailed explanations: E0433, E0728.
[INFO] [stdout] For more information about an error, try `rustc --explain E0433`.
[INFO] [stdout] Couldn't compile the test.
[INFO] [stdout] ---- src/lib.rs - playback_mute (line 679) stdout ----
[INFO] [stdout] error[E0433]: failed to resolve: use of undeclared type `Controller`
[INFO] [stdout]  --> src/lib.rs:683:18
[INFO] [stdout]   |
[INFO] [stdout] 6 | let controller = Controller::new(ip, port);
[INFO] [stdout]   |                  ^^^^^^^^^^ use of undeclared type `Controller`
[INFO] [stdout]   |
[INFO] [stdout] help: consider importing this struct
[INFO] [stdout]   |
[INFO] [stdout] 2 + use kenku_control::Controller;
[INFO] [stdout]   |
[INFO] [stdout] 
[INFO] [stdout] error[E0425]: cannot find function `playback_mute` in this scope
[INFO] [stdout]  --> src/lib.rs:686:14
[INFO] [stdout]   |
[INFO] [stdout] 9 | let status = playback_mute(&controller, mute).await;
[INFO] [stdout]   |              ^^^^^^^^^^^^^ not found in this scope
[INFO] [stdout]   |
[INFO] [stdout] help: consider importing this function
[INFO] [stdout]   |
[INFO] [stdout] 2 + use kenku_control::playback_mute;
[INFO] [stdout]   |
[INFO] [stdout] 
[INFO] [stdout] error[E0728]: `await` is only allowed inside `async` functions and blocks
[INFO] [stdout]  --> src/lib.rs:686:47
[INFO] [stdout]   |
[INFO] [stdout] 2 | fn main() { #[allow(non_snake_case)] fn _doctest_main_src_lib_rs_679_0() {
[INFO] [stdout]   |                                         ------------------------------ this is not `async`
[INFO] [stdout] ...
[INFO] [stdout] 9 | let status = playback_mute(&controller, mute).await;
[INFO] [stdout]   |                                               ^^^^^ only allowed inside `async` functions and blocks
[INFO] [stdout] 
[INFO] [stdout] error: aborting due to 3 previous errors
[INFO] [stdout] 
[INFO] [stdout] Some errors have detailed explanations: E0425, E0433, E0728.
[INFO] [stdout] For more information about an error, try `rustc --explain E0425`.
[INFO] [stdout] Couldn't compile the test.
[INFO] [stdout] ---- src/lib.rs - playback_next (line 647) stdout ----
[INFO] [stdout] error[E0433]: failed to resolve: use of undeclared type `Controller`
[INFO] [stdout]  --> src/lib.rs:651:18
[INFO] [stdout]   |
[INFO] [stdout] 6 | let controller = Controller::new(ip, port);
[INFO] [stdout]   |                  ^^^^^^^^^^ use of undeclared type `Controller`
[INFO] [stdout]   |
[INFO] [stdout] help: consider importing this struct
[INFO] [stdout]   |
[INFO] [stdout] 2 + use kenku_control::Controller;
[INFO] [stdout]   |
[INFO] [stdout] 
[INFO] [stdout] error[E0425]: cannot find function `playback_next` in this scope
[INFO] [stdout]  --> src/lib.rs:653:14
[INFO] [stdout]   |
[INFO] [stdout] 8 | let result = playback_next(&controller).await;
[INFO] [stdout]   |              ^^^^^^^^^^^^^ not found in this scope
[INFO] [stdout]   |
[INFO] [stdout] help: consider importing this function
[INFO] [stdout]   |
[INFO] [stdout] 2 + use kenku_control::playback_next;
[INFO] [stdout]   |
[INFO] [stdout] 
[INFO] [stdout] error[E0728]: `await` is only allowed inside `async` functions and blocks
[INFO] [stdout]  --> src/lib.rs:653:41
[INFO] [stdout]   |
[INFO] [stdout] 2 | fn main() { #[allow(non_snake_case)] fn _doctest_main_src_lib_rs_647_0() {
[INFO] [stdout]   |                                         ------------------------------ this is not `async`
[INFO] [stdout] ...
[INFO] [stdout] 8 | let result = playback_next(&controller).await;
[INFO] [stdout]   |                                         ^^^^^ only allowed inside `async` functions and blocks
[INFO] [stdout] 
[INFO] [stdout] error: aborting due to 3 previous errors
[INFO] [stdout] 
[INFO] [stdout] Some errors have detailed explanations: E0425, E0433, E0728.
[INFO] [stdout] For more information about an error, try `rustc --explain E0425`.
[INFO] [stdout] Couldn't compile the test.
[INFO] [stdout] ---- src/lib.rs - Controller::get_playlist (line 990) stdout ----
[INFO] [stdout] error[E0433]: failed to resolve: use of undeclared type `Controller`
[INFO] [stdout]  --> src/lib.rs:994:18
[INFO] [stdout]   |
[INFO] [stdout] 6 | let controller = Controller::new(ip, port);
[INFO] [stdout]   |                  ^^^^^^^^^^ use of undeclared type `Controller`
[INFO] [stdout]   |
[INFO] [stdout] help: consider importing this struct
[INFO] [stdout]   |
[INFO] [stdout] 2 + use kenku_control::Controller;
[INFO] [stdout]   |
[INFO] [stdout] 
[INFO] [stdout] error[E0728]: `await` is only allowed inside `async` functions and blocks
[INFO] [stdout]  --> src/lib.rs:995:27
[INFO] [stdout]   |
[INFO] [stdout] 2 | fn main() { #[allow(non_snake_case)] fn _doctest_main_src_lib_rs_990_0() {
[INFO] [stdout]   |                                         ------------------------------ this is not `async`
[INFO] [stdout] ...
[INFO] [stdout] 7 | controller.get_playlist().await.unwrap();
[INFO] [stdout]   |                           ^^^^^ only allowed inside `async` functions and blocks
[INFO] [stdout] 
[INFO] [stdout] error: aborting due to 2 previous errors
[INFO] [stdout] 
[INFO] [stdout] Some errors have detailed explanations: E0433, E0728.
[INFO] [stdout] For more information about an error, try `rustc --explain E0433`.
[INFO] [stdout] Couldn't compile the test.
[INFO] [stdout] ---- src/lib.rs - playback_pause (line 616) stdout ----
[INFO] [stdout] error[E0433]: failed to resolve: use of undeclared type `Controller`
[INFO] [stdout]  --> src/lib.rs:620:18
[INFO] [stdout]   |
[INFO] [stdout] 6 | let controller = Controller::new(ip, port);
[INFO] [stdout]   |                  ^^^^^^^^^^ use of undeclared type `Controller`
[INFO] [stdout]   |
[INFO] [stdout] help: consider importing this struct
[INFO] [stdout]   |
[INFO] [stdout] 2 + use kenku_control::Controller;
[INFO] [stdout]   |
[INFO] [stdout] 
[INFO] [stdout] error[E0425]: cannot find function `playback_pause` in this scope
[INFO] [stdout]  --> src/lib.rs:622:14
[INFO] [stdout]   |
[INFO] [stdout] 8 | let result = playback_pause(&controller).await;
[INFO] [stdout]   |              ^^^^^^^^^^^^^^ not found in this scope
[INFO] [stdout]   |
[INFO] [stdout] help: consider importing this function
[INFO] [stdout]   |
[INFO] [stdout] 2 + use kenku_control::playback_pause;
[INFO] [stdout]   |
[INFO] [stdout] 
[INFO] [stdout] error[E0728]: `await` is only allowed inside `async` functions and blocks
[INFO] [stdout]  --> src/lib.rs:622:42
[INFO] [stdout]   |
[INFO] [stdout] 2 | fn main() { #[allow(non_snake_case)] fn _doctest_main_src_lib_rs_616_0() {
[INFO] [stdout]   |                                         ------------------------------ this is not `async`
[INFO] [stdout] ...
[INFO] [stdout] 8 | let result = playback_pause(&controller).await;
[INFO] [stdout]   |                                          ^^^^^ only allowed inside `async` functions and blocks
[INFO] [stdout] 
[INFO] [stdout] error: aborting due to 3 previous errors
[INFO] [stdout] 
[INFO] [stdout] Some errors have detailed explanations: E0425, E0433, E0728.
[INFO] [stdout] For more information about an error, try `rustc --explain E0425`.
[INFO] [stdout] Couldn't compile the test.
[INFO] [stdout] ---- src/lib.rs - process_url (line 426) stdout ----
[INFO] [stdout] error[E0433]: failed to resolve: use of undeclared type `KenkuGetCommand`
[INFO] [stdout]  --> src/lib.rs:427:15
[INFO] [stdout]   |
[INFO] [stdout] 3 | let command = KenkuGetCommand::Soundboard;
[INFO] [stdout]   |               ^^^^^^^^^^^^^^^ use of undeclared type `KenkuGetCommand`
[INFO] [stdout]   |
[INFO] [stdout] help: consider importing this enum
[INFO] [stdout]   |
[INFO] [stdout] 2 + use kenku_control::KenkuGetCommand;
[INFO] [stdout]   |
[INFO] [stdout] 
[INFO] [stdout] error[E0425]: cannot find function `process_url` in this scope
[INFO] [stdout]  --> src/lib.rs:430:11
[INFO] [stdout]   |
[INFO] [stdout] 6 | let url = process_url(&command, &ip, &port);
[INFO] [stdout]   |           ^^^^^^^^^^^ not found in this scope
[INFO] [stdout]   |
[INFO] [stdout] help: consider importing this function
[INFO] [stdout]   |
[INFO] [stdout] 2 + use kenku_control::process_url;
[INFO] [stdout]   |
[INFO] [stdout] 
[INFO] [stdout] error: aborting due to 2 previous errors
[INFO] [stdout] 
[INFO] [stdout] Some errors have detailed explanations: E0425, E0433.
[INFO] [stdout] For more information about an error, try `rustc --explain E0425`.
[INFO] [stdout] Couldn't compile the test.
[INFO] [stdout] ---- src/lib.rs - playback_shuffle (line 775) stdout ----
[INFO] [stdout] error[E0433]: failed to resolve: use of undeclared type `Controller`
[INFO] [stdout]  --> src/lib.rs:779:18
[INFO] [stdout]   |
[INFO] [stdout] 6 | let controller = Controller::new(ip, port);
[INFO] [stdout]   |                  ^^^^^^^^^^ use of undeclared type `Controller`
[INFO] [stdout]   |
[INFO] [stdout] help: consider importing this struct
[INFO] [stdout]   |
[INFO] [stdout] 2 + use kenku_control::Controller;
[INFO] [stdout]   |
[INFO] [stdout] 
[INFO] [stdout] error[E0425]: cannot find function `playback_shuffle` in this scope
[INFO] [stdout]  --> src/lib.rs:781:14
[INFO] [stdout]   |
[INFO] [stdout] 8 | let result = playback_shuffle(&controller, true).await;
[INFO] [stdout]   |              ^^^^^^^^^^^^^^^^ not found in this scope
[INFO] [stdout]   |
[INFO] [stdout] help: consider importing this function
[INFO] [stdout]   |
[INFO] [stdout] 2 + use kenku_control::playback_shuffle;
[INFO] [stdout]   |
[INFO] [stdout] 
[INFO] [stdout] error[E0728]: `await` is only allowed inside `async` functions and blocks
[INFO] [stdout]  --> src/lib.rs:781:50
[INFO] [stdout]   |
[INFO] [stdout] 2 | fn main() { #[allow(non_snake_case)] fn _doctest_main_src_lib_rs_775_0() {
[INFO] [stdout]   |                                         ------------------------------ this is not `async`
[INFO] [stdout] ...
[INFO] [stdout] 8 | let result = playback_shuffle(&controller, true).await;
[INFO] [stdout]   |                                                  ^^^^^ only allowed inside `async` functions and blocks
[INFO] [stdout] 
[INFO] [stdout] error: aborting due to 3 previous errors
[INFO] [stdout] 
[INFO] [stdout] Some errors have detailed explanations: E0425, E0433, E0728.
[INFO] [stdout] For more information about an error, try `rustc --explain E0425`.
[INFO] [stdout] Couldn't compile the test.
[INFO] [stdout] ---- src/lib.rs - playback_play (line 585) stdout ----
[INFO] [stdout] error[E0433]: failed to resolve: use of undeclared type `Controller`
[INFO] [stdout]  --> src/lib.rs:589:18
[INFO] [stdout]   |
[INFO] [stdout] 6 | let controller = Controller::new(ip, port);
[INFO] [stdout]   |                  ^^^^^^^^^^ use of undeclared type `Controller`
[INFO] [stdout]   |
[INFO] [stdout] help: consider importing this struct
[INFO] [stdout]   |
[INFO] [stdout] 2 + use kenku_control::Controller;
[INFO] [stdout]   |
[INFO] [stdout] 
[INFO] [stdout] error[E0425]: cannot find function `playback_play` in this scope
[INFO] [stdout]  --> src/lib.rs:591:14
[INFO] [stdout]   |
[INFO] [stdout] 8 | let result = playback_play(&controller).await;
[INFO] [stdout]   |              ^^^^^^^^^^^^^ not found in this scope
[INFO] [stdout]   |
[INFO] [stdout] help: consider importing this function
[INFO] [stdout]   |
[INFO] [stdout] 2 + use kenku_control::playback_play;
[INFO] [stdout]   |
[INFO] [stdout] 
[INFO] [stdout] error[E0728]: `await` is only allowed inside `async` functions and blocks
[INFO] [stdout]  --> src/lib.rs:591:41
[INFO] [stdout]   |
[INFO] [stdout] 2 | fn main() { #[allow(non_snake_case)] fn _doctest_main_src_lib_rs_585_0() {
[INFO] [stdout]   |                                         ------------------------------ this is not `async`
[INFO] [stdout] ...
[INFO] [stdout] 8 | let result = playback_play(&controller).await;
[INFO] [stdout]   |                                         ^^^^^ only allowed inside `async` functions and blocks
[INFO] [stdout] 
[INFO] [stdout] error: aborting due to 3 previous errors
[INFO] [stdout] 
[INFO] [stdout] Some errors have detailed explanations: E0425, E0433, E0728.
[INFO] [stdout] For more information about an error, try `rustc --explain E0425`.
[INFO] [stdout] Couldn't compile the test.
[INFO] [stdout] ---- src/lib.rs - soundboard::Sounds::play (line 112) stdout ----
[INFO] [stdout] error[E0433]: failed to resolve: use of undeclared type `Controller`
[INFO] [stdout]  --> src/lib.rs:116:18
[INFO] [stdout]   |
[INFO] [stdout] 6 | let controller = Controller::new(ip, port);
[INFO] [stdout]   |                  ^^^^^^^^^^ use of undeclared type `Controller`
[INFO] [stdout]   |
[INFO] [stdout] help: consider importing this struct
[INFO] [stdout]   |
[INFO] [stdout] 2 + use kenku_control::Controller;
[INFO] [stdout]   |
[INFO] [stdout] 
[INFO] [stdout] error[E0728]: `await` is only allowed inside `async` functions and blocks
[INFO] [stdout]  --> src/lib.rs:118:44
[INFO] [stdout]   |
[INFO] [stdout] 2 | fn main() { #[allow(non_snake_case)] fn _doctest_main_src_lib_rs_112_0() {
[INFO] [stdout]   |                                         ------------------------------ this is not `async`
[INFO] [stdout] ...
[INFO] [stdout] 8 | let playlist = controller.get_soundboard().await.unwrap();
[INFO] [stdout]   |                                            ^^^^^ only allowed inside `async` functions and blocks
[INFO] [stdout] 
[INFO] [stdout] error[E0728]: `await` is only allowed inside `async` functions and blocks
[INFO] [stdout]   --> src/lib.rs:121:29
[INFO] [stdout]    |
[INFO] [stdout] 2  | fn main() { #[allow(non_snake_case)] fn _doctest_main_src_lib_rs_112_0() {
[INFO] [stdout]    |                                         ------------------------------ this is not `async`
[INFO] [stdout] ...
[INFO] [stdout] 11 |     sound.play(&controller).await;
[INFO] [stdout]    |                             ^^^^^ only allowed inside `async` functions and blocks
[INFO] [stdout] 
[INFO] [stdout] error: aborting due to 3 previous errors
[INFO] [stdout] 
[INFO] [stdout] Some errors have detailed explanations: E0433, E0728.
[INFO] [stdout] For more information about an error, try `rustc --explain E0433`.
[INFO] [stdout] Couldn't compile the test.
[INFO] [stdout] ---- src/lib.rs - playback_repeat (line 825) stdout ----
[INFO] [stdout] error[E0433]: failed to resolve: use of undeclared type `Controller`
[INFO] [stdout]  --> src/lib.rs:829:18
[INFO] [stdout]   |
[INFO] [stdout] 6 | let controller = Controller::new(ip, port);
[INFO] [stdout]   |                  ^^^^^^^^^^ use of undeclared type `Controller`
[INFO] [stdout]   |
[INFO] [stdout] help: consider importing this struct
[INFO] [stdout]   |
[INFO] [stdout] 2 + use kenku_control::Controller;
[INFO] [stdout]   |
[INFO] [stdout] 
[INFO] [stdout] error[E0433]: failed to resolve: use of undeclared type `Repeat`
[INFO] [stdout]  --> src/lib.rs:831:14
[INFO] [stdout]   |
[INFO] [stdout] 8 | let repeat = Repeat::Playlist;
[INFO] [stdout]   |              ^^^^^^ use of undeclared type `Repeat`
[INFO] [stdout]   |
[INFO] [stdout] help: consider importing one of these items
[INFO] [stdout]   |
[INFO] [stdout] 2 + use core::iter::Repeat;
[INFO] [stdout]   |
[INFO] [stdout] 2 + use kenku_control::playlist::Repeat;
[INFO] [stdout]   |
[INFO] [stdout] 2 + use std::io::Repeat;
[INFO] [stdout]   |
[INFO] [stdout] 2 + use std::iter::Repeat;
[INFO] [stdout]   |
[INFO] [stdout] 
[INFO] [stdout] error[E0425]: cannot find function `playback_repeat` in this scope
[INFO] [stdout]  --> src/lib.rs:832:14
[INFO] [stdout]   |
[INFO] [stdout] 9 | let status = playback_repeat(&controller, repeat).await;
[INFO] [stdout]   |              ^^^^^^^^^^^^^^^ not found in this scope
[INFO] [stdout]   |
[INFO] [stdout] help: consider importing this function
[INFO] [stdout]   |
[INFO] [stdout] 2 + use kenku_control::playback_repeat;
[INFO] [stdout]   |
[INFO] [stdout] 
[INFO] [stdout] error[E0728]: `await` is only allowed inside `async` functions and blocks
[INFO] [stdout]  --> src/lib.rs:832:51
[INFO] [stdout]   |
[INFO] [stdout] 2 | fn main() { #[allow(non_snake_case)] fn _doctest_main_src_lib_rs_825_0() {
[INFO] [stdout]   |                                         ------------------------------ this is not `async`
[INFO] [stdout] ...
[INFO] [stdout] 9 | let status = playback_repeat(&controller, repeat).await;
[INFO] [stdout]   |                                                   ^^^^^ only allowed inside `async` functions and blocks
[INFO] [stdout] 
[INFO] [stdout] error: aborting due to 4 previous errors
[INFO] [stdout] 
[INFO] [stdout] Some errors have detailed explanations: E0425, E0433, E0728.
[INFO] [stdout] For more information about an error, try `rustc --explain E0425`.
[INFO] [stdout] Couldn't compile the test.
[INFO] [stdout] ---- src/lib.rs - playlist::Track::play (line 316) stdout ----
[INFO] [stdout] error[E0433]: failed to resolve: use of undeclared type `Controller`
[INFO] [stdout]  --> src/lib.rs:320:18
[INFO] [stdout]   |
[INFO] [stdout] 6 | let controller = Controller::new(ip, port);
[INFO] [stdout]   |                  ^^^^^^^^^^ use of undeclared type `Controller`
[INFO] [stdout]   |
[INFO] [stdout] help: consider importing this struct
[INFO] [stdout]   |
[INFO] [stdout] 2 + use kenku_control::Controller;
[INFO] [stdout]   |
[INFO] [stdout] 
[INFO] [stdout] error[E0728]: `await` is only allowed inside `async` functions and blocks
[INFO] [stdout]  --> src/lib.rs:322:42
[INFO] [stdout]   |
[INFO] [stdout] 2 | fn main() { #[allow(non_snake_case)] fn _doctest_main_src_lib_rs_316_0() {
[INFO] [stdout]   |                                         ------------------------------ this is not `async`
[INFO] [stdout] ...
[INFO] [stdout] 8 | let playlist = controller.get_playlist().await.unwrap();
[INFO] [stdout]   |                                          ^^^^^ only allowed inside `async` functions and blocks
[INFO] [stdout] 
[INFO] [stdout] error[E0728]: `await` is only allowed inside `async` functions and blocks
[INFO] [stdout]   --> src/lib.rs:325:29
[INFO] [stdout]    |
[INFO] [stdout] 2  | fn main() { #[allow(non_snake_case)] fn _doctest_main_src_lib_rs_316_0() {
[INFO] [stdout]    |                                         ------------------------------ this is not `async`
[INFO] [stdout] ...
[INFO] [stdout] 11 |     track.play(&controller).await;
[INFO] [stdout]    |                             ^^^^^ only allowed inside `async` functions and blocks
[INFO] [stdout] 
[INFO] [stdout] error: aborting due to 3 previous errors
[INFO] [stdout] 
[INFO] [stdout] Some errors have detailed explanations: E0433, E0728.
[INFO] [stdout] For more information about an error, try `rustc --explain E0433`.
[INFO] [stdout] Couldn't compile the test.
[INFO] [stdout] ---- src/lib.rs - soundboard::Sounds::stop (line 157) stdout ----
[INFO] [stdout] error[E0433]: failed to resolve: use of undeclared type `Controller`
[INFO] [stdout]  --> src/lib.rs:161:18
[INFO] [stdout]   |
[INFO] [stdout] 6 | let controller = Controller::new(ip, port);
[INFO] [stdout]   |                  ^^^^^^^^^^ use of undeclared type `Controller`
[INFO] [stdout]   |
[INFO] [stdout] help: consider importing this struct
[INFO] [stdout]   |
[INFO] [stdout] 2 + use kenku_control::Controller;
[INFO] [stdout]   |
[INFO] [stdout] 
[INFO] [stdout] error[E0728]: `await` is only allowed inside `async` functions and blocks
[INFO] [stdout]  --> src/lib.rs:163:44
[INFO] [stdout]   |
[INFO] [stdout] 2 | fn main() { #[allow(non_snake_case)] fn _doctest_main_src_lib_rs_157_0() {
[INFO] [stdout]   |                                         ------------------------------ this is not `async`
[INFO] [stdout] ...
[INFO] [stdout] 8 | let playlist = controller.get_soundboard().await.unwrap();
[INFO] [stdout]   |                                            ^^^^^ only allowed inside `async` functions and blocks
[INFO] [stdout] 
[INFO] [stdout] error[E0728]: `await` is only allowed inside `async` functions and blocks
[INFO] [stdout]   --> src/lib.rs:166:29
[INFO] [stdout]    |
[INFO] [stdout] 2  | fn main() { #[allow(non_snake_case)] fn _doctest_main_src_lib_rs_157_0() {
[INFO] [stdout]    |                                         ------------------------------ this is not `async`
[INFO] [stdout] ...
[INFO] [stdout] 11 |     sound.stop(&controller).await;
[INFO] [stdout]    |                             ^^^^^ only allowed inside `async` functions and blocks
[INFO] [stdout] 
[INFO] [stdout] error: aborting due to 3 previous errors
[INFO] [stdout] 
[INFO] [stdout] Some errors have detailed explanations: E0433, E0728.
[INFO] [stdout] For more information about an error, try `rustc --explain E0433`.
[INFO] [stdout] Couldn't compile the test.
[INFO] [stdout] ---- src/lib.rs - playback_volume (line 724) stdout ----
[INFO] [stdout] error[E0433]: failed to resolve: use of undeclared type `Controller`
[INFO] [stdout]  --> src/lib.rs:728:18
[INFO] [stdout]   |
[INFO] [stdout] 6 | let controller = Controller::new(ip, port);
[INFO] [stdout]   |                  ^^^^^^^^^^ use of undeclared type `Controller`
[INFO] [stdout]   |
[INFO] [stdout] help: consider importing this struct
[INFO] [stdout]   |
[INFO] [stdout] 2 + use kenku_control::Controller;
[INFO] [stdout]   |
[INFO] [stdout] 
[INFO] [stdout] error[E0425]: cannot find function `playback_volume` in this scope
[INFO] [stdout]  --> src/lib.rs:730:14
[INFO] [stdout]   |
[INFO] [stdout] 8 | let result = playback_volume(&controller, 0.5).await;
[INFO] [stdout]   |              ^^^^^^^^^^^^^^^ not found in this scope
[INFO] [stdout]   |
[INFO] [stdout] help: consider importing this function
[INFO] [stdout]   |
[INFO] [stdout] 2 + use kenku_control::playback_volume;
[INFO] [stdout]   |
[INFO] [stdout] 
[INFO] [stdout] error[E0728]: `await` is only allowed inside `async` functions and blocks
[INFO] [stdout]  --> src/lib.rs:730:48
[INFO] [stdout]   |
[INFO] [stdout] 2 | fn main() { #[allow(non_snake_case)] fn _doctest_main_src_lib_rs_724_0() {
[INFO] [stdout]   |                                         ------------------------------ this is not `async`
[INFO] [stdout] ...
[INFO] [stdout] 8 | let result = playback_volume(&controller, 0.5).await;
[INFO] [stdout]   |                                                ^^^^^ only allowed inside `async` functions and blocks
[INFO] [stdout] 
[INFO] [stdout] error: aborting due to 3 previous errors
[INFO] [stdout] 
[INFO] [stdout] Some errors have detailed explanations: E0425, E0433, E0728.
[INFO] [stdout] For more information about an error, try `rustc --explain E0425`.
[INFO] [stdout] Couldn't compile the test.
[INFO] [stdout] 
[INFO] [stdout] failures:
[INFO] [stdout]     src/lib.rs - Controller::get_playlist (line 990)
[INFO] [stdout]     src/lib.rs - Controller::get_playlist_playback (line 1023)
[INFO] [stdout]     src/lib.rs - Controller::get_soundboard (line 922)
[INFO] [stdout]     src/lib.rs - Controller::get_soundboard_playback (line 955)
[INFO] [stdout]     src/lib.rs - Controller::new (line 895)
[INFO] [stdout]     src/lib.rs - check_kenku_server_state (line 396)
[INFO] [stdout]     src/lib.rs - playback_mute (line 679)
[INFO] [stdout]     src/lib.rs - playback_next (line 647)
[INFO] [stdout]     src/lib.rs - playback_pause (line 616)
[INFO] [stdout]     src/lib.rs - playback_play (line 585)
[INFO] [stdout]     src/lib.rs - playback_repeat (line 825)
[INFO] [stdout]     src/lib.rs - playback_shuffle (line 775)
[INFO] [stdout]     src/lib.rs - playback_volume (line 724)
[INFO] [stdout]     src/lib.rs - playlist::Track::play (line 316)
[INFO] [stdout]     src/lib.rs - process_url (line 426)
[INFO] [stdout]     src/lib.rs - soundboard::Sounds::play (line 112)
[INFO] [stdout]     src/lib.rs - soundboard::Sounds::stop (line 157)
[INFO] [stdout] 
[INFO] [stdout] test result: FAILED. 0 passed; 17 failed; 0 ignored; 0 measured; 0 filtered out; finished in 0.54s
[INFO] [stdout] 
[INFO] [stderr] error: doctest failed, to rerun pass `--doc`
[INFO] running `Command { std: "docker" "inspect" "6fb001c97d1c34d84cd5a197404a2700c93028c8c6fbc2c673d81116ec771e6d", kill_on_drop: false }`
[INFO] running `Command { std: "docker" "rm" "-f" "6fb001c97d1c34d84cd5a197404a2700c93028c8c6fbc2c673d81116ec771e6d", kill_on_drop: false }`
[INFO] [stdout] 6fb001c97d1c34d84cd5a197404a2700c93028c8c6fbc2c673d81116ec771e6d
