[INFO] fetching crate kayrx-ui 0.1.1...
[INFO] testing kayrx-ui-0.1.1 against 1.75.0 for beta-1.76-1
[INFO] extracting crate kayrx-ui 0.1.1 into /workspace/builds/worker-0-tc1/source
[INFO] validating manifest of crates.io crate kayrx-ui 0.1.1 on toolchain 1.75.0
[INFO] running `Command { std: CARGO_HOME="/workspace/cargo-home" RUSTUP_HOME="/workspace/rustup-home" "/workspace/cargo-home/bin/cargo" "+1.75.0" "metadata" "--manifest-path" "Cargo.toml" "--no-deps", kill_on_drop: false }`
[INFO] started tweaking crates.io crate kayrx-ui 0.1.1
[INFO] finished tweaking crates.io crate kayrx-ui 0.1.1
[INFO] tweaked toml for crates.io crate kayrx-ui 0.1.1 written to /workspace/builds/worker-0-tc1/source/Cargo.toml
[INFO] running `Command { std: CARGO_HOME="/workspace/cargo-home" RUSTUP_HOME="/workspace/rustup-home" "/workspace/cargo-home/bin/cargo" "+1.75.0" "generate-lockfile" "--manifest-path" "Cargo.toml", kill_on_drop: false }`
[INFO] [stderr]     Updating crates.io index
[INFO] running `Command { std: CARGO_HOME="/workspace/cargo-home" RUSTUP_HOME="/workspace/rustup-home" "/workspace/cargo-home/bin/cargo" "+1.75.0" "fetch" "--manifest-path" "Cargo.toml", kill_on_drop: false }`
[INFO] [stderr]  Downloading crates ...
[INFO] [stderr]   Downloaded yew-macro v0.14.1
[INFO] [stderr]   Downloaded yew v0.14.3
[INFO] running `Command { std: "docker" "create" "-v" "/var/lib/crater-agent-workspace/builds/worker-0-tc1/target:/opt/rustwide/target:rw,Z" "-v" "/var/lib/crater-agent-workspace/builds/worker-0-tc1/source:/opt/rustwide/workdir:ro,Z" "-v" "/var/lib/crater-agent-workspace/cargo-home:/opt/rustwide/cargo-home:ro,Z" "-v" "/var/lib/crater-agent-workspace/rustup-home:/opt/rustwide/rustup-home:ro,Z" "-e" "SOURCE_DIR=/opt/rustwide/workdir" "-e" "CARGO_TARGET_DIR=/opt/rustwide/target" "-e" "CARGO_HOME=/opt/rustwide/cargo-home" "-e" "RUSTUP_HOME=/opt/rustwide/rustup-home" "-w" "/opt/rustwide/workdir" "-m" "1610612736" "--user" "0:0" "--network" "none" "ghcr.io/rust-lang/crates-build-env/linux@sha256:2788e3201cd34a07e3172128adcd8b3090168a8e3bcc40d7c032b9dda1df7d1c" "/opt/rustwide/cargo-home/bin/cargo" "+1.75.0" "metadata" "--no-deps" "--format-version=1", kill_on_drop: false }`
[INFO] [stdout] ef81bb866ce58b8137f459c5af4b00ff01cae6b6bab6f22f8077000b1cabc322
[INFO] running `Command { std: "docker" "start" "-a" "ef81bb866ce58b8137f459c5af4b00ff01cae6b6bab6f22f8077000b1cabc322", kill_on_drop: false }`
[INFO] running `Command { std: "docker" "inspect" "ef81bb866ce58b8137f459c5af4b00ff01cae6b6bab6f22f8077000b1cabc322", kill_on_drop: false }`
[INFO] running `Command { std: "docker" "rm" "-f" "ef81bb866ce58b8137f459c5af4b00ff01cae6b6bab6f22f8077000b1cabc322", kill_on_drop: false }`
[INFO] [stdout] ef81bb866ce58b8137f459c5af4b00ff01cae6b6bab6f22f8077000b1cabc322
[INFO] running `Command { std: "docker" "create" "-v" "/var/lib/crater-agent-workspace/builds/worker-0-tc1/target:/opt/rustwide/target:rw,Z" "-v" "/var/lib/crater-agent-workspace/builds/worker-0-tc1/source:/opt/rustwide/workdir:ro,Z" "-v" "/var/lib/crater-agent-workspace/cargo-home:/opt/rustwide/cargo-home:ro,Z" "-v" "/var/lib/crater-agent-workspace/rustup-home:/opt/rustwide/rustup-home:ro,Z" "-e" "SOURCE_DIR=/opt/rustwide/workdir" "-e" "CARGO_TARGET_DIR=/opt/rustwide/target" "-e" "CARGO_INCREMENTAL=0" "-e" "RUST_BACKTRACE=full" "-e" "RUSTFLAGS=--cap-lints=warn" "-e" "RUSTDOCFLAGS=--cap-lints=warn" "-e" "CARGO_HOME=/opt/rustwide/cargo-home" "-e" "RUSTUP_HOME=/opt/rustwide/rustup-home" "-w" "/opt/rustwide/workdir" "-m" "1610612736" "--user" "0:0" "--network" "none" "ghcr.io/rust-lang/crates-build-env/linux@sha256:2788e3201cd34a07e3172128adcd8b3090168a8e3bcc40d7c032b9dda1df7d1c" "/opt/rustwide/cargo-home/bin/cargo" "+1.75.0" "build" "--frozen" "--message-format=json", kill_on_drop: false }`
[INFO] [stdout] 7509ff5b53492a0b211cb076168be6af88bc7bf391806cb50007496d1a28a768
[INFO] running `Command { std: "docker" "start" "-a" "7509ff5b53492a0b211cb076168be6af88bc7bf391806cb50007496d1a28a768", kill_on_drop: false }`
[INFO] [stderr]    Compiling wasm-bindgen-shared v0.2.89
[INFO] [stderr]    Compiling bumpalo v3.14.0
[INFO] [stderr]    Compiling once_cell v1.19.0
[INFO] [stderr]    Compiling wasm-bindgen v0.2.89
[INFO] [stderr]    Compiling futures-sink v0.3.30
[INFO] [stderr]    Compiling futures-core v0.3.30
[INFO] [stderr]    Compiling serde v1.0.194
[INFO] [stderr]    Compiling futures-io v0.3.30
[INFO] [stderr]    Compiling futures-task v0.3.30
[INFO] [stderr]    Compiling syn v1.0.109
[INFO] [stderr]    Compiling slab v0.4.9
[INFO] [stderr]    Compiling proc-macro-hack v0.5.20+deprecated
[INFO] [stderr]    Compiling indexmap v1.9.3
[INFO] [stderr]    Compiling serde_json v1.0.111
[INFO] [stderr]    Compiling syn v2.0.48
[INFO] [stderr]    Compiling proc-macro-nested v0.1.7
[INFO] [stderr]    Compiling anyhow v1.0.79
[INFO] [stderr]    Compiling futures-channel v0.3.30
[INFO] [stderr]    Compiling itoa v1.0.10
[INFO] [stderr]    Compiling hashbrown v0.12.3
[INFO] [stderr]    Compiling byteorder v1.5.0
[INFO] [stderr]    Compiling ryu v1.0.16
[INFO] [stderr]    Compiling yew v0.14.3
[INFO] [stderr]    Compiling boolinator v2.4.0
[INFO] [stderr]    Compiling bytes v1.5.0
[INFO] [stderr]    Compiling lazy_static v1.4.0
[INFO] [stderr]    Compiling cfg-match v0.2.1
[INFO] [stderr]    Compiling anymap v0.12.1
[INFO] [stderr]    Compiling http v0.2.11
[INFO] [stderr]    Compiling wasm-bindgen-backend v0.2.89
[INFO] [stderr]    Compiling futures-macro v0.3.30
[INFO] [stderr]    Compiling serde_derive v1.0.194
[INFO] [stderr]    Compiling thiserror-impl v1.0.56
[INFO] [stderr]    Compiling wasm-bindgen-macro-support v0.2.89
[INFO] [stderr]    Compiling yew-macro v0.14.1
[INFO] [stderr]    Compiling wasm-bindgen-macro v0.2.89
[INFO] [stderr]    Compiling futures-util v0.3.30
[INFO] [stderr]    Compiling thiserror v1.0.56
[INFO] [stderr]    Compiling js-sys v0.3.66
[INFO] [stderr]    Compiling console_error_panic_hook v0.1.7
[INFO] [stderr]    Compiling futures-executor v0.3.30
[INFO] [stderr]    Compiling futures v0.3.30
[INFO] [stderr]    Compiling web-sys v0.3.66
[INFO] [stderr]    Compiling gloo-timers v0.2.6
[INFO] [stderr]    Compiling wasm-bindgen-futures v0.4.39
[INFO] [stderr]    Compiling bincode v1.2.1
[INFO] [stderr]    Compiling gloo-events v0.1.2
[INFO] [stderr]    Compiling gloo-console-timer v0.1.0
[INFO] [stderr]    Compiling gloo-file v0.1.0
[INFO] [stderr]    Compiling gloo v0.2.1
[INFO] [stderr]    Compiling kayrx-ui v0.1.1 (/opt/rustwide/workdir)
[INFO] [stderr]     Finished dev [unoptimized + debuginfo] target(s) in 11.43s
[INFO] running `Command { std: "docker" "inspect" "7509ff5b53492a0b211cb076168be6af88bc7bf391806cb50007496d1a28a768", kill_on_drop: false }`
[INFO] running `Command { std: "docker" "rm" "-f" "7509ff5b53492a0b211cb076168be6af88bc7bf391806cb50007496d1a28a768", kill_on_drop: false }`
[INFO] [stdout] 7509ff5b53492a0b211cb076168be6af88bc7bf391806cb50007496d1a28a768
[INFO] running `Command { std: "docker" "create" "-v" "/var/lib/crater-agent-workspace/builds/worker-0-tc1/target:/opt/rustwide/target:rw,Z" "-v" "/var/lib/crater-agent-workspace/builds/worker-0-tc1/source:/opt/rustwide/workdir:ro,Z" "-v" "/var/lib/crater-agent-workspace/cargo-home:/opt/rustwide/cargo-home:ro,Z" "-v" "/var/lib/crater-agent-workspace/rustup-home:/opt/rustwide/rustup-home:ro,Z" "-e" "SOURCE_DIR=/opt/rustwide/workdir" "-e" "CARGO_TARGET_DIR=/opt/rustwide/target" "-e" "CARGO_INCREMENTAL=0" "-e" "RUST_BACKTRACE=full" "-e" "RUSTFLAGS=--cap-lints=warn" "-e" "RUSTDOCFLAGS=--cap-lints=warn" "-e" "CARGO_HOME=/opt/rustwide/cargo-home" "-e" "RUSTUP_HOME=/opt/rustwide/rustup-home" "-w" "/opt/rustwide/workdir" "-m" "1610612736" "--user" "0:0" "--network" "none" "ghcr.io/rust-lang/crates-build-env/linux@sha256:2788e3201cd34a07e3172128adcd8b3090168a8e3bcc40d7c032b9dda1df7d1c" "/opt/rustwide/cargo-home/bin/cargo" "+1.75.0" "test" "--frozen" "--no-run" "--message-format=json", kill_on_drop: false }`
[INFO] [stdout] f094d3875f5d1b6a2517bf0f01d920a60871577d6ba70d85096f8ccd22326ba3
[INFO] running `Command { std: "docker" "start" "-a" "f094d3875f5d1b6a2517bf0f01d920a60871577d6ba70d85096f8ccd22326ba3", kill_on_drop: false }`
[INFO] [stderr]    Compiling kayrx-ui v0.1.1 (/opt/rustwide/workdir)
[INFO] [stderr]     Finished test [unoptimized + debuginfo] target(s) in 0.35s
[INFO] running `Command { std: "docker" "inspect" "f094d3875f5d1b6a2517bf0f01d920a60871577d6ba70d85096f8ccd22326ba3", kill_on_drop: false }`
[INFO] running `Command { std: "docker" "rm" "-f" "f094d3875f5d1b6a2517bf0f01d920a60871577d6ba70d85096f8ccd22326ba3", kill_on_drop: false }`
[INFO] [stdout] f094d3875f5d1b6a2517bf0f01d920a60871577d6ba70d85096f8ccd22326ba3
[INFO] running `Command { std: "docker" "create" "-v" "/var/lib/crater-agent-workspace/builds/worker-0-tc1/target:/opt/rustwide/target:rw,Z" "-v" "/var/lib/crater-agent-workspace/builds/worker-0-tc1/source:/opt/rustwide/workdir:ro,Z" "-v" "/var/lib/crater-agent-workspace/cargo-home:/opt/rustwide/cargo-home:ro,Z" "-v" "/var/lib/crater-agent-workspace/rustup-home:/opt/rustwide/rustup-home:ro,Z" "-e" "SOURCE_DIR=/opt/rustwide/workdir" "-e" "CARGO_TARGET_DIR=/opt/rustwide/target" "-e" "CARGO_INCREMENTAL=0" "-e" "RUST_BACKTRACE=full" "-e" "RUSTFLAGS=--cap-lints=warn" "-e" "RUSTDOCFLAGS=--cap-lints=warn" "-e" "CARGO_HOME=/opt/rustwide/cargo-home" "-e" "RUSTUP_HOME=/opt/rustwide/rustup-home" "-w" "/opt/rustwide/workdir" "-m" "1610612736" "--user" "0:0" "--network" "none" "ghcr.io/rust-lang/crates-build-env/linux@sha256:2788e3201cd34a07e3172128adcd8b3090168a8e3bcc40d7c032b9dda1df7d1c" "/opt/rustwide/cargo-home/bin/cargo" "+1.75.0" "test" "--frozen", kill_on_drop: false }`
[INFO] [stdout] 7428f38d2daa43db8db7e5f014035ed078634e3d7cd258cca90934116277212d
[INFO] running `Command { std: "docker" "start" "-a" "7428f38d2daa43db8db7e5f014035ed078634e3d7cd258cca90934116277212d", kill_on_drop: false }`
[INFO] [stderr]     Finished test [unoptimized + debuginfo] target(s) in 0.04s
[INFO] [stderr]      Running unittests src/lib.rs (/opt/rustwide/target/debug/deps/kayrx_ui-6502e723d5ed8324)
[INFO] [stdout] 
[INFO] [stdout] running 0 tests
[INFO] [stdout] 
[INFO] [stdout] test result: ok. 0 passed; 0 failed; 0 ignored; 0 measured; 0 filtered out; finished in 0.00s
[INFO] [stdout] 
[INFO] [stderr]    Doc-tests kayrx-ui
[INFO] [stdout] 
[INFO] [stdout] running 15 tests
[INFO] [stdout] test src/fabric/state/reducer.rs - fabric::state::reducer::combine_reducers (line 29) ... FAILED
[INFO] [stdout] test src/fabric/state/reducer.rs - fabric::state::reducer::combine_reducers (line 54) ... FAILED
[INFO] [stdout] test src/fabric/state/mod.rs - fabric::state (line 40) ... ok
[INFO] [stdout] test src/fabric/state/mod.rs - fabric::state (line 16) ... ok
[INFO] [stdout] test src/fabric/state/mod.rs - fabric::state (line 28) ... ok
[INFO] [stdout] test src/fabric/state/store.rs - fabric::state::store::Store<State,Action>::new (line 20) ... ok
[INFO] [stdout] test src/fabric/state/store.rs - fabric::state::store::Store<State,Action>::state (line 52) ... ok
[INFO] [stdout] test src/fabric/state/store.rs - fabric::state::store::Store<State,Action>::replace_reducer (line 169) ... ok
[INFO] [stdout] test src/fabric/state/reducer.rs - fabric::state::reducer::Reducer (line 5) ... ok
[INFO] [stdout] test src/fabric/state/middleware.rs - fabric::state::middleware::Store (line 13) ... ok
[INFO] [stdout] test src/fabric/state/store.rs - fabric::state::store::Store<State,Action>::subscribe (line 134) ... ok
[INFO] [stdout] test src/fabric/state/subscription.rs - fabric::state::subscription::Subscription (line 8) ... ok
[INFO] [stdout] test src/fabric/state/mod.rs - fabric::state (line 107) ... ok
[INFO] [stdout] test src/fabric/state/mod.rs - fabric::state (line 69) ... ok
[INFO] [stdout] test src/fabric/state/store.rs - fabric::state::store::Store<State,Action>::dispatch (line 68) ... ok
[INFO] [stdout] 
[INFO] [stdout] failures:
[INFO] [stdout] 
[INFO] [stdout] ---- src/fabric/state/reducer.rs - fabric::state::reducer::combine_reducers (line 29) stdout ----
[INFO] [stdout] error[E0432]: unresolved import `kayrx_ui::fabric::state::combine_reducers`
[INFO] [stdout]  --> src/fabric/state/reducer.rs:31:31
[INFO] [stdout]   |
[INFO] [stdout] 5 | use kayrx_ui::fabric::state::{combine_reducers, Reducer};
[INFO] [stdout]   |                               ^^^^^^^^^^^^^^^^ no `combine_reducers` in `fabric::state`
[INFO] [stdout]   |
[INFO] [stdout]   = note: this could be because a macro annotated with `#[macro_export]` will be exported at the root of the crate instead of the module where it is defined
[INFO] [stdout] help: a macro with this name exists at the root of the crate
[INFO] [stdout]   |
[INFO] [stdout] 5 - use kayrx_ui::fabric::state::{combine_reducers, Reducer};
[INFO] [stdout] 5 + use kayrx_ui::{combine_reducers, fabric::state::{Reducer}};
[INFO] [stdout]   |
[INFO] [stdout] 
[INFO] [stdout] error: cannot determine resolution for the macro `combine_reducers`
[INFO] [stdout]   --> src/fabric/state/reducer.rs:49:39
[INFO] [stdout]    |
[INFO] [stdout] 23 | let reducer: Reducer<State, Action> = combine_reducers!(State, &Action, first_reducer, second_reducer, third_reducer);
[INFO] [stdout]    |                                       ^^^^^^^^^^^^^^^^
[INFO] [stdout]    |
[INFO] [stdout]    = note: import resolution is stuck, try simplifying macro imports
[INFO] [stdout] 
[INFO] [stdout] error: aborting due to 2 previous errors
[INFO] [stdout] 
[INFO] [stdout] For more information about this error, try `rustc --explain E0432`.
[INFO] [stdout] Couldn't compile the test.
[INFO] [stdout] ---- src/fabric/state/reducer.rs - fabric::state::reducer::combine_reducers (line 54) stdout ----
[INFO] [stdout] error[E0432]: unresolved import `kayrx_ui::fabric::state::combine_reducers`
[INFO] [stdout]  --> src/fabric/state/reducer.rs:56:31
[INFO] [stdout]   |
[INFO] [stdout] 4 | use kayrx_ui::fabric::state::{combine_reducers, Reducer};
[INFO] [stdout]   |                               ^^^^^^^^^^^^^^^^ no `combine_reducers` in `fabric::state`
[INFO] [stdout]   |
[INFO] [stdout]   = note: this could be because a macro annotated with `#[macro_export]` will be exported at the root of the crate instead of the module where it is defined
[INFO] [stdout] help: a macro with this name exists at the root of the crate
[INFO] [stdout]   |
[INFO] [stdout] 4 - use kayrx_ui::fabric::state::{combine_reducers, Reducer};
[INFO] [stdout] 4 + use kayrx_ui::{combine_reducers, fabric::state::{Reducer}};
[INFO] [stdout]   |
[INFO] [stdout] 
[INFO] [stdout] error: cannot determine resolution for the macro `combine_reducers`
[INFO] [stdout]   --> src/fabric/state/reducer.rs:75:40
[INFO] [stdout]    |
[INFO] [stdout] 23 |     let reducer: Reducer<u8, Action> = combine_reducers!(u8, &Action, counter_reducer, add_two_reducer);
[INFO] [stdout]    |                                        ^^^^^^^^^^^^^^^^
[INFO] [stdout]    |
[INFO] [stdout]    = note: import resolution is stuck, try simplifying macro imports
[INFO] [stdout] 
[INFO] [stdout] error: aborting due to 2 previous errors
[INFO] [stdout] 
[INFO] [stdout] For more information about this error, try `rustc --explain E0432`.
[INFO] [stdout] Couldn't compile the test.
[INFO] [stdout] 
[INFO] [stdout] failures:
[INFO] [stdout]     src/fabric/state/reducer.rs - fabric::state::reducer::combine_reducers (line 29)
[INFO] [stdout]     src/fabric/state/reducer.rs - fabric::state::reducer::combine_reducers (line 54)
[INFO] [stdout] 
[INFO] [stdout] test result: FAILED. 13 passed; 2 failed; 0 ignored; 0 measured; 0 filtered out; finished in 0.24s
[INFO] [stdout] 
[INFO] [stderr] error: doctest failed, to rerun pass `--doc`
[INFO] running `Command { std: "docker" "inspect" "7428f38d2daa43db8db7e5f014035ed078634e3d7cd258cca90934116277212d", kill_on_drop: false }`
[INFO] running `Command { std: "docker" "rm" "-f" "7428f38d2daa43db8db7e5f014035ed078634e3d7cd258cca90934116277212d", kill_on_drop: false }`
[INFO] [stdout] 7428f38d2daa43db8db7e5f014035ed078634e3d7cd258cca90934116277212d
