[INFO] fetching crate kayrx-timer 0.1.1...
[INFO] testing kayrx-timer-0.1.1 against 1.75.0 for beta-1.76-1
[INFO] extracting crate kayrx-timer 0.1.1 into /workspace/builds/worker-5-tc1/source
[INFO] validating manifest of crates.io crate kayrx-timer 0.1.1 on toolchain 1.75.0
[INFO] running `Command { std: CARGO_HOME="/workspace/cargo-home" RUSTUP_HOME="/workspace/rustup-home" "/workspace/cargo-home/bin/cargo" "+1.75.0" "metadata" "--manifest-path" "Cargo.toml" "--no-deps", kill_on_drop: false }`
[INFO] started tweaking crates.io crate kayrx-timer 0.1.1
[INFO] finished tweaking crates.io crate kayrx-timer 0.1.1
[INFO] tweaked toml for crates.io crate kayrx-timer 0.1.1 written to /workspace/builds/worker-5-tc1/source/Cargo.toml
[INFO] running `Command { std: CARGO_HOME="/workspace/cargo-home" RUSTUP_HOME="/workspace/rustup-home" "/workspace/cargo-home/bin/cargo" "+1.75.0" "generate-lockfile" "--manifest-path" "Cargo.toml", kill_on_drop: false }`
[INFO] [stderr]     Updating crates.io index
[INFO] running `Command { std: CARGO_HOME="/workspace/cargo-home" RUSTUP_HOME="/workspace/rustup-home" "/workspace/cargo-home/bin/cargo" "+1.75.0" "fetch" "--manifest-path" "Cargo.toml", kill_on_drop: false }`
[INFO] [stderr]  Downloading crates ...
[INFO] [stderr]   Downloaded kayrx-karx v0.1.1
[INFO] running `Command { std: "docker" "create" "-v" "/var/lib/crater-agent-workspace/builds/worker-5-tc1/target:/opt/rustwide/target:rw,Z" "-v" "/var/lib/crater-agent-workspace/builds/worker-5-tc1/source:/opt/rustwide/workdir:ro,Z" "-v" "/var/lib/crater-agent-workspace/cargo-home:/opt/rustwide/cargo-home:ro,Z" "-v" "/var/lib/crater-agent-workspace/rustup-home:/opt/rustwide/rustup-home:ro,Z" "-e" "SOURCE_DIR=/opt/rustwide/workdir" "-e" "CARGO_TARGET_DIR=/opt/rustwide/target" "-e" "CARGO_HOME=/opt/rustwide/cargo-home" "-e" "RUSTUP_HOME=/opt/rustwide/rustup-home" "-w" "/opt/rustwide/workdir" "-m" "1610612736" "--user" "0:0" "--network" "none" "ghcr.io/rust-lang/crates-build-env/linux@sha256:2788e3201cd34a07e3172128adcd8b3090168a8e3bcc40d7c032b9dda1df7d1c" "/opt/rustwide/cargo-home/bin/cargo" "+1.75.0" "metadata" "--no-deps" "--format-version=1", kill_on_drop: false }`
[INFO] [stdout] 4549c2f7b9162adddfdc927abc452859b95d1463949d519f18344e5968cdc069
[INFO] running `Command { std: "docker" "start" "-a" "4549c2f7b9162adddfdc927abc452859b95d1463949d519f18344e5968cdc069", kill_on_drop: false }`
[INFO] running `Command { std: "docker" "inspect" "4549c2f7b9162adddfdc927abc452859b95d1463949d519f18344e5968cdc069", kill_on_drop: false }`
[INFO] running `Command { std: "docker" "rm" "-f" "4549c2f7b9162adddfdc927abc452859b95d1463949d519f18344e5968cdc069", kill_on_drop: false }`
[INFO] [stdout] 4549c2f7b9162adddfdc927abc452859b95d1463949d519f18344e5968cdc069
[INFO] running `Command { std: "docker" "create" "-v" "/var/lib/crater-agent-workspace/builds/worker-5-tc1/target:/opt/rustwide/target:rw,Z" "-v" "/var/lib/crater-agent-workspace/builds/worker-5-tc1/source:/opt/rustwide/workdir:ro,Z" "-v" "/var/lib/crater-agent-workspace/cargo-home:/opt/rustwide/cargo-home:ro,Z" "-v" "/var/lib/crater-agent-workspace/rustup-home:/opt/rustwide/rustup-home:ro,Z" "-e" "SOURCE_DIR=/opt/rustwide/workdir" "-e" "CARGO_TARGET_DIR=/opt/rustwide/target" "-e" "CARGO_INCREMENTAL=0" "-e" "RUST_BACKTRACE=full" "-e" "RUSTFLAGS=--cap-lints=warn" "-e" "RUSTDOCFLAGS=--cap-lints=warn" "-e" "CARGO_HOME=/opt/rustwide/cargo-home" "-e" "RUSTUP_HOME=/opt/rustwide/rustup-home" "-w" "/opt/rustwide/workdir" "-m" "1610612736" "--user" "0:0" "--network" "none" "ghcr.io/rust-lang/crates-build-env/linux@sha256:2788e3201cd34a07e3172128adcd8b3090168a8e3bcc40d7c032b9dda1df7d1c" "/opt/rustwide/cargo-home/bin/cargo" "+1.75.0" "build" "--frozen" "--message-format=json", kill_on_drop: false }`
[INFO] [stdout] 444913f8ee0358f6d36784d7bc502454806069557be5d130004c5bebea797839
[INFO] running `Command { std: "docker" "start" "-a" "444913f8ee0358f6d36784d7bc502454806069557be5d130004c5bebea797839", kill_on_drop: false }`
[INFO] [stderr]    Compiling slab v0.4.9
[INFO] [stderr]    Compiling futures-core v0.3.30
[INFO] [stderr]    Compiling pin-project-lite v0.1.12
[INFO] [stderr]    Compiling kayrx-timer v0.1.1 (/opt/rustwide/workdir)
[INFO] [stderr]     Finished dev [unoptimized + debuginfo] target(s) in 0.49s
[INFO] running `Command { std: "docker" "inspect" "444913f8ee0358f6d36784d7bc502454806069557be5d130004c5bebea797839", kill_on_drop: false }`
[INFO] running `Command { std: "docker" "rm" "-f" "444913f8ee0358f6d36784d7bc502454806069557be5d130004c5bebea797839", kill_on_drop: false }`
[INFO] [stdout] 444913f8ee0358f6d36784d7bc502454806069557be5d130004c5bebea797839
[INFO] running `Command { std: "docker" "create" "-v" "/var/lib/crater-agent-workspace/builds/worker-5-tc1/target:/opt/rustwide/target:rw,Z" "-v" "/var/lib/crater-agent-workspace/builds/worker-5-tc1/source:/opt/rustwide/workdir:ro,Z" "-v" "/var/lib/crater-agent-workspace/cargo-home:/opt/rustwide/cargo-home:ro,Z" "-v" "/var/lib/crater-agent-workspace/rustup-home:/opt/rustwide/rustup-home:ro,Z" "-e" "SOURCE_DIR=/opt/rustwide/workdir" "-e" "CARGO_TARGET_DIR=/opt/rustwide/target" "-e" "CARGO_INCREMENTAL=0" "-e" "RUST_BACKTRACE=full" "-e" "RUSTFLAGS=--cap-lints=warn" "-e" "RUSTDOCFLAGS=--cap-lints=warn" "-e" "CARGO_HOME=/opt/rustwide/cargo-home" "-e" "RUSTUP_HOME=/opt/rustwide/rustup-home" "-w" "/opt/rustwide/workdir" "-m" "1610612736" "--user" "0:0" "--network" "none" "ghcr.io/rust-lang/crates-build-env/linux@sha256:2788e3201cd34a07e3172128adcd8b3090168a8e3bcc40d7c032b9dda1df7d1c" "/opt/rustwide/cargo-home/bin/cargo" "+1.75.0" "test" "--frozen" "--no-run" "--message-format=json", kill_on_drop: false }`
[INFO] [stdout] dcc3123bd77b4c118f4c754c7b798dd6a88bfebb6cbf48e3f22ea411d65670af
[INFO] running `Command { std: "docker" "start" "-a" "dcc3123bd77b4c118f4c754c7b798dd6a88bfebb6cbf48e3f22ea411d65670af", kill_on_drop: false }`
[INFO] [stderr]    Compiling crossbeam-utils v0.7.2
[INFO] [stderr]    Compiling memoffset v0.5.6
[INFO] [stderr]    Compiling crossbeam-epoch v0.8.2
[INFO] [stderr]    Compiling futures-task v0.3.30
[INFO] [stderr]    Compiling pin-project-lite v0.2.13
[INFO] [stderr]    Compiling num_cpus v1.16.0
[INFO] [stderr]    Compiling futures-util v0.3.30
[INFO] [stderr]    Compiling crossbeam-channel v0.4.4
[INFO] [stderr]    Compiling crossbeam-deque v0.7.4
[INFO] [stderr]    Compiling futures-executor v0.3.30
[INFO] [stderr]    Compiling kayrx-karx v0.1.1
[INFO] [stderr]    Compiling kayrx-timer v0.1.1 (/opt/rustwide/workdir)
[INFO] [stderr]     Finished test [unoptimized + debuginfo] target(s) in 3.43s
[INFO] running `Command { std: "docker" "inspect" "dcc3123bd77b4c118f4c754c7b798dd6a88bfebb6cbf48e3f22ea411d65670af", kill_on_drop: false }`
[INFO] running `Command { std: "docker" "rm" "-f" "dcc3123bd77b4c118f4c754c7b798dd6a88bfebb6cbf48e3f22ea411d65670af", kill_on_drop: false }`
[INFO] [stdout] dcc3123bd77b4c118f4c754c7b798dd6a88bfebb6cbf48e3f22ea411d65670af
[INFO] running `Command { std: "docker" "create" "-v" "/var/lib/crater-agent-workspace/builds/worker-5-tc1/target:/opt/rustwide/target:rw,Z" "-v" "/var/lib/crater-agent-workspace/builds/worker-5-tc1/source:/opt/rustwide/workdir:ro,Z" "-v" "/var/lib/crater-agent-workspace/cargo-home:/opt/rustwide/cargo-home:ro,Z" "-v" "/var/lib/crater-agent-workspace/rustup-home:/opt/rustwide/rustup-home:ro,Z" "-e" "SOURCE_DIR=/opt/rustwide/workdir" "-e" "CARGO_TARGET_DIR=/opt/rustwide/target" "-e" "CARGO_INCREMENTAL=0" "-e" "RUST_BACKTRACE=full" "-e" "RUSTFLAGS=--cap-lints=warn" "-e" "RUSTDOCFLAGS=--cap-lints=warn" "-e" "CARGO_HOME=/opt/rustwide/cargo-home" "-e" "RUSTUP_HOME=/opt/rustwide/rustup-home" "-w" "/opt/rustwide/workdir" "-m" "1610612736" "--user" "0:0" "--network" "none" "ghcr.io/rust-lang/crates-build-env/linux@sha256:2788e3201cd34a07e3172128adcd8b3090168a8e3bcc40d7c032b9dda1df7d1c" "/opt/rustwide/cargo-home/bin/cargo" "+1.75.0" "test" "--frozen", kill_on_drop: false }`
[INFO] [stdout] bb311f035075ff44a0e0fe7c6e079c297f74831793fbdb5d4de1bd0529532e17
[INFO] running `Command { std: "docker" "start" "-a" "bb311f035075ff44a0e0fe7c6e079c297f74831793fbdb5d4de1bd0529532e17", kill_on_drop: false }`
[INFO] [stderr]     Finished test [unoptimized + debuginfo] target(s) in 0.02s
[INFO] [stderr]      Running unittests src/lib.rs (/opt/rustwide/target/debug/deps/kayrx_timer-1987959f8e60c091)
[INFO] [stdout] 
[INFO] [stdout] running 1 test
[INFO] [stdout] test wheel::test::test_level_for ... ok
[INFO] [stdout] 
[INFO] [stdout] test result: ok. 1 passed; 0 failed; 0 ignored; 0 measured; 0 filtered out; finished in 0.00s
[INFO] [stdout] 
[INFO] [stderr]    Doc-tests kayrx-timer
[INFO] [stdout] 
[INFO] [stdout] running 25 tests
[INFO] [stdout] test src/delay_queue.rs - delay_queue::DelayQueue (line 78) - compile ... FAILED
[INFO] [stdout] test src/delay_queue.rs - delay_queue::DelayQueue<T>::capacity (line 634) ... ok
[INFO] [stdout] test src/interval.rs - interval::Interval::tick (line 123) ... FAILED
[INFO] [stdout] test src/delay_queue.rs - delay_queue::DelayQueue<T>::new (line 223) ... ok
[INFO] [stdout] test src/instant.rs - instant::Instant::now (line 19) ... ok
[INFO] [stdout] test src/interval.rs - interval::interval (line 31) ... FAILED
[INFO] [stdout] test src/delay_queue.rs - delay_queue::DelayQueue<T>::reset_at (line 514) ... ok
[INFO] [stdout] test src/throttle.rs - throttle::throttle (line 28) ... FAILED
[INFO] [stdout] test src/delay_queue.rs - delay_queue::DelayQueue<T>::with_capacity (line 240) ... ok
[INFO] [stdout] test src/timeout.rs - timeout::timeout (line 31) ... FAILED
[INFO] [stdout] test src/lib.rs - (line 64) ... ok
[INFO] [stdout] test src/timeout.rs - timeout::timeout_at (line 72) ... FAILED
[INFO] [stdout] test src/delay_queue.rs - delay_queue::DelayQueue<T>::insert (line 406) ... ok
[INFO] [stdout] test src/delay_queue.rs - delay_queue::DelayQueue<T>::insert_at (line 300) ... ok
[INFO] [stdout] test src/delay_queue.rs - delay_queue::DelayQueue<T>::reset (line 572) ... ok
[INFO] [stdout] test src/instant.rs - instant::Instant::elapsed (line 103) ... ok
[INFO] [stdout] test src/instant.rs - instant::Instant::saturating_duration_since (line 75) ... ok
[INFO] [stdout] test src/instant.rs - instant::Instant::checked_duration_since (line 52) ... ok
[INFO] [stdout] test src/lib.rs - (line 46) ... ok
[INFO] [stdout] test src/delay_queue.rs - delay_queue::DelayQueue<T>::len (line 648) ... ok
[INFO] [stdout] test src/delay_queue.rs - delay_queue::DelayQueue<T>::remove (line 461) ... ok
[INFO] [stdout] test src/delay_queue.rs - delay_queue::DelayQueue<T>::reserve (line 685) ... ok
[INFO] [stdout] test src/delay_queue.rs - delay_queue::DelayQueue<T>::is_empty (line 712) ... ok
[INFO] [stdout] test src/delay_queue.rs - delay_queue::DelayQueue<T>::clear (line 604) ... ok
[INFO] [stdout] test src/interval.rs - interval::interval_at (line 65) ... ok
[INFO] [stdout] 
[INFO] [stdout] failures:
[INFO] [stdout] 
[INFO] [stdout] ---- src/delay_queue.rs - delay_queue::DelayQueue (line 78) stdout ----
[INFO] [stdout] error[E0432]: unresolved import `futures`
[INFO] [stdout]  --> src/delay_queue.rs:82:5
[INFO] [stdout]   |
[INFO] [stdout] 7 | use futures::ready;
[INFO] [stdout]   |     ^^^^^^^ help: a similar path exists: `kayrx_karx::futures`
[INFO] [stdout] 
[INFO] [stdout] error: cannot determine resolution for the macro `ready`
[INFO] [stdout]   --> src/delay_queue.rs:117:31
[INFO] [stdout]    |
[INFO] [stdout] 42 |         while let Some(res) = ready!(self.expirations.poll_expired(cx)) {
[INFO] [stdout]    |                               ^^^^^
[INFO] [stdout]    |
[INFO] [stdout]    = note: import resolution is stuck, try simplifying macro imports
[INFO] [stdout] 
[INFO] [stdout] error: aborting due to 2 previous errors
[INFO] [stdout] 
[INFO] [stdout] For more information about this error, try `rustc --explain E0432`.
[INFO] [stdout] Couldn't compile the test.
[INFO] [stdout] ---- src/interval.rs - interval::Interval::tick (line 123) stdout ----
[INFO] [stdout] error[E0254]: the name `kayrx_timer` is defined multiple times
[INFO] [stdout]  --> src/interval.rs:125:5
[INFO] [stdout]   |
[INFO] [stdout] 3 | extern crate r#kayrx_timer;
[INFO] [stdout]   | --------------------------- previous import of the extern crate `kayrx_timer` here
[INFO] [stdout] 4 | use kayrx_timer;
[INFO] [stdout]   |     ^^^^^^^^^^^ `kayrx_timer` reimported here
[INFO] [stdout]   |
[INFO] [stdout]   = note: `kayrx_timer` must be defined only once in the type namespace of this module
[INFO] [stdout] 
[INFO] [stdout] error[E0433]: failed to resolve: use of undeclared crate or module `timer`
[INFO] [stdout]   --> src/interval.rs:131:33
[INFO] [stdout]    |
[INFO] [stdout] 10 |              let mut interval = timer::interval(Duration::from_millis(10));
[INFO] [stdout]    |                                 ^^^^^ use of undeclared crate or module `timer`
[INFO] [stdout] 
[INFO] [stdout] error: aborting due to 2 previous errors
[INFO] [stdout] 
[INFO] [stdout] Some errors have detailed explanations: E0254, E0433.
[INFO] [stdout] For more information about an error, try `rustc --explain E0254`.
[INFO] [stdout] Couldn't compile the test.
[INFO] [stdout] ---- src/interval.rs - interval::interval (line 31) stdout ----
[INFO] [stdout] error[E0254]: the name `kayrx_timer` is defined multiple times
[INFO] [stdout]  --> src/interval.rs:33:19
[INFO] [stdout]   |
[INFO] [stdout] 3 | extern crate r#kayrx_timer;
[INFO] [stdout]   | --------------------------- previous import of the extern crate `kayrx_timer` here
[INFO] [stdout] 4 | use kayrx_timer::{self, Duration};
[INFO] [stdout]   |                   ^^^^--
[INFO] [stdout]   |                   |
[INFO] [stdout]   |                   `kayrx_timer` reimported here
[INFO] [stdout]   |                   help: remove unnecessary import
[INFO] [stdout]   |
[INFO] [stdout]   = note: `kayrx_timer` must be defined only once in the type namespace of this module
[INFO] [stdout] 
[INFO] [stdout] error[E0433]: failed to resolve: use of undeclared crate or module `timer`
[INFO] [stdout]  --> src/interval.rs:38:33
[INFO] [stdout]   |
[INFO] [stdout] 9 |              let mut interval = timer::interval(Duration::from_millis(10));
[INFO] [stdout]   |                                 ^^^^^ use of undeclared crate or module `timer`
[INFO] [stdout] 
[INFO] [stdout] error: aborting due to 2 previous errors
[INFO] [stdout] 
[INFO] [stdout] Some errors have detailed explanations: E0254, E0433.
[INFO] [stdout] For more information about an error, try `rustc --explain E0254`.
[INFO] [stdout] Couldn't compile the test.
[INFO] [stdout] ---- src/throttle.rs - throttle::throttle (line 28) stdout ----
[INFO] [stdout] error[E0433]: failed to resolve: use of undeclared crate or module `futures_util`
[INFO] [stdout]  --> src/throttle.rs:31:5
[INFO] [stdout]   |
[INFO] [stdout] 6 | use futures_util::stream::StreamExt;
[INFO] [stdout]   |     ^^^^^^^^^^^^ use of undeclared crate or module `futures_util`
[INFO] [stdout]   |
[INFO] [stdout] help: there is a crate or module with a similar name
[INFO] [stdout]   |
[INFO] [stdout] 6 | use futures_core::stream::StreamExt;
[INFO] [stdout]   |     ~~~~~~~~~~~~
[INFO] [stdout] 
[INFO] [stdout] error[E0433]: failed to resolve: use of undeclared crate or module `futures`
[INFO] [stdout]   --> src/throttle.rs:35:56
[INFO] [stdout]    |
[INFO] [stdout] 10 | let mut item_stream = throttle(Duration::from_secs(2), futures::stream::repeat("one"));
[INFO] [stdout]    |                                                        ^^^^^^^ use of undeclared crate or module `futures`
[INFO] [stdout] 
[INFO] [stdout] error: aborting due to 2 previous errors
[INFO] [stdout] 
[INFO] [stdout] For more information about this error, try `rustc --explain E0433`.
[INFO] [stdout] Couldn't compile the test.
[INFO] [stdout] ---- src/timeout.rs - timeout::timeout (line 31) stdout ----
[INFO] [stdout] error[E0433]: failed to resolve: use of undeclared crate or module `kayrx`
[INFO] [stdout]  --> src/timeout.rs:34:5
[INFO] [stdout]   |
[INFO] [stdout] 6 | use kayrx::krse::sync::oneshot;
[INFO] [stdout]   |     ^^^^^ use of undeclared crate or module `kayrx`
[INFO] [stdout] 
[INFO] [stdout] error: aborting due to previous error
[INFO] [stdout] 
[INFO] [stdout] For more information about this error, try `rustc --explain E0433`.
[INFO] [stdout] Couldn't compile the test.
[INFO] [stdout] ---- src/timeout.rs - timeout::timeout_at (line 72) stdout ----
[INFO] [stdout] error[E0433]: failed to resolve: use of undeclared crate or module `kayrx`
[INFO] [stdout]  --> src/timeout.rs:75:5
[INFO] [stdout]   |
[INFO] [stdout] 6 | use kayrx::krse::sync::oneshot;
[INFO] [stdout]   |     ^^^^^ use of undeclared crate or module `kayrx`
[INFO] [stdout] 
[INFO] [stdout] error: aborting due to previous error
[INFO] [stdout] 
[INFO] [stdout] For more information about this error, try `rustc --explain E0433`.
[INFO] [stdout] Couldn't compile the test.
[INFO] [stdout] 
[INFO] [stdout] failures:
[INFO] [stdout]     src/delay_queue.rs - delay_queue::DelayQueue (line 78)
[INFO] [stdout]     src/interval.rs - interval::Interval::tick (line 123)
[INFO] [stdout]     src/interval.rs - interval::interval (line 31)
[INFO] [stdout]     src/throttle.rs - throttle::throttle (line 28)
[INFO] [stdout]     src/timeout.rs - timeout::timeout (line 31)
[INFO] [stdout]     src/timeout.rs - timeout::timeout_at (line 72)
[INFO] [stdout] 
[INFO] [stdout] test result: FAILED. 19 passed; 6 failed; 0 ignored; 0 measured; 0 filtered out; finished in 2.22s
[INFO] [stdout] 
[INFO] [stderr] error: doctest failed, to rerun pass `--doc`
[INFO] running `Command { std: "docker" "inspect" "bb311f035075ff44a0e0fe7c6e079c297f74831793fbdb5d4de1bd0529532e17", kill_on_drop: false }`
[INFO] running `Command { std: "docker" "rm" "-f" "bb311f035075ff44a0e0fe7c6e079c297f74831793fbdb5d4de1bd0529532e17", kill_on_drop: false }`
[INFO] [stdout] bb311f035075ff44a0e0fe7c6e079c297f74831793fbdb5d4de1bd0529532e17
[INFO] testing kayrx-timer-0.1.1 against beta-2023-12-22 for beta-1.76-1
[INFO] extracting crate kayrx-timer 0.1.1 into /workspace/builds/worker-5-tc2/source
[INFO] validating manifest of crates.io crate kayrx-timer 0.1.1 on toolchain beta-2023-12-22
[INFO] running `Command { std: CARGO_HOME="/workspace/cargo-home" RUSTUP_HOME="/workspace/rustup-home" "/workspace/cargo-home/bin/cargo" "+beta-2023-12-22" "metadata" "--manifest-path" "Cargo.toml" "--no-deps", kill_on_drop: false }`
[INFO] started tweaking crates.io crate kayrx-timer 0.1.1
[INFO] finished tweaking crates.io crate kayrx-timer 0.1.1
[INFO] tweaked toml for crates.io crate kayrx-timer 0.1.1 written to /workspace/builds/worker-5-tc2/source/Cargo.toml
[INFO] running `Command { std: CARGO_HOME="/workspace/cargo-home" RUSTUP_HOME="/workspace/rustup-home" "/workspace/cargo-home/bin/cargo" "+beta-2023-12-22" "generate-lockfile" "--manifest-path" "Cargo.toml", kill_on_drop: false }`
[INFO] [stderr]     Updating crates.io index
[INFO] running `Command { std: CARGO_HOME="/workspace/cargo-home" RUSTUP_HOME="/workspace/rustup-home" "/workspace/cargo-home/bin/cargo" "+beta-2023-12-22" "fetch" "--manifest-path" "Cargo.toml", kill_on_drop: false }`
[INFO] running `Command { std: "docker" "create" "-v" "/var/lib/crater-agent-workspace/builds/worker-5-tc2/target:/opt/rustwide/target:rw,Z" "-v" "/var/lib/crater-agent-workspace/builds/worker-5-tc2/source:/opt/rustwide/workdir:ro,Z" "-v" "/var/lib/crater-agent-workspace/cargo-home:/opt/rustwide/cargo-home:ro,Z" "-v" "/var/lib/crater-agent-workspace/rustup-home:/opt/rustwide/rustup-home:ro,Z" "-e" "SOURCE_DIR=/opt/rustwide/workdir" "-e" "CARGO_TARGET_DIR=/opt/rustwide/target" "-e" "CARGO_HOME=/opt/rustwide/cargo-home" "-e" "RUSTUP_HOME=/opt/rustwide/rustup-home" "-w" "/opt/rustwide/workdir" "-m" "1610612736" "--user" "0:0" "--network" "none" "ghcr.io/rust-lang/crates-build-env/linux@sha256:2788e3201cd34a07e3172128adcd8b3090168a8e3bcc40d7c032b9dda1df7d1c" "/opt/rustwide/cargo-home/bin/cargo" "+beta-2023-12-22" "metadata" "--no-deps" "--format-version=1", kill_on_drop: false }`
[INFO] [stdout] 4e7d122119891fc5a4c3d741ce29b5f0f219984654e671331e74b624c7c9c49b
[INFO] running `Command { std: "docker" "start" "-a" "4e7d122119891fc5a4c3d741ce29b5f0f219984654e671331e74b624c7c9c49b", kill_on_drop: false }`
[INFO] running `Command { std: "docker" "inspect" "4e7d122119891fc5a4c3d741ce29b5f0f219984654e671331e74b624c7c9c49b", kill_on_drop: false }`
[INFO] running `Command { std: "docker" "rm" "-f" "4e7d122119891fc5a4c3d741ce29b5f0f219984654e671331e74b624c7c9c49b", kill_on_drop: false }`
[INFO] [stdout] 4e7d122119891fc5a4c3d741ce29b5f0f219984654e671331e74b624c7c9c49b
[INFO] running `Command { std: "docker" "create" "-v" "/var/lib/crater-agent-workspace/builds/worker-5-tc2/target:/opt/rustwide/target:rw,Z" "-v" "/var/lib/crater-agent-workspace/builds/worker-5-tc2/source:/opt/rustwide/workdir:ro,Z" "-v" "/var/lib/crater-agent-workspace/cargo-home:/opt/rustwide/cargo-home:ro,Z" "-v" "/var/lib/crater-agent-workspace/rustup-home:/opt/rustwide/rustup-home:ro,Z" "-e" "SOURCE_DIR=/opt/rustwide/workdir" "-e" "CARGO_TARGET_DIR=/opt/rustwide/target" "-e" "CARGO_INCREMENTAL=0" "-e" "RUST_BACKTRACE=full" "-e" "RUSTFLAGS=--cap-lints=warn" "-e" "RUSTDOCFLAGS=--cap-lints=warn" "-e" "CARGO_HOME=/opt/rustwide/cargo-home" "-e" "RUSTUP_HOME=/opt/rustwide/rustup-home" "-w" "/opt/rustwide/workdir" "-m" "1610612736" "--user" "0:0" "--network" "none" "ghcr.io/rust-lang/crates-build-env/linux@sha256:2788e3201cd34a07e3172128adcd8b3090168a8e3bcc40d7c032b9dda1df7d1c" "/opt/rustwide/cargo-home/bin/cargo" "+beta-2023-12-22" "build" "--frozen" "--message-format=json", kill_on_drop: false }`
[INFO] [stdout] fdf519afb05b283b174dca1e46e2d48f174eec455c0d106d7eaea62c085f347a
[INFO] running `Command { std: "docker" "start" "-a" "fdf519afb05b283b174dca1e46e2d48f174eec455c0d106d7eaea62c085f347a", kill_on_drop: false }`
[INFO] [stderr]    Compiling slab v0.4.9
[INFO] [stderr]    Compiling futures-core v0.3.30
[INFO] [stderr]    Compiling pin-project-lite v0.1.12
[INFO] [stderr]    Compiling kayrx-timer v0.1.1 (/opt/rustwide/workdir)
[INFO] [stderr]     Finished dev [unoptimized + debuginfo] target(s) in 0.86s
[INFO] running `Command { std: "docker" "inspect" "fdf519afb05b283b174dca1e46e2d48f174eec455c0d106d7eaea62c085f347a", kill_on_drop: false }`
[INFO] running `Command { std: "docker" "rm" "-f" "fdf519afb05b283b174dca1e46e2d48f174eec455c0d106d7eaea62c085f347a", kill_on_drop: false }`
[INFO] [stdout] fdf519afb05b283b174dca1e46e2d48f174eec455c0d106d7eaea62c085f347a
[INFO] running `Command { std: "docker" "create" "-v" "/var/lib/crater-agent-workspace/builds/worker-5-tc2/target:/opt/rustwide/target:rw,Z" "-v" "/var/lib/crater-agent-workspace/builds/worker-5-tc2/source:/opt/rustwide/workdir:ro,Z" "-v" "/var/lib/crater-agent-workspace/cargo-home:/opt/rustwide/cargo-home:ro,Z" "-v" "/var/lib/crater-agent-workspace/rustup-home:/opt/rustwide/rustup-home:ro,Z" "-e" "SOURCE_DIR=/opt/rustwide/workdir" "-e" "CARGO_TARGET_DIR=/opt/rustwide/target" "-e" "CARGO_INCREMENTAL=0" "-e" "RUST_BACKTRACE=full" "-e" "RUSTFLAGS=--cap-lints=warn" "-e" "RUSTDOCFLAGS=--cap-lints=warn" "-e" "CARGO_HOME=/opt/rustwide/cargo-home" "-e" "RUSTUP_HOME=/opt/rustwide/rustup-home" "-w" "/opt/rustwide/workdir" "-m" "1610612736" "--user" "0:0" "--network" "none" "ghcr.io/rust-lang/crates-build-env/linux@sha256:2788e3201cd34a07e3172128adcd8b3090168a8e3bcc40d7c032b9dda1df7d1c" "/opt/rustwide/cargo-home/bin/cargo" "+beta-2023-12-22" "test" "--frozen" "--no-run" "--message-format=json", kill_on_drop: false }`
[INFO] [stdout] aab1ba575e66b1a0861132c6af6e31c73528c91d3ddcb4a21104856afbd251f3
[INFO] running `Command { std: "docker" "start" "-a" "aab1ba575e66b1a0861132c6af6e31c73528c91d3ddcb4a21104856afbd251f3", kill_on_drop: false }`
[INFO] [stderr]    Compiling crossbeam-utils v0.7.2
[INFO] [stderr]    Compiling memoffset v0.5.6
[INFO] [stderr]    Compiling crossbeam-epoch v0.8.2
[INFO] [stderr]    Compiling pin-project-lite v0.2.13
[INFO] [stderr]    Compiling futures-task v0.3.30
[INFO] [stderr]    Compiling num_cpus v1.16.0
[INFO] [stderr]    Compiling futures-util v0.3.30
[INFO] [stderr]    Compiling crossbeam-channel v0.4.4
[INFO] [stderr]    Compiling crossbeam-deque v0.7.4
[INFO] [stderr]    Compiling futures-executor v0.3.30
[INFO] [stderr]    Compiling kayrx-karx v0.1.1
[INFO] [stderr]    Compiling kayrx-timer v0.1.1 (/opt/rustwide/workdir)
[INFO] [stderr]     Finished test [unoptimized + debuginfo] target(s) in 2.92s
[INFO] running `Command { std: "docker" "inspect" "aab1ba575e66b1a0861132c6af6e31c73528c91d3ddcb4a21104856afbd251f3", kill_on_drop: false }`
[INFO] running `Command { std: "docker" "rm" "-f" "aab1ba575e66b1a0861132c6af6e31c73528c91d3ddcb4a21104856afbd251f3", kill_on_drop: false }`
[INFO] [stdout] aab1ba575e66b1a0861132c6af6e31c73528c91d3ddcb4a21104856afbd251f3
[INFO] running `Command { std: "docker" "create" "-v" "/var/lib/crater-agent-workspace/builds/worker-5-tc2/target:/opt/rustwide/target:rw,Z" "-v" "/var/lib/crater-agent-workspace/builds/worker-5-tc2/source:/opt/rustwide/workdir:ro,Z" "-v" "/var/lib/crater-agent-workspace/cargo-home:/opt/rustwide/cargo-home:ro,Z" "-v" "/var/lib/crater-agent-workspace/rustup-home:/opt/rustwide/rustup-home:ro,Z" "-e" "SOURCE_DIR=/opt/rustwide/workdir" "-e" "CARGO_TARGET_DIR=/opt/rustwide/target" "-e" "CARGO_INCREMENTAL=0" "-e" "RUST_BACKTRACE=full" "-e" "RUSTFLAGS=--cap-lints=warn" "-e" "RUSTDOCFLAGS=--cap-lints=warn" "-e" "CARGO_HOME=/opt/rustwide/cargo-home" "-e" "RUSTUP_HOME=/opt/rustwide/rustup-home" "-w" "/opt/rustwide/workdir" "-m" "1610612736" "--user" "0:0" "--network" "none" "ghcr.io/rust-lang/crates-build-env/linux@sha256:2788e3201cd34a07e3172128adcd8b3090168a8e3bcc40d7c032b9dda1df7d1c" "/opt/rustwide/cargo-home/bin/cargo" "+beta-2023-12-22" "test" "--frozen", kill_on_drop: false }`
[INFO] [stdout] 0229abb22c1ff6ff7d22a65d7bcb247bde4bab76d94f469098f51c1708cc613c
[INFO] running `Command { std: "docker" "start" "-a" "0229abb22c1ff6ff7d22a65d7bcb247bde4bab76d94f469098f51c1708cc613c", kill_on_drop: false }`
[INFO] [stderr]     Finished test [unoptimized + debuginfo] target(s) in 0.01s
[INFO] [stderr]      Running unittests src/lib.rs (/opt/rustwide/target/debug/deps/kayrx_timer-5b7f09fe92c0d403)
[INFO] [stdout] 
[INFO] [stdout] running 1 test
[INFO] [stdout] test wheel::test::test_level_for ... ok
[INFO] [stdout] 
[INFO] [stdout] test result: ok. 1 passed; 0 failed; 0 ignored; 0 measured; 0 filtered out; finished in 0.00s
[INFO] [stdout] 
[INFO] [stderr]    Doc-tests kayrx-timer
[INFO] [stdout] 
[INFO] [stdout] running 25 tests
[INFO] [stdout] test src/delay_queue.rs - delay_queue::DelayQueue (line 78) - compile ... FAILED
[INFO] [stdout] test src/instant.rs - instant::Instant::now (line 19) ... ok
[INFO] [stdout] test src/delay_queue.rs - delay_queue::DelayQueue<T>::capacity (line 634) ... ok
[INFO] [stdout] test src/delay_queue.rs - delay_queue::DelayQueue<T>::new (line 223) ... ok
[INFO] [stdout] test src/interval.rs - interval::interval (line 31) ... FAILED
[INFO] [stdout] test src/interval.rs - interval::Interval::tick (line 123) ... FAILED
[INFO] [stdout] test src/delay_queue.rs - delay_queue::DelayQueue<T>::reset (line 572) ... ok
[INFO] [stdout] test src/instant.rs - instant::Instant::elapsed (line 103) ... ok
[INFO] [stdout] test src/delay_queue.rs - delay_queue::DelayQueue<T>::len (line 648) ... ok
[INFO] [stdout] test src/instant.rs - instant::Instant::checked_duration_since (line 52) ... ok
[INFO] [stdout] test src/delay_queue.rs - delay_queue::DelayQueue<T>::with_capacity (line 240) ... ok
[INFO] [stdout] test src/delay_queue.rs - delay_queue::DelayQueue<T>::reset_at (line 514) ... ok
[INFO] [stdout] test src/delay_queue.rs - delay_queue::DelayQueue<T>::insert_at (line 300) ... ok
[INFO] [stdout] test src/delay_queue.rs - delay_queue::DelayQueue<T>::remove (line 461) ... ok
[INFO] [stdout] test src/timeout.rs - timeout::timeout (line 31) ... FAILED
[INFO] [stdout] test src/timeout.rs - timeout::timeout_at (line 72) ... FAILED
[INFO] [stdout] test src/throttle.rs - throttle::throttle (line 28) ... FAILED
[INFO] [stdout] test src/instant.rs - instant::Instant::saturating_duration_since (line 75) ... ok
[INFO] [stdout] test src/delay_queue.rs - delay_queue::DelayQueue<T>::clear (line 604) ... ok
[INFO] [stdout] test src/lib.rs - (line 64) ... ok
[INFO] [stdout] test src/delay_queue.rs - delay_queue::DelayQueue<T>::is_empty (line 712) ... ok
[INFO] [stdout] test src/delay_queue.rs - delay_queue::DelayQueue<T>::reserve (line 685) ... ok
[INFO] [stdout] test src/interval.rs - interval::interval_at (line 65) ... ok
[INFO] [stdout] test src/delay_queue.rs - delay_queue::DelayQueue<T>::insert (line 406) ... ok
[INFO] [stdout] test src/lib.rs - (line 46) ... ok
[INFO] [stdout] 
[INFO] [stdout] failures:
[INFO] [stdout] 
[INFO] [stdout] ---- src/delay_queue.rs - delay_queue::DelayQueue (line 78) stdout ----
[INFO] [stdout] error[E0432]: unresolved import `futures`
[INFO] [stdout]  --> src/delay_queue.rs:82:5
[INFO] [stdout]   |
[INFO] [stdout] 7 | use futures::ready;
[INFO] [stdout]   |     ^^^^^^^ help: a similar path exists: `kayrx_karx::futures`
[INFO] [stdout] 
[INFO] [stdout] error: cannot determine resolution for the macro `ready`
[INFO] [stdout]   --> src/delay_queue.rs:117:31
[INFO] [stdout]    |
[INFO] [stdout] 42 |         while let Some(res) = ready!(self.expirations.poll_expired(cx)) {
[INFO] [stdout]    |                               ^^^^^
[INFO] [stdout]    |
[INFO] [stdout]    = note: import resolution is stuck, try simplifying macro imports
[INFO] [stdout] 
[INFO] [stdout] error: aborting due to 2 previous errors
[INFO] [stdout] 
[INFO] [stdout] For more information about this error, try `rustc --explain E0432`.
[INFO] [stdout] Couldn't compile the test.
[INFO] [stdout] ---- src/interval.rs - interval::interval (line 31) stdout ----
[INFO] [stdout] error[E0254]: the name `kayrx_timer` is defined multiple times
[INFO] [stdout]  --> src/interval.rs:33:19
[INFO] [stdout]   |
[INFO] [stdout] 3 | extern crate r#kayrx_timer;
[INFO] [stdout]   | --------------------------- previous import of the extern crate `kayrx_timer` here
[INFO] [stdout] 4 | use kayrx_timer::{self, Duration};
[INFO] [stdout]   |                   ^^^^--
[INFO] [stdout]   |                   |
[INFO] [stdout]   |                   `kayrx_timer` reimported here
[INFO] [stdout]   |                   help: remove unnecessary import
[INFO] [stdout]   |
[INFO] [stdout]   = note: `kayrx_timer` must be defined only once in the type namespace of this module
[INFO] [stdout] 
[INFO] [stdout] error[E0433]: failed to resolve: use of undeclared crate or module `timer`
[INFO] [stdout]  --> src/interval.rs:38:33
[INFO] [stdout]   |
[INFO] [stdout] 9 |              let mut interval = timer::interval(Duration::from_millis(10));
[INFO] [stdout]   |                                 ^^^^^ use of undeclared crate or module `timer`
[INFO] [stdout] 
[INFO] [stdout] error: aborting due to 2 previous errors
[INFO] [stdout] 
[INFO] [stdout] Some errors have detailed explanations: E0254, E0433.
[INFO] [stdout] For more information about an error, try `rustc --explain E0254`.
[INFO] [stdout] Couldn't compile the test.
[INFO] [stdout] ---- src/interval.rs - interval::Interval::tick (line 123) stdout ----
[INFO] [stdout] error[E0254]: the name `kayrx_timer` is defined multiple times
[INFO] [stdout]  --> src/interval.rs:125:5
[INFO] [stdout]   |
[INFO] [stdout] 3 | extern crate r#kayrx_timer;
[INFO] [stdout]   | --------------------------- previous import of the extern crate `kayrx_timer` here
[INFO] [stdout] 4 | use kayrx_timer;
[INFO] [stdout]   |     ^^^^^^^^^^^ `kayrx_timer` reimported here
[INFO] [stdout]   |
[INFO] [stdout]   = note: `kayrx_timer` must be defined only once in the type namespace of this module
[INFO] [stdout] 
[INFO] [stdout] error[E0433]: failed to resolve: use of undeclared crate or module `timer`
[INFO] [stdout]   --> src/interval.rs:131:33
[INFO] [stdout]    |
[INFO] [stdout] 10 |              let mut interval = timer::interval(Duration::from_millis(10));
[INFO] [stdout]    |                                 ^^^^^ use of undeclared crate or module `timer`
[INFO] [stdout] 
[INFO] [stdout] error: aborting due to 2 previous errors
[INFO] [stdout] 
[INFO] [stdout] Some errors have detailed explanations: E0254, E0433.
[INFO] [stdout] For more information about an error, try `rustc --explain E0254`.
[INFO] [stdout] Couldn't compile the test.
[INFO] [stdout] ---- src/timeout.rs - timeout::timeout (line 31) stdout ----
[INFO] [stdout] error[E0433]: failed to resolve: use of undeclared crate or module `kayrx`
[INFO] [stdout]  --> src/timeout.rs:34:5
[INFO] [stdout]   |
[INFO] [stdout] 6 | use kayrx::krse::sync::oneshot;
[INFO] [stdout]   |     ^^^^^ use of undeclared crate or module `kayrx`
[INFO] [stdout] 
[INFO] [stdout] error: aborting due to 1 previous error
[INFO] [stdout] 
[INFO] [stdout] For more information about this error, try `rustc --explain E0433`.
[INFO] [stdout] Couldn't compile the test.
[INFO] [stdout] ---- src/timeout.rs - timeout::timeout_at (line 72) stdout ----
[INFO] [stdout] error[E0433]: failed to resolve: use of undeclared crate or module `kayrx`
[INFO] [stdout]  --> src/timeout.rs:75:5
[INFO] [stdout]   |
[INFO] [stdout] 6 | use kayrx::krse::sync::oneshot;
[INFO] [stdout]   |     ^^^^^ use of undeclared crate or module `kayrx`
[INFO] [stdout] 
[INFO] [stdout] error: aborting due to 1 previous error
[INFO] [stdout] 
[INFO] [stdout] For more information about this error, try `rustc --explain E0433`.
[INFO] [stdout] Couldn't compile the test.
[INFO] [stdout] ---- src/throttle.rs - throttle::throttle (line 28) stdout ----
[INFO] [stdout] error[E0433]: failed to resolve: use of undeclared crate or module `futures_util`
[INFO] [stdout]  --> src/throttle.rs:31:5
[INFO] [stdout]   |
[INFO] [stdout] 6 | use futures_util::stream::StreamExt;
[INFO] [stdout]   |     ^^^^^^^^^^^^ use of undeclared crate or module `futures_util`
[INFO] [stdout]   |
[INFO] [stdout] help: there is a crate or module with a similar name
[INFO] [stdout]   |
[INFO] [stdout] 6 | use futures_core::stream::StreamExt;
[INFO] [stdout]   |     ~~~~~~~~~~~~
[INFO] [stdout] 
[INFO] [stdout] error[E0433]: failed to resolve: use of undeclared crate or module `futures`
[INFO] [stdout]   --> src/throttle.rs:35:56
[INFO] [stdout]    |
[INFO] [stdout] 10 | let mut item_stream = throttle(Duration::from_secs(2), futures::stream::repeat("one"));
[INFO] [stdout]    |                                                        ^^^^^^^ use of undeclared crate or module `futures`
[INFO] [stdout] 
[INFO] [stdout] error: aborting due to 2 previous errors
[INFO] [stdout] 
[INFO] [stdout] For more information about this error, try `rustc --explain E0433`.
[INFO] [stdout] Couldn't compile the test.
[INFO] [stdout] 
[INFO] [stdout] failures:
[INFO] [stdout]     src/delay_queue.rs - delay_queue::DelayQueue (line 78)
[INFO] [stdout]     src/interval.rs - interval::Interval::tick (line 123)
[INFO] [stdout]     src/interval.rs - interval::interval (line 31)
[INFO] [stdout]     src/throttle.rs - throttle::throttle (line 28)
[INFO] [stdout]     src/timeout.rs - timeout::timeout (line 31)
[INFO] [stdout]     src/timeout.rs - timeout::timeout_at (line 72)
[INFO] [stdout] 
[INFO] [stdout] test result: FAILED. 19 passed; 6 failed; 0 ignored; 0 measured; 0 filtered out; finished in 0.85s
[INFO] [stdout] 
[INFO] [stderr] error: doctest failed, to rerun pass `--doc`
[INFO] running `Command { std: "docker" "inspect" "0229abb22c1ff6ff7d22a65d7bcb247bde4bab76d94f469098f51c1708cc613c", kill_on_drop: false }`
[INFO] running `Command { std: "docker" "rm" "-f" "0229abb22c1ff6ff7d22a65d7bcb247bde4bab76d94f469098f51c1708cc613c", kill_on_drop: false }`
[INFO] [stdout] 0229abb22c1ff6ff7d22a65d7bcb247bde4bab76d94f469098f51c1708cc613c
