[INFO] fetching crate kayak_ui_macros 0.4.0...
[INFO] testing kayak_ui_macros-0.4.0 against 1.75.0 for beta-1.76-1
[INFO] extracting crate kayak_ui_macros 0.4.0 into /workspace/builds/worker-0-tc1/source
[INFO] validating manifest of crates.io crate kayak_ui_macros 0.4.0 on toolchain 1.75.0
[INFO] running `Command { std: CARGO_HOME="/workspace/cargo-home" RUSTUP_HOME="/workspace/rustup-home" "/workspace/cargo-home/bin/cargo" "+1.75.0" "metadata" "--manifest-path" "Cargo.toml" "--no-deps", kill_on_drop: false }`
[INFO] started tweaking crates.io crate kayak_ui_macros 0.4.0
[INFO] finished tweaking crates.io crate kayak_ui_macros 0.4.0
[INFO] tweaked toml for crates.io crate kayak_ui_macros 0.4.0 written to /workspace/builds/worker-0-tc1/source/Cargo.toml
[INFO] running `Command { std: CARGO_HOME="/workspace/cargo-home" RUSTUP_HOME="/workspace/rustup-home" "/workspace/cargo-home/bin/cargo" "+1.75.0" "generate-lockfile" "--manifest-path" "Cargo.toml", kill_on_drop: false }`
[INFO] [stderr]     Updating crates.io index
[INFO] running `Command { std: CARGO_HOME="/workspace/cargo-home" RUSTUP_HOME="/workspace/rustup-home" "/workspace/cargo-home/bin/cargo" "+1.75.0" "fetch" "--manifest-path" "Cargo.toml", kill_on_drop: false }`
[INFO] running `Command { std: "docker" "create" "-v" "/var/lib/crater-agent-workspace/builds/worker-0-tc1/target:/opt/rustwide/target:rw,Z" "-v" "/var/lib/crater-agent-workspace/builds/worker-0-tc1/source:/opt/rustwide/workdir:ro,Z" "-v" "/var/lib/crater-agent-workspace/cargo-home:/opt/rustwide/cargo-home:ro,Z" "-v" "/var/lib/crater-agent-workspace/rustup-home:/opt/rustwide/rustup-home:ro,Z" "-e" "SOURCE_DIR=/opt/rustwide/workdir" "-e" "CARGO_TARGET_DIR=/opt/rustwide/target" "-e" "CARGO_HOME=/opt/rustwide/cargo-home" "-e" "RUSTUP_HOME=/opt/rustwide/rustup-home" "-w" "/opt/rustwide/workdir" "-m" "1610612736" "--user" "0:0" "--network" "none" "ghcr.io/rust-lang/crates-build-env/linux@sha256:2788e3201cd34a07e3172128adcd8b3090168a8e3bcc40d7c032b9dda1df7d1c" "/opt/rustwide/cargo-home/bin/cargo" "+1.75.0" "metadata" "--no-deps" "--format-version=1", kill_on_drop: false }`
[INFO] [stdout] 59fd8302dbcc57ee9b4271285ccd756f0736e343d6fd16c9333b44399d433983
[INFO] running `Command { std: "docker" "start" "-a" "59fd8302dbcc57ee9b4271285ccd756f0736e343d6fd16c9333b44399d433983", kill_on_drop: false }`
[INFO] running `Command { std: "docker" "inspect" "59fd8302dbcc57ee9b4271285ccd756f0736e343d6fd16c9333b44399d433983", kill_on_drop: false }`
[INFO] running `Command { std: "docker" "rm" "-f" "59fd8302dbcc57ee9b4271285ccd756f0736e343d6fd16c9333b44399d433983", kill_on_drop: false }`
[INFO] [stdout] 59fd8302dbcc57ee9b4271285ccd756f0736e343d6fd16c9333b44399d433983
[INFO] running `Command { std: "docker" "create" "-v" "/var/lib/crater-agent-workspace/builds/worker-0-tc1/target:/opt/rustwide/target:rw,Z" "-v" "/var/lib/crater-agent-workspace/builds/worker-0-tc1/source:/opt/rustwide/workdir:ro,Z" "-v" "/var/lib/crater-agent-workspace/cargo-home:/opt/rustwide/cargo-home:ro,Z" "-v" "/var/lib/crater-agent-workspace/rustup-home:/opt/rustwide/rustup-home:ro,Z" "-e" "SOURCE_DIR=/opt/rustwide/workdir" "-e" "CARGO_TARGET_DIR=/opt/rustwide/target" "-e" "CARGO_INCREMENTAL=0" "-e" "RUST_BACKTRACE=full" "-e" "RUSTFLAGS=--cap-lints=warn" "-e" "RUSTDOCFLAGS=--cap-lints=warn" "-e" "CARGO_HOME=/opt/rustwide/cargo-home" "-e" "RUSTUP_HOME=/opt/rustwide/rustup-home" "-w" "/opt/rustwide/workdir" "-m" "1610612736" "--user" "0:0" "--network" "none" "ghcr.io/rust-lang/crates-build-env/linux@sha256:2788e3201cd34a07e3172128adcd8b3090168a8e3bcc40d7c032b9dda1df7d1c" "/opt/rustwide/cargo-home/bin/cargo" "+1.75.0" "build" "--frozen" "--message-format=json", kill_on_drop: false }`
[INFO] [stdout] c24b1ca3110dbe891fef7706187a84f9914a9089dfd0fc85eac4055fa9bf8895
[INFO] running `Command { std: "docker" "start" "-a" "c24b1ca3110dbe891fef7706187a84f9914a9089dfd0fc85eac4055fa9bf8895", kill_on_drop: false }`
[INFO] [stderr]    Compiling version_check v0.9.4
[INFO] [stderr]    Compiling serde v1.0.194
[INFO] [stderr]    Compiling syn v1.0.109
[INFO] [stderr]    Compiling equivalent v1.0.1
[INFO] [stderr]    Compiling hashbrown v0.14.3
[INFO] [stderr]    Compiling toml_datetime v0.6.5
[INFO] [stderr]    Compiling winnow v0.5.32
[INFO] [stderr]    Compiling once_cell v1.19.0
[INFO] [stderr]    Compiling proc-macro-error-attr v1.0.4
[INFO] [stderr]    Compiling proc-macro-error v1.0.4
[INFO] [stderr]    Compiling indexmap v2.1.0
[INFO] [stderr]    Compiling toml_edit v0.19.15
[INFO] [stderr]    Compiling proc-macro-crate v1.3.1
[INFO] [stderr]    Compiling toml v0.5.11
[INFO] [stderr]    Compiling find-crate v0.6.3
[INFO] [stderr]    Compiling kayak_ui_macros v0.4.0 (/opt/rustwide/workdir)
[INFO] [stderr]     Finished dev [unoptimized + debuginfo] target(s) in 6.23s
[INFO] running `Command { std: "docker" "inspect" "c24b1ca3110dbe891fef7706187a84f9914a9089dfd0fc85eac4055fa9bf8895", kill_on_drop: false }`
[INFO] running `Command { std: "docker" "rm" "-f" "c24b1ca3110dbe891fef7706187a84f9914a9089dfd0fc85eac4055fa9bf8895", kill_on_drop: false }`
[INFO] [stdout] c24b1ca3110dbe891fef7706187a84f9914a9089dfd0fc85eac4055fa9bf8895
[INFO] running `Command { std: "docker" "create" "-v" "/var/lib/crater-agent-workspace/builds/worker-0-tc1/target:/opt/rustwide/target:rw,Z" "-v" "/var/lib/crater-agent-workspace/builds/worker-0-tc1/source:/opt/rustwide/workdir:ro,Z" "-v" "/var/lib/crater-agent-workspace/cargo-home:/opt/rustwide/cargo-home:ro,Z" "-v" "/var/lib/crater-agent-workspace/rustup-home:/opt/rustwide/rustup-home:ro,Z" "-e" "SOURCE_DIR=/opt/rustwide/workdir" "-e" "CARGO_TARGET_DIR=/opt/rustwide/target" "-e" "CARGO_INCREMENTAL=0" "-e" "RUST_BACKTRACE=full" "-e" "RUSTFLAGS=--cap-lints=warn" "-e" "RUSTDOCFLAGS=--cap-lints=warn" "-e" "CARGO_HOME=/opt/rustwide/cargo-home" "-e" "RUSTUP_HOME=/opt/rustwide/rustup-home" "-w" "/opt/rustwide/workdir" "-m" "1610612736" "--user" "0:0" "--network" "none" "ghcr.io/rust-lang/crates-build-env/linux@sha256:2788e3201cd34a07e3172128adcd8b3090168a8e3bcc40d7c032b9dda1df7d1c" "/opt/rustwide/cargo-home/bin/cargo" "+1.75.0" "test" "--frozen" "--no-run" "--message-format=json", kill_on_drop: false }`
[INFO] [stdout] 4aedf3abd9c2cc234dd22c52e79df184783c5ff2a97b562c7e1029f8215d9137
[INFO] running `Command { std: "docker" "start" "-a" "4aedf3abd9c2cc234dd22c52e79df184783c5ff2a97b562c7e1029f8215d9137", kill_on_drop: false }`
[INFO] [stderr]    Compiling kayak_ui_macros v0.4.0 (/opt/rustwide/workdir)
[INFO] [stderr]     Finished test [unoptimized + debuginfo] target(s) in 1.06s
[INFO] running `Command { std: "docker" "inspect" "4aedf3abd9c2cc234dd22c52e79df184783c5ff2a97b562c7e1029f8215d9137", kill_on_drop: false }`
[INFO] running `Command { std: "docker" "rm" "-f" "4aedf3abd9c2cc234dd22c52e79df184783c5ff2a97b562c7e1029f8215d9137", kill_on_drop: false }`
[INFO] [stdout] 4aedf3abd9c2cc234dd22c52e79df184783c5ff2a97b562c7e1029f8215d9137
[INFO] running `Command { std: "docker" "create" "-v" "/var/lib/crater-agent-workspace/builds/worker-0-tc1/target:/opt/rustwide/target:rw,Z" "-v" "/var/lib/crater-agent-workspace/builds/worker-0-tc1/source:/opt/rustwide/workdir:ro,Z" "-v" "/var/lib/crater-agent-workspace/cargo-home:/opt/rustwide/cargo-home:ro,Z" "-v" "/var/lib/crater-agent-workspace/rustup-home:/opt/rustwide/rustup-home:ro,Z" "-e" "SOURCE_DIR=/opt/rustwide/workdir" "-e" "CARGO_TARGET_DIR=/opt/rustwide/target" "-e" "CARGO_INCREMENTAL=0" "-e" "RUST_BACKTRACE=full" "-e" "RUSTFLAGS=--cap-lints=warn" "-e" "RUSTDOCFLAGS=--cap-lints=warn" "-e" "CARGO_HOME=/opt/rustwide/cargo-home" "-e" "RUSTUP_HOME=/opt/rustwide/rustup-home" "-w" "/opt/rustwide/workdir" "-m" "1610612736" "--user" "0:0" "--network" "none" "ghcr.io/rust-lang/crates-build-env/linux@sha256:2788e3201cd34a07e3172128adcd8b3090168a8e3bcc40d7c032b9dda1df7d1c" "/opt/rustwide/cargo-home/bin/cargo" "+1.75.0" "test" "--frozen", kill_on_drop: false }`
[INFO] [stdout] 84e688a6b3e083a3afe01b534efe5e42ab0ce31d4c4840909ff2329524911ce9
[INFO] running `Command { std: "docker" "start" "-a" "84e688a6b3e083a3afe01b534efe5e42ab0ce31d4c4840909ff2329524911ce9", kill_on_drop: false }`
[INFO] [stderr]     Finished test [unoptimized + debuginfo] target(s) in 0.03s
[INFO] [stderr]      Running unittests src/lib.rs (/opt/rustwide/target/debug/deps/kayak_ui_macros-f9603e2b5a6598c2)
[INFO] [stdout] 
[INFO] [stdout] running 0 tests
[INFO] [stdout] 
[INFO] [stdout] test result: ok. 0 passed; 0 failed; 0 ignored; 0 measured; 0 filtered out; finished in 0.00s
[INFO] [stdout] 
[INFO] [stderr]    Doc-tests kayak_ui_macros
[INFO] [stdout] 
[INFO] [stdout] running 1 test
[INFO] [stdout] test src/widget_builder.rs - widget_builder::build_widget_stream (line 16) ... FAILED
[INFO] [stdout] 
[INFO] [stdout] failures:
[INFO] [stdout] 
[INFO] [stdout] ---- src/widget_builder.rs - widget_builder::build_widget_stream (line 16) stdout ----
[INFO] [stdout] error: cannot find macro `quote` in this scope
[INFO] [stdout]  --> src/widget_builder.rs:17:14
[INFO] [stdout]   |
[INFO] [stdout] 3 | build_widget(quote! { my_widget }, quote!{ <MyWidget as Widget>::constructor(props) }, 0);
[INFO] [stdout]   |              ^^^^^
[INFO] [stdout]   |
[INFO] [stdout]   = note: `quote` is in scope, but it is a crate, not a macro
[INFO] [stdout] help: consider importing one of these items
[INFO] [stdout]   |
[INFO] [stdout] 2 + use proc_macro::quote;
[INFO] [stdout]   |
[INFO] [stdout] 2 + use quote::quote;
[INFO] [stdout]   |
[INFO] [stdout] 
[INFO] [stdout] error: cannot find macro `quote` in this scope
[INFO] [stdout]  --> src/widget_builder.rs:17:36
[INFO] [stdout]   |
[INFO] [stdout] 3 | build_widget(quote! { my_widget }, quote!{ <MyWidget as Widget>::constructor(props) }, 0);
[INFO] [stdout]   |                                    ^^^^^
[INFO] [stdout]   |
[INFO] [stdout]   = note: `quote` is in scope, but it is a crate, not a macro
[INFO] [stdout] help: consider importing one of these items
[INFO] [stdout]   |
[INFO] [stdout] 2 + use proc_macro::quote;
[INFO] [stdout]   |
[INFO] [stdout] 2 + use quote::quote;
[INFO] [stdout]   |
[INFO] [stdout] 
[INFO] [stdout] error[E0425]: cannot find function `build_widget` in this scope
[INFO] [stdout]  --> src/widget_builder.rs:17:1
[INFO] [stdout]   |
[INFO] [stdout] 3 | build_widget(quote! { my_widget }, quote!{ <MyWidget as Widget>::constructor(props) }, 0);
[INFO] [stdout]   | ^^^^^^^^^^^^ not found in this scope
[INFO] [stdout] 
[INFO] [stdout] error: aborting due to 3 previous errors
[INFO] [stdout] 
[INFO] [stdout] For more information about this error, try `rustc --explain E0425`.
[INFO] [stdout] Couldn't compile the test.
[INFO] [stdout] 
[INFO] [stdout] failures:
[INFO] [stdout]     src/widget_builder.rs - widget_builder::build_widget_stream (line 16)
[INFO] [stdout] 
[INFO] [stdout] test result: FAILED. 0 passed; 1 failed; 0 ignored; 0 measured; 0 filtered out; finished in 0.10s
[INFO] [stdout] 
[INFO] [stderr] error: doctest failed, to rerun pass `--doc`
[INFO] running `Command { std: "docker" "inspect" "84e688a6b3e083a3afe01b534efe5e42ab0ce31d4c4840909ff2329524911ce9", kill_on_drop: false }`
[INFO] running `Command { std: "docker" "rm" "-f" "84e688a6b3e083a3afe01b534efe5e42ab0ce31d4c4840909ff2329524911ce9", kill_on_drop: false }`
[INFO] [stdout] 84e688a6b3e083a3afe01b534efe5e42ab0ce31d4c4840909ff2329524911ce9
