[INFO] fetching crate kaspa-p2p-lib 0.0.4...
[INFO] testing kaspa-p2p-lib-0.0.4 against 1.75.0 for beta-1.76-1
[INFO] extracting crate kaspa-p2p-lib 0.0.4 into /workspace/builds/worker-2-tc1/source
[INFO] validating manifest of crates.io crate kaspa-p2p-lib 0.0.4 on toolchain 1.75.0
[INFO] running `Command { std: CARGO_HOME="/workspace/cargo-home" RUSTUP_HOME="/workspace/rustup-home" "/workspace/cargo-home/bin/cargo" "+1.75.0" "metadata" "--manifest-path" "Cargo.toml" "--no-deps", kill_on_drop: false }`
[INFO] started tweaking crates.io crate kaspa-p2p-lib 0.0.4
[INFO] finished tweaking crates.io crate kaspa-p2p-lib 0.0.4
[INFO] tweaked toml for crates.io crate kaspa-p2p-lib 0.0.4 written to /workspace/builds/worker-2-tc1/source/Cargo.toml
[INFO] crate crates.io crate kaspa-p2p-lib 0.0.4 already has a lockfile, it will not be regenerated
[INFO] running `Command { std: CARGO_HOME="/workspace/cargo-home" RUSTUP_HOME="/workspace/rustup-home" "/workspace/cargo-home/bin/cargo" "+1.75.0" "fetch" "--manifest-path" "Cargo.toml", kill_on_drop: false }`
[INFO] [stderr]     Updating crates.io index
[INFO] [stderr]  Downloading crates ...
[INFO] [stderr]   Downloaded kaspa-merkle v0.0.4
[INFO] [stderr]   Downloaded kaspa-core v0.0.4
[INFO] [stderr]   Downloaded tonic-build v0.10.2
[INFO] [stderr]   Downloaded kaspa-hashes v0.0.4
[INFO] [stderr]   Downloaded prost-derive v0.12.1
[INFO] [stderr]   Downloaded hexplay v0.3.0
[INFO] [stderr]   Downloaded async-channel v2.0.0
[INFO] [stderr]   Downloaded prost-build v0.12.1
[INFO] [stderr]   Downloaded parse-variants-derive v1.0.0
[INFO] [stderr]   Downloaded kaspa-math v0.0.4
[INFO] [stderr]   Downloaded kaspa-addresses v0.0.4
[INFO] [stderr]   Downloaded workflow-async-trait v0.1.68
[INFO] [stderr]   Downloaded kaspa-consensus-core v0.0.4
[INFO] [stderr]   Downloaded prost-types v0.12.1
[INFO] [stderr]   Downloaded malachite-base v0.4.4
[INFO] [stderr]   Downloaded malachite-nz v0.4.4
[INFO] [stderr]   Downloaded workflow-macro-tools v0.8.0
[INFO] [stderr]   Downloaded workflow-core-macros v0.8.0
[INFO] [stderr]   Downloaded workflow-core v0.8.0
[INFO] [stderr]   Downloaded workflow-panic-hook v0.8.0
[INFO] [stderr]   Downloaded workflow-wasm-macros v0.8.0
[INFO] [stderr]   Downloaded workflow-wasm v0.8.0
[INFO] [stderr]   Downloaded workflow-log v0.8.0
[INFO] [stderr]   Downloaded kaspa-muhash v0.0.4
[INFO] [stderr]   Downloaded serde-wasm-bindgen v0.6.1
[INFO] [stderr]   Downloaded tonic v0.10.2
[INFO] [stderr]   Downloaded parse-variants v1.0.1
[INFO] [stderr]   Downloaded intertrait-macros v0.2.2
[INFO] [stderr]   Downloaded kaspa-txscript-errors v0.0.4
[INFO] [stderr]   Downloaded triggered v0.1.2
[INFO] [stderr]   Downloaded kaspa-mining-errors v0.0.4
[INFO] [stderr]   Downloaded seqlock v0.2.0
[INFO] [stderr]   Downloaded kaspa-utils v0.0.4
[INFO] [stderr]   Downloaded intertrait v0.2.2
[INFO] [stderr]   Downloaded prost v0.12.1
[INFO] running `Command { std: "docker" "create" "-v" "/var/lib/crater-agent-workspace/builds/worker-2-tc1/target:/opt/rustwide/target:rw,Z" "-v" "/var/lib/crater-agent-workspace/builds/worker-2-tc1/source:/opt/rustwide/workdir:ro,Z" "-v" "/var/lib/crater-agent-workspace/cargo-home:/opt/rustwide/cargo-home:ro,Z" "-v" "/var/lib/crater-agent-workspace/rustup-home:/opt/rustwide/rustup-home:ro,Z" "-e" "SOURCE_DIR=/opt/rustwide/workdir" "-e" "CARGO_TARGET_DIR=/opt/rustwide/target" "-e" "CARGO_HOME=/opt/rustwide/cargo-home" "-e" "RUSTUP_HOME=/opt/rustwide/rustup-home" "-w" "/opt/rustwide/workdir" "-m" "1610612736" "--user" "0:0" "--network" "none" "ghcr.io/rust-lang/crates-build-env/linux@sha256:2788e3201cd34a07e3172128adcd8b3090168a8e3bcc40d7c032b9dda1df7d1c" "/opt/rustwide/cargo-home/bin/cargo" "+1.75.0" "metadata" "--no-deps" "--format-version=1", kill_on_drop: false }`
[INFO] [stdout] 18455e53a55736aea29144d269b699417f0c61afc6a5a019c9247a805545104a
[INFO] running `Command { std: "docker" "start" "-a" "18455e53a55736aea29144d269b699417f0c61afc6a5a019c9247a805545104a", kill_on_drop: false }`
[INFO] running `Command { std: "docker" "inspect" "18455e53a55736aea29144d269b699417f0c61afc6a5a019c9247a805545104a", kill_on_drop: false }`
[INFO] running `Command { std: "docker" "rm" "-f" "18455e53a55736aea29144d269b699417f0c61afc6a5a019c9247a805545104a", kill_on_drop: false }`
[INFO] [stdout] 18455e53a55736aea29144d269b699417f0c61afc6a5a019c9247a805545104a
[INFO] running `Command { std: "docker" "create" "-v" "/var/lib/crater-agent-workspace/builds/worker-2-tc1/target:/opt/rustwide/target:rw,Z" "-v" "/var/lib/crater-agent-workspace/builds/worker-2-tc1/source:/opt/rustwide/workdir:ro,Z" "-v" "/var/lib/crater-agent-workspace/cargo-home:/opt/rustwide/cargo-home:ro,Z" "-v" "/var/lib/crater-agent-workspace/rustup-home:/opt/rustwide/rustup-home:ro,Z" "-e" "SOURCE_DIR=/opt/rustwide/workdir" "-e" "CARGO_TARGET_DIR=/opt/rustwide/target" "-e" "CARGO_INCREMENTAL=0" "-e" "RUST_BACKTRACE=full" "-e" "RUSTFLAGS=--cap-lints=warn" "-e" "RUSTDOCFLAGS=--cap-lints=warn" "-e" "CARGO_HOME=/opt/rustwide/cargo-home" "-e" "RUSTUP_HOME=/opt/rustwide/rustup-home" "-w" "/opt/rustwide/workdir" "-m" "1610612736" "--user" "0:0" "--network" "none" "ghcr.io/rust-lang/crates-build-env/linux@sha256:2788e3201cd34a07e3172128adcd8b3090168a8e3bcc40d7c032b9dda1df7d1c" "/opt/rustwide/cargo-home/bin/cargo" "+1.75.0" "build" "--frozen" "--message-format=json", kill_on_drop: false }`
[INFO] [stdout] 137c2a4573d71809e0c4e6312f50dd944534dac54ce797e401aa854738036147
[INFO] running `Command { std: "docker" "start" "-a" "137c2a4573d71809e0c4e6312f50dd944534dac54ce797e401aa854738036147", kill_on_drop: false }`
[INFO] [stderr]    Compiling proc-macro2 v1.0.69
[INFO] [stderr]    Compiling libc v0.2.149
[INFO] [stderr]    Compiling once_cell v1.18.0
[INFO] [stderr]    Compiling serde v1.0.190
[INFO] [stderr]    Compiling futures-core v0.3.29
[INFO] [stderr]    Compiling memchr v2.6.4
[INFO] [stderr]    Compiling syn v1.0.109
[INFO] [stderr]    Compiling log v0.4.20
[INFO] [stderr]    Compiling itoa v1.0.9
[INFO] [stderr]    Compiling futures-io v0.3.29
[INFO] [stderr]    Compiling slab v0.4.9
[INFO] [stderr]    Compiling wasm-bindgen-shared v0.2.87
[INFO] [stderr]    Compiling bumpalo v3.14.0
[INFO] [stderr]    Compiling crossbeam-utils v0.8.16
[INFO] [stderr]    Compiling ryu v1.0.15
[INFO] [stderr]    Compiling futures-task v0.3.29
[INFO] [stderr]    Compiling futures-sink v0.3.29
[INFO] [stderr]    Compiling futures-channel v0.3.29
[INFO] [stderr]    Compiling futures-util v0.3.29
[INFO] [stderr]    Compiling value-bag v1.4.2
[INFO] [stderr]    Compiling tracing-core v0.1.32
[INFO] [stderr]    Compiling serde_json v1.0.108
[INFO] [stderr]    Compiling parking v2.2.0
[INFO] [stderr]    Compiling fastrand v2.0.1
[INFO] [stderr]    Compiling wasm-bindgen v0.2.87
[INFO] [stderr]    Compiling typenum v1.17.0
[INFO] [stderr]    Compiling event-listener v2.5.3
[INFO] [stderr]    Compiling regex-syntax v0.8.2
[INFO] [stderr]    Compiling io-lifetimes v1.0.11
[INFO] [stderr]    Compiling aho-corasick v1.1.2
[INFO] [stderr]    Compiling thiserror v1.0.50
[INFO] [stderr]    Compiling fastrand v1.9.0
[INFO] [stderr]    Compiling waker-fn v1.1.1
[INFO] [stderr]    Compiling anyhow v1.0.75
[INFO] [stderr]    Compiling quote v1.0.33
[INFO] [stderr]    Compiling concurrent-queue v2.3.0
[INFO] [stderr]    Compiling cc v1.0.83
[INFO] [stderr]    Compiling futures-lite v1.13.0
[INFO] [stderr]    Compiling syn v2.0.38
[INFO] [stderr]    Compiling async-lock v2.8.0
[INFO] [stderr]    Compiling ahash v0.7.7
[INFO] [stderr]    Compiling polling v2.8.0
[INFO] [stderr]    Compiling rustix v0.37.27
[INFO] [stderr]    Compiling proc-macro-error v1.0.4
[INFO] [stderr]    Compiling indexmap v1.9.3
[INFO] [stderr]    Compiling async-io v1.13.0
[INFO] [stderr]    Compiling async-task v4.5.0
[INFO] [stderr]    Compiling linux-raw-sys v0.3.8
[INFO] [stderr]    Compiling getrandom v0.2.10
[INFO] [stderr]    Compiling mio v0.8.9
[INFO] [stderr]    Compiling socket2 v0.5.5
[INFO] [stderr]    Compiling signal-hook-registry v1.4.1
[INFO] [stderr]    Compiling num_cpus v1.16.0
[INFO] [stderr]    Compiling socket2 v0.4.10
[INFO] [stderr]    Compiling rand_core v0.6.4
[INFO] [stderr]    Compiling atomic-waker v1.1.2
[INFO] [stderr]    Compiling generic-array v0.14.7
[INFO] [stderr]    Compiling rand_chacha v0.3.1
[INFO] [stderr]    Compiling piper v0.2.1
[INFO] [stderr]    Compiling regex-automata v0.4.3
[INFO] [stderr]    Compiling proc-macro-error-attr v1.0.4
[INFO] [stderr]    Compiling rand v0.8.5
[INFO] [stderr]    Compiling event-listener v3.0.1
[INFO] [stderr]    Compiling async-channel v1.9.0
[INFO] [stderr]    Compiling hashbrown v0.12.3
[INFO] [stderr]    Compiling crypto-common v0.1.6
[INFO] [stderr]    Compiling block-buffer v0.10.4
[INFO] [stderr]    Compiling unicode-segmentation v1.10.1
[INFO] [stderr]    Compiling digest v0.10.7
[INFO] [stderr]    Compiling hashbrown v0.11.2
[INFO] [stderr]    Compiling async-executor v1.6.0
[INFO] [stderr]    Compiling event-listener-strategy v0.3.0
[INFO] [stderr]    Compiling atty v0.2.14
[INFO] [stderr]    Compiling termcolor v1.3.0
[INFO] [stderr]    Compiling cpufeatures v0.2.11
[INFO] [stderr]    Compiling workflow-async-trait v0.1.68
[INFO] [stderr]    Compiling option-ext v0.2.0
[INFO] [stderr]    Compiling triggered v0.1.2
[INFO] [stderr]    Compiling convert_case v0.6.0
[INFO] [stderr]    Compiling either v1.9.0
[INFO] [stderr]    Compiling hexplay v0.3.0
[INFO] [stderr]    Compiling dirs-sys v0.4.1
[INFO] [stderr]    Compiling sha2 v0.10.8
[INFO] [stderr]    Compiling console v0.15.7
[INFO] [stderr]    Compiling async-channel v2.0.0
[INFO] [stderr]    Compiling downcast v0.11.0
[INFO] [stderr]    Compiling dirs v5.0.1
[INFO] [stderr]    Compiling itertools v0.11.0
[INFO] [stderr]    Compiling instant v0.1.12
[INFO] [stderr]    Compiling bs58 v0.5.0
[INFO] [stderr]    Compiling rlimit v0.10.1
[INFO] [stderr]    Compiling rustversion v1.0.14
[INFO] [stderr]    Compiling ring v0.17.5
[INFO] [stderr]    Compiling lock_api v0.4.11
[INFO] [stderr]    Compiling rustix v0.38.21
[INFO] [stderr]    Compiling parking_lot_core v0.9.9
[INFO] [stderr]    Compiling http v0.2.9
[INFO] [stderr]    Compiling scopeguard v1.2.0
[INFO] [stderr]    Compiling ipnet v2.9.0
[INFO] [stderr]    Compiling bitflags v2.4.1
[INFO] [stderr]    Compiling async-trait v0.1.74
[INFO] [stderr]    Compiling linux-raw-sys v0.4.10
[INFO] [stderr]    Compiling faster-hex v0.6.1
[INFO] [stderr]    Compiling kaspa-hashes v0.0.4
[INFO] [stderr]    Compiling secp256k1-sys v0.6.1
[INFO] [stderr]    Compiling bytes v1.5.0
[INFO] [stderr]    Compiling toml v0.5.11
[INFO] [stderr]    Compiling destructure_traitobject v0.2.0
[INFO] [stderr]    Compiling arrayvec v0.7.4
[INFO] [stderr]    Compiling prettyplease v0.2.15
[INFO] [stderr]    Compiling spin v0.9.8
[INFO] [stderr]    Compiling base64 v0.13.1
[INFO] [stderr]    Compiling httparse v1.8.0
[INFO] [stderr]    Compiling constant_time_eq v0.3.0
[INFO] [stderr]    Compiling regex v1.10.2
[INFO] [stderr]    Compiling untrusted v0.9.0
[INFO] [stderr]    Compiling arrayref v0.3.7
[INFO] [stderr]    Compiling hashbrown v0.14.2
[INFO] [stderr]    Compiling blake2b_simd v1.0.2
[INFO] [stderr]    Compiling unsafe-any-ors v1.0.0
[INFO] [stderr]    Compiling http-body v0.4.5
[INFO] [stderr]    Compiling uuid v0.8.2
[INFO] [stderr]    Compiling flate2 v1.0.28
[INFO] [stderr]    Compiling try-lock v0.2.4
[INFO] [stderr]    Compiling home v0.5.5
[INFO] [stderr]    Compiling fixedbitset v0.4.2
[INFO] [stderr]    Compiling iana-time-zone v0.1.58
[INFO] [stderr]    Compiling want v0.3.1
[INFO] [stderr]    Compiling nix v0.27.1
[INFO] [stderr]    Compiling chrono v0.4.31
[INFO] [stderr]    Compiling proc-macro-crate v0.1.5
[INFO] [stderr]    Compiling indexmap v2.0.2
[INFO] [stderr]    Compiling typemap-ors v1.0.0
[INFO] [stderr]    Compiling axum-core v0.3.4
[INFO] [stderr]    Compiling thread-id v4.2.1
[INFO] [stderr]    Compiling multimap v0.8.3
[INFO] [stderr]    Compiling wasm-bindgen-backend v0.2.87
[INFO] [stderr]    Compiling malachite-base v0.4.4
[INFO] [stderr]    Compiling log-mdc v0.1.0
[INFO] [stderr]    Compiling httpdate v1.0.3
[INFO] [stderr]    Compiling which v4.4.2
[INFO] [stderr]    Compiling tempfile v3.8.1
[INFO] [stderr]    Compiling rustls v0.21.8
[INFO] [stderr]    Compiling petgraph v0.6.4
[INFO] [stderr]    Compiling arc-swap v1.6.0
[INFO] [stderr]    Compiling borsh-schema-derive-internal v0.9.3
[INFO] [stderr]    Compiling borsh-derive-internal v0.9.3
[INFO] [stderr]    Compiling tower-layer v0.3.2
[INFO] [stderr]    Compiling axum v0.6.20
[INFO] [stderr]    Compiling wasm-bindgen-macro-support v0.2.87
[INFO] [stderr]    Compiling mime v0.3.17
[INFO] [stderr]    Compiling percent-encoding v2.3.0
[INFO] [stderr]    Compiling base64 v0.21.5
[INFO] [stderr]    Compiling matchit v0.7.3
[INFO] [stderr]    Compiling sync_wrapper v0.1.2
[INFO] [stderr]    Compiling rustls-pemfile v1.0.3
[INFO] [stderr]    Compiling ctrlc v3.4.1
[INFO] [stderr]    Compiling serde_derive v1.0.190
[INFO] [stderr]    Compiling tokio-macros v2.1.0
[INFO] [stderr]    Compiling tracing-attributes v0.1.27
[INFO] [stderr]    Compiling wasm-bindgen-macro v0.2.87
[INFO] [stderr]    Compiling futures-macro v0.3.29
[INFO] [stderr]    Compiling thiserror-impl v1.0.50
[INFO] [stderr]    Compiling parse-variants-derive v1.0.0
[INFO] [stderr]    Compiling prost-derive v0.12.1
[INFO] [stderr]    Compiling pin-project-internal v1.1.3
[INFO] [stderr]    Compiling async-stream-impl v0.3.5
[INFO] [stderr]    Compiling borsh-derive v0.9.3
[INFO] [stderr]    Compiling async-attributes v1.1.2
[INFO] [stderr]    Compiling parse-variants v1.0.1
[INFO] [stderr]    Compiling workflow-macro-tools v0.8.0
[INFO] [stderr]    Compiling borsh v0.9.3
[INFO] [stderr]    Compiling embed-doc-image v0.1.4
[INFO] [stderr]    Compiling linkme-impl v0.2.10
[INFO] [stderr]    Compiling workflow-core-macros v0.8.0
[INFO] [stderr]    Compiling tokio v1.33.0
[INFO] [stderr]    Compiling derivative v2.2.0
[INFO] [stderr]    Compiling intertrait-macros v0.2.2
[INFO] [stderr]    Compiling sct v0.7.1
[INFO] [stderr]    Compiling js-sys v0.3.64
[INFO] [stderr]    Compiling rustls-webpki v0.101.7
[INFO] [stderr]    Compiling linkme v0.2.10
[INFO] [stderr]    Compiling async-stream v0.3.5
[INFO] [stderr]    Compiling pin-project v1.1.3
[INFO] [stderr]    Compiling tracing v0.1.40
[INFO] [stderr]    Compiling blocking v1.4.1
[INFO] [stderr]    Compiling intertrait v0.2.2
[INFO] [stderr]    Compiling prost v0.12.1
[INFO] [stderr]    Compiling prost-types v0.12.1
[INFO] [stderr]    Compiling prost-build v0.12.1
[INFO] [stderr]    Compiling futures-executor v0.3.29
[INFO] [stderr]    Compiling workflow-wasm-macros v0.8.0
[INFO] [stderr]    Compiling tonic-build v0.10.2
[INFO] [stderr]    Compiling futures v0.3.29
[INFO] [stderr]    Compiling tokio-util v0.7.10
[INFO] [stderr]    Compiling tokio-io-timeout v1.2.0
[INFO] [stderr]    Compiling tokio-stream v0.1.14
[INFO] [stderr]    Compiling kaspa-p2p-lib v0.0.4 (/opt/rustwide/workdir)
[INFO] [stderr]    Compiling malachite-nz v0.4.4
[INFO] [stderr]    Compiling h2 v0.3.21
[INFO] [stderr]    Compiling tower v0.4.13
[INFO] [stderr]    Compiling smallvec v1.11.1
[INFO] [stderr]    Compiling faster-hex v0.8.1
[INFO] [stderr]    Compiling uuid v1.5.0
[INFO] [stderr]    Compiling serde_yaml v0.8.26
[INFO] [stderr]    Compiling serde-value v0.7.0
[INFO] [stderr]    Compiling secp256k1 v0.24.3
[INFO] [stderr]    Compiling kaspa-utils v0.0.4
[INFO] [stderr]    Compiling parking_lot v0.12.1
[INFO] [stderr]    Compiling kaspa-txscript-errors v0.0.4
[INFO] [stderr]    Compiling kv-log-macro v1.0.7
[INFO] [stderr]    Compiling log4rs v1.2.0
[INFO] [stderr]    Compiling seqlock v0.2.0
[INFO] [stderr]    Compiling async-global-executor v2.3.1
[INFO] [stderr]    Compiling workflow-log v0.8.0
[INFO] [stderr]    Compiling async-std v1.12.0
[INFO] [stderr]    Compiling hyper v0.14.27
[INFO] [stderr]    Compiling kaspa-core v0.0.4
[INFO] [stderr]    Compiling tokio-rustls v0.24.1
[INFO] [stderr]    Compiling web-sys v0.3.64
[INFO] [stderr]    Compiling serde-wasm-bindgen v0.6.1
[INFO] [stderr]    Compiling wasm-bindgen-futures v0.4.37
[INFO] [stderr]    Compiling hyper-timeout v0.4.1
[INFO] [stderr]    Compiling workflow-panic-hook v0.8.0
[INFO] [stderr]    Compiling workflow-core v0.8.0
[INFO] [stderr]    Compiling tonic v0.10.2
[INFO] [stderr]    Compiling workflow-wasm v0.8.0
[INFO] [stderr]    Compiling kaspa-math v0.0.4
[INFO] [stderr]    Compiling kaspa-addresses v0.0.4
[INFO] [stderr]    Compiling kaspa-merkle v0.0.4
[INFO] [stderr]    Compiling kaspa-muhash v0.0.4
[INFO] [stderr]    Compiling kaspa-consensus-core v0.0.4
[INFO] [stderr]    Compiling kaspa-mining-errors v0.0.4
[INFO] [stderr]     Finished dev [unoptimized + debuginfo] target(s) in 1m 18s
[INFO] running `Command { std: "docker" "inspect" "137c2a4573d71809e0c4e6312f50dd944534dac54ce797e401aa854738036147", kill_on_drop: false }`
[INFO] running `Command { std: "docker" "rm" "-f" "137c2a4573d71809e0c4e6312f50dd944534dac54ce797e401aa854738036147", kill_on_drop: false }`
[INFO] [stdout] 137c2a4573d71809e0c4e6312f50dd944534dac54ce797e401aa854738036147
[INFO] running `Command { std: "docker" "create" "-v" "/var/lib/crater-agent-workspace/builds/worker-2-tc1/target:/opt/rustwide/target:rw,Z" "-v" "/var/lib/crater-agent-workspace/builds/worker-2-tc1/source:/opt/rustwide/workdir:ro,Z" "-v" "/var/lib/crater-agent-workspace/cargo-home:/opt/rustwide/cargo-home:ro,Z" "-v" "/var/lib/crater-agent-workspace/rustup-home:/opt/rustwide/rustup-home:ro,Z" "-e" "SOURCE_DIR=/opt/rustwide/workdir" "-e" "CARGO_TARGET_DIR=/opt/rustwide/target" "-e" "CARGO_INCREMENTAL=0" "-e" "RUST_BACKTRACE=full" "-e" "RUSTFLAGS=--cap-lints=warn" "-e" "RUSTDOCFLAGS=--cap-lints=warn" "-e" "CARGO_HOME=/opt/rustwide/cargo-home" "-e" "RUSTUP_HOME=/opt/rustwide/rustup-home" "-w" "/opt/rustwide/workdir" "-m" "1610612736" "--user" "0:0" "--network" "none" "ghcr.io/rust-lang/crates-build-env/linux@sha256:2788e3201cd34a07e3172128adcd8b3090168a8e3bcc40d7c032b9dda1df7d1c" "/opt/rustwide/cargo-home/bin/cargo" "+1.75.0" "test" "--frozen" "--no-run" "--message-format=json", kill_on_drop: false }`
[INFO] [stdout] 31f033c886a14ccd63d3b01404700917217f1f0db6efdd62a24d164e7070b965
[INFO] running `Command { std: "docker" "start" "-a" "31f033c886a14ccd63d3b01404700917217f1f0db6efdd62a24d164e7070b965", kill_on_drop: false }`
[INFO] [stderr]    Compiling kaspa-p2p-lib v0.0.4 (/opt/rustwide/workdir)
[INFO] [stderr]     Finished test [unoptimized + debuginfo] target(s) in 12.07s
[INFO] running `Command { std: "docker" "inspect" "31f033c886a14ccd63d3b01404700917217f1f0db6efdd62a24d164e7070b965", kill_on_drop: false }`
[INFO] running `Command { std: "docker" "rm" "-f" "31f033c886a14ccd63d3b01404700917217f1f0db6efdd62a24d164e7070b965", kill_on_drop: false }`
[INFO] [stdout] 31f033c886a14ccd63d3b01404700917217f1f0db6efdd62a24d164e7070b965
[INFO] running `Command { std: "docker" "create" "-v" "/var/lib/crater-agent-workspace/builds/worker-2-tc1/target:/opt/rustwide/target:rw,Z" "-v" "/var/lib/crater-agent-workspace/builds/worker-2-tc1/source:/opt/rustwide/workdir:ro,Z" "-v" "/var/lib/crater-agent-workspace/cargo-home:/opt/rustwide/cargo-home:ro,Z" "-v" "/var/lib/crater-agent-workspace/rustup-home:/opt/rustwide/rustup-home:ro,Z" "-e" "SOURCE_DIR=/opt/rustwide/workdir" "-e" "CARGO_TARGET_DIR=/opt/rustwide/target" "-e" "CARGO_INCREMENTAL=0" "-e" "RUST_BACKTRACE=full" "-e" "RUSTFLAGS=--cap-lints=warn" "-e" "RUSTDOCFLAGS=--cap-lints=warn" "-e" "CARGO_HOME=/opt/rustwide/cargo-home" "-e" "RUSTUP_HOME=/opt/rustwide/rustup-home" "-w" "/opt/rustwide/workdir" "-m" "1610612736" "--user" "0:0" "--network" "none" "ghcr.io/rust-lang/crates-build-env/linux@sha256:2788e3201cd34a07e3172128adcd8b3090168a8e3bcc40d7c032b9dda1df7d1c" "/opt/rustwide/cargo-home/bin/cargo" "+1.75.0" "test" "--frozen", kill_on_drop: false }`
[INFO] [stdout] 8438c318a18a7873574e91332905225338cd3343519743b511187ea2c3c8ce98
[INFO] running `Command { std: "docker" "start" "-a" "8438c318a18a7873574e91332905225338cd3343519743b511187ea2c3c8ce98", kill_on_drop: false }`
[INFO] [stderr]     Finished test [unoptimized + debuginfo] target(s) in 0.16s
[INFO] [stderr]      Running unittests src/lib.rs (/opt/rustwide/target/debug/deps/kaspa_p2p_lib-d1d303a6f32f3fd2)
[INFO] [stdout] 
[INFO] [stdout] running 2 tests
[INFO] [stdout] test convert::net_address::tests::test_netaddress ... ok
[INFO] [stdout] 2024-01-05 05:26:12.521+00:00 [INFO ] P2P Server starting on: [::1]:50053
[INFO] [stdout] 2024-01-05 05:26:12.523+00:00 [INFO ] P2P Server starting on: [::1]:50054
[INFO] [stdout] 2024-01-05 05:26:12.523+00:00 [DEBUG] P2P, connect retry #1 failed with error TonicError(tonic::transport::Error(Transport, hyper::Error(Connect, ConnectError("tcp connect error", Os { code: 99, kind: AddrNotAvailable, message: "Cannot assign requested address" })))), peer: "[::1]:50054"
[INFO] [stdout] 2024-01-05 05:26:13.525+00:00 [DEBUG] P2P, connect retry #2 failed with error TonicError(tonic::transport::Error(Transport, hyper::Error(Connect, ConnectError("tcp connect error", Os { code: 99, kind: AddrNotAvailable, message: "Cannot assign requested address" })))), peer: "[::1]:50054"
[INFO] [stdout] 2024-01-05 05:26:14.527+00:00 [DEBUG] P2P, connect retry #3 failed with error TonicError(tonic::transport::Error(Transport, hyper::Error(Connect, ConnectError("tcp connect error", Os { code: 99, kind: AddrNotAvailable, message: "Cannot assign requested address" })))), peer: "[::1]:50054"
[INFO] [stdout] 2024-01-05 05:26:15.529+00:00 [DEBUG] P2P, connect retry #4 failed with error TonicError(tonic::transport::Error(Transport, hyper::Error(Connect, ConnectError("tcp connect error", Os { code: 99, kind: AddrNotAvailable, message: "Cannot assign requested address" })))), peer: "[::1]:50054"
[INFO] [stdout] 2024-01-05 05:26:16.531+00:00 [DEBUG] P2P, connect retry #5 failed with error TonicError(tonic::transport::Error(Transport, hyper::Error(Connect, ConnectError("tcp connect error", Os { code: 99, kind: AddrNotAvailable, message: "Cannot assign requested address" })))), peer: "[::1]:50054"
[INFO] [stdout] 2024-01-05 05:26:17.533+00:00 [DEBUG] P2P, connect retry #6 failed with error TonicError(tonic::transport::Error(Transport, hyper::Error(Connect, ConnectError("tcp connect error", Os { code: 99, kind: AddrNotAvailable, message: "Cannot assign requested address" })))), peer: "[::1]:50054"
[INFO] [stdout] 2024-01-05 05:26:18.534+00:00 [DEBUG] P2P, connect retry #7 failed with error TonicError(tonic::transport::Error(Transport, hyper::Error(Connect, ConnectError("tcp connect error", Os { code: 99, kind: AddrNotAvailable, message: "Cannot assign requested address" })))), peer: "[::1]:50054"
[INFO] [stdout] 2024-01-05 05:26:19.535+00:00 [DEBUG] P2P, connect retry #8 failed with error TonicError(tonic::transport::Error(Transport, hyper::Error(Connect, ConnectError("tcp connect error", Os { code: 99, kind: AddrNotAvailable, message: "Cannot assign requested address" })))), peer: "[::1]:50054"
[INFO] [stdout] 2024-01-05 05:26:20.536+00:00 [DEBUG] P2P, connect retry #9 failed with error TonicError(tonic::transport::Error(Transport, hyper::Error(Connect, ConnectError("tcp connect error", Os { code: 99, kind: AddrNotAvailable, message: "Cannot assign requested address" })))), peer: "[::1]:50054"
[INFO] [stdout] 2024-01-05 05:26:21.538+00:00 [DEBUG] P2P, connect retry #10 failed with error TonicError(tonic::transport::Error(Transport, hyper::Error(Connect, ConnectError("tcp connect error", Os { code: 99, kind: AddrNotAvailable, message: "Cannot assign requested address" })))), peer: "[::1]:50054"
[INFO] [stdout] 2024-01-05 05:26:22.539+00:00 [DEBUG] P2P, connect retry #11 failed with error TonicError(tonic::transport::Error(Transport, hyper::Error(Connect, ConnectError("tcp connect error", Os { code: 99, kind: AddrNotAvailable, message: "Cannot assign requested address" })))), peer: "[::1]:50054"
[INFO] [stdout] 2024-01-05 05:26:23.540+00:00 [DEBUG] P2P, connect retry #12 failed with error TonicError(tonic::transport::Error(Transport, hyper::Error(Connect, ConnectError("tcp connect error", Os { code: 99, kind: AddrNotAvailable, message: "Cannot assign requested address" })))), peer: "[::1]:50054"
[INFO] [stdout] 2024-01-05 05:26:24.542+00:00 [DEBUG] P2P, connect retry #13 failed with error TonicError(tonic::transport::Error(Transport, hyper::Error(Connect, ConnectError("tcp connect error", Os { code: 99, kind: AddrNotAvailable, message: "Cannot assign requested address" })))), peer: "[::1]:50054"
[INFO] [stdout] 2024-01-05 05:26:25.544+00:00 [DEBUG] P2P, connect retry #14 failed with error TonicError(tonic::transport::Error(Transport, hyper::Error(Connect, ConnectError("tcp connect error", Os { code: 99, kind: AddrNotAvailable, message: "Cannot assign requested address" })))), peer: "[::1]:50054"
[INFO] [stdout] 2024-01-05 05:26:26.546+00:00 [DEBUG] P2P, connect retry #15 failed with error TonicError(tonic::transport::Error(Transport, hyper::Error(Connect, ConnectError("tcp connect error", Os { code: 99, kind: AddrNotAvailable, message: "Cannot assign requested address" })))), peer: "[::1]:50054"
[INFO] [stdout] 2024-01-05 05:26:27.548+00:00 [DEBUG] P2P, Client connection retry #16 - all failed
[INFO] [stdout] test echo::tests::test_handshake ... FAILED
[INFO] [stdout] 
[INFO] [stdout] failures:
[INFO] [stdout] 
[INFO] [stdout] ---- echo::tests::test_handshake stdout ----
[INFO] [stdout] thread 'echo::tests::test_handshake' panicked at src/core/connection_handler.rs:75:29:
[INFO] [stdout] P2P, Server [::1]:50053 stopped with error: tonic::transport::Error(Transport, hyper::Error(Listen, Os { code: 99, kind: AddrNotAvailable, message: "Cannot assign requested address" }))
[INFO] [stdout] stack backtrace:
[INFO] [stdout]    0:     0x55c7ad7aa8cc - std::backtrace_rs::backtrace::libunwind::trace::ha637c64ce894333a
[INFO] [stdout]                                at /rustc/82e1608dfa6e0b5569232559e3d385fea5a93112/library/std/src/../../backtrace/src/backtrace/libunwind.rs:104:5
[INFO] [stdout]    1:     0x55c7ad7aa8cc - std::backtrace_rs::backtrace::trace_unsynchronized::h47f62dea28e0c88d
[INFO] [stdout]                                at /rustc/82e1608dfa6e0b5569232559e3d385fea5a93112/library/std/src/../../backtrace/src/backtrace/mod.rs:66:5
[INFO] [stdout]    2:     0x55c7ad7aa8cc - std::sys_common::backtrace::_print_fmt::h9eef0abe20ede486
[INFO] [stdout]                                at /rustc/82e1608dfa6e0b5569232559e3d385fea5a93112/library/std/src/sys_common/backtrace.rs:67:5
[INFO] [stdout]    3:     0x55c7ad7aa8cc - <std::sys_common::backtrace::_print::DisplayBacktrace as core::fmt::Display>::fmt::hed7f999df88cc644
[INFO] [stdout]                                at /rustc/82e1608dfa6e0b5569232559e3d385fea5a93112/library/std/src/sys_common/backtrace.rs:44:22
[INFO] [stdout]    4:     0x55c7ad7d89f0 - core::fmt::rt::Argument::fmt::h1539a9308b8d058d
[INFO] [stdout]                                at /rustc/82e1608dfa6e0b5569232559e3d385fea5a93112/library/core/src/fmt/rt.rs:142:9
[INFO] [stdout]    5:     0x55c7ad7d89f0 - core::fmt::write::h3a39390d8560d9c9
[INFO] [stdout]                                at /rustc/82e1608dfa6e0b5569232559e3d385fea5a93112/library/core/src/fmt/mod.rs:1120:17
[INFO] [stdout]    6:     0x55c7ad7a768f - std::io::Write::write_fmt::h040b369f3a0f9cbc
[INFO] [stdout]                                at /rustc/82e1608dfa6e0b5569232559e3d385fea5a93112/library/std/src/io/mod.rs:1762:15
[INFO] [stdout]    7:     0x55c7ad7aa6b4 - std::sys_common::backtrace::_print::h894006fb5c6f3d45
[INFO] [stdout]                                at /rustc/82e1608dfa6e0b5569232559e3d385fea5a93112/library/std/src/sys_common/backtrace.rs:47:5
[INFO] [stdout]    8:     0x55c7ad7aa6b4 - std::sys_common::backtrace::print::h23a2d212c6fff936
[INFO] [stdout]                                at /rustc/82e1608dfa6e0b5569232559e3d385fea5a93112/library/std/src/sys_common/backtrace.rs:34:9
[INFO] [stdout]    9:     0x55c7ad7ac377 - std::panicking::default_hook::{{closure}}::h8a1d2ee00185001a
[INFO] [stdout]   10:     0x55c7ad7ac063 - std::panicking::default_hook::h6038f2eba384e475
[INFO] [stdout]                                at /rustc/82e1608dfa6e0b5569232559e3d385fea5a93112/library/std/src/panicking.rs:289:9
[INFO] [stdout]   11:     0x55c7ad148d37 - <alloc::boxed::Box<F,A> as core::ops::function::Fn<Args>>::call::h0ad024c9bdc6d768
[INFO] [stdout]                                at /rustc/82e1608dfa6e0b5569232559e3d385fea5a93112/library/alloc/src/boxed.rs:2021:9
[INFO] [stdout]   12:     0x55c7ad148d37 - test::test_main::{{closure}}::h7500b54257359db6
[INFO] [stdout]                                at /rustc/82e1608dfa6e0b5569232559e3d385fea5a93112/library/test/src/lib.rs:138:21
[INFO] [stdout]   13:     0x55c7ad7ac988 - <alloc::boxed::Box<F,A> as core::ops::function::Fn<Args>>::call::h1f8f335eaa9cfaee
[INFO] [stdout]                                at /rustc/82e1608dfa6e0b5569232559e3d385fea5a93112/library/alloc/src/boxed.rs:2021:9
[INFO] [stdout]   14:     0x55c7ad7ac988 - std::panicking::rust_panic_with_hook::h2b5517d590cab22e
[INFO] [stdout]                                at /rustc/82e1608dfa6e0b5569232559e3d385fea5a93112/library/std/src/panicking.rs:783:13
[INFO] [stdout]   15:     0x55c7ad7ac6de - std::panicking::begin_panic_handler::{{closure}}::h233112c06e0ef43e
[INFO] [stdout]                                at /rustc/82e1608dfa6e0b5569232559e3d385fea5a93112/library/std/src/panicking.rs:657:13
[INFO] [stdout]   16:     0x55c7ad7aad96 - std::sys_common::backtrace::__rust_end_short_backtrace::h6e893f24d7ebbff8
[INFO] [stdout]                                at /rustc/82e1608dfa6e0b5569232559e3d385fea5a93112/library/std/src/sys_common/backtrace.rs:170:18
[INFO] [stdout]   17:     0x55c7ad7ac442 - rust_begin_unwind
[INFO] [stdout]                                at /rustc/82e1608dfa6e0b5569232559e3d385fea5a93112/library/std/src/panicking.rs:645:5
[INFO] [stdout]   18:     0x55c7acf8b705 - core::panicking::panic_fmt::hbf0e066aabfa482c
[INFO] [stdout]                                at /rustc/82e1608dfa6e0b5569232559e3d385fea5a93112/library/core/src/panicking.rs:72:14
[INFO] [stdout]   19:     0x55c7ad053df6 - kaspa_p2p_lib::core::connection_handler::ConnectionHandler::serve::{{closure}}::hc463fc04cdd9aea3
[INFO] [stdout]                                at /opt/rustwide/workdir/src/core/connection_handler.rs:75:29
[INFO] [stdout]   20:     0x55c7ad01e2fb - <core::pin::Pin<P> as core::future::future::Future>::poll::h2b8749403e3f681e
[INFO] [stdout]                                at /rustc/82e1608dfa6e0b5569232559e3d385fea5a93112/library/core/src/future/future.rs:125:9
[INFO] [stdout]   21:     0x55c7acfd6469 - tokio::runtime::task::core::Core<T,S>::poll::{{closure}}::hf56f065c09771cdd
[INFO] [stdout]                                at /opt/rustwide/cargo-home/registry/src/index.crates.io-6f17d22bba15001f/tokio-1.33.0/src/runtime/task/core.rs:328:17
[INFO] [stdout]   22:     0x55c7acfd3d9b - tokio::loom::std::unsafe_cell::UnsafeCell<T>::with_mut::h8f68815b9902b022
[INFO] [stdout]                                at /opt/rustwide/cargo-home/registry/src/index.crates.io-6f17d22bba15001f/tokio-1.33.0/src/loom/std/unsafe_cell.rs:16:9
[INFO] [stdout]   23:     0x55c7acfd3d9b - tokio::runtime::task::core::Core<T,S>::poll::hf9bdc9499f30ff0b
[INFO] [stdout]                                at /opt/rustwide/cargo-home/registry/src/index.crates.io-6f17d22bba15001f/tokio-1.33.0/src/runtime/task/core.rs:317:13
[INFO] [stdout]   24:     0x55c7acf93931 - tokio::runtime::task::harness::poll_future::{{closure}}::ha48bb3f2234c3356
[INFO] [stdout]                                at /opt/rustwide/cargo-home/registry/src/index.crates.io-6f17d22bba15001f/tokio-1.33.0/src/runtime/task/harness.rs:485:19
[INFO] [stdout]   25:     0x55c7ad0b95e3 - <core::panic::unwind_safe::AssertUnwindSafe<F> as core::ops::function::FnOnce<()>>::call_once::h5ef62d1c6353d448
[INFO] [stdout]                                at /rustc/82e1608dfa6e0b5569232559e3d385fea5a93112/library/core/src/panic/unwind_safe.rs:272:9
[INFO] [stdout]   26:     0x55c7ad02b9a5 - std::panicking::try::do_call::h19238334bbd90995
[INFO] [stdout]                                at /rustc/82e1608dfa6e0b5569232559e3d385fea5a93112/library/std/src/panicking.rs:552:40
[INFO] [stdout]   27:     0x55c7ad03385b - __rust_try
[INFO] [stdout]   28:     0x55c7ad02ae38 - std::panicking::try::he1c609ea1594b096
[INFO] [stdout]                                at /rustc/82e1608dfa6e0b5569232559e3d385fea5a93112/library/std/src/panicking.rs:516:19
[INFO] [stdout]   29:     0x55c7acfade7a - std::panic::catch_unwind::h24c8055af4813560
[INFO] [stdout]                                at /rustc/82e1608dfa6e0b5569232559e3d385fea5a93112/library/std/src/panic.rs:142:14
[INFO] [stdout]   30:     0x55c7acf9037e - tokio::runtime::task::harness::poll_future::hb9507bda1f9ae54c
[INFO] [stdout]                                at /opt/rustwide/cargo-home/registry/src/index.crates.io-6f17d22bba15001f/tokio-1.33.0/src/runtime/task/harness.rs:473:18
[INFO] [stdout]   31:     0x55c7acf96d9f - tokio::runtime::task::harness::Harness<T,S>::poll_inner::hecb95544aa61fd20
[INFO] [stdout]                                at /opt/rustwide/cargo-home/registry/src/index.crates.io-6f17d22bba15001f/tokio-1.33.0/src/runtime/task/harness.rs:208:27
[INFO] [stdout]   32:     0x55c7acf9b453 - tokio::runtime::task::harness::Harness<T,S>::poll::h39ad66bfb035b333
[INFO] [stdout]                                at /opt/rustwide/cargo-home/registry/src/index.crates.io-6f17d22bba15001f/tokio-1.33.0/src/runtime/task/harness.rs:153:15
[INFO] [stdout]   33:     0x55c7ad08060b - tokio::runtime::task::raw::poll::h04bacc44feeb30bb
[INFO] [stdout]                                at /opt/rustwide/cargo-home/registry/src/index.crates.io-6f17d22bba15001f/tokio-1.33.0/src/runtime/task/raw.rs:276:5
[INFO] [stdout]   34:     0x55c7ad68bff7 - tokio::runtime::task::raw::RawTask::poll::h4bb733e05eb88cc7
[INFO] [stdout]                                at /opt/rustwide/cargo-home/registry/src/index.crates.io-6f17d22bba15001f/tokio-1.33.0/src/runtime/task/raw.rs:200:18
[INFO] [stdout]   35:     0x55c7ad574b82 - tokio::runtime::task::LocalNotified<S>::run::h222968a7db26d6e2
[INFO] [stdout]                                at /opt/rustwide/cargo-home/registry/src/index.crates.io-6f17d22bba15001f/tokio-1.33.0/src/runtime/task/mod.rs:408:9
[INFO] [stdout]   36:     0x55c7ad06780b - tokio::runtime::scheduler::current_thread::CoreGuard::block_on::{{closure}}::{{closure}}::he96701b3856370ba
[INFO] [stdout]                                at /opt/rustwide/cargo-home/registry/src/index.crates.io-6f17d22bba15001f/tokio-1.33.0/src/runtime/scheduler/current_thread/mod.rs:706:25
[INFO] [stdout]   37:     0x55c7ad0667a3 - tokio::runtime::coop::with_budget::h046854824ec87d30
[INFO] [stdout]                                at /opt/rustwide/cargo-home/registry/src/index.crates.io-6f17d22bba15001f/tokio-1.33.0/src/runtime/coop.rs:107:5
[INFO] [stdout]   38:     0x55c7ad0667a3 - tokio::runtime::coop::budget::h188d160565279ed3
[INFO] [stdout]                                at /opt/rustwide/cargo-home/registry/src/index.crates.io-6f17d22bba15001f/tokio-1.33.0/src/runtime/coop.rs:73:5
[INFO] [stdout]   39:     0x55c7ad0667a3 - tokio::runtime::scheduler::current_thread::Context::run_task::{{closure}}::heb701902a4d739a4
[INFO] [stdout]                                at /opt/rustwide/cargo-home/registry/src/index.crates.io-6f17d22bba15001f/tokio-1.33.0/src/runtime/scheduler/current_thread/mod.rs:343:43
[INFO] [stdout]   40:     0x55c7ad066426 - tokio::runtime::scheduler::current_thread::Context::enter::hea842917b481f807
[INFO] [stdout]                                at /opt/rustwide/cargo-home/registry/src/index.crates.io-6f17d22bba15001f/tokio-1.33.0/src/runtime/scheduler/current_thread/mod.rs:410:19
[INFO] [stdout]   41:     0x55c7ad06662b - tokio::runtime::scheduler::current_thread::Context::run_task::h38a8207d20534391
[INFO] [stdout]                                at /opt/rustwide/cargo-home/registry/src/index.crates.io-6f17d22bba15001f/tokio-1.33.0/src/runtime/scheduler/current_thread/mod.rs:343:23
[INFO] [stdout]   42:     0x55c7ad067584 - tokio::runtime::scheduler::current_thread::CoreGuard::block_on::{{closure}}::h9c08101aea6b7403
[INFO] [stdout]                                at /opt/rustwide/cargo-home/registry/src/index.crates.io-6f17d22bba15001f/tokio-1.33.0/src/runtime/scheduler/current_thread/mod.rs:705:34
[INFO] [stdout]   43:     0x55c7ad066c7b - tokio::runtime::scheduler::current_thread::CoreGuard::enter::{{closure}}::h62bea7b0e0e81f55
[INFO] [stdout]                                at /opt/rustwide/cargo-home/registry/src/index.crates.io-6f17d22bba15001f/tokio-1.33.0/src/runtime/scheduler/current_thread/mod.rs:743:68
[INFO] [stdout]   44:     0x55c7acfedbfb - tokio::runtime::context::scoped::Scoped<T>::set::hb21c37f52b92abd8
[INFO] [stdout]                                at /opt/rustwide/cargo-home/registry/src/index.crates.io-6f17d22bba15001f/tokio-1.33.0/src/runtime/context/scoped.rs:40:9
[INFO] [stdout]   45:     0x55c7ad0cbf59 - tokio::runtime::context::set_scheduler::{{closure}}::h1683897d1d0b28d0
[INFO] [stdout]                                at /opt/rustwide/cargo-home/registry/src/index.crates.io-6f17d22bba15001f/tokio-1.33.0/src/runtime/context.rs:176:26
[INFO] [stdout]   46:     0x55c7ad01b106 - std::thread::local::LocalKey<T>::try_with::hf5b590259d4b2e98
[INFO] [stdout]                                at /rustc/82e1608dfa6e0b5569232559e3d385fea5a93112/library/std/src/thread/local.rs:270:16
[INFO] [stdout]   47:     0x55c7ad01885a - std::thread::local::LocalKey<T>::with::h021d66804c3b031f
[INFO] [stdout]                                at /rustc/82e1608dfa6e0b5569232559e3d385fea5a93112/library/std/src/thread/local.rs:246:9
[INFO] [stdout]   48:     0x55c7ad0cbf0d - tokio::runtime::context::set_scheduler::hfc570fb6eac7f4df
[INFO] [stdout]                                at /opt/rustwide/cargo-home/registry/src/index.crates.io-6f17d22bba15001f/tokio-1.33.0/src/runtime/context.rs:176:9
[INFO] [stdout]   49:     0x55c7ad066a10 - tokio::runtime::scheduler::current_thread::CoreGuard::enter::h4f51395d9ece0018
[INFO] [stdout]                                at /opt/rustwide/cargo-home/registry/src/index.crates.io-6f17d22bba15001f/tokio-1.33.0/src/runtime/scheduler/current_thread/mod.rs:743:27
[INFO] [stdout]   50:     0x55c7ad066cad - tokio::runtime::scheduler::current_thread::CoreGuard::block_on::h707131707c08f0f7
[INFO] [stdout]                                at /opt/rustwide/cargo-home/registry/src/index.crates.io-6f17d22bba15001f/tokio-1.33.0/src/runtime/scheduler/current_thread/mod.rs:652:19
[INFO] [stdout]   51:     0x55c7ad0632cd - tokio::runtime::scheduler::current_thread::CurrentThread::block_on::{{closure}}::h79c7043ce7b9f6c4
[INFO] [stdout]                                at /opt/rustwide/cargo-home/registry/src/index.crates.io-6f17d22bba15001f/tokio-1.33.0/src/runtime/scheduler/current_thread/mod.rs:175:28
[INFO] [stdout]   52:     0x55c7ad0cc53a - tokio::runtime::context::runtime::enter_runtime::h9f408fe2e5c1994e
[INFO] [stdout]                                at /opt/rustwide/cargo-home/registry/src/index.crates.io-6f17d22bba15001f/tokio-1.33.0/src/runtime/context/runtime.rs:65:16
[INFO] [stdout]   53:     0x55c7ad0631e0 - tokio::runtime::scheduler::current_thread::CurrentThread::block_on::h82bd8a8383989e20
[INFO] [stdout]                                at /opt/rustwide/cargo-home/registry/src/index.crates.io-6f17d22bba15001f/tokio-1.33.0/src/runtime/scheduler/current_thread/mod.rs:167:9
[INFO] [stdout]   54:     0x55c7ad050c0d - tokio::runtime::runtime::Runtime::block_on::hf5ec50eb5ddff8b7
[INFO] [stdout]                                at /opt/rustwide/cargo-home/registry/src/index.crates.io-6f17d22bba15001f/tokio-1.33.0/src/runtime/runtime.rs:348:47
[INFO] [stdout]   55:     0x55c7ad058f88 - kaspa_p2p_lib::echo::tests::test_handshake::ha4aa97bf40d20955
[INFO] [stdout]                                at /opt/rustwide/workdir/src/echo.rs:202:9
[INFO] [stdout]   56:     0x55c7ad058e07 - kaspa_p2p_lib::echo::tests::test_handshake::{{closure}}::h4a9fd9c59c13cb58
[INFO] [stdout]                                at /opt/rustwide/workdir/src/echo.rs:156:30
[INFO] [stdout]   57:     0x55c7acffd6a6 - core::ops::function::FnOnce::call_once::h1cdc94bd9258d3b1
[INFO] [stdout]                                at /rustc/82e1608dfa6e0b5569232559e3d385fea5a93112/library/core/src/ops/function.rs:250:5
[INFO] [stdout]   58:     0x55c7ad14e38f - core::ops::function::FnOnce::call_once::h2b5d431d5046312d
[INFO] [stdout]                                at /rustc/82e1608dfa6e0b5569232559e3d385fea5a93112/library/core/src/ops/function.rs:250:5
[INFO] [stdout]   59:     0x55c7ad14e38f - test::__rust_begin_short_backtrace::h7714669af176e207
[INFO] [stdout]                                at /rustc/82e1608dfa6e0b5569232559e3d385fea5a93112/library/test/src/lib.rs:628:18
[INFO] [stdout]   60:     0x55c7ad14d3a5 - test::run_test_in_process::{{closure}}::h85218797dcbcec12
[INFO] [stdout]                                at /rustc/82e1608dfa6e0b5569232559e3d385fea5a93112/library/test/src/lib.rs:651:60
[INFO] [stdout]   61:     0x55c7ad14d3a5 - <core::panic::unwind_safe::AssertUnwindSafe<F> as core::ops::function::FnOnce<()>>::call_once::h76c106ea31c14d7b
[INFO] [stdout]                                at /rustc/82e1608dfa6e0b5569232559e3d385fea5a93112/library/core/src/panic/unwind_safe.rs:272:9
[INFO] [stdout]   62:     0x55c7ad14d3a5 - std::panicking::try::do_call::h3bd5d0f6620ee946
[INFO] [stdout]                                at /rustc/82e1608dfa6e0b5569232559e3d385fea5a93112/library/std/src/panicking.rs:552:40
[INFO] [stdout]   63:     0x55c7ad14d3a5 - std::panicking::try::h232e535e4744fe31
[INFO] [stdout]                                at /rustc/82e1608dfa6e0b5569232559e3d385fea5a93112/library/std/src/panicking.rs:516:19
[INFO] [stdout]   64:     0x55c7ad14d3a5 - std::panic::catch_unwind::h3ce3bd6ca8dbac68
[INFO] [stdout]                                at /rustc/82e1608dfa6e0b5569232559e3d385fea5a93112/library/std/src/panic.rs:142:14
[INFO] [stdout]   65:     0x55c7ad14d3a5 - test::run_test_in_process::hc97b257c9621286a
[INFO] [stdout]                                at /rustc/82e1608dfa6e0b5569232559e3d385fea5a93112/library/test/src/lib.rs:651:27
[INFO] [stdout]   66:     0x55c7ad14d3a5 - test::run_test::{{closure}}::h2aa798823a438d38
[INFO] [stdout]                                at /rustc/82e1608dfa6e0b5569232559e3d385fea5a93112/library/test/src/lib.rs:574:43
[INFO] [stdout]   67:     0x55c7ad115666 - test::run_test::{{closure}}::h87d231c78fb59832
[INFO] [stdout]                                at /rustc/82e1608dfa6e0b5569232559e3d385fea5a93112/library/test/src/lib.rs:602:41
[INFO] [stdout]   68:     0x55c7ad115666 - std::sys_common::backtrace::__rust_begin_short_backtrace::he6df152596625789
[INFO] [stdout]                                at /rustc/82e1608dfa6e0b5569232559e3d385fea5a93112/library/std/src/sys_common/backtrace.rs:154:18
[INFO] [stdout]   69:     0x55c7ad11a717 - std::thread::Builder::spawn_unchecked_::{{closure}}::{{closure}}::ha94be15d1e0acf36
[INFO] [stdout]                                at /rustc/82e1608dfa6e0b5569232559e3d385fea5a93112/library/std/src/thread/mod.rs:529:17
[INFO] [stdout]   70:     0x55c7ad11a717 - <core::panic::unwind_safe::AssertUnwindSafe<F> as core::ops::function::FnOnce<()>>::call_once::h9dc6bd6372f16606
[INFO] [stdout]                                at /rustc/82e1608dfa6e0b5569232559e3d385fea5a93112/library/core/src/panic/unwind_safe.rs:272:9
[INFO] [stdout]   71:     0x55c7ad11a717 - std::panicking::try::do_call::h9057517f80303cd4
[INFO] [stdout]                                at /rustc/82e1608dfa6e0b5569232559e3d385fea5a93112/library/std/src/panicking.rs:552:40
[INFO] [stdout]   72:     0x55c7ad11a717 - std::panicking::try::he3a30b11ee45340c
[INFO] [stdout]                                at /rustc/82e1608dfa6e0b5569232559e3d385fea5a93112/library/std/src/panicking.rs:516:19
[INFO] [stdout]   73:     0x55c7ad11a717 - std::panic::catch_unwind::h410458cfd3528b8b
[INFO] [stdout]                                at /rustc/82e1608dfa6e0b5569232559e3d385fea5a93112/library/std/src/panic.rs:142:14
[INFO] [stdout]   74:     0x55c7ad11a717 - std::thread::Builder::spawn_unchecked_::{{closure}}::h72ac3bdb567b737b
[INFO] [stdout]                                at /rustc/82e1608dfa6e0b5569232559e3d385fea5a93112/library/std/src/thread/mod.rs:528:30
[INFO] [stdout]   75:     0x55c7ad11a717 - core::ops::function::FnOnce::call_once{{vtable.shim}}::h38f34da3654a8344
[INFO] [stdout]                                at /rustc/82e1608dfa6e0b5569232559e3d385fea5a93112/library/core/src/ops/function.rs:250:5
[INFO] [stdout]   76:     0x55c7ad7b17e5 - <alloc::boxed::Box<F,A> as core::ops::function::FnOnce<Args>>::call_once::hc7eafaff61e32df9
[INFO] [stdout]                                at /rustc/82e1608dfa6e0b5569232559e3d385fea5a93112/library/alloc/src/boxed.rs:2007:9
[INFO] [stdout]   77:     0x55c7ad7b17e5 - <alloc::boxed::Box<F,A> as core::ops::function::FnOnce<Args>>::call_once::h6ba4a5de48dd2304
[INFO] [stdout]                                at /rustc/82e1608dfa6e0b5569232559e3d385fea5a93112/library/alloc/src/boxed.rs:2007:9
[INFO] [stdout]   78:     0x55c7ad7b17e5 - std::sys::unix::thread::Thread::new::thread_start::he469335aef763e45
[INFO] [stdout]                                at /rustc/82e1608dfa6e0b5569232559e3d385fea5a93112/library/std/src/sys/unix/thread.rs:108:17
[INFO] [stdout]   79:     0x7f3645a42ac3 - <unknown>
[INFO] [stdout]   80:     0x7f3645ad3bf4 - __clone
[INFO] [stdout]   81:                0x0 - <unknown>
[INFO] [stdout] thread 'echo::tests::test_handshake' panicked at src/core/connection_handler.rs:75:29:
[INFO] [stdout] P2P, Server [::1]:50054 stopped with error: tonic::transport::Error(Transport, hyper::Error(Listen, Os { code: 99, kind: AddrNotAvailable, message: "Cannot assign requested address" }))
[INFO] [stdout] stack backtrace:
[INFO] [stdout]    0:     0x55c7ad7aa8cc - std::backtrace_rs::backtrace::libunwind::trace::ha637c64ce894333a
[INFO] [stdout]                                at /rustc/82e1608dfa6e0b5569232559e3d385fea5a93112/library/std/src/../../backtrace/src/backtrace/libunwind.rs:104:5
[INFO] [stdout]    1:     0x55c7ad7aa8cc - std::backtrace_rs::backtrace::trace_unsynchronized::h47f62dea28e0c88d
[INFO] [stdout]                                at /rustc/82e1608dfa6e0b5569232559e3d385fea5a93112/library/std/src/../../backtrace/src/backtrace/mod.rs:66:5
[INFO] [stdout]    2:     0x55c7ad7aa8cc - std::sys_common::backtrace::_print_fmt::h9eef0abe20ede486
[INFO] [stdout]                                at /rustc/82e1608dfa6e0b5569232559e3d385fea5a93112/library/std/src/sys_common/backtrace.rs:67:5
[INFO] [stdout]    3:     0x55c7ad7aa8cc - <std::sys_common::backtrace::_print::DisplayBacktrace as core::fmt::Display>::fmt::hed7f999df88cc644
[INFO] [stdout]                                at /rustc/82e1608dfa6e0b5569232559e3d385fea5a93112/library/std/src/sys_common/backtrace.rs:44:22
[INFO] [stdout]    4:     0x55c7ad7d89f0 - core::fmt::rt::Argument::fmt::h1539a9308b8d058d
[INFO] [stdout]                                at /rustc/82e1608dfa6e0b5569232559e3d385fea5a93112/library/core/src/fmt/rt.rs:142:9
[INFO] [stdout]    5:     0x55c7ad7d89f0 - core::fmt::write::h3a39390d8560d9c9
[INFO] [stdout]                                at /rustc/82e1608dfa6e0b5569232559e3d385fea5a93112/library/core/src/fmt/mod.rs:1120:17
[INFO] [stdout]    6:     0x55c7ad7a768f - std::io::Write::write_fmt::h040b369f3a0f9cbc
[INFO] [stdout]                                at /rustc/82e1608dfa6e0b5569232559e3d385fea5a93112/library/std/src/io/mod.rs:1762:15
[INFO] [stdout]    7:     0x55c7ad7aa6b4 - std::sys_common::backtrace::_print::h894006fb5c6f3d45
[INFO] [stdout]                                at /rustc/82e1608dfa6e0b5569232559e3d385fea5a93112/library/std/src/sys_common/backtrace.rs:47:5
[INFO] [stdout]    8:     0x55c7ad7aa6b4 - std::sys_common::backtrace::print::h23a2d212c6fff936
[INFO] [stdout]                                at /rustc/82e1608dfa6e0b5569232559e3d385fea5a93112/library/std/src/sys_common/backtrace.rs:34:9
[INFO] [stdout]    9:     0x55c7ad7ac377 - std::panicking::default_hook::{{closure}}::h8a1d2ee00185001a
[INFO] [stdout]   10:     0x55c7ad7ac063 - std::panicking::default_hook::h6038f2eba384e475
[INFO] [stdout]                                at /rustc/82e1608dfa6e0b5569232559e3d385fea5a93112/library/std/src/panicking.rs:289:9
[INFO] [stdout]   11:     0x55c7ad148d37 - <alloc::boxed::Box<F,A> as core::ops::function::Fn<Args>>::call::h0ad024c9bdc6d768
[INFO] [stdout]                                at /rustc/82e1608dfa6e0b5569232559e3d385fea5a93112/library/alloc/src/boxed.rs:2021:9
[INFO] [stdout]   12:     0x55c7ad148d37 - test::test_main::{{closure}}::h7500b54257359db6
[INFO] [stdout]                                at /rustc/82e1608dfa6e0b5569232559e3d385fea5a93112/library/test/src/lib.rs:138:21
[INFO] [stdout]   13:     0x55c7ad7ac988 - <alloc::boxed::Box<F,A> as core::ops::function::Fn<Args>>::call::h1f8f335eaa9cfaee
[INFO] [stdout]                                at /rustc/82e1608dfa6e0b5569232559e3d385fea5a93112/library/alloc/src/boxed.rs:2021:9
[INFO] [stdout]   14:     0x55c7ad7ac988 - std::panicking::rust_panic_with_hook::h2b5517d590cab22e
[INFO] [stdout]                                at /rustc/82e1608dfa6e0b5569232559e3d385fea5a93112/library/std/src/panicking.rs:783:13
[INFO] [stdout]   15:     0x55c7ad7ac6de - std::panicking::begin_panic_handler::{{closure}}::h233112c06e0ef43e
[INFO] [stdout]                                at /rustc/82e1608dfa6e0b5569232559e3d385fea5a93112/library/std/src/panicking.rs:657:13
[INFO] [stdout]   16:     0x55c7ad7aad96 - std::sys_common::backtrace::__rust_end_short_backtrace::h6e893f24d7ebbff8
[INFO] [stdout]                                at /rustc/82e1608dfa6e0b5569232559e3d385fea5a93112/library/std/src/sys_common/backtrace.rs:170:18
[INFO] [stdout]   17:     0x55c7ad7ac442 - rust_begin_unwind
[INFO] [stdout]                                at /rustc/82e1608dfa6e0b5569232559e3d385fea5a93112/library/std/src/panicking.rs:645:5
[INFO] [stdout]   18:     0x55c7acf8b705 - core::panicking::panic_fmt::hbf0e066aabfa482c
[INFO] [stdout]                                at /rustc/82e1608dfa6e0b5569232559e3d385fea5a93112/library/core/src/panicking.rs:72:14
[INFO] [stdout]   19:     0x55c7ad053df6 - kaspa_p2p_lib::core::connection_handler::ConnectionHandler::serve::{{closure}}::hc463fc04cdd9aea3
[INFO] [stdout]                                at /opt/rustwide/workdir/src/core/connection_handler.rs:75:29
[INFO] [stdout]   20:     0x55c7ad01e2fb - <core::pin::Pin<P> as core::future::future::Future>::poll::h2b8749403e3f681e
[INFO] [stdout]                                at /rustc/82e1608dfa6e0b5569232559e3d385fea5a93112/library/core/src/future/future.rs:125:9
[INFO] [stdout]   21:     0x55c7acfd6469 - tokio::runtime::task::core::Core<T,S>::poll::{{closure}}::hf56f065c09771cdd
[INFO] [stdout]                                at /opt/rustwide/cargo-home/registry/src/index.crates.io-6f17d22bba15001f/tokio-1.33.0/src/runtime/task/core.rs:328:17
[INFO] [stdout]   22:     0x55c7acfd3d9b - tokio::loom::std::unsafe_cell::UnsafeCell<T>::with_mut::h8f68815b9902b022
[INFO] [stdout]                                at /opt/rustwide/cargo-home/registry/src/index.crates.io-6f17d22bba15001f/tokio-1.33.0/src/loom/std/unsafe_cell.rs:16:9
[INFO] [stdout]   23:     0x55c7acfd3d9b - tokio::runtime::task::core::Core<T,S>::poll::hf9bdc9499f30ff0b
[INFO] [stdout]                                at /opt/rustwide/cargo-home/registry/src/index.crates.io-6f17d22bba15001f/tokio-1.33.0/src/runtime/task/core.rs:317:13
[INFO] [stdout]   24:     0x55c7acf93931 - tokio::runtime::task::harness::poll_future::{{closure}}::ha48bb3f2234c3356
[INFO] [stdout]                                at /opt/rustwide/cargo-home/registry/src/index.crates.io-6f17d22bba15001f/tokio-1.33.0/src/runtime/task/harness.rs:485:19
[INFO] [stdout]   25:     0x55c7ad0b95e3 - <core::panic::unwind_safe::AssertUnwindSafe<F> as core::ops::function::FnOnce<()>>::call_once::h5ef62d1c6353d448
[INFO] [stdout]                                at /rustc/82e1608dfa6e0b5569232559e3d385fea5a93112/library/core/src/panic/unwind_safe.rs:272:9
[INFO] [stdout]   26:     0x55c7ad02b9a5 - std::panicking::try::do_call::h19238334bbd90995
[INFO] [stdout]                                at /rustc/82e1608dfa6e0b5569232559e3d385fea5a93112/library/std/src/panicking.rs:552:40
[INFO] [stdout]   27:     0x55c7ad03385b - __rust_try
[INFO] [stdout]   28:     0x55c7ad02ae38 - std::panicking::try::he1c609ea1594b096
[INFO] [stdout]                                at /rustc/82e1608dfa6e0b5569232559e3d385fea5a93112/library/std/src/panicking.rs:516:19
[INFO] [stdout]   29:     0x55c7acfade7a - std::panic::catch_unwind::h24c8055af4813560
[INFO] [stdout]                                at /rustc/82e1608dfa6e0b5569232559e3d385fea5a93112/library/std/src/panic.rs:142:14
[INFO] [stdout]   30:     0x55c7acf9037e - tokio::runtime::task::harness::poll_future::hb9507bda1f9ae54c
[INFO] [stdout]                                at /opt/rustwide/cargo-home/registry/src/index.crates.io-6f17d22bba15001f/tokio-1.33.0/src/runtime/task/harness.rs:473:18
[INFO] [stdout]   31:     0x55c7acf96d9f - tokio::runtime::task::harness::Harness<T,S>::poll_inner::hecb95544aa61fd20
[INFO] [stdout]                                at /opt/rustwide/cargo-home/registry/src/index.crates.io-6f17d22bba15001f/tokio-1.33.0/src/runtime/task/harness.rs:208:27
[INFO] [stdout]   32:     0x55c7acf9b453 - tokio::runtime::task::harness::Harness<T,S>::poll::h39ad66bfb035b333
[INFO] [stdout]                                at /opt/rustwide/cargo-home/registry/src/index.crates.io-6f17d22bba15001f/tokio-1.33.0/src/runtime/task/harness.rs:153:15
[INFO] [stdout]   33:     0x55c7ad08060b - tokio::runtime::task::raw::poll::h04bacc44feeb30bb
[INFO] [stdout]                                at /opt/rustwide/cargo-home/registry/src/index.crates.io-6f17d22bba15001f/tokio-1.33.0/src/runtime/task/raw.rs:276:5
[INFO] [stdout]   34:     0x55c7ad68bff7 - tokio::runtime::task::raw::RawTask::poll::h4bb733e05eb88cc7
[INFO] [stdout]                                at /opt/rustwide/cargo-home/registry/src/index.crates.io-6f17d22bba15001f/tokio-1.33.0/src/runtime/task/raw.rs:200:18
[INFO] [stdout]   35:     0x55c7ad574b82 - tokio::runtime::task::LocalNotified<S>::run::h222968a7db26d6e2
[INFO] [stdout]                                at /opt/rustwide/cargo-home/registry/src/index.crates.io-6f17d22bba15001f/tokio-1.33.0/src/runtime/task/mod.rs:408:9
[INFO] [stdout]   36:     0x55c7ad06780b - tokio::runtime::scheduler::current_thread::CoreGuard::block_on::{{closure}}::{{closure}}::he96701b3856370ba
[INFO] [stdout]                                at /opt/rustwide/cargo-home/registry/src/index.crates.io-6f17d22bba15001f/tokio-1.33.0/src/runtime/scheduler/current_thread/mod.rs:706:25
[INFO] [stdout]   37:     0x55c7ad0667a3 - tokio::runtime::coop::with_budget::h046854824ec87d30
[INFO] [stdout]                                at /opt/rustwide/cargo-home/registry/src/index.crates.io-6f17d22bba15001f/tokio-1.33.0/src/runtime/coop.rs:107:5
[INFO] [stdout]   38:     0x55c7ad0667a3 - tokio::runtime::coop::budget::h188d160565279ed3
[INFO] [stdout]                                at /opt/rustwide/cargo-home/registry/src/index.crates.io-6f17d22bba15001f/tokio-1.33.0/src/runtime/coop.rs:73:5
[INFO] [stdout]   39:     0x55c7ad0667a3 - tokio::runtime::scheduler::current_thread::Context::run_task::{{closure}}::heb701902a4d739a4
[INFO] [stdout]                                at /opt/rustwide/cargo-home/registry/src/index.crates.io-6f17d22bba15001f/tokio-1.33.0/src/runtime/scheduler/current_thread/mod.rs:343:43
[INFO] [stdout]   40:     0x55c7ad066426 - tokio::runtime::scheduler::current_thread::Context::enter::hea842917b481f807
[INFO] [stdout]                                at /opt/rustwide/cargo-home/registry/src/index.crates.io-6f17d22bba15001f/tokio-1.33.0/src/runtime/scheduler/current_thread/mod.rs:410:19
[INFO] [stdout]   41:     0x55c7ad06662b - tokio::runtime::scheduler::current_thread::Context::run_task::h38a8207d20534391
[INFO] [stdout]                                at /opt/rustwide/cargo-home/registry/src/index.crates.io-6f17d22bba15001f/tokio-1.33.0/src/runtime/scheduler/current_thread/mod.rs:343:23
[INFO] [stdout]   42:     0x55c7ad067584 - tokio::runtime::scheduler::current_thread::CoreGuard::block_on::{{closure}}::h9c08101aea6b7403
[INFO] [stdout]                                at /opt/rustwide/cargo-home/registry/src/index.crates.io-6f17d22bba15001f/tokio-1.33.0/src/runtime/scheduler/current_thread/mod.rs:705:34
[INFO] [stdout]   43:     0x55c7ad066c7b - tokio::runtime::scheduler::current_thread::CoreGuard::enter::{{closure}}::h62bea7b0e0e81f55
[INFO] [stdout]                                at /opt/rustwide/cargo-home/registry/src/index.crates.io-6f17d22bba15001f/tokio-1.33.0/src/runtime/scheduler/current_thread/mod.rs:743:68
[INFO] [stdout]   44:     0x55c7acfedbfb - tokio::runtime::context::scoped::Scoped<T>::set::hb21c37f52b92abd8
[INFO] [stdout]                                at /opt/rustwide/cargo-home/registry/src/index.crates.io-6f17d22bba15001f/tokio-1.33.0/src/runtime/context/scoped.rs:40:9
[INFO] [stdout]   45:     0x55c7ad0cbf59 - tokio::runtime::context::set_scheduler::{{closure}}::h1683897d1d0b28d0
[INFO] [stdout]                                at /opt/rustwide/cargo-home/registry/src/index.crates.io-6f17d22bba15001f/tokio-1.33.0/src/runtime/context.rs:176:26
[INFO] [stdout]   46:     0x55c7ad01b106 - std::thread::local::LocalKey<T>::try_with::hf5b590259d4b2e98
[INFO] [stdout]                                at /rustc/82e1608dfa6e0b5569232559e3d385fea5a93112/library/std/src/thread/local.rs:270:16
[INFO] [stdout]   47:     0x55c7ad01885a - std::thread::local::LocalKey<T>::with::h021d66804c3b031f
[INFO] [stdout]                                at /rustc/82e1608dfa6e0b5569232559e3d385fea5a93112/library/std/src/thread/local.rs:246:9
[INFO] [stdout]   48:     0x55c7ad0cbf0d - tokio::runtime::context::set_scheduler::hfc570fb6eac7f4df
[INFO] [stdout]                                at /opt/rustwide/cargo-home/registry/src/index.crates.io-6f17d22bba15001f/tokio-1.33.0/src/runtime/context.rs:176:9
[INFO] [stdout]   49:     0x55c7ad066a10 - tokio::runtime::scheduler::current_thread::CoreGuard::enter::h4f51395d9ece0018
[INFO] [stdout]                                at /opt/rustwide/cargo-home/registry/src/index.crates.io-6f17d22bba15001f/tokio-1.33.0/src/runtime/scheduler/current_thread/mod.rs:743:27
[INFO] [stdout]   50:     0x55c7ad066cad - tokio::runtime::scheduler::current_thread::CoreGuard::block_on::h707131707c08f0f7
[INFO] [stdout]                                at /opt/rustwide/cargo-home/registry/src/index.crates.io-6f17d22bba15001f/tokio-1.33.0/src/runtime/scheduler/current_thread/mod.rs:652:19
[INFO] [stdout]   51:     0x55c7ad0632cd - tokio::runtime::scheduler::current_thread::CurrentThread::block_on::{{closure}}::h79c7043ce7b9f6c4
[INFO] [stdout]                                at /opt/rustwide/cargo-home/registry/src/index.crates.io-6f17d22bba15001f/tokio-1.33.0/src/runtime/scheduler/current_thread/mod.rs:175:28
[INFO] [stdout]   52:     0x55c7ad0cc53a - tokio::runtime::context::runtime::enter_runtime::h9f408fe2e5c1994e
[INFO] [stdout]                                at /opt/rustwide/cargo-home/registry/src/index.crates.io-6f17d22bba15001f/tokio-1.33.0/src/runtime/context/runtime.rs:65:16
[INFO] [stdout]   53:     0x55c7ad0631e0 - tokio::runtime::scheduler::current_thread::CurrentThread::block_on::h82bd8a8383989e20
[INFO] [stdout]                                at /opt/rustwide/cargo-home/registry/src/index.crates.io-6f17d22bba15001f/tokio-1.33.0/src/runtime/scheduler/current_thread/mod.rs:167:9
[INFO] [stdout]   54:     0x55c7ad050c0d - tokio::runtime::runtime::Runtime::block_on::hf5ec50eb5ddff8b7
[INFO] [stdout]                                at /opt/rustwide/cargo-home/registry/src/index.crates.io-6f17d22bba15001f/tokio-1.33.0/src/runtime/runtime.rs:348:47
[INFO] [stdout]   55:     0x55c7ad058f88 - kaspa_p2p_lib::echo::tests::test_handshake::ha4aa97bf40d20955
[INFO] [stdout]                                at /opt/rustwide/workdir/src/echo.rs:202:9
[INFO] [stdout]   56:     0x55c7ad058e07 - kaspa_p2p_lib::echo::tests::test_handshake::{{closure}}::h4a9fd9c59c13cb58
[INFO] [stdout]                                at /opt/rustwide/workdir/src/echo.rs:156:30
[INFO] [stdout]   57:     0x55c7acffd6a6 - core::ops::function::FnOnce::call_once::h1cdc94bd9258d3b1
[INFO] [stdout]                                at /rustc/82e1608dfa6e0b5569232559e3d385fea5a93112/library/core/src/ops/function.rs:250:5
[INFO] [stdout]   58:     0x55c7ad14e38f - core::ops::function::FnOnce::call_once::h2b5d431d5046312d
[INFO] [stdout]                                at /rustc/82e1608dfa6e0b5569232559e3d385fea5a93112/library/core/src/ops/function.rs:250:5
[INFO] [stdout]   59:     0x55c7ad14e38f - test::__rust_begin_short_backtrace::h7714669af176e207
[INFO] [stdout]                                at /rustc/82e1608dfa6e0b5569232559e3d385fea5a93112/library/test/src/lib.rs:628:18
[INFO] [stdout]   60:     0x55c7ad14d3a5 - test::run_test_in_process::{{closure}}::h85218797dcbcec12
[INFO] [stdout]                                at /rustc/82e1608dfa6e0b5569232559e3d385fea5a93112/library/test/src/lib.rs:651:60
[INFO] [stdout]   61:     0x55c7ad14d3a5 - <core::panic::unwind_safe::AssertUnwindSafe<F> as core::ops::function::FnOnce<()>>::call_once::h76c106ea31c14d7b
[INFO] [stdout]                                at /rustc/82e1608dfa6e0b5569232559e3d385fea5a93112/library/core/src/panic/unwind_safe.rs:272:9
[INFO] [stdout]   62:     0x55c7ad14d3a5 - std::panicking::try::do_call::h3bd5d0f6620ee946
[INFO] [stdout]                                at /rustc/82e1608dfa6e0b5569232559e3d385fea5a93112/library/std/src/panicking.rs:552:40
[INFO] [stdout]   63:     0x55c7ad14d3a5 - std::panicking::try::h232e535e4744fe31
[INFO] [stdout]                                at /rustc/82e1608dfa6e0b5569232559e3d385fea5a93112/library/std/src/panicking.rs:516:19
[INFO] [stdout]   64:     0x55c7ad14d3a5 - std::panic::catch_unwind::h3ce3bd6ca8dbac68
[INFO] [stdout]                                at /rustc/82e1608dfa6e0b5569232559e3d385fea5a93112/library/std/src/panic.rs:142:14
[INFO] [stdout]   65:     0x55c7ad14d3a5 - test::run_test_in_process::hc97b257c9621286a
[INFO] [stdout]                                at /rustc/82e1608dfa6e0b5569232559e3d385fea5a93112/library/test/src/lib.rs:651:27
[INFO] [stdout]   66:     0x55c7ad14d3a5 - test::run_test::{{closure}}::h2aa798823a438d38
[INFO] [stdout]                                at /rustc/82e1608dfa6e0b5569232559e3d385fea5a93112/library/test/src/lib.rs:574:43
[INFO] [stdout]   67:     0x55c7ad115666 - test::run_test::{{closure}}::h87d231c78fb59832
[INFO] [stdout]                                at /rustc/82e1608dfa6e0b5569232559e3d385fea5a93112/library/test/src/lib.rs:602:41
[INFO] [stdout]   68:     0x55c7ad115666 - std::sys_common::backtrace::__rust_begin_short_backtrace::he6df152596625789
[INFO] [stdout]                                at /rustc/82e1608dfa6e0b5569232559e3d385fea5a93112/library/std/src/sys_common/backtrace.rs:154:18
[INFO] [stdout]   69:     0x55c7ad11a717 - std::thread::Builder::spawn_unchecked_::{{closure}}::{{closure}}::ha94be15d1e0acf36
[INFO] [stdout]                                at /rustc/82e1608dfa6e0b5569232559e3d385fea5a93112/library/std/src/thread/mod.rs:529:17
[INFO] [stdout]   70:     0x55c7ad11a717 - <core::panic::unwind_safe::AssertUnwindSafe<F> as core::ops::function::FnOnce<()>>::call_once::h9dc6bd6372f16606
[INFO] [stdout]                                at /rustc/82e1608dfa6e0b5569232559e3d385fea5a93112/library/core/src/panic/unwind_safe.rs:272:9
[INFO] [stdout]   71:     0x55c7ad11a717 - std::panicking::try::do_call::h9057517f80303cd4
[INFO] [stdout]                                at /rustc/82e1608dfa6e0b5569232559e3d385fea5a93112/library/std/src/panicking.rs:552:40
[INFO] [stdout]   72:     0x55c7ad11a717 - std::panicking::try::he3a30b11ee45340c
[INFO] [stdout]                                at /rustc/82e1608dfa6e0b5569232559e3d385fea5a93112/library/std/src/panicking.rs:516:19
[INFO] [stdout]   73:     0x55c7ad11a717 - std::panic::catch_unwind::h410458cfd3528b8b
[INFO] [stdout]                                at /rustc/82e1608dfa6e0b5569232559e3d385fea5a93112/library/std/src/panic.rs:142:14
[INFO] [stdout]   74:     0x55c7ad11a717 - std::thread::Builder::spawn_unchecked_::{{closure}}::h72ac3bdb567b737b
[INFO] [stdout]                                at /rustc/82e1608dfa6e0b5569232559e3d385fea5a93112/library/std/src/thread/mod.rs:528:30
[INFO] [stdout]   75:     0x55c7ad11a717 - core::ops::function::FnOnce::call_once{{vtable.shim}}::h38f34da3654a8344
[INFO] [stdout]                                at /rustc/82e1608dfa6e0b5569232559e3d385fea5a93112/library/core/src/ops/function.rs:250:5
[INFO] [stdout]   76:     0x55c7ad7b17e5 - <alloc::boxed::Box<F,A> as core::ops::function::FnOnce<Args>>::call_once::hc7eafaff61e32df9
[INFO] [stdout]                                at /rustc/82e1608dfa6e0b5569232559e3d385fea5a93112/library/alloc/src/boxed.rs:2007:9
[INFO] [stdout]   77:     0x55c7ad7b17e5 - <alloc::boxed::Box<F,A> as core::ops::function::FnOnce<Args>>::call_once::h6ba4a5de48dd2304
[INFO] [stdout]                                at /rustc/82e1608dfa6e0b5569232559e3d385fea5a93112/library/alloc/src/boxed.rs:2007:9
[INFO] [stdout]   78:     0x55c7ad7b17e5 - std::sys::unix::thread::Thread::new::thread_start::he469335aef763e45
[INFO] [stdout]                                at /rustc/82e1608dfa6e0b5569232559e3d385fea5a93112/library/std/src/sys/unix/thread.rs:108:17
[INFO] [stdout]   79:     0x7f3645a42ac3 - <unknown>
[INFO] [stdout]   80:     0x7f3645ad3bf4 - __clone
[INFO] [stdout]   81:                0x0 - <unknown>
[INFO] [stdout] thread 'echo::tests::test_handshake' panicked at src/echo.rs:169:14:
[INFO] [stdout] peer connection failed: TonicError(tonic::transport::Error(Transport, hyper::Error(Connect, ConnectError("tcp connect error", Os { code: 99, kind: AddrNotAvailable, message: "Cannot assign requested address" }))))
[INFO] [stdout] stack backtrace:
[INFO] [stdout]    0:     0x55c7ad7aa8cc - std::backtrace_rs::backtrace::libunwind::trace::ha637c64ce894333a
[INFO] [stdout]                                at /rustc/82e1608dfa6e0b5569232559e3d385fea5a93112/library/std/src/../../backtrace/src/backtrace/libunwind.rs:104:5
[INFO] [stdout]    1:     0x55c7ad7aa8cc - std::backtrace_rs::backtrace::trace_unsynchronized::h47f62dea28e0c88d
[INFO] [stdout]                                at /rustc/82e1608dfa6e0b5569232559e3d385fea5a93112/library/std/src/../../backtrace/src/backtrace/mod.rs:66:5
[INFO] [stdout]    2:     0x55c7ad7aa8cc - std::sys_common::backtrace::_print_fmt::h9eef0abe20ede486
[INFO] [stdout]                                at /rustc/82e1608dfa6e0b5569232559e3d385fea5a93112/library/std/src/sys_common/backtrace.rs:67:5
[INFO] [stdout]    3:     0x55c7ad7aa8cc - <std::sys_common::backtrace::_print::DisplayBacktrace as core::fmt::Display>::fmt::hed7f999df88cc644
[INFO] [stdout]                                at /rustc/82e1608dfa6e0b5569232559e3d385fea5a93112/library/std/src/sys_common/backtrace.rs:44:22
[INFO] [stdout]    4:     0x55c7ad7d89f0 - core::fmt::rt::Argument::fmt::h1539a9308b8d058d
[INFO] [stdout]                                at /rustc/82e1608dfa6e0b5569232559e3d385fea5a93112/library/core/src/fmt/rt.rs:142:9
[INFO] [stdout]    5:     0x55c7ad7d89f0 - core::fmt::write::h3a39390d8560d9c9
[INFO] [stdout]                                at /rustc/82e1608dfa6e0b5569232559e3d385fea5a93112/library/core/src/fmt/mod.rs:1120:17
[INFO] [stdout]    6:     0x55c7ad7a768f - std::io::Write::write_fmt::h040b369f3a0f9cbc
[INFO] [stdout]                                at /rustc/82e1608dfa6e0b5569232559e3d385fea5a93112/library/std/src/io/mod.rs:1762:15
[INFO] [stdout]    7:     0x55c7ad7aa6b4 - std::sys_common::backtrace::_print::h894006fb5c6f3d45
[INFO] [stdout]                                at /rustc/82e1608dfa6e0b5569232559e3d385fea5a93112/library/std/src/sys_common/backtrace.rs:47:5
[INFO] [stdout]    8:     0x55c7ad7aa6b4 - std::sys_common::backtrace::print::h23a2d212c6fff936
[INFO] [stdout]                                at /rustc/82e1608dfa6e0b5569232559e3d385fea5a93112/library/std/src/sys_common/backtrace.rs:34:9
[INFO] [stdout]    9:     0x55c7ad7ac377 - std::panicking::default_hook::{{closure}}::h8a1d2ee00185001a
[INFO] [stdout]   10:     0x55c7ad7ac063 - std::panicking::default_hook::h6038f2eba384e475
[INFO] [stdout]                                at /rustc/82e1608dfa6e0b5569232559e3d385fea5a93112/library/std/src/panicking.rs:289:9
[INFO] [stdout]   11:     0x55c7ad148d37 - <alloc::boxed::Box<F,A> as core::ops::function::Fn<Args>>::call::h0ad024c9bdc6d768
[INFO] [stdout]                                at /rustc/82e1608dfa6e0b5569232559e3d385fea5a93112/library/alloc/src/boxed.rs:2021:9
[INFO] [stdout]   12:     0x55c7ad148d37 - test::test_main::{{closure}}::h7500b54257359db6
[INFO] [stdout]                                at /rustc/82e1608dfa6e0b5569232559e3d385fea5a93112/library/test/src/lib.rs:138:21
[INFO] [stdout]   13:     0x55c7ad7ac988 - <alloc::boxed::Box<F,A> as core::ops::function::Fn<Args>>::call::h1f8f335eaa9cfaee
[INFO] [stdout]                                at /rustc/82e1608dfa6e0b5569232559e3d385fea5a93112/library/alloc/src/boxed.rs:2021:9
[INFO] [stdout]   14:     0x55c7ad7ac988 - std::panicking::rust_panic_with_hook::h2b5517d590cab22e
[INFO] [stdout]                                at /rustc/82e1608dfa6e0b5569232559e3d385fea5a93112/library/std/src/panicking.rs:783:13
[INFO] [stdout]   15:     0x55c7ad7ac6de - std::panicking::begin_panic_handler::{{closure}}::h233112c06e0ef43e
[INFO] [stdout]                                at /rustc/82e1608dfa6e0b5569232559e3d385fea5a93112/library/std/src/panicking.rs:657:13
[INFO] [stdout]   16:     0x55c7ad7aad96 - std::sys_common::backtrace::__rust_end_short_backtrace::h6e893f24d7ebbff8
[INFO] [stdout]                                at /rustc/82e1608dfa6e0b5569232559e3d385fea5a93112/library/std/src/sys_common/backtrace.rs:170:18
[INFO] [stdout]   17:     0x55c7ad7ac442 - rust_begin_unwind
[INFO] [stdout]                                at /rustc/82e1608dfa6e0b5569232559e3d385fea5a93112/library/std/src/panicking.rs:645:5
[INFO] [stdout]   18:     0x55c7acf8b705 - core::panicking::panic_fmt::hbf0e066aabfa482c
[INFO] [stdout]                                at /rustc/82e1608dfa6e0b5569232559e3d385fea5a93112/library/core/src/panicking.rs:72:14
[INFO] [stdout]   19:     0x55c7acf8bd33 - core::result::unwrap_failed::hddb4fea594200c52
[INFO] [stdout]                                at /rustc/82e1608dfa6e0b5569232559e3d385fea5a93112/library/core/src/result.rs:1653:5
[INFO] [stdout]   20:     0x55c7ad03b0ce - core::result::Result<T,E>::expect::h050b4aeba7f51586
[INFO] [stdout]                                at /rustc/82e1608dfa6e0b5569232559e3d385fea5a93112/library/core/src/result.rs:1034:23
[INFO] [stdout]   21:     0x55c7ad0597f2 - kaspa_p2p_lib::echo::tests::test_handshake::{{closure}}::he677570ce31199c5
[INFO] [stdout]                                at /opt/rustwide/workdir/src/echo.rs:166:24
[INFO] [stdout]   22:     0x55c7ad01e6a8 - <core::pin::Pin<P> as core::future::future::Future>::poll::hb1ce1e65a01a22fd
[INFO] [stdout]                                at /rustc/82e1608dfa6e0b5569232559e3d385fea5a93112/library/core/src/future/future.rs:125:9
[INFO] [stdout]   23:     0x55c7ad01e34b - <core::pin::Pin<P> as core::future::future::Future>::poll::h2d9421d7f02b2056
[INFO] [stdout]                                at /rustc/82e1608dfa6e0b5569232559e3d385fea5a93112/library/core/src/future/future.rs:125:9
[INFO] [stdout]   24:     0x55c7ad067844 - tokio::runtime::scheduler::current_thread::CoreGuard::block_on::{{closure}}::{{closure}}::{{closure}}::hf29f2035832b148d
[INFO] [stdout]                                at /opt/rustwide/cargo-home/registry/src/index.crates.io-6f17d22bba15001f/tokio-1.33.0/src/runtime/scheduler/current_thread/mod.rs:665:57
[INFO] [stdout]   25:     0x55c7ad06776a - tokio::runtime::coop::with_budget::hae4ee3e9565288b5
[INFO] [stdout]                                at /opt/rustwide/cargo-home/registry/src/index.crates.io-6f17d22bba15001f/tokio-1.33.0/src/runtime/coop.rs:107:5
[INFO] [stdout]   26:     0x55c7ad06776a - tokio::runtime::coop::budget::h476c1b24e0664885
[INFO] [stdout]                                at /opt/rustwide/cargo-home/registry/src/index.crates.io-6f17d22bba15001f/tokio-1.33.0/src/runtime/coop.rs:73:5
[INFO] [stdout]   27:     0x55c7ad06776a - tokio::runtime::scheduler::current_thread::CoreGuard::block_on::{{closure}}::{{closure}}::h481a4f522e025697
[INFO] [stdout]                                at /opt/rustwide/cargo-home/registry/src/index.crates.io-6f17d22bba15001f/tokio-1.33.0/src/runtime/scheduler/current_thread/mod.rs:665:25
[INFO] [stdout]   28:     0x55c7ad0660fc - tokio::runtime::scheduler::current_thread::Context::enter::h4c06853c0a28b32a
[INFO] [stdout]                                at /opt/rustwide/cargo-home/registry/src/index.crates.io-6f17d22bba15001f/tokio-1.33.0/src/runtime/scheduler/current_thread/mod.rs:410:19
[INFO] [stdout]   29:     0x55c7ad066f6e - tokio::runtime::scheduler::current_thread::CoreGuard::block_on::{{closure}}::h9c08101aea6b7403
[INFO] [stdout]                                at /opt/rustwide/cargo-home/registry/src/index.crates.io-6f17d22bba15001f/tokio-1.33.0/src/runtime/scheduler/current_thread/mod.rs:664:36
[INFO] [stdout]   30:     0x55c7ad066c7b - tokio::runtime::scheduler::current_thread::CoreGuard::enter::{{closure}}::h62bea7b0e0e81f55
[INFO] [stdout]                                at /opt/rustwide/cargo-home/registry/src/index.crates.io-6f17d22bba15001f/tokio-1.33.0/src/runtime/scheduler/current_thread/mod.rs:743:68
[INFO] [stdout]   31:     0x55c7acfedbfb - tokio::runtime::context::scoped::Scoped<T>::set::hb21c37f52b92abd8
[INFO] [stdout]                                at /opt/rustwide/cargo-home/registry/src/index.crates.io-6f17d22bba15001f/tokio-1.33.0/src/runtime/context/scoped.rs:40:9
[INFO] [stdout]   32:     0x55c7ad0cbf59 - tokio::runtime::context::set_scheduler::{{closure}}::h1683897d1d0b28d0
[INFO] [stdout]                                at /opt/rustwide/cargo-home/registry/src/index.crates.io-6f17d22bba15001f/tokio-1.33.0/src/runtime/context.rs:176:26
[INFO] [stdout]   33:     0x55c7ad01b106 - std::thread::local::LocalKey<T>::try_with::hf5b590259d4b2e98
[INFO] [stdout]                                at /rustc/82e1608dfa6e0b5569232559e3d385fea5a93112/library/std/src/thread/local.rs:270:16
[INFO] [stdout]   34:     0x55c7ad01885a - std::thread::local::LocalKey<T>::with::h021d66804c3b031f
[INFO] [stdout]                                at /rustc/82e1608dfa6e0b5569232559e3d385fea5a93112/library/std/src/thread/local.rs:246:9
[INFO] [stdout]   35:     0x55c7ad0cbf0d - tokio::runtime::context::set_scheduler::hfc570fb6eac7f4df
[INFO] [stdout]                                at /opt/rustwide/cargo-home/registry/src/index.crates.io-6f17d22bba15001f/tokio-1.33.0/src/runtime/context.rs:176:9
[INFO] [stdout]   36:     0x55c7ad066a10 - tokio::runtime::scheduler::current_thread::CoreGuard::enter::h4f51395d9ece0018
[INFO] [stdout]                                at /opt/rustwide/cargo-home/registry/src/index.crates.io-6f17d22bba15001f/tokio-1.33.0/src/runtime/scheduler/current_thread/mod.rs:743:27
[INFO] [stdout]   37:     0x55c7ad066cad - tokio::runtime::scheduler::current_thread::CoreGuard::block_on::h707131707c08f0f7
[INFO] [stdout]                                at /opt/rustwide/cargo-home/registry/src/index.crates.io-6f17d22bba15001f/tokio-1.33.0/src/runtime/scheduler/current_thread/mod.rs:652:19
[INFO] [stdout]   38:     0x55c7ad0632cd - tokio::runtime::scheduler::current_thread::CurrentThread::block_on::{{closure}}::h79c7043ce7b9f6c4
[INFO] [stdout]                                at /opt/rustwide/cargo-home/registry/src/index.crates.io-6f17d22bba15001f/tokio-1.33.0/src/runtime/scheduler/current_thread/mod.rs:175:28
[INFO] [stdout]   39:     0x55c7ad0cc53a - tokio::runtime::context::runtime::enter_runtime::h9f408fe2e5c1994e
[INFO] [stdout]                                at /opt/rustwide/cargo-home/registry/src/index.crates.io-6f17d22bba15001f/tokio-1.33.0/src/runtime/context/runtime.rs:65:16
[INFO] [stdout]   40:     0x55c7ad0631e0 - tokio::runtime::scheduler::current_thread::CurrentThread::block_on::h82bd8a8383989e20
[INFO] [stdout]                                at /opt/rustwide/cargo-home/registry/src/index.crates.io-6f17d22bba15001f/tokio-1.33.0/src/runtime/scheduler/current_thread/mod.rs:167:9
[INFO] [stdout]   41:     0x55c7ad050c0d - tokio::runtime::runtime::Runtime::block_on::hf5ec50eb5ddff8b7
[INFO] [stdout]                                at /opt/rustwide/cargo-home/registry/src/index.crates.io-6f17d22bba15001f/tokio-1.33.0/src/runtime/runtime.rs:348:47
[INFO] [stdout]   42:     0x55c7ad058f88 - kaspa_p2p_lib::echo::tests::test_handshake::ha4aa97bf40d20955
[INFO] [stdout]                                at /opt/rustwide/workdir/src/echo.rs:202:9
[INFO] [stdout]   43:     0x55c7ad058e07 - kaspa_p2p_lib::echo::tests::test_handshake::{{closure}}::h4a9fd9c59c13cb58
[INFO] [stdout]                                at /opt/rustwide/workdir/src/echo.rs:156:30
[INFO] [stdout]   44:     0x55c7acffd6a6 - core::ops::function::FnOnce::call_once::h1cdc94bd9258d3b1
[INFO] [stdout]                                at /rustc/82e1608dfa6e0b5569232559e3d385fea5a93112/library/core/src/ops/function.rs:250:5
[INFO] [stdout]   45:     0x55c7ad14e38f - core::ops::function::FnOnce::call_once::h2b5d431d5046312d
[INFO] [stdout]                                at /rustc/82e1608dfa6e0b5569232559e3d385fea5a93112/library/core/src/ops/function.rs:250:5
[INFO] [stdout]   46:     0x55c7ad14e38f - test::__rust_begin_short_backtrace::h7714669af176e207
[INFO] [stdout]                                at /rustc/82e1608dfa6e0b5569232559e3d385fea5a93112/library/test/src/lib.rs:628:18
[INFO] [stdout]   47:     0x55c7ad14d3a5 - test::run_test_in_process::{{closure}}::h85218797dcbcec12
[INFO] [stdout]                                at /rustc/82e1608dfa6e0b5569232559e3d385fea5a93112/library/test/src/lib.rs:651:60
[INFO] [stdout]   48:     0x55c7ad14d3a5 - <core::panic::unwind_safe::AssertUnwindSafe<F> as core::ops::function::FnOnce<()>>::call_once::h76c106ea31c14d7b
[INFO] [stdout]                                at /rustc/82e1608dfa6e0b5569232559e3d385fea5a93112/library/core/src/panic/unwind_safe.rs:272:9
[INFO] [stdout]   49:     0x55c7ad14d3a5 - std::panicking::try::do_call::h3bd5d0f6620ee946
[INFO] [stdout]                                at /rustc/82e1608dfa6e0b5569232559e3d385fea5a93112/library/std/src/panicking.rs:552:40
[INFO] [stdout]   50:     0x55c7ad14d3a5 - std::panicking::try::h232e535e4744fe31
[INFO] [stdout]                                at /rustc/82e1608dfa6e0b5569232559e3d385fea5a93112/library/std/src/panicking.rs:516:19
[INFO] [stdout]   51:     0x55c7ad14d3a5 - std::panic::catch_unwind::h3ce3bd6ca8dbac68
[INFO] [stdout]                                at /rustc/82e1608dfa6e0b5569232559e3d385fea5a93112/library/std/src/panic.rs:142:14
[INFO] [stdout]   52:     0x55c7ad14d3a5 - test::run_test_in_process::hc97b257c9621286a
[INFO] [stdout]                                at /rustc/82e1608dfa6e0b5569232559e3d385fea5a93112/library/test/src/lib.rs:651:27
[INFO] [stdout]   53:     0x55c7ad14d3a5 - test::run_test::{{closure}}::h2aa798823a438d38
[INFO] [stdout]                                at /rustc/82e1608dfa6e0b5569232559e3d385fea5a93112/library/test/src/lib.rs:574:43
[INFO] [stdout]   54:     0x55c7ad115666 - test::run_test::{{closure}}::h87d231c78fb59832
[INFO] [stdout]                                at /rustc/82e1608dfa6e0b5569232559e3d385fea5a93112/library/test/src/lib.rs:602:41
[INFO] [stdout]   55:     0x55c7ad115666 - std::sys_common::backtrace::__rust_begin_short_backtrace::he6df152596625789
[INFO] [stdout]                                at /rustc/82e1608dfa6e0b5569232559e3d385fea5a93112/library/std/src/sys_common/backtrace.rs:154:18
[INFO] [stdout]   56:     0x55c7ad11a717 - std::thread::Builder::spawn_unchecked_::{{closure}}::{{closure}}::ha94be15d1e0acf36
[INFO] [stdout]                                at /rustc/82e1608dfa6e0b5569232559e3d385fea5a93112/library/std/src/thread/mod.rs:529:17
[INFO] [stdout]   57:     0x55c7ad11a717 - <core::panic::unwind_safe::AssertUnwindSafe<F> as core::ops::function::FnOnce<()>>::call_once::h9dc6bd6372f16606
[INFO] [stdout]                                at /rustc/82e1608dfa6e0b5569232559e3d385fea5a93112/library/core/src/panic/unwind_safe.rs:272:9
[INFO] [stdout]   58:     0x55c7ad11a717 - std::panicking::try::do_call::h9057517f80303cd4
[INFO] [stdout]                                at /rustc/82e1608dfa6e0b5569232559e3d385fea5a93112/library/std/src/panicking.rs:552:40
[INFO] [stdout]   59:     0x55c7ad11a717 - std::panicking::try::he3a30b11ee45340c
[INFO] [stdout]                                at /rustc/82e1608dfa6e0b5569232559e3d385fea5a93112/library/std/src/panicking.rs:516:19
[INFO] [stdout]   60:     0x55c7ad11a717 - std::panic::catch_unwind::h410458cfd3528b8b
[INFO] [stdout]                                at /rustc/82e1608dfa6e0b5569232559e3d385fea5a93112/library/std/src/panic.rs:142:14
[INFO] [stdout]   61:     0x55c7ad11a717 - std::thread::Builder::spawn_unchecked_::{{closure}}::h72ac3bdb567b737b
[INFO] [stdout]                                at /rustc/82e1608dfa6e0b5569232559e3d385fea5a93112/library/std/src/thread/mod.rs:528:30
[INFO] [stdout]   62:     0x55c7ad11a717 - core::ops::function::FnOnce::call_once{{vtable.shim}}::h38f34da3654a8344
[INFO] [stdout]                                at /rustc/82e1608dfa6e0b5569232559e3d385fea5a93112/library/core/src/ops/function.rs:250:5
[INFO] [stdout]   63:     0x55c7ad7b17e5 - <alloc::boxed::Box<F,A> as core::ops::function::FnOnce<Args>>::call_once::hc7eafaff61e32df9
[INFO] [stdout]                                at /rustc/82e1608dfa6e0b5569232559e3d385fea5a93112/library/alloc/src/boxed.rs:2007:9
[INFO] [stdout]   64:     0x55c7ad7b17e5 - <alloc::boxed::Box<F,A> as core::ops::function::FnOnce<Args>>::call_once::h6ba4a5de48dd2304
[INFO] [stdout]                                at /rustc/82e1608dfa6e0b5569232559e3d385fea5a93112/library/alloc/src/boxed.rs:2007:9
[INFO] [stdout]   65:     0x55c7ad7b17e5 - std::sys::unix::thread::Thread::new::thread_start::he469335aef763e45
[INFO] [stdout]                                at /rustc/82e1608dfa6e0b5569232559e3d385fea5a93112/library/std/src/sys/unix/thread.rs:108:17
[INFO] [stdout]   66:     0x7f3645a42ac3 - <unknown>
[INFO] [stdout]   67:     0x7f3645ad3bf4 - __clone
[INFO] [stdout]   68:                0x0 - <unknown>
[INFO] [stdout] 
[INFO] [stdout] 
[INFO] [stdout] failures:
[INFO] [stdout]     echo::tests::test_handshake
[INFO] [stdout] 
[INFO] [stdout] test result: FAILED. 1 passed; 1 failed; 0 ignored; 0 measured; 0 filtered out; finished in 15.03s
[INFO] [stdout] 
[INFO] [stderr] error: test failed, to rerun pass `--lib`
[INFO] running `Command { std: "docker" "inspect" "8438c318a18a7873574e91332905225338cd3343519743b511187ea2c3c8ce98", kill_on_drop: false }`
[INFO] running `Command { std: "docker" "rm" "-f" "8438c318a18a7873574e91332905225338cd3343519743b511187ea2c3c8ce98", kill_on_drop: false }`
[INFO] [stdout] 8438c318a18a7873574e91332905225338cd3343519743b511187ea2c3c8ce98
[INFO] testing kaspa-p2p-lib-0.0.4 against beta-2023-12-22 for beta-1.76-1
[INFO] extracting crate kaspa-p2p-lib 0.0.4 into /workspace/builds/worker-2-tc2/source
[INFO] validating manifest of crates.io crate kaspa-p2p-lib 0.0.4 on toolchain beta-2023-12-22
[INFO] running `Command { std: CARGO_HOME="/workspace/cargo-home" RUSTUP_HOME="/workspace/rustup-home" "/workspace/cargo-home/bin/cargo" "+beta-2023-12-22" "metadata" "--manifest-path" "Cargo.toml" "--no-deps", kill_on_drop: false }`
[INFO] started tweaking crates.io crate kaspa-p2p-lib 0.0.4
[INFO] finished tweaking crates.io crate kaspa-p2p-lib 0.0.4
[INFO] tweaked toml for crates.io crate kaspa-p2p-lib 0.0.4 written to /workspace/builds/worker-2-tc2/source/Cargo.toml
[INFO] crate crates.io crate kaspa-p2p-lib 0.0.4 already has a lockfile, it will not be regenerated
[INFO] running `Command { std: CARGO_HOME="/workspace/cargo-home" RUSTUP_HOME="/workspace/rustup-home" "/workspace/cargo-home/bin/cargo" "+beta-2023-12-22" "fetch" "--manifest-path" "Cargo.toml", kill_on_drop: false }`
[INFO] running `Command { std: "docker" "create" "-v" "/var/lib/crater-agent-workspace/builds/worker-2-tc2/target:/opt/rustwide/target:rw,Z" "-v" "/var/lib/crater-agent-workspace/builds/worker-2-tc2/source:/opt/rustwide/workdir:ro,Z" "-v" "/var/lib/crater-agent-workspace/cargo-home:/opt/rustwide/cargo-home:ro,Z" "-v" "/var/lib/crater-agent-workspace/rustup-home:/opt/rustwide/rustup-home:ro,Z" "-e" "SOURCE_DIR=/opt/rustwide/workdir" "-e" "CARGO_TARGET_DIR=/opt/rustwide/target" "-e" "CARGO_HOME=/opt/rustwide/cargo-home" "-e" "RUSTUP_HOME=/opt/rustwide/rustup-home" "-w" "/opt/rustwide/workdir" "-m" "1610612736" "--user" "0:0" "--network" "none" "ghcr.io/rust-lang/crates-build-env/linux@sha256:2788e3201cd34a07e3172128adcd8b3090168a8e3bcc40d7c032b9dda1df7d1c" "/opt/rustwide/cargo-home/bin/cargo" "+beta-2023-12-22" "metadata" "--no-deps" "--format-version=1", kill_on_drop: false }`
[INFO] [stdout] 2994b2ec0b009fbdc57b0a2a4ad0ef987f925e43de793b2132ae889d7fe6d2a5
[INFO] running `Command { std: "docker" "start" "-a" "2994b2ec0b009fbdc57b0a2a4ad0ef987f925e43de793b2132ae889d7fe6d2a5", kill_on_drop: false }`
[INFO] running `Command { std: "docker" "inspect" "2994b2ec0b009fbdc57b0a2a4ad0ef987f925e43de793b2132ae889d7fe6d2a5", kill_on_drop: false }`
[INFO] running `Command { std: "docker" "rm" "-f" "2994b2ec0b009fbdc57b0a2a4ad0ef987f925e43de793b2132ae889d7fe6d2a5", kill_on_drop: false }`
[INFO] [stdout] 2994b2ec0b009fbdc57b0a2a4ad0ef987f925e43de793b2132ae889d7fe6d2a5
[INFO] running `Command { std: "docker" "create" "-v" "/var/lib/crater-agent-workspace/builds/worker-2-tc2/target:/opt/rustwide/target:rw,Z" "-v" "/var/lib/crater-agent-workspace/builds/worker-2-tc2/source:/opt/rustwide/workdir:ro,Z" "-v" "/var/lib/crater-agent-workspace/cargo-home:/opt/rustwide/cargo-home:ro,Z" "-v" "/var/lib/crater-agent-workspace/rustup-home:/opt/rustwide/rustup-home:ro,Z" "-e" "SOURCE_DIR=/opt/rustwide/workdir" "-e" "CARGO_TARGET_DIR=/opt/rustwide/target" "-e" "CARGO_INCREMENTAL=0" "-e" "RUST_BACKTRACE=full" "-e" "RUSTFLAGS=--cap-lints=warn" "-e" "RUSTDOCFLAGS=--cap-lints=warn" "-e" "CARGO_HOME=/opt/rustwide/cargo-home" "-e" "RUSTUP_HOME=/opt/rustwide/rustup-home" "-w" "/opt/rustwide/workdir" "-m" "1610612736" "--user" "0:0" "--network" "none" "ghcr.io/rust-lang/crates-build-env/linux@sha256:2788e3201cd34a07e3172128adcd8b3090168a8e3bcc40d7c032b9dda1df7d1c" "/opt/rustwide/cargo-home/bin/cargo" "+beta-2023-12-22" "build" "--frozen" "--message-format=json", kill_on_drop: false }`
[INFO] [stdout] 98ddff0296273b3c20f524b582ef99c9b94c0ac736371c7603626ac21eff9e79
[INFO] running `Command { std: "docker" "start" "-a" "98ddff0296273b3c20f524b582ef99c9b94c0ac736371c7603626ac21eff9e79", kill_on_drop: false }`
[INFO] [stderr]    Compiling proc-macro2 v1.0.69
[INFO] [stderr]    Compiling libc v0.2.149
[INFO] [stderr]    Compiling once_cell v1.18.0
[INFO] [stderr]    Compiling serde v1.0.190
[INFO] [stderr]    Compiling futures-core v0.3.29
[INFO] [stderr]    Compiling memchr v2.6.4
[INFO] [stderr]    Compiling syn v1.0.109
[INFO] [stderr]    Compiling log v0.4.20
[INFO] [stderr]    Compiling itoa v1.0.9
[INFO] [stderr]    Compiling futures-io v0.3.29
[INFO] [stderr]    Compiling slab v0.4.9
[INFO] [stderr]    Compiling wasm-bindgen-shared v0.2.87
[INFO] [stderr]    Compiling bumpalo v3.14.0
[INFO] [stderr]    Compiling crossbeam-utils v0.8.16
[INFO] [stderr]    Compiling futures-channel v0.3.29
[INFO] [stderr]    Compiling ryu v1.0.15
[INFO] [stderr]    Compiling futures-sink v0.3.29
[INFO] [stderr]    Compiling futures-task v0.3.29
[INFO] [stderr]    Compiling futures-util v0.3.29
[INFO] [stderr]    Compiling value-bag v1.4.2
[INFO] [stderr]    Compiling tracing-core v0.1.32
[INFO] [stderr]    Compiling serde_json v1.0.108
[INFO] [stderr]    Compiling fastrand v2.0.1
[INFO] [stderr]    Compiling parking v2.2.0
[INFO] [stderr]    Compiling wasm-bindgen v0.2.87
[INFO] [stderr]    Compiling ppv-lite86 v0.2.17
[INFO] [stderr]    Compiling event-listener v2.5.3
[INFO] [stderr]    Compiling typenum v1.17.0
[INFO] [stderr]    Compiling regex-syntax v0.8.2
[INFO] [stderr]    Compiling aho-corasick v1.1.2
[INFO] [stderr]    Compiling waker-fn v1.1.1
[INFO] [stderr]    Compiling fastrand v1.9.0
[INFO] [stderr]    Compiling anyhow v1.0.75
[INFO] [stderr]    Compiling concurrent-queue v2.3.0
[INFO] [stderr]    Compiling thiserror v1.0.50
[INFO] [stderr]    Compiling io-lifetimes v1.0.11
[INFO] [stderr]    Compiling quote v1.0.33
[INFO] [stderr]    Compiling futures-lite v1.13.0
[INFO] [stderr]    Compiling async-lock v2.8.0
[INFO] [stderr]    Compiling syn v2.0.38
[INFO] [stderr]    Compiling polling v2.8.0
[INFO] [stderr]    Compiling cc v1.0.83
[INFO] [stderr]    Compiling ahash v0.7.7
[INFO] [stderr]    Compiling rustix v0.37.27
[INFO] [stderr]    Compiling async-io v1.13.0
[INFO] [stderr]    Compiling indexmap v1.9.3
[INFO] [stderr]    Compiling proc-macro-error v1.0.4
[INFO] [stderr]    Compiling async-task v4.5.0
[INFO] [stderr]    Compiling atomic-waker v1.1.2
[INFO] [stderr]    Compiling linux-raw-sys v0.3.8
[INFO] [stderr]    Compiling piper v0.2.1
[INFO] [stderr]    Compiling proc-macro-error-attr v1.0.4
[INFO] [stderr]    Compiling async-channel v1.9.0
[INFO] [stderr]    Compiling event-listener v3.0.1
[INFO] [stderr]    Compiling hashbrown v0.12.3
[INFO] [stderr]    Compiling unicode-segmentation v1.10.1
[INFO] [stderr]    Compiling cpufeatures v0.2.11
[INFO] [stderr]    Compiling async-executor v1.6.0
[INFO] [stderr]    Compiling getrandom v0.2.10
[INFO] [stderr]    Compiling num_cpus v1.16.0
[INFO] [stderr]    Compiling signal-hook-registry v1.4.1
[INFO] [stderr]    Compiling mio v0.8.9
[INFO] [stderr]    Compiling socket2 v0.5.5
[INFO] [stderr]    Compiling rand_core v0.6.4
[INFO] [stderr]    Compiling socket2 v0.4.10
[INFO] [stderr]    Compiling generic-array v0.14.7
[INFO] [stderr]    Compiling rand_chacha v0.3.1
[INFO] [stderr]    Compiling hashbrown v0.11.2
[INFO] [stderr]    Compiling rand v0.8.5
[INFO] [stderr]    Compiling regex-automata v0.4.3
[INFO] [stderr]    Compiling convert_case v0.6.0
[INFO] [stderr]    Compiling block-buffer v0.10.4
[INFO] [stderr]    Compiling crypto-common v0.1.6
[INFO] [stderr]    Compiling atty v0.2.14
[INFO] [stderr]    Compiling event-listener-strategy v0.3.0
[INFO] [stderr]    Compiling either v1.9.0
[INFO] [stderr]    Compiling triggered v0.1.2
[INFO] [stderr]    Compiling workflow-async-trait v0.1.68
[INFO] [stderr]    Compiling option-ext v0.2.0
[INFO] [stderr]    Compiling digest v0.10.7
[INFO] [stderr]    Compiling termcolor v1.3.0
[INFO] [stderr]    Compiling dirs-sys v0.4.1
[INFO] [stderr]    Compiling console v0.15.7
[INFO] [stderr]    Compiling async-channel v2.0.0
[INFO] [stderr]    Compiling hexplay v0.3.0
[INFO] [stderr]    Compiling sha2 v0.10.8
[INFO] [stderr]    Compiling downcast v0.11.0
[INFO] [stderr]    Compiling itertools v0.11.0
[INFO] [stderr]    Compiling dirs v5.0.1
[INFO] [stderr]    Compiling instant v0.1.12
[INFO] [stderr]    Compiling rlimit v0.10.1
[INFO] [stderr]    Compiling bs58 v0.5.0
[INFO] [stderr]    Compiling rustversion v1.0.14
[INFO] [stderr]    Compiling ring v0.17.5
[INFO] [stderr]    Compiling lock_api v0.4.11
[INFO] [stderr]    Compiling parking_lot_core v0.9.9
[INFO] [stderr]    Compiling rustix v0.38.21
[INFO] [stderr]    Compiling http v0.2.9
[INFO] [stderr]    Compiling bitflags v2.4.1
[INFO] [stderr]    Compiling ipnet v2.9.0
[INFO] [stderr]    Compiling async-trait v0.1.74
[INFO] [stderr]    Compiling toml v0.5.11
[INFO] [stderr]    Compiling linux-raw-sys v0.4.10
[INFO] [stderr]    Compiling faster-hex v0.6.1
[INFO] [stderr]    Compiling scopeguard v1.2.0
[INFO] [stderr]    Compiling secp256k1-sys v0.6.1
[INFO] [stderr]    Compiling kaspa-hashes v0.0.4
[INFO] [stderr]    Compiling bytes v1.5.0
[INFO] [stderr]    Compiling untrusted v0.9.0
[INFO] [stderr]    Compiling constant_time_eq v0.3.0
[INFO] [stderr]    Compiling destructure_traitobject v0.2.0
[INFO] [stderr]    Compiling spin v0.9.8
[INFO] [stderr]    Compiling hashbrown v0.14.2
[INFO] [stderr]    Compiling arrayref v0.3.7
[INFO] [stderr]    Compiling arrayvec v0.7.4
[INFO] [stderr]    Compiling httparse v1.8.0
[INFO] [stderr]    Compiling base64 v0.13.1
[INFO] [stderr]    Compiling prettyplease v0.2.15
[INFO] [stderr]    Compiling unsafe-any-ors v1.0.0
[INFO] [stderr]    Compiling wasm-bindgen-backend v0.2.87
[INFO] [stderr]    Compiling regex v1.10.2
[INFO] [stderr]    Compiling blake2b_simd v1.0.2
[INFO] [stderr]    Compiling proc-macro-crate v0.1.5
[INFO] [stderr]    Compiling malachite-base v0.4.4
[INFO] [stderr]    Compiling http-body v0.4.5
[INFO] [stderr]    Compiling uuid v0.8.2
[INFO] [stderr]    Compiling borsh-derive-internal v0.9.3
[INFO] [stderr]    Compiling borsh-schema-derive-internal v0.9.3
[INFO] [stderr]    Compiling indexmap v2.0.2
[INFO] [stderr]    Compiling flate2 v1.0.28
[INFO] [stderr]    Compiling home v0.5.5
[INFO] [stderr]    Compiling fixedbitset v0.4.2
[INFO] [stderr]    Compiling try-lock v0.2.4
[INFO] [stderr]    Compiling iana-time-zone v0.1.58
[INFO] [stderr]    Compiling want v0.3.1
[INFO] [stderr]    Compiling nix v0.27.1
[INFO] [stderr]    Compiling wasm-bindgen-macro-support v0.2.87
[INFO] [stderr]    Compiling chrono v0.4.31
[INFO] [stderr]    Compiling petgraph v0.6.4
[INFO] [stderr]    Compiling typemap-ors v1.0.0
[INFO] [stderr]    Compiling axum-core v0.3.4
[INFO] [stderr]    Compiling thread-id v4.2.1
[INFO] [stderr]    Compiling tempfile v3.8.1
[INFO] [stderr]    Compiling which v4.4.2
[INFO] [stderr]    Compiling httpdate v1.0.3
[INFO] [stderr]    Compiling log-mdc v0.1.0
[INFO] [stderr]    Compiling tower-layer v0.3.2
[INFO] [stderr]    Compiling arc-swap v1.6.0
[INFO] [stderr]    Compiling multimap v0.8.3
[INFO] [stderr]    Compiling rustls v0.21.8
[INFO] [stderr]    Compiling axum v0.6.20
[INFO] [stderr]    Compiling mime v0.3.17
[INFO] [stderr]    Compiling sync_wrapper v0.1.2
[INFO] [stderr]    Compiling matchit v0.7.3
[INFO] [stderr]    Compiling base64 v0.21.5
[INFO] [stderr]    Compiling percent-encoding v2.3.0
[INFO] [stderr]    Compiling ctrlc v3.4.1
[INFO] [stderr]    Compiling rustls-pemfile v1.0.3
[INFO] [stderr]    Compiling serde_derive v1.0.190
[INFO] [stderr]    Compiling tokio-macros v2.1.0
[INFO] [stderr]    Compiling tracing-attributes v0.1.27
[INFO] [stderr]    Compiling futures-macro v0.3.29
[INFO] [stderr]    Compiling wasm-bindgen-macro v0.2.87
[INFO] [stderr]    Compiling thiserror-impl v1.0.50
[INFO] [stderr]    Compiling parse-variants-derive v1.0.0
[INFO] [stderr]    Compiling prost-derive v0.12.1
[INFO] [stderr]    Compiling pin-project-internal v1.1.3
[INFO] [stderr]    Compiling async-stream-impl v0.3.5
[INFO] [stderr]    Compiling borsh-derive v0.9.3
[INFO] [stderr]    Compiling async-attributes v1.1.2
[INFO] [stderr]    Compiling parse-variants v1.0.1
[INFO] [stderr]    Compiling workflow-macro-tools v0.8.0
[INFO] [stderr]    Compiling linkme-impl v0.2.10
[INFO] [stderr]    Compiling embed-doc-image v0.1.4
[INFO] [stderr]    Compiling borsh v0.9.3
[INFO] [stderr]    Compiling tokio v1.33.0
[INFO] [stderr]    Compiling workflow-core-macros v0.8.0
[INFO] [stderr]    Compiling js-sys v0.3.64
[INFO] [stderr]    Compiling derivative v2.2.0
[INFO] [stderr]    Compiling intertrait-macros v0.2.2
[INFO] [stderr]    Compiling pin-project v1.1.3
[INFO] [stderr]    Compiling sct v0.7.1
[INFO] [stderr]    Compiling rustls-webpki v0.101.7
[INFO] [stderr]    Compiling async-stream v0.3.5
[INFO] [stderr]    Compiling linkme v0.2.10
[INFO] [stderr]    Compiling tracing v0.1.40
[INFO] [stderr]    Compiling blocking v1.4.1
[INFO] [stderr]    Compiling prost v0.12.1
[INFO] [stderr]    Compiling prost-types v0.12.1
[INFO] [stderr]    Compiling intertrait v0.2.2
[INFO] [stderr]    Compiling prost-build v0.12.1
[INFO] [stderr]    Compiling workflow-wasm-macros v0.8.0
[INFO] [stderr]    Compiling malachite-nz v0.4.4
[INFO] [stderr]    Compiling futures-executor v0.3.29
[INFO] [stderr]    Compiling futures v0.3.29
[INFO] [stderr]    Compiling tonic-build v0.10.2
[INFO] [stderr]    Compiling tokio-util v0.7.10
[INFO] [stderr]    Compiling tokio-io-timeout v1.2.0
[INFO] [stderr]    Compiling tokio-stream v0.1.14
[INFO] [stderr]    Compiling h2 v0.3.21
[INFO] [stderr]    Compiling tower v0.4.13
[INFO] [stderr]    Compiling kaspa-p2p-lib v0.0.4 (/opt/rustwide/workdir)
[INFO] [stderr]    Compiling smallvec v1.11.1
[INFO] [stderr]    Compiling faster-hex v0.8.1
[INFO] [stderr]    Compiling uuid v1.5.0
[INFO] [stderr]    Compiling serde_yaml v0.8.26
[INFO] [stderr]    Compiling serde-value v0.7.0
[INFO] [stderr]    Compiling secp256k1 v0.24.3
[INFO] [stderr]    Compiling kaspa-utils v0.0.4
[INFO] [stderr]    Compiling kv-log-macro v1.0.7
[INFO] [stderr]    Compiling parking_lot v0.12.1
[INFO] [stderr]    Compiling kaspa-txscript-errors v0.0.4
[INFO] [stderr]    Compiling seqlock v0.2.0
[INFO] [stderr]    Compiling log4rs v1.2.0
[INFO] [stderr]    Compiling async-global-executor v2.3.1
[INFO] [stderr]    Compiling async-std v1.12.0
[INFO] [stderr]    Compiling workflow-log v0.8.0
[INFO] [stderr]    Compiling hyper v0.14.27
[INFO] [stderr]    Compiling kaspa-core v0.0.4
[INFO] [stderr]    Compiling tokio-rustls v0.24.1
[INFO] [stderr]    Compiling web-sys v0.3.64
[INFO] [stderr]    Compiling serde-wasm-bindgen v0.6.1
[INFO] [stderr]    Compiling wasm-bindgen-futures v0.4.37
[INFO] [stderr]    Compiling hyper-timeout v0.4.1
[INFO] [stderr]    Compiling workflow-panic-hook v0.8.0
[INFO] [stderr]    Compiling workflow-core v0.8.0
[INFO] [stderr]    Compiling tonic v0.10.2
[INFO] [stderr]    Compiling workflow-wasm v0.8.0
[INFO] [stderr]    Compiling kaspa-math v0.0.4
[INFO] [stderr]    Compiling kaspa-addresses v0.0.4
[INFO] [stderr]    Compiling kaspa-merkle v0.0.4
[INFO] [stderr]    Compiling kaspa-muhash v0.0.4
[INFO] [stderr]    Compiling kaspa-consensus-core v0.0.4
[INFO] [stderr]    Compiling kaspa-mining-errors v0.0.4
[INFO] [stderr]     Finished dev [unoptimized + debuginfo] target(s) in 42.62s
[INFO] running `Command { std: "docker" "inspect" "98ddff0296273b3c20f524b582ef99c9b94c0ac736371c7603626ac21eff9e79", kill_on_drop: false }`
[INFO] running `Command { std: "docker" "rm" "-f" "98ddff0296273b3c20f524b582ef99c9b94c0ac736371c7603626ac21eff9e79", kill_on_drop: false }`
[INFO] [stdout] 98ddff0296273b3c20f524b582ef99c9b94c0ac736371c7603626ac21eff9e79
[INFO] running `Command { std: "docker" "create" "-v" "/var/lib/crater-agent-workspace/builds/worker-2-tc2/target:/opt/rustwide/target:rw,Z" "-v" "/var/lib/crater-agent-workspace/builds/worker-2-tc2/source:/opt/rustwide/workdir:ro,Z" "-v" "/var/lib/crater-agent-workspace/cargo-home:/opt/rustwide/cargo-home:ro,Z" "-v" "/var/lib/crater-agent-workspace/rustup-home:/opt/rustwide/rustup-home:ro,Z" "-e" "SOURCE_DIR=/opt/rustwide/workdir" "-e" "CARGO_TARGET_DIR=/opt/rustwide/target" "-e" "CARGO_INCREMENTAL=0" "-e" "RUST_BACKTRACE=full" "-e" "RUSTFLAGS=--cap-lints=warn" "-e" "RUSTDOCFLAGS=--cap-lints=warn" "-e" "CARGO_HOME=/opt/rustwide/cargo-home" "-e" "RUSTUP_HOME=/opt/rustwide/rustup-home" "-w" "/opt/rustwide/workdir" "-m" "1610612736" "--user" "0:0" "--network" "none" "ghcr.io/rust-lang/crates-build-env/linux@sha256:2788e3201cd34a07e3172128adcd8b3090168a8e3bcc40d7c032b9dda1df7d1c" "/opt/rustwide/cargo-home/bin/cargo" "+beta-2023-12-22" "test" "--frozen" "--no-run" "--message-format=json", kill_on_drop: false }`
[INFO] [stdout] 964320cf4f6d8cbea0dd477f3fe8687e4d95ea56fc1b8c02d95821fb1aecb4e9
[INFO] running `Command { std: "docker" "start" "-a" "964320cf4f6d8cbea0dd477f3fe8687e4d95ea56fc1b8c02d95821fb1aecb4e9", kill_on_drop: false }`
[INFO] [stderr]    Compiling kaspa-p2p-lib v0.0.4 (/opt/rustwide/workdir)
[INFO] [stderr]     Finished test [unoptimized + debuginfo] target(s) in 10.88s
[INFO] running `Command { std: "docker" "inspect" "964320cf4f6d8cbea0dd477f3fe8687e4d95ea56fc1b8c02d95821fb1aecb4e9", kill_on_drop: false }`
[INFO] running `Command { std: "docker" "rm" "-f" "964320cf4f6d8cbea0dd477f3fe8687e4d95ea56fc1b8c02d95821fb1aecb4e9", kill_on_drop: false }`
[INFO] [stdout] 964320cf4f6d8cbea0dd477f3fe8687e4d95ea56fc1b8c02d95821fb1aecb4e9
[INFO] running `Command { std: "docker" "create" "-v" "/var/lib/crater-agent-workspace/builds/worker-2-tc2/target:/opt/rustwide/target:rw,Z" "-v" "/var/lib/crater-agent-workspace/builds/worker-2-tc2/source:/opt/rustwide/workdir:ro,Z" "-v" "/var/lib/crater-agent-workspace/cargo-home:/opt/rustwide/cargo-home:ro,Z" "-v" "/var/lib/crater-agent-workspace/rustup-home:/opt/rustwide/rustup-home:ro,Z" "-e" "SOURCE_DIR=/opt/rustwide/workdir" "-e" "CARGO_TARGET_DIR=/opt/rustwide/target" "-e" "CARGO_INCREMENTAL=0" "-e" "RUST_BACKTRACE=full" "-e" "RUSTFLAGS=--cap-lints=warn" "-e" "RUSTDOCFLAGS=--cap-lints=warn" "-e" "CARGO_HOME=/opt/rustwide/cargo-home" "-e" "RUSTUP_HOME=/opt/rustwide/rustup-home" "-w" "/opt/rustwide/workdir" "-m" "1610612736" "--user" "0:0" "--network" "none" "ghcr.io/rust-lang/crates-build-env/linux@sha256:2788e3201cd34a07e3172128adcd8b3090168a8e3bcc40d7c032b9dda1df7d1c" "/opt/rustwide/cargo-home/bin/cargo" "+beta-2023-12-22" "test" "--frozen", kill_on_drop: false }`
[INFO] [stdout] 3893163a0f43c8a7c2e7368c978a5cb62ab371872f357320c37010bb5f2c694b
[INFO] running `Command { std: "docker" "start" "-a" "3893163a0f43c8a7c2e7368c978a5cb62ab371872f357320c37010bb5f2c694b", kill_on_drop: false }`
[INFO] [stderr]     Finished test [unoptimized + debuginfo] target(s) in 0.49s
[INFO] [stderr]      Running unittests src/lib.rs (/opt/rustwide/target/debug/deps/kaspa_p2p_lib-545cb04da5d8caee)
[INFO] [stdout] 
[INFO] [stdout] running 2 tests
[INFO] [stdout] 2024-01-05 05:27:25.635+00:00 [INFO ] P2P Server starting on: [::1]:50053
[INFO] [stdout] 2024-01-05 05:27:25.636+00:00 [INFO ] P2P Server starting on: [::1]:50054
[INFO] [stdout] 2024-01-05 05:27:25.636+00:00 [DEBUG] P2P, connect retry #1 failed with error TonicError(tonic::transport::Error(Transport, hyper::Error(Connect, ConnectError("tcp connect error", Os { code: 99, kind: AddrNotAvailable, message: "Cannot assign requested address" })))), peer: "[::1]:50054"
[INFO] [stdout] test convert::net_address::tests::test_netaddress ... ok
[INFO] [stdout] 2024-01-05 05:27:26.637+00:00 [DEBUG] P2P, connect retry #2 failed with error TonicError(tonic::transport::Error(Transport, hyper::Error(Connect, ConnectError("tcp connect error", Os { code: 99, kind: AddrNotAvailable, message: "Cannot assign requested address" })))), peer: "[::1]:50054"
[INFO] [stdout] 2024-01-05 05:27:27.640+00:00 [DEBUG] P2P, connect retry #3 failed with error TonicError(tonic::transport::Error(Transport, hyper::Error(Connect, ConnectError("tcp connect error", Os { code: 99, kind: AddrNotAvailable, message: "Cannot assign requested address" })))), peer: "[::1]:50054"
[INFO] [stdout] 2024-01-05 05:27:28.641+00:00 [DEBUG] P2P, connect retry #4 failed with error TonicError(tonic::transport::Error(Transport, hyper::Error(Connect, ConnectError("tcp connect error", Os { code: 99, kind: AddrNotAvailable, message: "Cannot assign requested address" })))), peer: "[::1]:50054"
[INFO] [stdout] 2024-01-05 05:27:29.643+00:00 [DEBUG] P2P, connect retry #5 failed with error TonicError(tonic::transport::Error(Transport, hyper::Error(Connect, ConnectError("tcp connect error", Os { code: 99, kind: AddrNotAvailable, message: "Cannot assign requested address" })))), peer: "[::1]:50054"
[INFO] [stdout] 2024-01-05 05:27:30.645+00:00 [DEBUG] P2P, connect retry #6 failed with error TonicError(tonic::transport::Error(Transport, hyper::Error(Connect, ConnectError("tcp connect error", Os { code: 99, kind: AddrNotAvailable, message: "Cannot assign requested address" })))), peer: "[::1]:50054"
[INFO] [stdout] 2024-01-05 05:27:31.646+00:00 [DEBUG] P2P, connect retry #7 failed with error TonicError(tonic::transport::Error(Transport, hyper::Error(Connect, ConnectError("tcp connect error", Os { code: 99, kind: AddrNotAvailable, message: "Cannot assign requested address" })))), peer: "[::1]:50054"
[INFO] [stdout] 2024-01-05 05:27:32.648+00:00 [DEBUG] P2P, connect retry #8 failed with error TonicError(tonic::transport::Error(Transport, hyper::Error(Connect, ConnectError("tcp connect error", Os { code: 99, kind: AddrNotAvailable, message: "Cannot assign requested address" })))), peer: "[::1]:50054"
[INFO] [stdout] 2024-01-05 05:27:33.650+00:00 [DEBUG] P2P, connect retry #9 failed with error TonicError(tonic::transport::Error(Transport, hyper::Error(Connect, ConnectError("tcp connect error", Os { code: 99, kind: AddrNotAvailable, message: "Cannot assign requested address" })))), peer: "[::1]:50054"
[INFO] [stdout] 2024-01-05 05:27:34.651+00:00 [DEBUG] P2P, connect retry #10 failed with error TonicError(tonic::transport::Error(Transport, hyper::Error(Connect, ConnectError("tcp connect error", Os { code: 99, kind: AddrNotAvailable, message: "Cannot assign requested address" })))), peer: "[::1]:50054"
[INFO] [stdout] 2024-01-05 05:27:35.653+00:00 [DEBUG] P2P, connect retry #11 failed with error TonicError(tonic::transport::Error(Transport, hyper::Error(Connect, ConnectError("tcp connect error", Os { code: 99, kind: AddrNotAvailable, message: "Cannot assign requested address" })))), peer: "[::1]:50054"
[INFO] [stdout] 2024-01-05 05:27:36.655+00:00 [DEBUG] P2P, connect retry #12 failed with error TonicError(tonic::transport::Error(Transport, hyper::Error(Connect, ConnectError("tcp connect error", Os { code: 99, kind: AddrNotAvailable, message: "Cannot assign requested address" })))), peer: "[::1]:50054"
[INFO] [stdout] 2024-01-05 05:27:37.656+00:00 [DEBUG] P2P, connect retry #13 failed with error TonicError(tonic::transport::Error(Transport, hyper::Error(Connect, ConnectError("tcp connect error", Os { code: 99, kind: AddrNotAvailable, message: "Cannot assign requested address" })))), peer: "[::1]:50054"
[INFO] [stdout] 2024-01-05 05:27:38.657+00:00 [DEBUG] P2P, connect retry #14 failed with error TonicError(tonic::transport::Error(Transport, hyper::Error(Connect, ConnectError("tcp connect error", Os { code: 99, kind: AddrNotAvailable, message: "Cannot assign requested address" })))), peer: "[::1]:50054"
[INFO] [stdout] 2024-01-05 05:27:39.658+00:00 [DEBUG] P2P, connect retry #15 failed with error TonicError(tonic::transport::Error(Transport, hyper::Error(Connect, ConnectError("tcp connect error", Os { code: 99, kind: AddrNotAvailable, message: "Cannot assign requested address" })))), peer: "[::1]:50054"
[INFO] [stdout] 2024-01-05 05:27:40.660+00:00 [DEBUG] P2P, Client connection retry #16 - all failed
[INFO] [stdout] test echo::tests::test_handshake ... FAILED
[INFO] [stdout] 
[INFO] [stdout] failures:
[INFO] [stdout] 
[INFO] [stdout] ---- echo::tests::test_handshake stdout ----
[INFO] [stdout] thread 'echo::tests::test_handshake' panicked at src/core/connection_handler.rs:75:29:
[INFO] [stdout] P2P, Server [::1]:50053 stopped with error: tonic::transport::Error(Transport, hyper::Error(Listen, Os { code: 99, kind: AddrNotAvailable, message: "Cannot assign requested address" }))
[INFO] [stdout] stack backtrace:
[INFO] [stdout]    0:     0x55d26d561956 - std::backtrace_rs::backtrace::libunwind::trace::h261606ad26a499c1
[INFO] [stdout]                                at /rustc/0e09125c6c3c2fd70d7de961bcf0e51575235fad/library/std/src/../../backtrace/src/backtrace/libunwind.rs:104:5
[INFO] [stdout]    1:     0x55d26d561956 - std::backtrace_rs::backtrace::trace_unsynchronized::hd183f0625477fb28
[INFO] [stdout]                                at /rustc/0e09125c6c3c2fd70d7de961bcf0e51575235fad/library/std/src/../../backtrace/src/backtrace/mod.rs:66:5
[INFO] [stdout]    2:     0x55d26d561956 - std::sys_common::backtrace::_print_fmt::hd7f8fef21b4eda67
[INFO] [stdout]                                at /rustc/0e09125c6c3c2fd70d7de961bcf0e51575235fad/library/std/src/sys_common/backtrace.rs:68:5
[INFO] [stdout]    3:     0x55d26d561956 - <std::sys_common::backtrace::_print::DisplayBacktrace as core::fmt::Display>::fmt::h623d9b51f2f453f1
[INFO] [stdout]                                at /rustc/0e09125c6c3c2fd70d7de961bcf0e51575235fad/library/std/src/sys_common/backtrace.rs:44:22
[INFO] [stdout]    4:     0x55d26d58ed50 - core::fmt::rt::Argument::fmt::h9f417ac76a86f368
[INFO] [stdout]                                at /rustc/0e09125c6c3c2fd70d7de961bcf0e51575235fad/library/core/src/fmt/rt.rs:142:9
[INFO] [stdout]    5:     0x55d26d58ed50 - core::fmt::write::hc9b6faf4ac2aeff7
[INFO] [stdout]                                at /rustc/0e09125c6c3c2fd70d7de961bcf0e51575235fad/library/core/src/fmt/mod.rs:1120:17
[INFO] [stdout]    6:     0x55d26d55e7df - std::io::Write::write_fmt::he04625a3a989fec3
[INFO] [stdout]                                at /rustc/0e09125c6c3c2fd70d7de961bcf0e51575235fad/library/std/src/io/mod.rs:1810:15
[INFO] [stdout]    7:     0x55d26d561734 - std::sys_common::backtrace::_print::hd5d66399c7df88a2
[INFO] [stdout]                                at /rustc/0e09125c6c3c2fd70d7de961bcf0e51575235fad/library/std/src/sys_common/backtrace.rs:47:5
[INFO] [stdout]    8:     0x55d26d561734 - std::sys_common::backtrace::print::he81ed2da642d37e5
[INFO] [stdout]                                at /rustc/0e09125c6c3c2fd70d7de961bcf0e51575235fad/library/std/src/sys_common/backtrace.rs:34:9
[INFO] [stdout]    9:     0x55d26d5634a7 - std::panicking::default_hook::{{closure}}::h85773f4fa117163d
[INFO] [stdout]   10:     0x55d26d56318d - std::panicking::default_hook::h6a1694a91d09b278
[INFO] [stdout]                                at /rustc/0e09125c6c3c2fd70d7de961bcf0e51575235fad/library/std/src/panicking.rs:289:9
[INFO] [stdout]   11:     0x55d26cf00c47 - <alloc::boxed::Box<F,A> as core::ops::function::Fn<Args>>::call::h616ac37fa3cd6c8f
[INFO] [stdout]                                at /rustc/0e09125c6c3c2fd70d7de961bcf0e51575235fad/library/alloc/src/boxed.rs:2029:9
[INFO] [stdout]   12:     0x55d26cf00c47 - test::test_main::{{closure}}::h00d84697cefdcbb6
[INFO] [stdout]                                at /rustc/0e09125c6c3c2fd70d7de961bcf0e51575235fad/library/test/src/lib.rs:138:21
[INFO] [stdout]   13:     0x55d26d563ac6 - <alloc::boxed::Box<F,A> as core::ops::function::Fn<Args>>::call::hcb3fe3b9bb537ba8
[INFO] [stdout]                                at /rustc/0e09125c6c3c2fd70d7de961bcf0e51575235fad/library/alloc/src/boxed.rs:2029:9
[INFO] [stdout]   14:     0x55d26d563ac6 - std::panicking::rust_panic_with_hook::h0a7ad96e90f7145b
[INFO] [stdout]                                at /rustc/0e09125c6c3c2fd70d7de961bcf0e51575235fad/library/std/src/panicking.rs:783:13
[INFO] [stdout]   15:     0x55d26d563812 - std::panicking::begin_panic_handler::{{closure}}::h7919090525c6485e
[INFO] [stdout]                                at /rustc/0e09125c6c3c2fd70d7de961bcf0e51575235fad/library/std/src/panicking.rs:657:13
[INFO] [stdout]   16:     0x55d26d561e56 - std::sys_common::backtrace::__rust_end_short_backtrace::hf3289479464f7dfe
[INFO] [stdout]                                at /rustc/0e09125c6c3c2fd70d7de961bcf0e51575235fad/library/std/src/sys_common/backtrace.rs:171:18
[INFO] [stdout]   17:     0x55d26d563570 - rust_begin_unwind
[INFO] [stdout]                                at /rustc/0e09125c6c3c2fd70d7de961bcf0e51575235fad/library/std/src/panicking.rs:645:5
[INFO] [stdout]   18:     0x55d26cd436e5 - core::panicking::panic_fmt::hcc9f77c5c132af55
[INFO] [stdout]                                at /rustc/0e09125c6c3c2fd70d7de961bcf0e51575235fad/library/core/src/panicking.rs:72:14
[INFO] [stdout]   19:     0x55d26cd9a490 - kaspa_p2p_lib::core::connection_handler::ConnectionHandler::serve::{{closure}}::h877cc297ffdd87be
[INFO] [stdout]                                at /opt/rustwide/workdir/src/core/connection_handler.rs:75:29
[INFO] [stdout]   20:     0x55d26cdcb68b - <core::pin::Pin<P> as core::future::future::Future>::poll::h29f142559cfd0e92
[INFO] [stdout]                                at /rustc/0e09125c6c3c2fd70d7de961bcf0e51575235fad/library/core/src/future/future.rs:124:9
[INFO] [stdout]   21:     0x55d26ce82e09 - tokio::runtime::task::core::Core<T,S>::poll::{{closure}}::h866ecabe208556c5
[INFO] [stdout]                                at /opt/rustwide/cargo-home/registry/src/index.crates.io-6f17d22bba15001f/tokio-1.33.0/src/runtime/task/core.rs:328:17
[INFO] [stdout]   22:     0x55d26ce8012b - tokio::loom::std::unsafe_cell::UnsafeCell<T>::with_mut::h3ecfdc664628ee29
[INFO] [stdout]                                at /opt/rustwide/cargo-home/registry/src/index.crates.io-6f17d22bba15001f/tokio-1.33.0/src/loom/std/unsafe_cell.rs:16:9
[INFO] [stdout]   23:     0x55d26ce8012b - tokio::runtime::task::core::Core<T,S>::poll::h48aa64dbd7d4db41
[INFO] [stdout]                                at /opt/rustwide/cargo-home/registry/src/index.crates.io-6f17d22bba15001f/tokio-1.33.0/src/runtime/task/core.rs:317:13
[INFO] [stdout]   24:     0x55d26cd4b891 - tokio::runtime::task::harness::poll_future::{{closure}}::hb883eb570ba2d29c
[INFO] [stdout]                                at /opt/rustwide/cargo-home/registry/src/index.crates.io-6f17d22bba15001f/tokio-1.33.0/src/runtime/task/harness.rs:485:19
[INFO] [stdout]   25:     0x55d26ce51003 - <core::panic::unwind_safe::AssertUnwindSafe<F> as core::ops::function::FnOnce<()>>::call_once::hd7a51d21b55b10e4
[INFO] [stdout]                                at /rustc/0e09125c6c3c2fd70d7de961bcf0e51575235fad/library/core/src/panic/unwind_safe.rs:272:9
[INFO] [stdout]   26:     0x55d26ce98525 - std::panicking::try::do_call::hb785354c09c0b56b
[INFO] [stdout]                                at /rustc/0e09125c6c3c2fd70d7de961bcf0e51575235fad/library/std/src/panicking.rs:552:40
[INFO] [stdout]   27:     0x55d26ce9ea4b - __rust_try
[INFO] [stdout]   28:     0x55d26ce93ed8 - std::panicking::try::h9ff9d6ef2c3002b6
[INFO] [stdout]                                at /rustc/0e09125c6c3c2fd70d7de961bcf0e51575235fad/library/std/src/panicking.rs:516:19
[INFO] [stdout]   29:     0x55d26cd928ea - std::panic::catch_unwind::h27264c9c40ec4e6e
[INFO] [stdout]                                at /rustc/0e09125c6c3c2fd70d7de961bcf0e51575235fad/library/std/src/panic.rs:142:14
[INFO] [stdout]   30:     0x55d26cd4797e - tokio::runtime::task::harness::poll_future::h62abbb7aeb75053c
[INFO] [stdout]                                at /opt/rustwide/cargo-home/registry/src/index.crates.io-6f17d22bba15001f/tokio-1.33.0/src/runtime/task/harness.rs:473:18
[INFO] [stdout]   31:     0x55d26cd4d14f - tokio::runtime::task::harness::Harness<T,S>::poll_inner::h61ca528cf9cc7ef8
[INFO] [stdout]                                at /opt/rustwide/cargo-home/registry/src/index.crates.io-6f17d22bba15001f/tokio-1.33.0/src/runtime/task/harness.rs:208:27
[INFO] [stdout]   32:     0x55d26cd53043 - tokio::runtime::task::harness::Harness<T,S>::poll::h3d9e80aaf01129ab
[INFO] [stdout]                                at /opt/rustwide/cargo-home/registry/src/index.crates.io-6f17d22bba15001f/tokio-1.33.0/src/runtime/task/harness.rs:153:15
[INFO] [stdout]   33:     0x55d26cdff31b - tokio::runtime::task::raw::poll::h6c4c79b4aaaacbd7
[INFO] [stdout]                                at /opt/rustwide/cargo-home/registry/src/index.crates.io-6f17d22bba15001f/tokio-1.33.0/src/runtime/task/raw.rs:276:5
[INFO] [stdout]   34:     0x55d26d494667 - tokio::runtime::task::raw::RawTask::poll::hebdb389b883e092b
[INFO] [stdout]                                at /opt/rustwide/cargo-home/registry/src/index.crates.io-6f17d22bba15001f/tokio-1.33.0/src/runtime/task/raw.rs:200:18
[INFO] [stdout]   35:     0x55d26d329152 - tokio::runtime::task::LocalNotified<S>::run::h645a451931d05e63
[INFO] [stdout]                                at /opt/rustwide/cargo-home/registry/src/index.crates.io-6f17d22bba15001f/tokio-1.33.0/src/runtime/task/mod.rs:408:9
[INFO] [stdout]   36:     0x55d26cdc04eb - tokio::runtime::scheduler::current_thread::CoreGuard::block_on::{{closure}}::{{closure}}::hb4bc1831a15582b3
[INFO] [stdout]                                at /opt/rustwide/cargo-home/registry/src/index.crates.io-6f17d22bba15001f/tokio-1.33.0/src/runtime/scheduler/current_thread/mod.rs:706:25
[INFO] [stdout]   37:     0x55d26cdbf483 - tokio::runtime::coop::with_budget::h32b07ac8fa33ecd5
[INFO] [stdout]                                at /opt/rustwide/cargo-home/registry/src/index.crates.io-6f17d22bba15001f/tokio-1.33.0/src/runtime/coop.rs:107:5
[INFO] [stdout]   38:     0x55d26cdbf483 - tokio::runtime::coop::budget::hddbd4db3292be474
[INFO] [stdout]                                at /opt/rustwide/cargo-home/registry/src/index.crates.io-6f17d22bba15001f/tokio-1.33.0/src/runtime/coop.rs:73:5
[INFO] [stdout]   39:     0x55d26cdbf483 - tokio::runtime::scheduler::current_thread::Context::run_task::{{closure}}::h612b58934182d5de
[INFO] [stdout]                                at /opt/rustwide/cargo-home/registry/src/index.crates.io-6f17d22bba15001f/tokio-1.33.0/src/runtime/scheduler/current_thread/mod.rs:343:43
[INFO] [stdout]   40:     0x55d26cdbf106 - tokio::runtime::scheduler::current_thread::Context::enter::hd492cf2d39ca5166
[INFO] [stdout]                                at /opt/rustwide/cargo-home/registry/src/index.crates.io-6f17d22bba15001f/tokio-1.33.0/src/runtime/scheduler/current_thread/mod.rs:410:19
[INFO] [stdout]   41:     0x55d26cdbf30b - tokio::runtime::scheduler::current_thread::Context::run_task::h25b7b139674f7020
[INFO] [stdout]                                at /opt/rustwide/cargo-home/registry/src/index.crates.io-6f17d22bba15001f/tokio-1.33.0/src/runtime/scheduler/current_thread/mod.rs:343:23
[INFO] [stdout]   42:     0x55d26cdc0260 - tokio::runtime::scheduler::current_thread::CoreGuard::block_on::{{closure}}::h0e6a2cd342860e70
[INFO] [stdout]                                at /opt/rustwide/cargo-home/registry/src/index.crates.io-6f17d22bba15001f/tokio-1.33.0/src/runtime/scheduler/current_thread/mod.rs:705:34
[INFO] [stdout]   43:     0x55d26cdbf95b - tokio::runtime::scheduler::current_thread::CoreGuard::enter::{{closure}}::h22872f9c24db4b42
[INFO] [stdout]                                at /opt/rustwide/cargo-home/registry/src/index.crates.io-6f17d22bba15001f/tokio-1.33.0/src/runtime/scheduler/current_thread/mod.rs:743:68
[INFO] [stdout]   44:     0x55d26ce175bb - tokio::runtime::context::scoped::Scoped<T>::set::h38cba9134867d8eb
[INFO] [stdout]                                at /opt/rustwide/cargo-home/registry/src/index.crates.io-6f17d22bba15001f/tokio-1.33.0/src/runtime/context/scoped.rs:40:9
[INFO] [stdout]   45:     0x55d26ce68eb9 - tokio::runtime::context::set_scheduler::{{closure}}::h0d8a20c062a18a1f
[INFO] [stdout]                                at /opt/rustwide/cargo-home/registry/src/index.crates.io-6f17d22bba15001f/tokio-1.33.0/src/runtime/context.rs:176:26
[INFO] [stdout]   46:     0x55d26cdc8976 - std::thread::local::LocalKey<T>::try_with::hd2da4376d98c8638
[INFO] [stdout]                                at /rustc/0e09125c6c3c2fd70d7de961bcf0e51575235fad/library/std/src/thread/local.rs:270:16
[INFO] [stdout]   47:     0x55d26cdc660a - std::thread::local::LocalKey<T>::with::h0e49777ced098ed8
[INFO] [stdout]                                at /rustc/0e09125c6c3c2fd70d7de961bcf0e51575235fad/library/std/src/thread/local.rs:246:9
[INFO] [stdout]   48:     0x55d26ce68e6d - tokio::runtime::context::set_scheduler::h9fce1b37856982c7
[INFO] [stdout]                                at /opt/rustwide/cargo-home/registry/src/index.crates.io-6f17d22bba15001f/tokio-1.33.0/src/runtime/context.rs:176:9
[INFO] [stdout]   49:     0x55d26cdbf6f0 - tokio::runtime::scheduler::current_thread::CoreGuard::enter::hbda85b1daeeb54b4
[INFO] [stdout]                                at /opt/rustwide/cargo-home/registry/src/index.crates.io-6f17d22bba15001f/tokio-1.33.0/src/runtime/scheduler/current_thread/mod.rs:743:27
[INFO] [stdout]   50:     0x55d26cdbf98d - tokio::runtime::scheduler::current_thread::CoreGuard::block_on::hdad54e6947cda3ef
[INFO] [stdout]                                at /opt/rustwide/cargo-home/registry/src/index.crates.io-6f17d22bba15001f/tokio-1.33.0/src/runtime/scheduler/current_thread/mod.rs:652:19
[INFO] [stdout]   51:     0x55d26cdbc00d - tokio::runtime::scheduler::current_thread::CurrentThread::block_on::{{closure}}::hbbfb7442fe06ecad
[INFO] [stdout]                                at /opt/rustwide/cargo-home/registry/src/index.crates.io-6f17d22bba15001f/tokio-1.33.0/src/runtime/scheduler/current_thread/mod.rs:175:28
[INFO] [stdout]   52:     0x55d26ce02b2a - tokio::runtime::context::runtime::enter_runtime::hcd83a60337c8c81e
[INFO] [stdout]                                at /opt/rustwide/cargo-home/registry/src/index.crates.io-6f17d22bba15001f/tokio-1.33.0/src/runtime/context/runtime.rs:65:16
[INFO] [stdout]   53:     0x55d26cdbbf1e - tokio::runtime::scheduler::current_thread::CurrentThread::block_on::h5f850151671fcd1f
[INFO] [stdout]                                at /opt/rustwide/cargo-home/registry/src/index.crates.io-6f17d22bba15001f/tokio-1.33.0/src/runtime/scheduler/current_thread/mod.rs:167:9
[INFO] [stdout]   54:     0x55d26cdbbded - tokio::runtime::runtime::Runtime::block_on::h93a863a406cc5092
[INFO] [stdout]                                at /opt/rustwide/cargo-home/registry/src/index.crates.io-6f17d22bba15001f/tokio-1.33.0/src/runtime/runtime.rs:348:47
[INFO] [stdout]   55:     0x55d26cdacad8 - kaspa_p2p_lib::echo::tests::test_handshake::h71c31602bb5a7958
[INFO] [stdout]                                at /opt/rustwide/workdir/src/echo.rs:202:9
[INFO] [stdout]   56:     0x55d26cdac957 - kaspa_p2p_lib::echo::tests::test_handshake::{{closure}}::h2957fbf05aa430c4
[INFO] [stdout]                                at /opt/rustwide/workdir/src/echo.rs:156:30
[INFO] [stdout]   57:     0x55d26cd7bdc6 - core::ops::function::FnOnce::call_once::h0b8082a260a77b87
[INFO] [stdout]                                at /rustc/0e09125c6c3c2fd70d7de961bcf0e51575235fad/library/core/src/ops/function.rs:250:5
[INFO] [stdout]   58:     0x55d26cf0651f - core::ops::function::FnOnce::call_once::hd64d26f405258157
[INFO] [stdout]                                at /rustc/0e09125c6c3c2fd70d7de961bcf0e51575235fad/library/core/src/ops/function.rs:250:5
[INFO] [stdout]   59:     0x55d26cf0651f - test::__rust_begin_short_backtrace::he21b0b7a6d731bf9
[INFO] [stdout]                                at /rustc/0e09125c6c3c2fd70d7de961bcf0e51575235fad/library/test/src/lib.rs:627:18
[INFO] [stdout]   60:     0x55d26cf052a1 - test::run_test_in_process::{{closure}}::hf5c73986d7bdfde2
[INFO] [stdout]                                at /rustc/0e09125c6c3c2fd70d7de961bcf0e51575235fad/library/test/src/lib.rs:650:60
[INFO] [stdout]   61:     0x55d26cf052a1 - <core::panic::unwind_safe::AssertUnwindSafe<F> as core::ops::function::FnOnce<()>>::call_once::h330011ad032aadc0
[INFO] [stdout]                                at /rustc/0e09125c6c3c2fd70d7de961bcf0e51575235fad/library/core/src/panic/unwind_safe.rs:272:9
[INFO] [stdout]   62:     0x55d26cf052a1 - std::panicking::try::do_call::he61b0a958b795a41
[INFO] [stdout]                                at /rustc/0e09125c6c3c2fd70d7de961bcf0e51575235fad/library/std/src/panicking.rs:552:40
[INFO] [stdout]   63:     0x55d26cf052a1 - std::panicking::try::h7309da130f906eb7
[INFO] [stdout]                                at /rustc/0e09125c6c3c2fd70d7de961bcf0e51575235fad/library/std/src/panicking.rs:516:19
[INFO] [stdout]   64:     0x55d26cf052a1 - std::panic::catch_unwind::hc5c3a06fdaf0a92a
[INFO] [stdout]                                at /rustc/0e09125c6c3c2fd70d7de961bcf0e51575235fad/library/std/src/panic.rs:142:14
[INFO] [stdout]   65:     0x55d26cf052a1 - test::run_test_in_process::h7e7b7c71c3324e0f
[INFO] [stdout]                                at /rustc/0e09125c6c3c2fd70d7de961bcf0e51575235fad/library/test/src/lib.rs:650:27
[INFO] [stdout]   66:     0x55d26cf052a1 - test::run_test::{{closure}}::h1f509f28f5cf20b1
[INFO] [stdout]                                at /rustc/0e09125c6c3c2fd70d7de961bcf0e51575235fad/library/test/src/lib.rs:573:43
[INFO] [stdout]   67:     0x55d26cecc5d6 - test::run_test::{{closure}}::h1754218abf443f6d
[INFO] [stdout]                                at /rustc/0e09125c6c3c2fd70d7de961bcf0e51575235fad/library/test/src/lib.rs:601:41
[INFO] [stdout]   68:     0x55d26cecc5d6 - std::sys_common::backtrace::__rust_begin_short_backtrace::h2ee174b9d5954948
[INFO] [stdout]                                at /rustc/0e09125c6c3c2fd70d7de961bcf0e51575235fad/library/std/src/sys_common/backtrace.rs:155:18
[INFO] [stdout]   69:     0x55d26ced1637 - std::thread::Builder::spawn_unchecked_::{{closure}}::{{closure}}::hf60bee9c1a17ef09
[INFO] [stdout]                                at /rustc/0e09125c6c3c2fd70d7de961bcf0e51575235fad/library/std/src/thread/mod.rs:529:17
[INFO] [stdout]   70:     0x55d26ced1637 - <core::panic::unwind_safe::AssertUnwindSafe<F> as core::ops::function::FnOnce<()>>::call_once::h33d0dddec5216160
[INFO] [stdout]                                at /rustc/0e09125c6c3c2fd70d7de961bcf0e51575235fad/library/core/src/panic/unwind_safe.rs:272:9
[INFO] [stdout]   71:     0x55d26ced1637 - std::panicking::try::do_call::h144b3048b546f835
[INFO] [stdout]                                at /rustc/0e09125c6c3c2fd70d7de961bcf0e51575235fad/library/std/src/panicking.rs:552:40
[INFO] [stdout]   72:     0x55d26ced1637 - std::panicking::try::h978244d04646189f
[INFO] [stdout]                                at /rustc/0e09125c6c3c2fd70d7de961bcf0e51575235fad/library/std/src/panicking.rs:516:19
[INFO] [stdout]   73:     0x55d26ced1637 - std::panic::catch_unwind::hdf436369d188fe86
[INFO] [stdout]                                at /rustc/0e09125c6c3c2fd70d7de961bcf0e51575235fad/library/std/src/panic.rs:142:14
[INFO] [stdout]   74:     0x55d26ced1637 - std::thread::Builder::spawn_unchecked_::{{closure}}::h87329cbdd33c79ec
[INFO] [stdout]                                at /rustc/0e09125c6c3c2fd70d7de961bcf0e51575235fad/library/std/src/thread/mod.rs:528:30
[INFO] [stdout]   75:     0x55d26ced1637 - core::ops::function::FnOnce::call_once{{vtable.shim}}::h401abbe67897d450
[INFO] [stdout]                                at /rustc/0e09125c6c3c2fd70d7de961bcf0e51575235fad/library/core/src/ops/function.rs:250:5
[INFO] [stdout]   76:     0x55d26d568975 - <alloc::boxed::Box<F,A> as core::ops::function::FnOnce<Args>>::call_once::h5d7c8f150ab9c84c
[INFO] [stdout]                                at /rustc/0e09125c6c3c2fd70d7de961bcf0e51575235fad/library/alloc/src/boxed.rs:2015:9
[INFO] [stdout]   77:     0x55d26d568975 - <alloc::boxed::Box<F,A> as core::ops::function::FnOnce<Args>>::call_once::h570d5b005c242c15
[INFO] [stdout]                                at /rustc/0e09125c6c3c2fd70d7de961bcf0e51575235fad/library/alloc/src/boxed.rs:2015:9
[INFO] [stdout]   78:     0x55d26d568975 - std::sys::unix::thread::Thread::new::thread_start::h36b0a20c0b2361ad
[INFO] [stdout]                                at /rustc/0e09125c6c3c2fd70d7de961bcf0e51575235fad/library/std/src/sys/unix/thread.rs:108:17
[INFO] [stdout]   79:     0x7fdcf3b19ac3 - <unknown>
[INFO] [stdout]   80:     0x7fdcf3baabf4 - __clone
[INFO] [stdout]   81:                0x0 - <unknown>
[INFO] [stdout] thread 'echo::tests::test_handshake' panicked at src/core/connection_handler.rs:75:29:
[INFO] [stdout] P2P, Server [::1]:50054 stopped with error: tonic::transport::Error(Transport, hyper::Error(Listen, Os { code: 99, kind: AddrNotAvailable, message: "Cannot assign requested address" }))
[INFO] [stdout] stack backtrace:
[INFO] [stdout]    0:     0x55d26d561956 - std::backtrace_rs::backtrace::libunwind::trace::h261606ad26a499c1
[INFO] [stdout]                                at /rustc/0e09125c6c3c2fd70d7de961bcf0e51575235fad/library/std/src/../../backtrace/src/backtrace/libunwind.rs:104:5
[INFO] [stdout]    1:     0x55d26d561956 - std::backtrace_rs::backtrace::trace_unsynchronized::hd183f0625477fb28
[INFO] [stdout]                                at /rustc/0e09125c6c3c2fd70d7de961bcf0e51575235fad/library/std/src/../../backtrace/src/backtrace/mod.rs:66:5
[INFO] [stdout]    2:     0x55d26d561956 - std::sys_common::backtrace::_print_fmt::hd7f8fef21b4eda67
[INFO] [stdout]                                at /rustc/0e09125c6c3c2fd70d7de961bcf0e51575235fad/library/std/src/sys_common/backtrace.rs:68:5
[INFO] [stdout]    3:     0x55d26d561956 - <std::sys_common::backtrace::_print::DisplayBacktrace as core::fmt::Display>::fmt::h623d9b51f2f453f1
[INFO] [stdout]                                at /rustc/0e09125c6c3c2fd70d7de961bcf0e51575235fad/library/std/src/sys_common/backtrace.rs:44:22
[INFO] [stdout]    4:     0x55d26d58ed50 - core::fmt::rt::Argument::fmt::h9f417ac76a86f368
[INFO] [stdout]                                at /rustc/0e09125c6c3c2fd70d7de961bcf0e51575235fad/library/core/src/fmt/rt.rs:142:9
[INFO] [stdout]    5:     0x55d26d58ed50 - core::fmt::write::hc9b6faf4ac2aeff7
[INFO] [stdout]                                at /rustc/0e09125c6c3c2fd70d7de961bcf0e51575235fad/library/core/src/fmt/mod.rs:1120:17
[INFO] [stdout]    6:     0x55d26d55e7df - std::io::Write::write_fmt::he04625a3a989fec3
[INFO] [stdout]                                at /rustc/0e09125c6c3c2fd70d7de961bcf0e51575235fad/library/std/src/io/mod.rs:1810:15
[INFO] [stdout]    7:     0x55d26d561734 - std::sys_common::backtrace::_print::hd5d66399c7df88a2
[INFO] [stdout]                                at /rustc/0e09125c6c3c2fd70d7de961bcf0e51575235fad/library/std/src/sys_common/backtrace.rs:47:5
[INFO] [stdout]    8:     0x55d26d561734 - std::sys_common::backtrace::print::he81ed2da642d37e5
[INFO] [stdout]                                at /rustc/0e09125c6c3c2fd70d7de961bcf0e51575235fad/library/std/src/sys_common/backtrace.rs:34:9
[INFO] [stdout]    9:     0x55d26d5634a7 - std::panicking::default_hook::{{closure}}::h85773f4fa117163d
[INFO] [stdout]   10:     0x55d26d56318d - std::panicking::default_hook::h6a1694a91d09b278
[INFO] [stdout]                                at /rustc/0e09125c6c3c2fd70d7de961bcf0e51575235fad/library/std/src/panicking.rs:289:9
[INFO] [stdout]   11:     0x55d26cf00c47 - <alloc::boxed::Box<F,A> as core::ops::function::Fn<Args>>::call::h616ac37fa3cd6c8f
[INFO] [stdout]                                at /rustc/0e09125c6c3c2fd70d7de961bcf0e51575235fad/library/alloc/src/boxed.rs:2029:9
[INFO] [stdout]   12:     0x55d26cf00c47 - test::test_main::{{closure}}::h00d84697cefdcbb6
[INFO] [stdout]                                at /rustc/0e09125c6c3c2fd70d7de961bcf0e51575235fad/library/test/src/lib.rs:138:21
[INFO] [stdout]   13:     0x55d26d563ac6 - <alloc::boxed::Box<F,A> as core::ops::function::Fn<Args>>::call::hcb3fe3b9bb537ba8
[INFO] [stdout]                                at /rustc/0e09125c6c3c2fd70d7de961bcf0e51575235fad/library/alloc/src/boxed.rs:2029:9
[INFO] [stdout]   14:     0x55d26d563ac6 - std::panicking::rust_panic_with_hook::h0a7ad96e90f7145b
[INFO] [stdout]                                at /rustc/0e09125c6c3c2fd70d7de961bcf0e51575235fad/library/std/src/panicking.rs:783:13
[INFO] [stdout]   15:     0x55d26d563812 - std::panicking::begin_panic_handler::{{closure}}::h7919090525c6485e
[INFO] [stdout]                                at /rustc/0e09125c6c3c2fd70d7de961bcf0e51575235fad/library/std/src/panicking.rs:657:13
[INFO] [stdout]   16:     0x55d26d561e56 - std::sys_common::backtrace::__rust_end_short_backtrace::hf3289479464f7dfe
[INFO] [stdout]                                at /rustc/0e09125c6c3c2fd70d7de961bcf0e51575235fad/library/std/src/sys_common/backtrace.rs:171:18
[INFO] [stdout]   17:     0x55d26d563570 - rust_begin_unwind
[INFO] [stdout]                                at /rustc/0e09125c6c3c2fd70d7de961bcf0e51575235fad/library/std/src/panicking.rs:645:5
[INFO] [stdout]   18:     0x55d26cd436e5 - core::panicking::panic_fmt::hcc9f77c5c132af55
[INFO] [stdout]                                at /rustc/0e09125c6c3c2fd70d7de961bcf0e51575235fad/library/core/src/panicking.rs:72:14
[INFO] [stdout]   19:     0x55d26cd9a490 - kaspa_p2p_lib::core::connection_handler::ConnectionHandler::serve::{{closure}}::h877cc297ffdd87be
[INFO] [stdout]                                at /opt/rustwide/workdir/src/core/connection_handler.rs:75:29
[INFO] [stdout]   20:     0x55d26cdcb68b - <core::pin::Pin<P> as core::future::future::Future>::poll::h29f142559cfd0e92
[INFO] [stdout]                                at /rustc/0e09125c6c3c2fd70d7de961bcf0e51575235fad/library/core/src/future/future.rs:124:9
[INFO] [stdout]   21:     0x55d26ce82e09 - tokio::runtime::task::core::Core<T,S>::poll::{{closure}}::h866ecabe208556c5
[INFO] [stdout]                                at /opt/rustwide/cargo-home/registry/src/index.crates.io-6f17d22bba15001f/tokio-1.33.0/src/runtime/task/core.rs:328:17
[INFO] [stdout]   22:     0x55d26ce8012b - tokio::loom::std::unsafe_cell::UnsafeCell<T>::with_mut::h3ecfdc664628ee29
[INFO] [stdout]                                at /opt/rustwide/cargo-home/registry/src/index.crates.io-6f17d22bba15001f/tokio-1.33.0/src/loom/std/unsafe_cell.rs:16:9
[INFO] [stdout]   23:     0x55d26ce8012b - tokio::runtime::task::core::Core<T,S>::poll::h48aa64dbd7d4db41
[INFO] [stdout]                                at /opt/rustwide/cargo-home/registry/src/index.crates.io-6f17d22bba15001f/tokio-1.33.0/src/runtime/task/core.rs:317:13
[INFO] [stdout]   24:     0x55d26cd4b891 - tokio::runtime::task::harness::poll_future::{{closure}}::hb883eb570ba2d29c
[INFO] [stdout]                                at /opt/rustwide/cargo-home/registry/src/index.crates.io-6f17d22bba15001f/tokio-1.33.0/src/runtime/task/harness.rs:485:19
[INFO] [stdout]   25:     0x55d26ce51003 - <core::panic::unwind_safe::AssertUnwindSafe<F> as core::ops::function::FnOnce<()>>::call_once::hd7a51d21b55b10e4
[INFO] [stdout]                                at /rustc/0e09125c6c3c2fd70d7de961bcf0e51575235fad/library/core/src/panic/unwind_safe.rs:272:9
[INFO] [stdout]   26:     0x55d26ce98525 - std::panicking::try::do_call::hb785354c09c0b56b
[INFO] [stdout]                                at /rustc/0e09125c6c3c2fd70d7de961bcf0e51575235fad/library/std/src/panicking.rs:552:40
[INFO] [stdout]   27:     0x55d26ce9ea4b - __rust_try
[INFO] [stdout]   28:     0x55d26ce93ed8 - std::panicking::try::h9ff9d6ef2c3002b6
[INFO] [stdout]                                at /rustc/0e09125c6c3c2fd70d7de961bcf0e51575235fad/library/std/src/panicking.rs:516:19
[INFO] [stdout]   29:     0x55d26cd928ea - std::panic::catch_unwind::h27264c9c40ec4e6e
[INFO] [stdout]                                at /rustc/0e09125c6c3c2fd70d7de961bcf0e51575235fad/library/std/src/panic.rs:142:14
[INFO] [stdout]   30:     0x55d26cd4797e - tokio::runtime::task::harness::poll_future::h62abbb7aeb75053c
[INFO] [stdout]                                at /opt/rustwide/cargo-home/registry/src/index.crates.io-6f17d22bba15001f/tokio-1.33.0/src/runtime/task/harness.rs:473:18
[INFO] [stdout]   31:     0x55d26cd4d14f - tokio::runtime::task::harness::Harness<T,S>::poll_inner::h61ca528cf9cc7ef8
[INFO] [stdout]                                at /opt/rustwide/cargo-home/registry/src/index.crates.io-6f17d22bba15001f/tokio-1.33.0/src/runtime/task/harness.rs:208:27
[INFO] [stdout]   32:     0x55d26cd53043 - tokio::runtime::task::harness::Harness<T,S>::poll::h3d9e80aaf01129ab
[INFO] [stdout]                                at /opt/rustwide/cargo-home/registry/src/index.crates.io-6f17d22bba15001f/tokio-1.33.0/src/runtime/task/harness.rs:153:15
[INFO] [stdout]   33:     0x55d26cdff31b - tokio::runtime::task::raw::poll::h6c4c79b4aaaacbd7
[INFO] [stdout]                                at /opt/rustwide/cargo-home/registry/src/index.crates.io-6f17d22bba15001f/tokio-1.33.0/src/runtime/task/raw.rs:276:5
[INFO] [stdout]   34:     0x55d26d494667 - tokio::runtime::task::raw::RawTask::poll::hebdb389b883e092b
[INFO] [stdout]                                at /opt/rustwide/cargo-home/registry/src/index.crates.io-6f17d22bba15001f/tokio-1.33.0/src/runtime/task/raw.rs:200:18
[INFO] [stdout]   35:     0x55d26d329152 - tokio::runtime::task::LocalNotified<S>::run::h645a451931d05e63
[INFO] [stdout]                                at /opt/rustwide/cargo-home/registry/src/index.crates.io-6f17d22bba15001f/tokio-1.33.0/src/runtime/task/mod.rs:408:9
[INFO] [stdout]   36:     0x55d26cdc04eb - tokio::runtime::scheduler::current_thread::CoreGuard::block_on::{{closure}}::{{closure}}::hb4bc1831a15582b3
[INFO] [stdout]                                at /opt/rustwide/cargo-home/registry/src/index.crates.io-6f17d22bba15001f/tokio-1.33.0/src/runtime/scheduler/current_thread/mod.rs:706:25
[INFO] [stdout]   37:     0x55d26cdbf483 - tokio::runtime::coop::with_budget::h32b07ac8fa33ecd5
[INFO] [stdout]                                at /opt/rustwide/cargo-home/registry/src/index.crates.io-6f17d22bba15001f/tokio-1.33.0/src/runtime/coop.rs:107:5
[INFO] [stdout]   38:     0x55d26cdbf483 - tokio::runtime::coop::budget::hddbd4db3292be474
[INFO] [stdout]                                at /opt/rustwide/cargo-home/registry/src/index.crates.io-6f17d22bba15001f/tokio-1.33.0/src/runtime/coop.rs:73:5
[INFO] [stdout]   39:     0x55d26cdbf483 - tokio::runtime::scheduler::current_thread::Context::run_task::{{closure}}::h612b58934182d5de
[INFO] [stdout]                                at /opt/rustwide/cargo-home/registry/src/index.crates.io-6f17d22bba15001f/tokio-1.33.0/src/runtime/scheduler/current_thread/mod.rs:343:43
[INFO] [stdout]   40:     0x55d26cdbf106 - tokio::runtime::scheduler::current_thread::Context::enter::hd492cf2d39ca5166
[INFO] [stdout]                                at /opt/rustwide/cargo-home/registry/src/index.crates.io-6f17d22bba15001f/tokio-1.33.0/src/runtime/scheduler/current_thread/mod.rs:410:19
[INFO] [stdout]   41:     0x55d26cdbf30b - tokio::runtime::scheduler::current_thread::Context::run_task::h25b7b139674f7020
[INFO] [stdout]                                at /opt/rustwide/cargo-home/registry/src/index.crates.io-6f17d22bba15001f/tokio-1.33.0/src/runtime/scheduler/current_thread/mod.rs:343:23
[INFO] [stdout]   42:     0x55d26cdc0260 - tokio::runtime::scheduler::current_thread::CoreGuard::block_on::{{closure}}::h0e6a2cd342860e70
[INFO] [stdout]                                at /opt/rustwide/cargo-home/registry/src/index.crates.io-6f17d22bba15001f/tokio-1.33.0/src/runtime/scheduler/current_thread/mod.rs:705:34
[INFO] [stdout]   43:     0x55d26cdbf95b - tokio::runtime::scheduler::current_thread::CoreGuard::enter::{{closure}}::h22872f9c24db4b42
[INFO] [stdout]                                at /opt/rustwide/cargo-home/registry/src/index.crates.io-6f17d22bba15001f/tokio-1.33.0/src/runtime/scheduler/current_thread/mod.rs:743:68
[INFO] [stdout]   44:     0x55d26ce175bb - tokio::runtime::context::scoped::Scoped<T>::set::h38cba9134867d8eb
[INFO] [stdout]                                at /opt/rustwide/cargo-home/registry/src/index.crates.io-6f17d22bba15001f/tokio-1.33.0/src/runtime/context/scoped.rs:40:9
[INFO] [stdout]   45:     0x55d26ce68eb9 - tokio::runtime::context::set_scheduler::{{closure}}::h0d8a20c062a18a1f
[INFO] [stdout]                                at /opt/rustwide/cargo-home/registry/src/index.crates.io-6f17d22bba15001f/tokio-1.33.0/src/runtime/context.rs:176:26
[INFO] [stdout]   46:     0x55d26cdc8976 - std::thread::local::LocalKey<T>::try_with::hd2da4376d98c8638
[INFO] [stdout]                                at /rustc/0e09125c6c3c2fd70d7de961bcf0e51575235fad/library/std/src/thread/local.rs:270:16
[INFO] [stdout]   47:     0x55d26cdc660a - std::thread::local::LocalKey<T>::with::h0e49777ced098ed8
[INFO] [stdout]                                at /rustc/0e09125c6c3c2fd70d7de961bcf0e51575235fad/library/std/src/thread/local.rs:246:9
[INFO] [stdout]   48:     0x55d26ce68e6d - tokio::runtime::context::set_scheduler::h9fce1b37856982c7
[INFO] [stdout]                                at /opt/rustwide/cargo-home/registry/src/index.crates.io-6f17d22bba15001f/tokio-1.33.0/src/runtime/context.rs:176:9
[INFO] [stdout]   49:     0x55d26cdbf6f0 - tokio::runtime::scheduler::current_thread::CoreGuard::enter::hbda85b1daeeb54b4
[INFO] [stdout]                                at /opt/rustwide/cargo-home/registry/src/index.crates.io-6f17d22bba15001f/tokio-1.33.0/src/runtime/scheduler/current_thread/mod.rs:743:27
[INFO] [stdout]   50:     0x55d26cdbf98d - tokio::runtime::scheduler::current_thread::CoreGuard::block_on::hdad54e6947cda3ef
[INFO] [stdout]                                at /opt/rustwide/cargo-home/registry/src/index.crates.io-6f17d22bba15001f/tokio-1.33.0/src/runtime/scheduler/current_thread/mod.rs:652:19
[INFO] [stdout]   51:     0x55d26cdbc00d - tokio::runtime::scheduler::current_thread::CurrentThread::block_on::{{closure}}::hbbfb7442fe06ecad
[INFO] [stdout]                                at /opt/rustwide/cargo-home/registry/src/index.crates.io-6f17d22bba15001f/tokio-1.33.0/src/runtime/scheduler/current_thread/mod.rs:175:28
[INFO] [stdout]   52:     0x55d26ce02b2a - tokio::runtime::context::runtime::enter_runtime::hcd83a60337c8c81e
[INFO] [stdout]                                at /opt/rustwide/cargo-home/registry/src/index.crates.io-6f17d22bba15001f/tokio-1.33.0/src/runtime/context/runtime.rs:65:16
[INFO] [stdout]   53:     0x55d26cdbbf1e - tokio::runtime::scheduler::current_thread::CurrentThread::block_on::h5f850151671fcd1f
[INFO] [stdout]                                at /opt/rustwide/cargo-home/registry/src/index.crates.io-6f17d22bba15001f/tokio-1.33.0/src/runtime/scheduler/current_thread/mod.rs:167:9
[INFO] [stdout]   54:     0x55d26cdbbded - tokio::runtime::runtime::Runtime::block_on::h93a863a406cc5092
[INFO] [stdout]                                at /opt/rustwide/cargo-home/registry/src/index.crates.io-6f17d22bba15001f/tokio-1.33.0/src/runtime/runtime.rs:348:47
[INFO] [stdout]   55:     0x55d26cdacad8 - kaspa_p2p_lib::echo::tests::test_handshake::h71c31602bb5a7958
[INFO] [stdout]                                at /opt/rustwide/workdir/src/echo.rs:202:9
[INFO] [stdout]   56:     0x55d26cdac957 - kaspa_p2p_lib::echo::tests::test_handshake::{{closure}}::h2957fbf05aa430c4
[INFO] [stdout]                                at /opt/rustwide/workdir/src/echo.rs:156:30
[INFO] [stdout]   57:     0x55d26cd7bdc6 - core::ops::function::FnOnce::call_once::h0b8082a260a77b87
[INFO] [stdout]                                at /rustc/0e09125c6c3c2fd70d7de961bcf0e51575235fad/library/core/src/ops/function.rs:250:5
[INFO] [stdout]   58:     0x55d26cf0651f - core::ops::function::FnOnce::call_once::hd64d26f405258157
[INFO] [stdout]                                at /rustc/0e09125c6c3c2fd70d7de961bcf0e51575235fad/library/core/src/ops/function.rs:250:5
[INFO] [stdout]   59:     0x55d26cf0651f - test::__rust_begin_short_backtrace::he21b0b7a6d731bf9
[INFO] [stdout]                                at /rustc/0e09125c6c3c2fd70d7de961bcf0e51575235fad/library/test/src/lib.rs:627:18
[INFO] [stdout]   60:     0x55d26cf052a1 - test::run_test_in_process::{{closure}}::hf5c73986d7bdfde2
[INFO] [stdout]                                at /rustc/0e09125c6c3c2fd70d7de961bcf0e51575235fad/library/test/src/lib.rs:650:60
[INFO] [stdout]   61:     0x55d26cf052a1 - <core::panic::unwind_safe::AssertUnwindSafe<F> as core::ops::function::FnOnce<()>>::call_once::h330011ad032aadc0
[INFO] [stdout]                                at /rustc/0e09125c6c3c2fd70d7de961bcf0e51575235fad/library/core/src/panic/unwind_safe.rs:272:9
[INFO] [stdout]   62:     0x55d26cf052a1 - std::panicking::try::do_call::he61b0a958b795a41
[INFO] [stdout]                                at /rustc/0e09125c6c3c2fd70d7de961bcf0e51575235fad/library/std/src/panicking.rs:552:40
[INFO] [stdout]   63:     0x55d26cf052a1 - std::panicking::try::h7309da130f906eb7
[INFO] [stdout]                                at /rustc/0e09125c6c3c2fd70d7de961bcf0e51575235fad/library/std/src/panicking.rs:516:19
[INFO] [stdout]   64:     0x55d26cf052a1 - std::panic::catch_unwind::hc5c3a06fdaf0a92a
[INFO] [stdout]                                at /rustc/0e09125c6c3c2fd70d7de961bcf0e51575235fad/library/std/src/panic.rs:142:14
[INFO] [stdout]   65:     0x55d26cf052a1 - test::run_test_in_process::h7e7b7c71c3324e0f
[INFO] [stdout]                                at /rustc/0e09125c6c3c2fd70d7de961bcf0e51575235fad/library/test/src/lib.rs:650:27
[INFO] [stdout]   66:     0x55d26cf052a1 - test::run_test::{{closure}}::h1f509f28f5cf20b1
[INFO] [stdout]                                at /rustc/0e09125c6c3c2fd70d7de961bcf0e51575235fad/library/test/src/lib.rs:573:43
[INFO] [stdout]   67:     0x55d26cecc5d6 - test::run_test::{{closure}}::h1754218abf443f6d
[INFO] [stdout]                                at /rustc/0e09125c6c3c2fd70d7de961bcf0e51575235fad/library/test/src/lib.rs:601:41
[INFO] [stdout]   68:     0x55d26cecc5d6 - std::sys_common::backtrace::__rust_begin_short_backtrace::h2ee174b9d5954948
[INFO] [stdout]                                at /rustc/0e09125c6c3c2fd70d7de961bcf0e51575235fad/library/std/src/sys_common/backtrace.rs:155:18
[INFO] [stdout]   69:     0x55d26ced1637 - std::thread::Builder::spawn_unchecked_::{{closure}}::{{closure}}::hf60bee9c1a17ef09
[INFO] [stdout]                                at /rustc/0e09125c6c3c2fd70d7de961bcf0e51575235fad/library/std/src/thread/mod.rs:529:17
[INFO] [stdout]   70:     0x55d26ced1637 - <core::panic::unwind_safe::AssertUnwindSafe<F> as core::ops::function::FnOnce<()>>::call_once::h33d0dddec5216160
[INFO] [stdout]                                at /rustc/0e09125c6c3c2fd70d7de961bcf0e51575235fad/library/core/src/panic/unwind_safe.rs:272:9
[INFO] [stdout]   71:     0x55d26ced1637 - std::panicking::try::do_call::h144b3048b546f835
[INFO] [stdout]                                at /rustc/0e09125c6c3c2fd70d7de961bcf0e51575235fad/library/std/src/panicking.rs:552:40
[INFO] [stdout]   72:     0x55d26ced1637 - std::panicking::try::h978244d04646189f
[INFO] [stdout]                                at /rustc/0e09125c6c3c2fd70d7de961bcf0e51575235fad/library/std/src/panicking.rs:516:19
[INFO] [stdout]   73:     0x55d26ced1637 - std::panic::catch_unwind::hdf436369d188fe86
[INFO] [stdout]                                at /rustc/0e09125c6c3c2fd70d7de961bcf0e51575235fad/library/std/src/panic.rs:142:14
[INFO] [stdout]   74:     0x55d26ced1637 - std::thread::Builder::spawn_unchecked_::{{closure}}::h87329cbdd33c79ec
[INFO] [stdout]                                at /rustc/0e09125c6c3c2fd70d7de961bcf0e51575235fad/library/std/src/thread/mod.rs:528:30
[INFO] [stdout]   75:     0x55d26ced1637 - core::ops::function::FnOnce::call_once{{vtable.shim}}::h401abbe67897d450
[INFO] [stdout]                                at /rustc/0e09125c6c3c2fd70d7de961bcf0e51575235fad/library/core/src/ops/function.rs:250:5
[INFO] [stdout]   76:     0x55d26d568975 - <alloc::boxed::Box<F,A> as core::ops::function::FnOnce<Args>>::call_once::h5d7c8f150ab9c84c
[INFO] [stdout]                                at /rustc/0e09125c6c3c2fd70d7de961bcf0e51575235fad/library/alloc/src/boxed.rs:2015:9
[INFO] [stdout]   77:     0x55d26d568975 - <alloc::boxed::Box<F,A> as core::ops::function::FnOnce<Args>>::call_once::h570d5b005c242c15
[INFO] [stdout]                                at /rustc/0e09125c6c3c2fd70d7de961bcf0e51575235fad/library/alloc/src/boxed.rs:2015:9
[INFO] [stdout]   78:     0x55d26d568975 - std::sys::unix::thread::Thread::new::thread_start::h36b0a20c0b2361ad
[INFO] [stdout]                                at /rustc/0e09125c6c3c2fd70d7de961bcf0e51575235fad/library/std/src/sys/unix/thread.rs:108:17
[INFO] [stdout]   79:     0x7fdcf3b19ac3 - <unknown>
[INFO] [stdout]   80:     0x7fdcf3baabf4 - __clone
[INFO] [stdout]   81:                0x0 - <unknown>
[INFO] [stdout] thread 'echo::tests::test_handshake' panicked at src/echo.rs:169:14:
[INFO] [stdout] peer connection failed: TonicError(tonic::transport::Error(Transport, hyper::Error(Connect, ConnectError("tcp connect error", Os { code: 99, kind: AddrNotAvailable, message: "Cannot assign requested address" }))))
[INFO] [stdout] stack backtrace:
[INFO] [stdout]    0:     0x55d26d561956 - std::backtrace_rs::backtrace::libunwind::trace::h261606ad26a499c1
[INFO] [stdout]                                at /rustc/0e09125c6c3c2fd70d7de961bcf0e51575235fad/library/std/src/../../backtrace/src/backtrace/libunwind.rs:104:5
[INFO] [stdout]    1:     0x55d26d561956 - std::backtrace_rs::backtrace::trace_unsynchronized::hd183f0625477fb28
[INFO] [stdout]                                at /rustc/0e09125c6c3c2fd70d7de961bcf0e51575235fad/library/std/src/../../backtrace/src/backtrace/mod.rs:66:5
[INFO] [stdout]    2:     0x55d26d561956 - std::sys_common::backtrace::_print_fmt::hd7f8fef21b4eda67
[INFO] [stdout]                                at /rustc/0e09125c6c3c2fd70d7de961bcf0e51575235fad/library/std/src/sys_common/backtrace.rs:68:5
[INFO] [stdout]    3:     0x55d26d561956 - <std::sys_common::backtrace::_print::DisplayBacktrace as core::fmt::Display>::fmt::h623d9b51f2f453f1
[INFO] [stdout]                                at /rustc/0e09125c6c3c2fd70d7de961bcf0e51575235fad/library/std/src/sys_common/backtrace.rs:44:22
[INFO] [stdout]    4:     0x55d26d58ed50 - core::fmt::rt::Argument::fmt::h9f417ac76a86f368
[INFO] [stdout]                                at /rustc/0e09125c6c3c2fd70d7de961bcf0e51575235fad/library/core/src/fmt/rt.rs:142:9
[INFO] [stdout]    5:     0x55d26d58ed50 - core::fmt::write::hc9b6faf4ac2aeff7
[INFO] [stdout]                                at /rustc/0e09125c6c3c2fd70d7de961bcf0e51575235fad/library/core/src/fmt/mod.rs:1120:17
[INFO] [stdout]    6:     0x55d26d55e7df - std::io::Write::write_fmt::he04625a3a989fec3
[INFO] [stdout]                                at /rustc/0e09125c6c3c2fd70d7de961bcf0e51575235fad/library/std/src/io/mod.rs:1810:15
[INFO] [stdout]    7:     0x55d26d561734 - std::sys_common::backtrace::_print::hd5d66399c7df88a2
[INFO] [stdout]                                at /rustc/0e09125c6c3c2fd70d7de961bcf0e51575235fad/library/std/src/sys_common/backtrace.rs:47:5
[INFO] [stdout]    8:     0x55d26d561734 - std::sys_common::backtrace::print::he81ed2da642d37e5
[INFO] [stdout]                                at /rustc/0e09125c6c3c2fd70d7de961bcf0e51575235fad/library/std/src/sys_common/backtrace.rs:34:9
[INFO] [stdout]    9:     0x55d26d5634a7 - std::panicking::default_hook::{{closure}}::h85773f4fa117163d
[INFO] [stdout]   10:     0x55d26d56318d - std::panicking::default_hook::h6a1694a91d09b278
[INFO] [stdout]                                at /rustc/0e09125c6c3c2fd70d7de961bcf0e51575235fad/library/std/src/panicking.rs:289:9
[INFO] [stdout]   11:     0x55d26cf00c47 - <alloc::boxed::Box<F,A> as core::ops::function::Fn<Args>>::call::h616ac37fa3cd6c8f
[INFO] [stdout]                                at /rustc/0e09125c6c3c2fd70d7de961bcf0e51575235fad/library/alloc/src/boxed.rs:2029:9
[INFO] [stdout]   12:     0x55d26cf00c47 - test::test_main::{{closure}}::h00d84697cefdcbb6
[INFO] [stdout]                                at /rustc/0e09125c6c3c2fd70d7de961bcf0e51575235fad/library/test/src/lib.rs:138:21
[INFO] [stdout]   13:     0x55d26d563ac6 - <alloc::boxed::Box<F,A> as core::ops::function::Fn<Args>>::call::hcb3fe3b9bb537ba8
[INFO] [stdout]                                at /rustc/0e09125c6c3c2fd70d7de961bcf0e51575235fad/library/alloc/src/boxed.rs:2029:9
[INFO] [stdout]   14:     0x55d26d563ac6 - std::panicking::rust_panic_with_hook::h0a7ad96e90f7145b
[INFO] [stdout]                                at /rustc/0e09125c6c3c2fd70d7de961bcf0e51575235fad/library/std/src/panicking.rs:783:13
[INFO] [stdout]   15:     0x55d26d563812 - std::panicking::begin_panic_handler::{{closure}}::h7919090525c6485e
[INFO] [stdout]                                at /rustc/0e09125c6c3c2fd70d7de961bcf0e51575235fad/library/std/src/panicking.rs:657:13
[INFO] [stdout]   16:     0x55d26d561e56 - std::sys_common::backtrace::__rust_end_short_backtrace::hf3289479464f7dfe
[INFO] [stdout]                                at /rustc/0e09125c6c3c2fd70d7de961bcf0e51575235fad/library/std/src/sys_common/backtrace.rs:171:18
[INFO] [stdout]   17:     0x55d26d563570 - rust_begin_unwind
[INFO] [stdout]                                at /rustc/0e09125c6c3c2fd70d7de961bcf0e51575235fad/library/std/src/panicking.rs:645:5
[INFO] [stdout]   18:     0x55d26cd436e5 - core::panicking::panic_fmt::hcc9f77c5c132af55
[INFO] [stdout]                                at /rustc/0e09125c6c3c2fd70d7de961bcf0e51575235fad/library/core/src/panicking.rs:72:14
[INFO] [stdout]   19:     0x55d26cd43d23 - core::result::unwrap_failed::hbe14f498be1452f9
[INFO] [stdout]                                at /rustc/0e09125c6c3c2fd70d7de961bcf0e51575235fad/library/core/src/result.rs:1649:5
[INFO] [stdout]   20:     0x55d26cdb558e - core::result::Result<T,E>::expect::ha736df36b130d324
[INFO] [stdout]                                at /rustc/0e09125c6c3c2fd70d7de961bcf0e51575235fad/library/core/src/result.rs:1030:23
[INFO] [stdout]   21:     0x55d26cdad33a - kaspa_p2p_lib::echo::tests::test_handshake::{{closure}}::h44fbf8088e68fcca
[INFO] [stdout]                                at /opt/rustwide/workdir/src/echo.rs:166:24
[INFO] [stdout]   22:     0x55d26cdcb758 - <core::pin::Pin<P> as core::future::future::Future>::poll::h7cbd0c975930f0ca
[INFO] [stdout]                                at /rustc/0e09125c6c3c2fd70d7de961bcf0e51575235fad/library/core/src/future/future.rs:124:9
[INFO] [stdout]   23:     0x55d26cdcb96b - <core::pin::Pin<P> as core::future::future::Future>::poll::hb47d5cc822740bf1
[INFO] [stdout]                                at /rustc/0e09125c6c3c2fd70d7de961bcf0e51575235fad/library/core/src/future/future.rs:124:9
[INFO] [stdout]   24:     0x55d26cdc0524 - tokio::runtime::scheduler::current_thread::CoreGuard::block_on::{{closure}}::{{closure}}::{{closure}}::h6ad0b2ab5abffe85
[INFO] [stdout]                                at /opt/rustwide/cargo-home/registry/src/index.crates.io-6f17d22bba15001f/tokio-1.33.0/src/runtime/scheduler/current_thread/mod.rs:665:57
[INFO] [stdout]   25:     0x55d26cdc044a - tokio::runtime::coop::with_budget::h9ddbfc403cc290f8
[INFO] [stdout]                                at /opt/rustwide/cargo-home/registry/src/index.crates.io-6f17d22bba15001f/tokio-1.33.0/src/runtime/coop.rs:107:5
[INFO] [stdout]   26:     0x55d26cdc044a - tokio::runtime::coop::budget::hd068ca5e58ea9b9a
[INFO] [stdout]                                at /opt/rustwide/cargo-home/registry/src/index.crates.io-6f17d22bba15001f/tokio-1.33.0/src/runtime/coop.rs:73:5
[INFO] [stdout]   27:     0x55d26cdc044a - tokio::runtime::scheduler::current_thread::CoreGuard::block_on::{{closure}}::{{closure}}::ha2bfa7b54471940b
[INFO] [stdout]                                at /opt/rustwide/cargo-home/registry/src/index.crates.io-6f17d22bba15001f/tokio-1.33.0/src/runtime/scheduler/current_thread/mod.rs:665:25
[INFO] [stdout]   28:     0x55d26cdbeddc - tokio::runtime::scheduler::current_thread::Context::enter::haffaa2661c179766
[INFO] [stdout]                                at /opt/rustwide/cargo-home/registry/src/index.crates.io-6f17d22bba15001f/tokio-1.33.0/src/runtime/scheduler/current_thread/mod.rs:410:19
[INFO] [stdout]   29:     0x55d26cdbfc4e - tokio::runtime::scheduler::current_thread::CoreGuard::block_on::{{closure}}::h0e6a2cd342860e70
[INFO] [stdout]                                at /opt/rustwide/cargo-home/registry/src/index.crates.io-6f17d22bba15001f/tokio-1.33.0/src/runtime/scheduler/current_thread/mod.rs:664:36
[INFO] [stdout]   30:     0x55d26cdbf95b - tokio::runtime::scheduler::current_thread::CoreGuard::enter::{{closure}}::h22872f9c24db4b42
[INFO] [stdout]                                at /opt/rustwide/cargo-home/registry/src/index.crates.io-6f17d22bba15001f/tokio-1.33.0/src/runtime/scheduler/current_thread/mod.rs:743:68
[INFO] [stdout]   31:     0x55d26ce175bb - tokio::runtime::context::scoped::Scoped<T>::set::h38cba9134867d8eb
[INFO] [stdout]                                at /opt/rustwide/cargo-home/registry/src/index.crates.io-6f17d22bba15001f/tokio-1.33.0/src/runtime/context/scoped.rs:40:9
[INFO] [stdout]   32:     0x55d26ce68eb9 - tokio::runtime::context::set_scheduler::{{closure}}::h0d8a20c062a18a1f
[INFO] [stdout]                                at /opt/rustwide/cargo-home/registry/src/index.crates.io-6f17d22bba15001f/tokio-1.33.0/src/runtime/context.rs:176:26
[INFO] [stdout]   33:     0x55d26cdc8976 - std::thread::local::LocalKey<T>::try_with::hd2da4376d98c8638
[INFO] [stdout]                                at /rustc/0e09125c6c3c2fd70d7de961bcf0e51575235fad/library/std/src/thread/local.rs:270:16
[INFO] [stdout]   34:     0x55d26cdc660a - std::thread::local::LocalKey<T>::with::h0e49777ced098ed8
[INFO] [stdout]                                at /rustc/0e09125c6c3c2fd70d7de961bcf0e51575235fad/library/std/src/thread/local.rs:246:9
[INFO] [stdout]   35:     0x55d26ce68e6d - tokio::runtime::context::set_scheduler::h9fce1b37856982c7
[INFO] [stdout]                                at /opt/rustwide/cargo-home/registry/src/index.crates.io-6f17d22bba15001f/tokio-1.33.0/src/runtime/context.rs:176:9
[INFO] [stdout]   36:     0x55d26cdbf6f0 - tokio::runtime::scheduler::current_thread::CoreGuard::enter::hbda85b1daeeb54b4
[INFO] [stdout]                                at /opt/rustwide/cargo-home/registry/src/index.crates.io-6f17d22bba15001f/tokio-1.33.0/src/runtime/scheduler/current_thread/mod.rs:743:27
[INFO] [stdout]   37:     0x55d26cdbf98d - tokio::runtime::scheduler::current_thread::CoreGuard::block_on::hdad54e6947cda3ef
[INFO] [stdout]                                at /opt/rustwide/cargo-home/registry/src/index.crates.io-6f17d22bba15001f/tokio-1.33.0/src/runtime/scheduler/current_thread/mod.rs:652:19
[INFO] [stdout]   38:     0x55d26cdbc00d - tokio::runtime::scheduler::current_thread::CurrentThread::block_on::{{closure}}::hbbfb7442fe06ecad
[INFO] [stdout]                                at /opt/rustwide/cargo-home/registry/src/index.crates.io-6f17d22bba15001f/tokio-1.33.0/src/runtime/scheduler/current_thread/mod.rs:175:28
[INFO] [stdout]   39:     0x55d26ce02b2a - tokio::runtime::context::runtime::enter_runtime::hcd83a60337c8c81e
[INFO] [stdout]                                at /opt/rustwide/cargo-home/registry/src/index.crates.io-6f17d22bba15001f/tokio-1.33.0/src/runtime/context/runtime.rs:65:16
[INFO] [stdout]   40:     0x55d26cdbbf1e - tokio::runtime::scheduler::current_thread::CurrentThread::block_on::h5f850151671fcd1f
[INFO] [stdout]                                at /opt/rustwide/cargo-home/registry/src/index.crates.io-6f17d22bba15001f/tokio-1.33.0/src/runtime/scheduler/current_thread/mod.rs:167:9
[INFO] [stdout]   41:     0x55d26cdbbded - tokio::runtime::runtime::Runtime::block_on::h93a863a406cc5092
[INFO] [stdout]                                at /opt/rustwide/cargo-home/registry/src/index.crates.io-6f17d22bba15001f/tokio-1.33.0/src/runtime/runtime.rs:348:47
[INFO] [stdout]   42:     0x55d26cdacad8 - kaspa_p2p_lib::echo::tests::test_handshake::h71c31602bb5a7958
[INFO] [stdout]                                at /opt/rustwide/workdir/src/echo.rs:202:9
[INFO] [stdout]   43:     0x55d26cdac957 - kaspa_p2p_lib::echo::tests::test_handshake::{{closure}}::h2957fbf05aa430c4
[INFO] [stdout]                                at /opt/rustwide/workdir/src/echo.rs:156:30
[INFO] [stdout]   44:     0x55d26cd7bdc6 - core::ops::function::FnOnce::call_once::h0b8082a260a77b87
[INFO] [stdout]                                at /rustc/0e09125c6c3c2fd70d7de961bcf0e51575235fad/library/core/src/ops/function.rs:250:5
[INFO] [stdout]   45:     0x55d26cf0651f - core::ops::function::FnOnce::call_once::hd64d26f405258157
[INFO] [stdout]                                at /rustc/0e09125c6c3c2fd70d7de961bcf0e51575235fad/library/core/src/ops/function.rs:250:5
[INFO] [stdout]   46:     0x55d26cf0651f - test::__rust_begin_short_backtrace::he21b0b7a6d731bf9
[INFO] [stdout]                                at /rustc/0e09125c6c3c2fd70d7de961bcf0e51575235fad/library/test/src/lib.rs:627:18
[INFO] [stdout]   47:     0x55d26cf052a1 - test::run_test_in_process::{{closure}}::hf5c73986d7bdfde2
[INFO] [stdout]                                at /rustc/0e09125c6c3c2fd70d7de961bcf0e51575235fad/library/test/src/lib.rs:650:60
[INFO] [stdout]   48:     0x55d26cf052a1 - <core::panic::unwind_safe::AssertUnwindSafe<F> as core::ops::function::FnOnce<()>>::call_once::h330011ad032aadc0
[INFO] [stdout]                                at /rustc/0e09125c6c3c2fd70d7de961bcf0e51575235fad/library/core/src/panic/unwind_safe.rs:272:9
[INFO] [stdout]   49:     0x55d26cf052a1 - std::panicking::try::do_call::he61b0a958b795a41
[INFO] [stdout]                                at /rustc/0e09125c6c3c2fd70d7de961bcf0e51575235fad/library/std/src/panicking.rs:552:40
[INFO] [stdout]   50:     0x55d26cf052a1 - std::panicking::try::h7309da130f906eb7
[INFO] [stdout]                                at /rustc/0e09125c6c3c2fd70d7de961bcf0e51575235fad/library/std/src/panicking.rs:516:19
[INFO] [stdout]   51:     0x55d26cf052a1 - std::panic::catch_unwind::hc5c3a06fdaf0a92a
[INFO] [stdout]                                at /rustc/0e09125c6c3c2fd70d7de961bcf0e51575235fad/library/std/src/panic.rs:142:14
[INFO] [stdout]   52:     0x55d26cf052a1 - test::run_test_in_process::h7e7b7c71c3324e0f
[INFO] [stdout]                                at /rustc/0e09125c6c3c2fd70d7de961bcf0e51575235fad/library/test/src/lib.rs:650:27
[INFO] [stdout]   53:     0x55d26cf052a1 - test::run_test::{{closure}}::h1f509f28f5cf20b1
[INFO] [stdout]                                at /rustc/0e09125c6c3c2fd70d7de961bcf0e51575235fad/library/test/src/lib.rs:573:43
[INFO] [stdout]   54:     0x55d26cecc5d6 - test::run_test::{{closure}}::h1754218abf443f6d
[INFO] [stdout]                                at /rustc/0e09125c6c3c2fd70d7de961bcf0e51575235fad/library/test/src/lib.rs:601:41
[INFO] [stdout]   55:     0x55d26cecc5d6 - std::sys_common::backtrace::__rust_begin_short_backtrace::h2ee174b9d5954948
[INFO] [stdout]                                at /rustc/0e09125c6c3c2fd70d7de961bcf0e51575235fad/library/std/src/sys_common/backtrace.rs:155:18
[INFO] [stdout]   56:     0x55d26ced1637 - std::thread::Builder::spawn_unchecked_::{{closure}}::{{closure}}::hf60bee9c1a17ef09
[INFO] [stdout]                                at /rustc/0e09125c6c3c2fd70d7de961bcf0e51575235fad/library/std/src/thread/mod.rs:529:17
[INFO] [stdout]   57:     0x55d26ced1637 - <core::panic::unwind_safe::AssertUnwindSafe<F> as core::ops::function::FnOnce<()>>::call_once::h33d0dddec5216160
[INFO] [stdout]                                at /rustc/0e09125c6c3c2fd70d7de961bcf0e51575235fad/library/core/src/panic/unwind_safe.rs:272:9
[INFO] [stdout]   58:     0x55d26ced1637 - std::panicking::try::do_call::h144b3048b546f835
[INFO] [stdout]                                at /rustc/0e09125c6c3c2fd70d7de961bcf0e51575235fad/library/std/src/panicking.rs:552:40
[INFO] [stdout]   59:     0x55d26ced1637 - std::panicking::try::h978244d04646189f
[INFO] [stdout]                                at /rustc/0e09125c6c3c2fd70d7de961bcf0e51575235fad/library/std/src/panicking.rs:516:19
[INFO] [stdout]   60:     0x55d26ced1637 - std::panic::catch_unwind::hdf436369d188fe86
[INFO] [stdout]                                at /rustc/0e09125c6c3c2fd70d7de961bcf0e51575235fad/library/std/src/panic.rs:142:14
[INFO] [stdout]   61:     0x55d26ced1637 - std::thread::Builder::spawn_unchecked_::{{closure}}::h87329cbdd33c79ec
[INFO] [stdout]                                at /rustc/0e09125c6c3c2fd70d7de961bcf0e51575235fad/library/std/src/thread/mod.rs:528:30
[INFO] [stdout]   62:     0x55d26ced1637 - core::ops::function::FnOnce::call_once{{vtable.shim}}::h401abbe67897d450
[INFO] [stdout]                                at /rustc/0e09125c6c3c2fd70d7de961bcf0e51575235fad/library/core/src/ops/function.rs:250:5
[INFO] [stdout]   63:     0x55d26d568975 - <alloc::boxed::Box<F,A> as core::ops::function::FnOnce<Args>>::call_once::h5d7c8f150ab9c84c
[INFO] [stdout]                                at /rustc/0e09125c6c3c2fd70d7de961bcf0e51575235fad/library/alloc/src/boxed.rs:2015:9
[INFO] [stdout]   64:     0x55d26d568975 - <alloc::boxed::Box<F,A> as core::ops::function::FnOnce<Args>>::call_once::h570d5b005c242c15
[INFO] [stdout]                                at /rustc/0e09125c6c3c2fd70d7de961bcf0e51575235fad/library/alloc/src/boxed.rs:2015:9
[INFO] [stdout]   65:     0x55d26d568975 - std::sys::unix::thread::Thread::new::thread_start::h36b0a20c0b2361ad
[INFO] [stdout]                                at /rustc/0e09125c6c3c2fd70d7de961bcf0e51575235fad/library/std/src/sys/unix/thread.rs:108:17
[INFO] [stdout]   66:     0x7fdcf3b19ac3 - <unknown>
[INFO] [stdout]   67:     0x7fdcf3baabf4 - __clone
[INFO] [stdout]   68:                0x0 - <unknown>
[INFO] [stdout] 
[INFO] [stdout] 
[INFO] [stdout] failures:
[INFO] [stdout]     echo::tests::test_handshake
[INFO] [stdout] 
[INFO] [stdout] test result: FAILED. 1 passed; 1 failed; 0 ignored; 0 measured; 0 filtered out; finished in 15.03s
[INFO] [stdout] 
[INFO] [stderr] error: test failed, to rerun pass `--lib`
[INFO] running `Command { std: "docker" "inspect" "3893163a0f43c8a7c2e7368c978a5cb62ab371872f357320c37010bb5f2c694b", kill_on_drop: false }`
[INFO] running `Command { std: "docker" "rm" "-f" "3893163a0f43c8a7c2e7368c978a5cb62ab371872f357320c37010bb5f2c694b", kill_on_drop: false }`
[INFO] [stdout] 3893163a0f43c8a7c2e7368c978a5cb62ab371872f357320c37010bb5f2c694b
