[INFO] fetching crate kantan 0.1.0...
[INFO] testing kantan-0.1.0 against 1.75.0 for beta-1.76-1
[INFO] extracting crate kantan 0.1.0 into /workspace/builds/worker-4-tc1/source
[INFO] validating manifest of crates.io crate kantan 0.1.0 on toolchain 1.75.0
[INFO] running `Command { std: CARGO_HOME="/workspace/cargo-home" RUSTUP_HOME="/workspace/rustup-home" "/workspace/cargo-home/bin/cargo" "+1.75.0" "metadata" "--manifest-path" "Cargo.toml" "--no-deps", kill_on_drop: false }`
[INFO] removed /workspace/builds/worker-4-tc1/source/rust-toolchain
[INFO] started tweaking crates.io crate kantan 0.1.0
[INFO] finished tweaking crates.io crate kantan 0.1.0
[INFO] tweaked toml for crates.io crate kantan 0.1.0 written to /workspace/builds/worker-4-tc1/source/Cargo.toml
[INFO] running `Command { std: CARGO_HOME="/workspace/cargo-home" RUSTUP_HOME="/workspace/rustup-home" "/workspace/cargo-home/bin/cargo" "+1.75.0" "generate-lockfile" "--manifest-path" "Cargo.toml", kill_on_drop: false }`
[INFO] [stderr]     Updating crates.io index
[INFO] running `Command { std: CARGO_HOME="/workspace/cargo-home" RUSTUP_HOME="/workspace/rustup-home" "/workspace/cargo-home/bin/cargo" "+1.75.0" "fetch" "--manifest-path" "Cargo.toml", kill_on_drop: false }`
[INFO] [stderr]  Downloading crates ...
[INFO] [stderr]   Downloaded axum-extra v0.7.7
[INFO] [stderr]   Downloaded auto-future v1.0.0
[INFO] [stderr]   Downloaded email_address v0.2.4
[INFO] [stderr]   Downloaded serde-email v1.5.0
[INFO] [stderr]   Downloaded axum-test v7.3.0
[INFO] running `Command { std: "docker" "create" "-v" "/var/lib/crater-agent-workspace/builds/worker-4-tc1/target:/opt/rustwide/target:rw,Z" "-v" "/var/lib/crater-agent-workspace/builds/worker-4-tc1/source:/opt/rustwide/workdir:ro,Z" "-v" "/var/lib/crater-agent-workspace/cargo-home:/opt/rustwide/cargo-home:ro,Z" "-v" "/var/lib/crater-agent-workspace/rustup-home:/opt/rustwide/rustup-home:ro,Z" "-e" "SOURCE_DIR=/opt/rustwide/workdir" "-e" "CARGO_TARGET_DIR=/opt/rustwide/target" "-e" "CARGO_HOME=/opt/rustwide/cargo-home" "-e" "RUSTUP_HOME=/opt/rustwide/rustup-home" "-w" "/opt/rustwide/workdir" "-m" "1610612736" "--user" "0:0" "--network" "none" "ghcr.io/rust-lang/crates-build-env/linux@sha256:2788e3201cd34a07e3172128adcd8b3090168a8e3bcc40d7c032b9dda1df7d1c" "/opt/rustwide/cargo-home/bin/cargo" "+1.75.0" "metadata" "--no-deps" "--format-version=1", kill_on_drop: false }`
[INFO] [stdout] a683ff46023d89e743a91ac7ea49477714d0d3a507f616251b2de4cf189bd2ec
[INFO] running `Command { std: "docker" "start" "-a" "a683ff46023d89e743a91ac7ea49477714d0d3a507f616251b2de4cf189bd2ec", kill_on_drop: false }`
[INFO] running `Command { std: "docker" "inspect" "a683ff46023d89e743a91ac7ea49477714d0d3a507f616251b2de4cf189bd2ec", kill_on_drop: false }`
[INFO] running `Command { std: "docker" "rm" "-f" "a683ff46023d89e743a91ac7ea49477714d0d3a507f616251b2de4cf189bd2ec", kill_on_drop: false }`
[INFO] [stdout] a683ff46023d89e743a91ac7ea49477714d0d3a507f616251b2de4cf189bd2ec
[INFO] running `Command { std: "docker" "create" "-v" "/var/lib/crater-agent-workspace/builds/worker-4-tc1/target:/opt/rustwide/target:rw,Z" "-v" "/var/lib/crater-agent-workspace/builds/worker-4-tc1/source:/opt/rustwide/workdir:ro,Z" "-v" "/var/lib/crater-agent-workspace/cargo-home:/opt/rustwide/cargo-home:ro,Z" "-v" "/var/lib/crater-agent-workspace/rustup-home:/opt/rustwide/rustup-home:ro,Z" "-e" "SOURCE_DIR=/opt/rustwide/workdir" "-e" "CARGO_TARGET_DIR=/opt/rustwide/target" "-e" "CARGO_INCREMENTAL=0" "-e" "RUST_BACKTRACE=full" "-e" "RUSTFLAGS=--cap-lints=warn" "-e" "RUSTDOCFLAGS=--cap-lints=warn" "-e" "CARGO_HOME=/opt/rustwide/cargo-home" "-e" "RUSTUP_HOME=/opt/rustwide/rustup-home" "-w" "/opt/rustwide/workdir" "-m" "1610612736" "--user" "0:0" "--network" "none" "ghcr.io/rust-lang/crates-build-env/linux@sha256:2788e3201cd34a07e3172128adcd8b3090168a8e3bcc40d7c032b9dda1df7d1c" "/opt/rustwide/cargo-home/bin/cargo" "+1.75.0" "build" "--frozen" "--message-format=json", kill_on_drop: false }`
[INFO] [stdout] 8100566d887b407cc18408b41dfc13ce9f00c96288d92365dcae35c112386717
[INFO] running `Command { std: "docker" "start" "-a" "8100566d887b407cc18408b41dfc13ce9f00c96288d92365dcae35c112386717", kill_on_drop: false }`
[INFO] [stderr]    Compiling pin-project-lite v0.2.13
[INFO] [stderr]    Compiling fnv v1.0.7
[INFO] [stderr]    Compiling bytes v1.5.0
[INFO] [stderr]    Compiling httparse v1.8.0
[INFO] [stderr]    Compiling futures-core v0.3.30
[INFO] [stderr]    Compiling time-core v0.1.2
[INFO] [stderr]    Compiling powerfmt v0.2.0
[INFO] [stderr]    Compiling cookie v0.17.0
[INFO] [stderr]    Compiling tracing-core v0.1.32
[INFO] [stderr]    Compiling mio v0.8.10
[INFO] [stderr]    Compiling socket2 v0.5.5
[INFO] [stderr]    Compiling time-macros v0.2.16
[INFO] [stderr]    Compiling deranged v0.3.11
[INFO] [stderr]    Compiling futures-task v0.3.30
[INFO] [stderr]    Compiling try-lock v0.2.5
[INFO] [stderr]    Compiling anyhow v1.0.79
[INFO] [stderr]    Compiling want v0.3.1
[INFO] [stderr]    Compiling http v0.2.11
[INFO] [stderr]    Compiling tokio v1.35.1
[INFO] [stderr]    Compiling tracing v0.1.40
[INFO] [stderr]    Compiling futures-util v0.3.30
[INFO] [stderr]    Compiling futures-channel v0.3.30
[INFO] [stderr]    Compiling httpdate v1.0.3
[INFO] [stderr]    Compiling tower-service v0.3.2
[INFO] [stderr]    Compiling serde_json v1.0.111
[INFO] [stderr]    Compiling auto-future v1.0.0
[INFO] [stderr]    Compiling http-body v0.4.6
[INFO] [stderr]    Compiling time v0.3.31
[INFO] [stderr]    Compiling hyper v0.14.28
[INFO] [stderr]    Compiling kantan v0.1.0 (/opt/rustwide/workdir)
[INFO] [stderr]     Finished dev [unoptimized + debuginfo] target(s) in 21.07s
[INFO] running `Command { std: "docker" "inspect" "8100566d887b407cc18408b41dfc13ce9f00c96288d92365dcae35c112386717", kill_on_drop: false }`
[INFO] running `Command { std: "docker" "rm" "-f" "8100566d887b407cc18408b41dfc13ce9f00c96288d92365dcae35c112386717", kill_on_drop: false }`
[INFO] [stdout] 8100566d887b407cc18408b41dfc13ce9f00c96288d92365dcae35c112386717
[INFO] running `Command { std: "docker" "create" "-v" "/var/lib/crater-agent-workspace/builds/worker-4-tc1/target:/opt/rustwide/target:rw,Z" "-v" "/var/lib/crater-agent-workspace/builds/worker-4-tc1/source:/opt/rustwide/workdir:ro,Z" "-v" "/var/lib/crater-agent-workspace/cargo-home:/opt/rustwide/cargo-home:ro,Z" "-v" "/var/lib/crater-agent-workspace/rustup-home:/opt/rustwide/rustup-home:ro,Z" "-e" "SOURCE_DIR=/opt/rustwide/workdir" "-e" "CARGO_TARGET_DIR=/opt/rustwide/target" "-e" "CARGO_INCREMENTAL=0" "-e" "RUST_BACKTRACE=full" "-e" "RUSTFLAGS=--cap-lints=warn" "-e" "RUSTDOCFLAGS=--cap-lints=warn" "-e" "CARGO_HOME=/opt/rustwide/cargo-home" "-e" "RUSTUP_HOME=/opt/rustwide/rustup-home" "-w" "/opt/rustwide/workdir" "-m" "1610612736" "--user" "0:0" "--network" "none" "ghcr.io/rust-lang/crates-build-env/linux@sha256:2788e3201cd34a07e3172128adcd8b3090168a8e3bcc40d7c032b9dda1df7d1c" "/opt/rustwide/cargo-home/bin/cargo" "+1.75.0" "test" "--frozen" "--no-run" "--message-format=json", kill_on_drop: false }`
[INFO] [stdout] e27dbecb54c9fb2b78b26df24ef48cde8d270644be75e59c54349bd3dcaeb26c
[INFO] running `Command { std: "docker" "start" "-a" "e27dbecb54c9fb2b78b26df24ef48cde8d270644be75e59c54349bd3dcaeb26c", kill_on_drop: false }`
[INFO] [stderr]    Compiling futures-core v0.3.30
[INFO] [stderr]    Compiling rustversion v1.0.14
[INFO] [stderr]    Compiling futures-task v0.3.30
[INFO] [stderr]    Compiling syn v2.0.48
[INFO] [stderr]    Compiling num_cpus v1.16.0
[INFO] [stderr]    Compiling tracing v0.1.40
[INFO] [stderr]    Compiling async-trait v0.1.77
[INFO] [stderr]    Compiling serde_json v1.0.111
[INFO] [stderr]    Compiling futures-util v0.3.30
[INFO] [stderr]    Compiling futures-channel v0.3.30
[INFO] [stderr]    Compiling cookie v0.17.0
[INFO] [stderr]    Compiling tower-layer v0.3.2
[INFO] [stderr]    Compiling mime v0.3.17
[INFO] [stderr]    Compiling sync_wrapper v0.1.2
[INFO] [stderr]    Compiling matchit v0.7.3
[INFO] [stderr]    Compiling rand v0.8.5
[INFO] [stderr]    Compiling axum-core v0.3.4
[INFO] [stderr]    Compiling axum v0.6.20
[INFO] [stderr]    Compiling portpicker v0.1.1
[INFO] [stderr]    Compiling serde_derive v1.0.194
[INFO] [stderr]    Compiling tokio-macros v2.2.0
[INFO] [stderr]    Compiling pin-project-internal v1.1.3
[INFO] [stderr]    Compiling async-stream-impl v0.3.5
[INFO] [stderr]    Compiling async-stream v0.3.5
[INFO] [stderr]    Compiling tokio v1.35.1
[INFO] [stderr]    Compiling pin-project v1.1.3
[INFO] [stderr]    Compiling serde v1.0.194
[INFO] [stderr]    Compiling hyper v0.14.28
[INFO] [stderr]    Compiling tower v0.4.13
[INFO] [stderr]    Compiling tokio-stream v0.1.14
[INFO] [stderr]    Compiling tokio-test v0.4.3
[INFO] [stderr]    Compiling serde_path_to_error v0.1.15
[INFO] [stderr]    Compiling serde_urlencoded v0.7.1
[INFO] [stderr]    Compiling email_address v0.2.4
[INFO] [stderr]    Compiling serde-email v1.5.0
[INFO] [stderr]    Compiling kantan v0.1.0 (/opt/rustwide/workdir)
[INFO] [stderr]    Compiling axum-test v7.3.0
[INFO] [stderr]    Compiling axum-extra v0.7.7
[INFO] [stderr]     Finished test [unoptimized + debuginfo] target(s) in 24.95s
[INFO] running `Command { std: "docker" "inspect" "e27dbecb54c9fb2b78b26df24ef48cde8d270644be75e59c54349bd3dcaeb26c", kill_on_drop: false }`
[INFO] running `Command { std: "docker" "rm" "-f" "e27dbecb54c9fb2b78b26df24ef48cde8d270644be75e59c54349bd3dcaeb26c", kill_on_drop: false }`
[INFO] [stdout] e27dbecb54c9fb2b78b26df24ef48cde8d270644be75e59c54349bd3dcaeb26c
[INFO] running `Command { std: "docker" "create" "-v" "/var/lib/crater-agent-workspace/builds/worker-4-tc1/target:/opt/rustwide/target:rw,Z" "-v" "/var/lib/crater-agent-workspace/builds/worker-4-tc1/source:/opt/rustwide/workdir:ro,Z" "-v" "/var/lib/crater-agent-workspace/cargo-home:/opt/rustwide/cargo-home:ro,Z" "-v" "/var/lib/crater-agent-workspace/rustup-home:/opt/rustwide/rustup-home:ro,Z" "-e" "SOURCE_DIR=/opt/rustwide/workdir" "-e" "CARGO_TARGET_DIR=/opt/rustwide/target" "-e" "CARGO_INCREMENTAL=0" "-e" "RUST_BACKTRACE=full" "-e" "RUSTFLAGS=--cap-lints=warn" "-e" "RUSTDOCFLAGS=--cap-lints=warn" "-e" "CARGO_HOME=/opt/rustwide/cargo-home" "-e" "RUSTUP_HOME=/opt/rustwide/rustup-home" "-w" "/opt/rustwide/workdir" "-m" "1610612736" "--user" "0:0" "--network" "none" "ghcr.io/rust-lang/crates-build-env/linux@sha256:2788e3201cd34a07e3172128adcd8b3090168a8e3bcc40d7c032b9dda1df7d1c" "/opt/rustwide/cargo-home/bin/cargo" "+1.75.0" "test" "--frozen", kill_on_drop: false }`
[INFO] [stdout] 273ab93b825e5747e002659b20e1899c7456a2ca065bf332b8a8d8c8b47ad147
[INFO] running `Command { std: "docker" "start" "-a" "273ab93b825e5747e002659b20e1899c7456a2ca065bf332b8a8d8c8b47ad147", kill_on_drop: false }`
[INFO] [stderr]     Finished test [unoptimized + debuginfo] target(s) in 0.12s
[INFO] [stderr]      Running unittests src/lib.rs (/opt/rustwide/target/debug/deps/kantan-df5dcf2b3cbbd011)
[INFO] [stdout] 
[INFO] [stdout] running 5 tests
[INFO] [stdout] test test_content_type::it_should_set_content_type_when_present ... ok
[INFO] [stdout] test test_content_type::it_should_not_set_a_content_type_by_default ... ok
[INFO] [stdout] test test_cookies::it_should_not_pass_cookies_created_back_up_to_server_by_default ... ok
[INFO] [stdout] test test_get::it_sound_get ... ok
[INFO] [stdout] test test_cookies::it_should_pass_cookies_created_back_up_to_server_when_turned_on_for_request ... ok
[INFO] [stdout] 
[INFO] [stdout] test result: ok. 5 passed; 0 failed; 0 ignored; 0 measured; 0 filtered out; finished in 0.01s
[INFO] [stdout] 
[INFO] [stderr]    Doc-tests kantan
[INFO] [stdout] 
[INFO] [stdout] running 5 tests
[INFO] [stdout] test src/request.rs - request::Request (line 59) ... ignored
[INFO] [stdout] test src/lib.rs - (line 17) ... FAILED
[INFO] [stdout] test src/lib.rs - (line 84) ... FAILED
[INFO] [stdout] test src/lib.rs - (line 52) ... FAILED
[INFO] [stdout] test src/lib.rs - (line 111) ... FAILED
[INFO] [stdout] 
[INFO] [stdout] failures:
[INFO] [stdout] 
[INFO] [stdout] ---- src/lib.rs - (line 17) stdout ----
[INFO] [stdout] error[E0432]: unresolved import `axum_test::Server`
[INFO] [stdout]  --> src/lib.rs:22:5
[INFO] [stdout]   |
[INFO] [stdout] 7 | use ::axum_test::Server;
[INFO] [stdout]   |     ^^^^^^^^^^^^^^^^^^^ no `Server` in the root
[INFO] [stdout]   |
[INFO] [stdout] help: consider importing one of these items instead
[INFO] [stdout]   |
[INFO] [stdout] 7 | use axum::Server;
[INFO] [stdout]   |     ~~~~~~~~~~~~
[INFO] [stdout] 7 | use hyper::Server;
[INFO] [stdout]   |     ~~~~~~~~~~~~~
[INFO] [stdout] 7 | use kantan::Server;
[INFO] [stdout]   |     ~~~~~~~~~~~~~~
[INFO] [stdout] 
[INFO] [stdout] error: aborting due to previous error
[INFO] [stdout] 
[INFO] [stdout] For more information about this error, try `rustc --explain E0432`.
[INFO] [stdout] Couldn't compile the test.
[INFO] [stdout] ---- src/lib.rs - (line 84) stdout ----
[INFO] [stdout] error[E0432]: unresolved import `axum_test::Server`
[INFO] [stdout]  --> src/lib.rs:87:5
[INFO] [stdout]   |
[INFO] [stdout] 5 | use ::axum_test::Server;
[INFO] [stdout]   |     ^^^^^^^^^^^^^^^^^^^ no `Server` in the root
[INFO] [stdout]   |
[INFO] [stdout] help: consider importing one of these items instead
[INFO] [stdout]   |
[INFO] [stdout] 5 | use axum::Server;
[INFO] [stdout]   |     ~~~~~~~~~~~~
[INFO] [stdout] 5 | use hyper::Server;
[INFO] [stdout]   |     ~~~~~~~~~~~~~
[INFO] [stdout] 5 | use kantan::Server;
[INFO] [stdout]   |     ~~~~~~~~~~~~~~
[INFO] [stdout] 
[INFO] [stdout] error[E0432]: unresolved import `axum_test::ServerConfig`
[INFO] [stdout]  --> src/lib.rs:88:5
[INFO] [stdout]   |
[INFO] [stdout] 6 | use ::axum_test::ServerConfig;
[INFO] [stdout]   |     ^^^^^^^^^^^^^------------
[INFO] [stdout]   |     |            |
[INFO] [stdout]   |     |            help: a similar name exists in the module: `TestServerConfig`
[INFO] [stdout]   |     no `ServerConfig` in the root
[INFO] [stdout] 
[INFO] [stdout] error: aborting due to 2 previous errors
[INFO] [stdout] 
[INFO] [stdout] For more information about this error, try `rustc --explain E0432`.
[INFO] [stdout] Couldn't compile the test.
[INFO] [stdout] ---- src/lib.rs - (line 52) stdout ----
[INFO] [stdout] error[E0432]: unresolved import `axum_test::Server`
[INFO] [stdout]  --> src/lib.rs:55:5
[INFO] [stdout]   |
[INFO] [stdout] 5 | use ::axum_test::Server;
[INFO] [stdout]   |     ^^^^^^^^^^^^^^^^^^^ no `Server` in the root
[INFO] [stdout]   |
[INFO] [stdout] help: consider importing one of these items instead
[INFO] [stdout]   |
[INFO] [stdout] 5 | use axum::Server;
[INFO] [stdout]   |     ~~~~~~~~~~~~
[INFO] [stdout] 5 | use hyper::Server;
[INFO] [stdout]   |     ~~~~~~~~~~~~~
[INFO] [stdout] 5 | use kantan::Server;
[INFO] [stdout]   |     ~~~~~~~~~~~~~~
[INFO] [stdout] 
[INFO] [stdout] error[E0432]: unresolved import `axum_test::ServerConfig`
[INFO] [stdout]  --> src/lib.rs:56:5
[INFO] [stdout]   |
[INFO] [stdout] 6 | use ::axum_test::ServerConfig;
[INFO] [stdout]   |     ^^^^^^^^^^^^^------------
[INFO] [stdout]   |     |            |
[INFO] [stdout]   |     |            help: a similar name exists in the module: `TestServerConfig`
[INFO] [stdout]   |     no `ServerConfig` in the root
[INFO] [stdout] 
[INFO] [stdout] error: aborting due to 2 previous errors
[INFO] [stdout] 
[INFO] [stdout] For more information about this error, try `rustc --explain E0432`.
[INFO] [stdout] Couldn't compile the test.
[INFO] [stdout] ---- src/lib.rs - (line 111) stdout ----
[INFO] [stdout] error[E0308]: mismatched types
[INFO] [stdout]   --> src/lib.rs:129:26
[INFO] [stdout]    |
[INFO] [stdout] 21 | let server = Server::new(my_app)
[INFO] [stdout]    |              ----------- ^^^^^^ expected `String`, found `IntoMakeService<Router<(), _>>`
[INFO] [stdout]    |              |
[INFO] [stdout]    |              arguments to this function are incorrect
[INFO] [stdout]    |
[INFO] [stdout]    = note: expected struct `std::string::String`
[INFO] [stdout]               found struct `IntoMakeService<Router<(), _>>`
[INFO] [stdout] note: associated function defined here
[INFO] [stdout]   --> /opt/rustwide/workdir/src/server.rs:35:12
[INFO] [stdout]    |
[INFO] [stdout] 35 |     pub fn new(server_address: String) -> Result<Self> {
[INFO] [stdout]    |            ^^^
[INFO] [stdout] 
[INFO] [stdout] error: aborting due to previous error
[INFO] [stdout] 
[INFO] [stdout] For more information about this error, try `rustc --explain E0308`.
[INFO] [stdout] Couldn't compile the test.
[INFO] [stdout] 
[INFO] [stdout] failures:
[INFO] [stdout]     src/lib.rs - (line 111)
[INFO] [stdout]     src/lib.rs - (line 17)
[INFO] [stdout]     src/lib.rs - (line 52)
[INFO] [stdout]     src/lib.rs - (line 84)
[INFO] [stdout] 
[INFO] [stdout] test result: FAILED. 0 passed; 4 failed; 1 ignored; 0 measured; 0 filtered out; finished in 0.34s
[INFO] [stdout] 
[INFO] [stderr] error: doctest failed, to rerun pass `--doc`
[INFO] running `Command { std: "docker" "inspect" "273ab93b825e5747e002659b20e1899c7456a2ca065bf332b8a8d8c8b47ad147", kill_on_drop: false }`
[INFO] running `Command { std: "docker" "rm" "-f" "273ab93b825e5747e002659b20e1899c7456a2ca065bf332b8a8d8c8b47ad147", kill_on_drop: false }`
[INFO] [stdout] 273ab93b825e5747e002659b20e1899c7456a2ca065bf332b8a8d8c8b47ad147
