[INFO] fetching crate kalmanfilt 0.2.2...
[INFO] testing kalmanfilt-0.2.2 against 1.75.0 for beta-1.76-1
[INFO] extracting crate kalmanfilt 0.2.2 into /workspace/builds/worker-1-tc1/source
[INFO] validating manifest of crates.io crate kalmanfilt 0.2.2 on toolchain 1.75.0
[INFO] running `Command { std: CARGO_HOME="/workspace/cargo-home" RUSTUP_HOME="/workspace/rustup-home" "/workspace/cargo-home/bin/cargo" "+1.75.0" "metadata" "--manifest-path" "Cargo.toml" "--no-deps", kill_on_drop: false }`
[INFO] started tweaking crates.io crate kalmanfilt 0.2.2
[INFO] finished tweaking crates.io crate kalmanfilt 0.2.2
[INFO] tweaked toml for crates.io crate kalmanfilt 0.2.2 written to /workspace/builds/worker-1-tc1/source/Cargo.toml
[INFO] running `Command { std: CARGO_HOME="/workspace/cargo-home" RUSTUP_HOME="/workspace/rustup-home" "/workspace/cargo-home/bin/cargo" "+1.75.0" "generate-lockfile" "--manifest-path" "Cargo.toml", kill_on_drop: false }`
[INFO] [stderr]     Updating crates.io index
[INFO] running `Command { std: CARGO_HOME="/workspace/cargo-home" RUSTUP_HOME="/workspace/rustup-home" "/workspace/cargo-home/bin/cargo" "+1.75.0" "fetch" "--manifest-path" "Cargo.toml", kill_on_drop: false }`
[INFO] running `Command { std: "docker" "create" "-v" "/var/lib/crater-agent-workspace/builds/worker-1-tc1/target:/opt/rustwide/target:rw,Z" "-v" "/var/lib/crater-agent-workspace/builds/worker-1-tc1/source:/opt/rustwide/workdir:ro,Z" "-v" "/var/lib/crater-agent-workspace/cargo-home:/opt/rustwide/cargo-home:ro,Z" "-v" "/var/lib/crater-agent-workspace/rustup-home:/opt/rustwide/rustup-home:ro,Z" "-e" "SOURCE_DIR=/opt/rustwide/workdir" "-e" "CARGO_TARGET_DIR=/opt/rustwide/target" "-e" "CARGO_HOME=/opt/rustwide/cargo-home" "-e" "RUSTUP_HOME=/opt/rustwide/rustup-home" "-w" "/opt/rustwide/workdir" "-m" "1610612736" "--user" "0:0" "--network" "none" "ghcr.io/rust-lang/crates-build-env/linux@sha256:2788e3201cd34a07e3172128adcd8b3090168a8e3bcc40d7c032b9dda1df7d1c" "/opt/rustwide/cargo-home/bin/cargo" "+1.75.0" "metadata" "--no-deps" "--format-version=1", kill_on_drop: false }`
[INFO] [stdout] 15299f61b592d3034fbf056101f1743f8db79e3b152151ba6fddae1007533187
[INFO] running `Command { std: "docker" "start" "-a" "15299f61b592d3034fbf056101f1743f8db79e3b152151ba6fddae1007533187", kill_on_drop: false }`
[INFO] running `Command { std: "docker" "inspect" "15299f61b592d3034fbf056101f1743f8db79e3b152151ba6fddae1007533187", kill_on_drop: false }`
[INFO] running `Command { std: "docker" "rm" "-f" "15299f61b592d3034fbf056101f1743f8db79e3b152151ba6fddae1007533187", kill_on_drop: false }`
[INFO] [stdout] 15299f61b592d3034fbf056101f1743f8db79e3b152151ba6fddae1007533187
[INFO] running `Command { std: "docker" "create" "-v" "/var/lib/crater-agent-workspace/builds/worker-1-tc1/target:/opt/rustwide/target:rw,Z" "-v" "/var/lib/crater-agent-workspace/builds/worker-1-tc1/source:/opt/rustwide/workdir:ro,Z" "-v" "/var/lib/crater-agent-workspace/cargo-home:/opt/rustwide/cargo-home:ro,Z" "-v" "/var/lib/crater-agent-workspace/rustup-home:/opt/rustwide/rustup-home:ro,Z" "-e" "SOURCE_DIR=/opt/rustwide/workdir" "-e" "CARGO_TARGET_DIR=/opt/rustwide/target" "-e" "CARGO_INCREMENTAL=0" "-e" "RUST_BACKTRACE=full" "-e" "RUSTFLAGS=--cap-lints=warn" "-e" "RUSTDOCFLAGS=--cap-lints=warn" "-e" "CARGO_HOME=/opt/rustwide/cargo-home" "-e" "RUSTUP_HOME=/opt/rustwide/rustup-home" "-w" "/opt/rustwide/workdir" "-m" "1610612736" "--user" "0:0" "--network" "none" "ghcr.io/rust-lang/crates-build-env/linux@sha256:2788e3201cd34a07e3172128adcd8b3090168a8e3bcc40d7c032b9dda1df7d1c" "/opt/rustwide/cargo-home/bin/cargo" "+1.75.0" "build" "--frozen" "--message-format=json", kill_on_drop: false }`
[INFO] [stdout] 946a806e376d69f73f524b29bfa949bd1e6afe48877e028bab21084f701663a4
[INFO] running `Command { std: "docker" "start" "-a" "946a806e376d69f73f524b29bfa949bd1e6afe48877e028bab21084f701663a4", kill_on_drop: false }`
[INFO] [stderr]    Compiling libm v0.2.8
[INFO] [stderr]    Compiling num-traits v0.2.17
[INFO] [stderr]    Compiling num-integer v0.1.45
[INFO] [stderr]    Compiling paste v1.0.14
[INFO] [stderr]    Compiling num-rational v0.4.1
[INFO] [stderr]    Compiling approx v0.5.1
[INFO] [stderr]    Compiling num-complex v0.4.4
[INFO] [stderr]    Compiling simba v0.8.1
[INFO] [stderr]    Compiling nalgebra v0.32.3
[INFO] [stderr]    Compiling kalmanfilt v0.2.2 (/opt/rustwide/workdir)
[INFO] [stderr]     Finished dev [unoptimized + debuginfo] target(s) in 9.14s
[INFO] running `Command { std: "docker" "inspect" "946a806e376d69f73f524b29bfa949bd1e6afe48877e028bab21084f701663a4", kill_on_drop: false }`
[INFO] running `Command { std: "docker" "rm" "-f" "946a806e376d69f73f524b29bfa949bd1e6afe48877e028bab21084f701663a4", kill_on_drop: false }`
[INFO] [stdout] 946a806e376d69f73f524b29bfa949bd1e6afe48877e028bab21084f701663a4
[INFO] running `Command { std: "docker" "create" "-v" "/var/lib/crater-agent-workspace/builds/worker-1-tc1/target:/opt/rustwide/target:rw,Z" "-v" "/var/lib/crater-agent-workspace/builds/worker-1-tc1/source:/opt/rustwide/workdir:ro,Z" "-v" "/var/lib/crater-agent-workspace/cargo-home:/opt/rustwide/cargo-home:ro,Z" "-v" "/var/lib/crater-agent-workspace/rustup-home:/opt/rustwide/rustup-home:ro,Z" "-e" "SOURCE_DIR=/opt/rustwide/workdir" "-e" "CARGO_TARGET_DIR=/opt/rustwide/target" "-e" "CARGO_INCREMENTAL=0" "-e" "RUST_BACKTRACE=full" "-e" "RUSTFLAGS=--cap-lints=warn" "-e" "RUSTDOCFLAGS=--cap-lints=warn" "-e" "CARGO_HOME=/opt/rustwide/cargo-home" "-e" "RUSTUP_HOME=/opt/rustwide/rustup-home" "-w" "/opt/rustwide/workdir" "-m" "1610612736" "--user" "0:0" "--network" "none" "ghcr.io/rust-lang/crates-build-env/linux@sha256:2788e3201cd34a07e3172128adcd8b3090168a8e3bcc40d7c032b9dda1df7d1c" "/opt/rustwide/cargo-home/bin/cargo" "+1.75.0" "test" "--frozen" "--no-run" "--message-format=json", kill_on_drop: false }`
[INFO] [stdout] 172abb226bc4a10eb686e9f03d3567c7379e9b27fe61fa72ca0cd925ddab66a2
[INFO] running `Command { std: "docker" "start" "-a" "172abb226bc4a10eb686e9f03d3567c7379e9b27fe61fa72ca0cd925ddab66a2", kill_on_drop: false }`
[INFO] [stderr]    Compiling assert_approx_eq v1.1.0
[INFO] [stderr]    Compiling kalmanfilt v0.2.2 (/opt/rustwide/workdir)
[INFO] [stderr]     Finished test [unoptimized + debuginfo] target(s) in 0.57s
[INFO] running `Command { std: "docker" "inspect" "172abb226bc4a10eb686e9f03d3567c7379e9b27fe61fa72ca0cd925ddab66a2", kill_on_drop: false }`
[INFO] running `Command { std: "docker" "rm" "-f" "172abb226bc4a10eb686e9f03d3567c7379e9b27fe61fa72ca0cd925ddab66a2", kill_on_drop: false }`
[INFO] [stdout] 172abb226bc4a10eb686e9f03d3567c7379e9b27fe61fa72ca0cd925ddab66a2
[INFO] running `Command { std: "docker" "create" "-v" "/var/lib/crater-agent-workspace/builds/worker-1-tc1/target:/opt/rustwide/target:rw,Z" "-v" "/var/lib/crater-agent-workspace/builds/worker-1-tc1/source:/opt/rustwide/workdir:ro,Z" "-v" "/var/lib/crater-agent-workspace/cargo-home:/opt/rustwide/cargo-home:ro,Z" "-v" "/var/lib/crater-agent-workspace/rustup-home:/opt/rustwide/rustup-home:ro,Z" "-e" "SOURCE_DIR=/opt/rustwide/workdir" "-e" "CARGO_TARGET_DIR=/opt/rustwide/target" "-e" "CARGO_INCREMENTAL=0" "-e" "RUST_BACKTRACE=full" "-e" "RUSTFLAGS=--cap-lints=warn" "-e" "RUSTDOCFLAGS=--cap-lints=warn" "-e" "CARGO_HOME=/opt/rustwide/cargo-home" "-e" "RUSTUP_HOME=/opt/rustwide/rustup-home" "-w" "/opt/rustwide/workdir" "-m" "1610612736" "--user" "0:0" "--network" "none" "ghcr.io/rust-lang/crates-build-env/linux@sha256:2788e3201cd34a07e3172128adcd8b3090168a8e3bcc40d7c032b9dda1df7d1c" "/opt/rustwide/cargo-home/bin/cargo" "+1.75.0" "test" "--frozen", kill_on_drop: false }`
[INFO] [stdout] 0ce26a319180355fdf72de43f6427bba70f75a29cefb1ffb232556db9440a6de
[INFO] running `Command { std: "docker" "start" "-a" "0ce26a319180355fdf72de43f6427bba70f75a29cefb1ffb232556db9440a6de", kill_on_drop: false }`
[INFO] [stderr]     Finished test [unoptimized + debuginfo] target(s) in 0.01s
[INFO] [stderr]      Running unittests src/lib.rs (/opt/rustwide/target/debug/deps/kalmanfilt-8cfd556a1481ba6f)
[INFO] [stdout] 
[INFO] [stdout] running 2 tests
[INFO] [stdout] test kalman::kalman_filter::tests::test_1d_reference ... ok
[INFO] [stdout] test kalman::kalman_filter::tests::test_univariate_kf_setup ... ok
[INFO] [stdout] 
[INFO] [stdout] test result: ok. 2 passed; 0 failed; 0 ignored; 0 measured; 0 filtered out; finished in 0.01s
[INFO] [stdout] 
[INFO] [stderr]    Doc-tests kalmanfilt
[INFO] [stdout] 
[INFO] [stdout] running 5 tests
[INFO] [stdout] test src/gh.rs - gh::GHKFilter<T>::new (line 180) ... FAILED
[INFO] [stdout] test src/gh.rs - gh::GHFilter<T>::new (line 61) ... FAILED
[INFO] [stdout] test src/discrete_bayes.rs - discrete_bayes::normalize (line 14) ... FAILED
[INFO] [stdout] test src/gh.rs - gh::GHFilter (line 12) ... FAILED
[INFO] [stdout] test src/gh.rs - gh::GHKFilter (line 123) ... FAILED
[INFO] [stdout] 
[INFO] [stdout] failures:
[INFO] [stdout] 
[INFO] [stdout] ---- src/gh.rs - gh::GHKFilter<T>::new (line 180) stdout ----
[INFO] [stdout] error[E0433]: failed to resolve: use of undeclared crate or module `filter`
[INFO] [stdout]  --> src/gh.rs:181:5
[INFO] [stdout]   |
[INFO] [stdout] 3 | use filter::gh::GHFilter;
[INFO] [stdout]   |     ^^^^^^ use of undeclared crate or module `filter`
[INFO] [stdout] 
[INFO] [stdout] error: aborting due to previous error
[INFO] [stdout] 
[INFO] [stdout] For more information about this error, try `rustc --explain E0433`.
[INFO] [stdout] Couldn't compile the test.
[INFO] [stdout] ---- src/gh.rs - gh::GHFilter<T>::new (line 61) stdout ----
[INFO] [stdout] error[E0433]: failed to resolve: use of undeclared crate or module `filter`
[INFO] [stdout]  --> src/gh.rs:62:5
[INFO] [stdout]   |
[INFO] [stdout] 3 | use filter::gh::GHFilter;
[INFO] [stdout]   |     ^^^^^^ use of undeclared crate or module `filter`
[INFO] [stdout] 
[INFO] [stdout] error: aborting due to previous error
[INFO] [stdout] 
[INFO] [stdout] For more information about this error, try `rustc --explain E0433`.
[INFO] [stdout] Couldn't compile the test.
[INFO] [stdout] ---- src/discrete_bayes.rs - discrete_bayes::normalize (line 14) stdout ----
[INFO] [stdout] error[E0433]: failed to resolve: use of undeclared crate or module `filter`
[INFO] [stdout]  --> src/discrete_bayes.rs:15:5
[INFO] [stdout]   |
[INFO] [stdout] 3 | use filter::discrete_bayes::normalize;
[INFO] [stdout]   |     ^^^^^^ use of undeclared crate or module `filter`
[INFO] [stdout] 
[INFO] [stdout] error: aborting due to previous error
[INFO] [stdout] 
[INFO] [stdout] For more information about this error, try `rustc --explain E0433`.
[INFO] [stdout] Couldn't compile the test.
[INFO] [stdout] ---- src/gh.rs - gh::GHFilter (line 12) stdout ----
[INFO] [stdout] error[E0433]: failed to resolve: use of undeclared crate or module `filter`
[INFO] [stdout]  --> src/gh.rs:13:5
[INFO] [stdout]   |
[INFO] [stdout] 3 | use filter::gh::GHFilter;
[INFO] [stdout]   |     ^^^^^^ use of undeclared crate or module `filter`
[INFO] [stdout] 
[INFO] [stdout] error: aborting due to previous error
[INFO] [stdout] 
[INFO] [stdout] For more information about this error, try `rustc --explain E0433`.
[INFO] [stdout] Couldn't compile the test.
[INFO] [stdout] ---- src/gh.rs - gh::GHKFilter (line 123) stdout ----
[INFO] [stdout] error[E0433]: failed to resolve: use of undeclared crate or module `filter`
[INFO] [stdout]  --> src/gh.rs:124:5
[INFO] [stdout]   |
[INFO] [stdout] 3 | use filter::gh::GHFilter;
[INFO] [stdout]   |     ^^^^^^ use of undeclared crate or module `filter`
[INFO] [stdout] 
[INFO] [stdout] error: aborting due to previous error
[INFO] [stdout] 
[INFO] [stdout] For more information about this error, try `rustc --explain E0433`.
[INFO] [stdout] Couldn't compile the test.
[INFO] [stdout] 
[INFO] [stdout] failures:
[INFO] [stdout]     src/discrete_bayes.rs - discrete_bayes::normalize (line 14)
[INFO] [stdout]     src/gh.rs - gh::GHFilter (line 12)
[INFO] [stdout]     src/gh.rs - gh::GHFilter<T>::new (line 61)
[INFO] [stdout]     src/gh.rs - gh::GHKFilter (line 123)
[INFO] [stdout]     src/gh.rs - gh::GHKFilter<T>::new (line 180)
[INFO] [stdout] 
[INFO] [stdout] test result: FAILED. 0 passed; 5 failed; 0 ignored; 0 measured; 0 filtered out; finished in 0.04s
[INFO] [stdout] 
[INFO] [stderr] error: doctest failed, to rerun pass `--doc`
[INFO] running `Command { std: "docker" "inspect" "0ce26a319180355fdf72de43f6427bba70f75a29cefb1ffb232556db9440a6de", kill_on_drop: false }`
[INFO] running `Command { std: "docker" "rm" "-f" "0ce26a319180355fdf72de43f6427bba70f75a29cefb1ffb232556db9440a6de", kill_on_drop: false }`
[INFO] [stdout] 0ce26a319180355fdf72de43f6427bba70f75a29cefb1ffb232556db9440a6de
[INFO] testing kalmanfilt-0.2.2 against beta-2023-12-22 for beta-1.76-1
[INFO] extracting crate kalmanfilt 0.2.2 into /workspace/builds/worker-1-tc2/source
[INFO] validating manifest of crates.io crate kalmanfilt 0.2.2 on toolchain beta-2023-12-22
[INFO] running `Command { std: CARGO_HOME="/workspace/cargo-home" RUSTUP_HOME="/workspace/rustup-home" "/workspace/cargo-home/bin/cargo" "+beta-2023-12-22" "metadata" "--manifest-path" "Cargo.toml" "--no-deps", kill_on_drop: false }`
[INFO] started tweaking crates.io crate kalmanfilt 0.2.2
[INFO] finished tweaking crates.io crate kalmanfilt 0.2.2
[INFO] tweaked toml for crates.io crate kalmanfilt 0.2.2 written to /workspace/builds/worker-1-tc2/source/Cargo.toml
[INFO] running `Command { std: CARGO_HOME="/workspace/cargo-home" RUSTUP_HOME="/workspace/rustup-home" "/workspace/cargo-home/bin/cargo" "+beta-2023-12-22" "generate-lockfile" "--manifest-path" "Cargo.toml", kill_on_drop: false }`
[INFO] [stderr]     Updating crates.io index
[INFO] running `Command { std: CARGO_HOME="/workspace/cargo-home" RUSTUP_HOME="/workspace/rustup-home" "/workspace/cargo-home/bin/cargo" "+beta-2023-12-22" "fetch" "--manifest-path" "Cargo.toml", kill_on_drop: false }`
[INFO] running `Command { std: "docker" "create" "-v" "/var/lib/crater-agent-workspace/builds/worker-1-tc2/target:/opt/rustwide/target:rw,Z" "-v" "/var/lib/crater-agent-workspace/builds/worker-1-tc2/source:/opt/rustwide/workdir:ro,Z" "-v" "/var/lib/crater-agent-workspace/cargo-home:/opt/rustwide/cargo-home:ro,Z" "-v" "/var/lib/crater-agent-workspace/rustup-home:/opt/rustwide/rustup-home:ro,Z" "-e" "SOURCE_DIR=/opt/rustwide/workdir" "-e" "CARGO_TARGET_DIR=/opt/rustwide/target" "-e" "CARGO_HOME=/opt/rustwide/cargo-home" "-e" "RUSTUP_HOME=/opt/rustwide/rustup-home" "-w" "/opt/rustwide/workdir" "-m" "1610612736" "--user" "0:0" "--network" "none" "ghcr.io/rust-lang/crates-build-env/linux@sha256:2788e3201cd34a07e3172128adcd8b3090168a8e3bcc40d7c032b9dda1df7d1c" "/opt/rustwide/cargo-home/bin/cargo" "+beta-2023-12-22" "metadata" "--no-deps" "--format-version=1", kill_on_drop: false }`
[INFO] [stdout] e55ab3ee0e4e52679fdacc8094e3717a010356a62be97aa8a43fbe3deb07a59b
[INFO] running `Command { std: "docker" "start" "-a" "e55ab3ee0e4e52679fdacc8094e3717a010356a62be97aa8a43fbe3deb07a59b", kill_on_drop: false }`
[INFO] running `Command { std: "docker" "inspect" "e55ab3ee0e4e52679fdacc8094e3717a010356a62be97aa8a43fbe3deb07a59b", kill_on_drop: false }`
[INFO] running `Command { std: "docker" "rm" "-f" "e55ab3ee0e4e52679fdacc8094e3717a010356a62be97aa8a43fbe3deb07a59b", kill_on_drop: false }`
[INFO] [stdout] e55ab3ee0e4e52679fdacc8094e3717a010356a62be97aa8a43fbe3deb07a59b
[INFO] running `Command { std: "docker" "create" "-v" "/var/lib/crater-agent-workspace/builds/worker-1-tc2/target:/opt/rustwide/target:rw,Z" "-v" "/var/lib/crater-agent-workspace/builds/worker-1-tc2/source:/opt/rustwide/workdir:ro,Z" "-v" "/var/lib/crater-agent-workspace/cargo-home:/opt/rustwide/cargo-home:ro,Z" "-v" "/var/lib/crater-agent-workspace/rustup-home:/opt/rustwide/rustup-home:ro,Z" "-e" "SOURCE_DIR=/opt/rustwide/workdir" "-e" "CARGO_TARGET_DIR=/opt/rustwide/target" "-e" "CARGO_INCREMENTAL=0" "-e" "RUST_BACKTRACE=full" "-e" "RUSTFLAGS=--cap-lints=warn" "-e" "RUSTDOCFLAGS=--cap-lints=warn" "-e" "CARGO_HOME=/opt/rustwide/cargo-home" "-e" "RUSTUP_HOME=/opt/rustwide/rustup-home" "-w" "/opt/rustwide/workdir" "-m" "1610612736" "--user" "0:0" "--network" "none" "ghcr.io/rust-lang/crates-build-env/linux@sha256:2788e3201cd34a07e3172128adcd8b3090168a8e3bcc40d7c032b9dda1df7d1c" "/opt/rustwide/cargo-home/bin/cargo" "+beta-2023-12-22" "build" "--frozen" "--message-format=json", kill_on_drop: false }`
[INFO] [stdout] 3fe37c2012a94b455d0c2f02d4b590d0b22829b690416209f999fcb9b4a0e2d4
[INFO] running `Command { std: "docker" "start" "-a" "3fe37c2012a94b455d0c2f02d4b590d0b22829b690416209f999fcb9b4a0e2d4", kill_on_drop: false }`
[INFO] [stderr]    Compiling libm v0.2.8
[INFO] [stderr]    Compiling num-traits v0.2.17
[INFO] [stderr]    Compiling num-integer v0.1.45
[INFO] [stderr]    Compiling paste v1.0.14
[INFO] [stderr]    Compiling num-rational v0.4.1
[INFO] [stderr]    Compiling approx v0.5.1
[INFO] [stderr]    Compiling num-complex v0.4.4
[INFO] [stderr]    Compiling simba v0.8.1
[INFO] [stderr]    Compiling nalgebra v0.32.3
[INFO] [stderr]    Compiling kalmanfilt v0.2.2 (/opt/rustwide/workdir)
[INFO] [stderr]     Finished dev [unoptimized + debuginfo] target(s) in 10.37s
[INFO] running `Command { std: "docker" "inspect" "3fe37c2012a94b455d0c2f02d4b590d0b22829b690416209f999fcb9b4a0e2d4", kill_on_drop: false }`
[INFO] running `Command { std: "docker" "rm" "-f" "3fe37c2012a94b455d0c2f02d4b590d0b22829b690416209f999fcb9b4a0e2d4", kill_on_drop: false }`
[INFO] [stdout] 3fe37c2012a94b455d0c2f02d4b590d0b22829b690416209f999fcb9b4a0e2d4
[INFO] running `Command { std: "docker" "create" "-v" "/var/lib/crater-agent-workspace/builds/worker-1-tc2/target:/opt/rustwide/target:rw,Z" "-v" "/var/lib/crater-agent-workspace/builds/worker-1-tc2/source:/opt/rustwide/workdir:ro,Z" "-v" "/var/lib/crater-agent-workspace/cargo-home:/opt/rustwide/cargo-home:ro,Z" "-v" "/var/lib/crater-agent-workspace/rustup-home:/opt/rustwide/rustup-home:ro,Z" "-e" "SOURCE_DIR=/opt/rustwide/workdir" "-e" "CARGO_TARGET_DIR=/opt/rustwide/target" "-e" "CARGO_INCREMENTAL=0" "-e" "RUST_BACKTRACE=full" "-e" "RUSTFLAGS=--cap-lints=warn" "-e" "RUSTDOCFLAGS=--cap-lints=warn" "-e" "CARGO_HOME=/opt/rustwide/cargo-home" "-e" "RUSTUP_HOME=/opt/rustwide/rustup-home" "-w" "/opt/rustwide/workdir" "-m" "1610612736" "--user" "0:0" "--network" "none" "ghcr.io/rust-lang/crates-build-env/linux@sha256:2788e3201cd34a07e3172128adcd8b3090168a8e3bcc40d7c032b9dda1df7d1c" "/opt/rustwide/cargo-home/bin/cargo" "+beta-2023-12-22" "test" "--frozen" "--no-run" "--message-format=json", kill_on_drop: false }`
[INFO] [stdout] 188934380e5a11e6010a7d798f21f73d652badcba07c70b39139999aee921705
[INFO] running `Command { std: "docker" "start" "-a" "188934380e5a11e6010a7d798f21f73d652badcba07c70b39139999aee921705", kill_on_drop: false }`
[INFO] [stderr]    Compiling assert_approx_eq v1.1.0
[INFO] [stderr]    Compiling kalmanfilt v0.2.2 (/opt/rustwide/workdir)
[INFO] [stderr]     Finished test [unoptimized + debuginfo] target(s) in 0.59s
[INFO] running `Command { std: "docker" "inspect" "188934380e5a11e6010a7d798f21f73d652badcba07c70b39139999aee921705", kill_on_drop: false }`
[INFO] running `Command { std: "docker" "rm" "-f" "188934380e5a11e6010a7d798f21f73d652badcba07c70b39139999aee921705", kill_on_drop: false }`
[INFO] [stdout] 188934380e5a11e6010a7d798f21f73d652badcba07c70b39139999aee921705
[INFO] running `Command { std: "docker" "create" "-v" "/var/lib/crater-agent-workspace/builds/worker-1-tc2/target:/opt/rustwide/target:rw,Z" "-v" "/var/lib/crater-agent-workspace/builds/worker-1-tc2/source:/opt/rustwide/workdir:ro,Z" "-v" "/var/lib/crater-agent-workspace/cargo-home:/opt/rustwide/cargo-home:ro,Z" "-v" "/var/lib/crater-agent-workspace/rustup-home:/opt/rustwide/rustup-home:ro,Z" "-e" "SOURCE_DIR=/opt/rustwide/workdir" "-e" "CARGO_TARGET_DIR=/opt/rustwide/target" "-e" "CARGO_INCREMENTAL=0" "-e" "RUST_BACKTRACE=full" "-e" "RUSTFLAGS=--cap-lints=warn" "-e" "RUSTDOCFLAGS=--cap-lints=warn" "-e" "CARGO_HOME=/opt/rustwide/cargo-home" "-e" "RUSTUP_HOME=/opt/rustwide/rustup-home" "-w" "/opt/rustwide/workdir" "-m" "1610612736" "--user" "0:0" "--network" "none" "ghcr.io/rust-lang/crates-build-env/linux@sha256:2788e3201cd34a07e3172128adcd8b3090168a8e3bcc40d7c032b9dda1df7d1c" "/opt/rustwide/cargo-home/bin/cargo" "+beta-2023-12-22" "test" "--frozen", kill_on_drop: false }`
[INFO] [stdout] fe0c9d8c3a7389d4061d6dac9501d83ea0c19e352fc7b2ff70c10dca0f673d53
[INFO] running `Command { std: "docker" "start" "-a" "fe0c9d8c3a7389d4061d6dac9501d83ea0c19e352fc7b2ff70c10dca0f673d53", kill_on_drop: false }`
[INFO] [stderr]     Finished test [unoptimized + debuginfo] target(s) in 0.01s
[INFO] [stderr]      Running unittests src/lib.rs (/opt/rustwide/target/debug/deps/kalmanfilt-653b5e46aae7c25d)
[INFO] [stdout] 
[INFO] [stdout] running 2 tests
[INFO] [stdout] test kalman::kalman_filter::tests::test_1d_reference ... ok
[INFO] [stdout] test kalman::kalman_filter::tests::test_univariate_kf_setup ... ok
[INFO] [stdout] 
[INFO] [stdout] test result: ok. 2 passed; 0 failed; 0 ignored; 0 measured; 0 filtered out; finished in 0.01s
[INFO] [stdout] 
[INFO] [stderr]    Doc-tests kalmanfilt
[INFO] [stdout] 
[INFO] [stdout] running 5 tests
[INFO] [stdout] test src/gh.rs - gh::GHKFilter<T>::new (line 180) ... FAILED
[INFO] [stdout] test src/gh.rs - gh::GHFilter<T>::new (line 61) ... FAILED
[INFO] [stdout] test src/discrete_bayes.rs - discrete_bayes::normalize (line 14) ... FAILED
[INFO] [stdout] test src/gh.rs - gh::GHFilter (line 12) ... FAILED
[INFO] [stdout] test src/gh.rs - gh::GHKFilter (line 123) ... FAILED
[INFO] [stdout] 
[INFO] [stdout] failures:
[INFO] [stdout] 
[INFO] [stdout] ---- src/gh.rs - gh::GHKFilter<T>::new (line 180) stdout ----
[INFO] [stdout] error[E0433]: failed to resolve: use of undeclared crate or module `filter`
[INFO] [stdout]  --> src/gh.rs:181:5
[INFO] [stdout]   |
[INFO] [stdout] 3 | use filter::gh::GHFilter;
[INFO] [stdout]   |     ^^^^^^ use of undeclared crate or module `filter`
[INFO] [stdout] 
[INFO] [stdout] error: aborting due to 1 previous error
[INFO] [stdout] 
[INFO] [stdout] For more information about this error, try `rustc --explain E0433`.
[INFO] [stdout] Couldn't compile the test.
[INFO] [stdout] ---- src/gh.rs - gh::GHFilter<T>::new (line 61) stdout ----
[INFO] [stdout] error[E0433]: failed to resolve: use of undeclared crate or module `filter`
[INFO] [stdout]  --> src/gh.rs:62:5
[INFO] [stdout]   |
[INFO] [stdout] 3 | use filter::gh::GHFilter;
[INFO] [stdout]   |     ^^^^^^ use of undeclared crate or module `filter`
[INFO] [stdout] 
[INFO] [stdout] error: aborting due to 1 previous error
[INFO] [stdout] 
[INFO] [stdout] For more information about this error, try `rustc --explain E0433`.
[INFO] [stdout] Couldn't compile the test.
[INFO] [stdout] ---- src/discrete_bayes.rs - discrete_bayes::normalize (line 14) stdout ----
[INFO] [stdout] error[E0433]: failed to resolve: use of undeclared crate or module `filter`
[INFO] [stdout]  --> src/discrete_bayes.rs:15:5
[INFO] [stdout]   |
[INFO] [stdout] 3 | use filter::discrete_bayes::normalize;
[INFO] [stdout]   |     ^^^^^^ use of undeclared crate or module `filter`
[INFO] [stdout] 
[INFO] [stdout] error: aborting due to 1 previous error
[INFO] [stdout] 
[INFO] [stdout] For more information about this error, try `rustc --explain E0433`.
[INFO] [stdout] Couldn't compile the test.
[INFO] [stdout] ---- src/gh.rs - gh::GHFilter (line 12) stdout ----
[INFO] [stdout] error[E0433]: failed to resolve: use of undeclared crate or module `filter`
[INFO] [stdout]  --> src/gh.rs:13:5
[INFO] [stdout]   |
[INFO] [stdout] 3 | use filter::gh::GHFilter;
[INFO] [stdout]   |     ^^^^^^ use of undeclared crate or module `filter`
[INFO] [stdout] 
[INFO] [stdout] error: aborting due to 1 previous error
[INFO] [stdout] 
[INFO] [stdout] For more information about this error, try `rustc --explain E0433`.
[INFO] [stdout] Couldn't compile the test.
[INFO] [stdout] ---- src/gh.rs - gh::GHKFilter (line 123) stdout ----
[INFO] [stdout] error[E0433]: failed to resolve: use of undeclared crate or module `filter`
[INFO] [stdout]  --> src/gh.rs:124:5
[INFO] [stdout]   |
[INFO] [stdout] 3 | use filter::gh::GHFilter;
[INFO] [stdout]   |     ^^^^^^ use of undeclared crate or module `filter`
[INFO] [stdout] 
[INFO] [stdout] error: aborting due to 1 previous error
[INFO] [stdout] 
[INFO] [stdout] For more information about this error, try `rustc --explain E0433`.
[INFO] [stdout] Couldn't compile the test.
[INFO] [stdout] 
[INFO] [stdout] failures:
[INFO] [stdout]     src/discrete_bayes.rs - discrete_bayes::normalize (line 14)
[INFO] [stdout]     src/gh.rs - gh::GHFilter (line 12)
[INFO] [stdout]     src/gh.rs - gh::GHFilter<T>::new (line 61)
[INFO] [stdout]     src/gh.rs - gh::GHKFilter (line 123)
[INFO] [stdout]     src/gh.rs - gh::GHKFilter<T>::new (line 180)
[INFO] [stdout] 
[INFO] [stdout] test result: FAILED. 0 passed; 5 failed; 0 ignored; 0 measured; 0 filtered out; finished in 0.03s
[INFO] [stdout] 
[INFO] [stderr] error: doctest failed, to rerun pass `--doc`
[INFO] running `Command { std: "docker" "inspect" "fe0c9d8c3a7389d4061d6dac9501d83ea0c19e352fc7b2ff70c10dca0f673d53", kill_on_drop: false }`
[INFO] running `Command { std: "docker" "rm" "-f" "fe0c9d8c3a7389d4061d6dac9501d83ea0c19e352fc7b2ff70c10dca0f673d53", kill_on_drop: false }`
[INFO] [stdout] fe0c9d8c3a7389d4061d6dac9501d83ea0c19e352fc7b2ff70c10dca0f673d53
