[INFO] fetching crate k9 0.11.6...
[INFO] testing k9-0.11.6 against 1.75.0 for beta-1.76-1
[INFO] extracting crate k9 0.11.6 into /workspace/builds/worker-6-tc1/source
[INFO] validating manifest of crates.io crate k9 0.11.6 on toolchain 1.75.0
[INFO] running `Command { std: CARGO_HOME="/workspace/cargo-home" RUSTUP_HOME="/workspace/rustup-home" "/workspace/cargo-home/bin/cargo" "+1.75.0" "metadata" "--manifest-path" "Cargo.toml" "--no-deps", kill_on_drop: false }`
[INFO] started tweaking crates.io crate k9 0.11.6
[INFO] finished tweaking crates.io crate k9 0.11.6
[INFO] tweaked toml for crates.io crate k9 0.11.6 written to /workspace/builds/worker-6-tc1/source/Cargo.toml
[INFO] running `Command { std: CARGO_HOME="/workspace/cargo-home" RUSTUP_HOME="/workspace/rustup-home" "/workspace/cargo-home/bin/cargo" "+1.75.0" "generate-lockfile" "--manifest-path" "Cargo.toml", kill_on_drop: false }`
[INFO] [stderr]     Blocking waiting for file lock on package cache
[INFO] [stderr]     Updating crates.io index
[INFO] running `Command { std: CARGO_HOME="/workspace/cargo-home" RUSTUP_HOME="/workspace/rustup-home" "/workspace/cargo-home/bin/cargo" "+1.75.0" "fetch" "--manifest-path" "Cargo.toml", kill_on_drop: false }`
[INFO] [stderr]  Downloading crates ...
[INFO] [stderr]   Downloaded colored v1.9.4
[INFO] [stderr]   Downloaded k9 v0.3.0
[INFO] running `Command { std: "docker" "create" "-v" "/var/lib/crater-agent-workspace/builds/worker-6-tc1/target:/opt/rustwide/target:rw,Z" "-v" "/var/lib/crater-agent-workspace/builds/worker-6-tc1/source:/opt/rustwide/workdir:ro,Z" "-v" "/var/lib/crater-agent-workspace/cargo-home:/opt/rustwide/cargo-home:ro,Z" "-v" "/var/lib/crater-agent-workspace/rustup-home:/opt/rustwide/rustup-home:ro,Z" "-e" "SOURCE_DIR=/opt/rustwide/workdir" "-e" "CARGO_TARGET_DIR=/opt/rustwide/target" "-e" "CARGO_HOME=/opt/rustwide/cargo-home" "-e" "RUSTUP_HOME=/opt/rustwide/rustup-home" "-w" "/opt/rustwide/workdir" "-m" "1610612736" "--user" "0:0" "--network" "none" "ghcr.io/rust-lang/crates-build-env/linux@sha256:2788e3201cd34a07e3172128adcd8b3090168a8e3bcc40d7c032b9dda1df7d1c" "/opt/rustwide/cargo-home/bin/cargo" "+1.75.0" "metadata" "--no-deps" "--format-version=1", kill_on_drop: false }`
[INFO] [stdout] c47c1cc2eaa7627c8e53af2bf37a390e0bae68014b91179b7fccc7e16bab30e0
[INFO] running `Command { std: "docker" "start" "-a" "c47c1cc2eaa7627c8e53af2bf37a390e0bae68014b91179b7fccc7e16bab30e0", kill_on_drop: false }`
[INFO] running `Command { std: "docker" "inspect" "c47c1cc2eaa7627c8e53af2bf37a390e0bae68014b91179b7fccc7e16bab30e0", kill_on_drop: false }`
[INFO] running `Command { std: "docker" "rm" "-f" "c47c1cc2eaa7627c8e53af2bf37a390e0bae68014b91179b7fccc7e16bab30e0", kill_on_drop: false }`
[INFO] [stdout] c47c1cc2eaa7627c8e53af2bf37a390e0bae68014b91179b7fccc7e16bab30e0
[INFO] running `Command { std: "docker" "create" "-v" "/var/lib/crater-agent-workspace/builds/worker-6-tc1/target:/opt/rustwide/target:rw,Z" "-v" "/var/lib/crater-agent-workspace/builds/worker-6-tc1/source:/opt/rustwide/workdir:ro,Z" "-v" "/var/lib/crater-agent-workspace/cargo-home:/opt/rustwide/cargo-home:ro,Z" "-v" "/var/lib/crater-agent-workspace/rustup-home:/opt/rustwide/rustup-home:ro,Z" "-e" "SOURCE_DIR=/opt/rustwide/workdir" "-e" "CARGO_TARGET_DIR=/opt/rustwide/target" "-e" "CARGO_INCREMENTAL=0" "-e" "RUST_BACKTRACE=full" "-e" "RUSTFLAGS=--cap-lints=warn" "-e" "RUSTDOCFLAGS=--cap-lints=warn" "-e" "CARGO_HOME=/opt/rustwide/cargo-home" "-e" "RUSTUP_HOME=/opt/rustwide/rustup-home" "-w" "/opt/rustwide/workdir" "-m" "1610612736" "--user" "0:0" "--network" "none" "ghcr.io/rust-lang/crates-build-env/linux@sha256:2788e3201cd34a07e3172128adcd8b3090168a8e3bcc40d7c032b9dda1df7d1c" "/opt/rustwide/cargo-home/bin/cargo" "+1.75.0" "build" "--frozen" "--message-format=json", kill_on_drop: false }`
[INFO] [stdout] f55eb8e25b698ffd4db504f557f63da8a6600e89e6675b5e6e1975cab7368761
[INFO] running `Command { std: "docker" "start" "-a" "f55eb8e25b698ffd4db504f557f63da8a6600e89e6675b5e6e1975cab7368761", kill_on_drop: false }`
[INFO] [stderr]    Compiling proc-macro2 v1.0.75
[INFO] [stderr]    Compiling rustix v0.38.28
[INFO] [stderr]    Compiling bitflags v2.4.1
[INFO] [stderr]    Compiling linux-raw-sys v0.4.12
[INFO] [stderr]    Compiling unicode-ident v1.0.12
[INFO] [stderr]    Compiling libc v0.2.151
[INFO] [stderr]    Compiling syn v1.0.109
[INFO] [stderr]    Compiling regex-automata v0.4.3
[INFO] [stderr]    Compiling diff v0.1.13
[INFO] [stderr]    Compiling quote v1.0.35
[INFO] [stderr]    Compiling is-terminal v0.4.10
[INFO] [stderr]    Compiling colored v1.9.4
[INFO] [stderr]    Compiling term_size v0.3.2
[INFO] [stderr]    Compiling regex v1.10.2
[INFO] [stderr]    Compiling k9 v0.11.6 (/opt/rustwide/workdir)
[INFO] [stderr]     Finished dev [unoptimized + debuginfo] target(s) in 12.69s
[INFO] running `Command { std: "docker" "inspect" "f55eb8e25b698ffd4db504f557f63da8a6600e89e6675b5e6e1975cab7368761", kill_on_drop: false }`
[INFO] running `Command { std: "docker" "rm" "-f" "f55eb8e25b698ffd4db504f557f63da8a6600e89e6675b5e6e1975cab7368761", kill_on_drop: false }`
[INFO] [stdout] f55eb8e25b698ffd4db504f557f63da8a6600e89e6675b5e6e1975cab7368761
[INFO] running `Command { std: "docker" "create" "-v" "/var/lib/crater-agent-workspace/builds/worker-6-tc1/target:/opt/rustwide/target:rw,Z" "-v" "/var/lib/crater-agent-workspace/builds/worker-6-tc1/source:/opt/rustwide/workdir:ro,Z" "-v" "/var/lib/crater-agent-workspace/cargo-home:/opt/rustwide/cargo-home:ro,Z" "-v" "/var/lib/crater-agent-workspace/rustup-home:/opt/rustwide/rustup-home:ro,Z" "-e" "SOURCE_DIR=/opt/rustwide/workdir" "-e" "CARGO_TARGET_DIR=/opt/rustwide/target" "-e" "CARGO_INCREMENTAL=0" "-e" "RUST_BACKTRACE=full" "-e" "RUSTFLAGS=--cap-lints=warn" "-e" "RUSTDOCFLAGS=--cap-lints=warn" "-e" "CARGO_HOME=/opt/rustwide/cargo-home" "-e" "RUSTUP_HOME=/opt/rustwide/rustup-home" "-w" "/opt/rustwide/workdir" "-m" "1610612736" "--user" "0:0" "--network" "none" "ghcr.io/rust-lang/crates-build-env/linux@sha256:2788e3201cd34a07e3172128adcd8b3090168a8e3bcc40d7c032b9dda1df7d1c" "/opt/rustwide/cargo-home/bin/cargo" "+1.75.0" "test" "--frozen" "--no-run" "--message-format=json", kill_on_drop: false }`
[INFO] [stdout] daa97710d28d8b1bff6df28b7beeee44e45e627da96a4f4748e8293e17df09e2
[INFO] running `Command { std: "docker" "start" "-a" "daa97710d28d8b1bff6df28b7beeee44e45e627da96a4f4748e8293e17df09e2", kill_on_drop: false }`
[INFO] [stderr]    Compiling typenum v1.17.0
[INFO] [stderr]    Compiling ident_case v1.0.1
[INFO] [stderr]    Compiling generic-array v0.14.7
[INFO] [stderr]    Compiling getrandom v0.1.16
[INFO] [stderr]    Compiling strsim v0.9.3
[INFO] [stderr]    Compiling vte_generate_state_changes v0.1.1
[INFO] [stderr]    Compiling utf8parse v0.2.1
[INFO] [stderr]    Compiling arrayvec v0.5.2
[INFO] [stderr]    Compiling ppv-lite86 v0.2.17
[INFO] [stderr]    Compiling derive_builder v0.9.0
[INFO] [stderr]    Compiling darling_core v0.10.2
[INFO] [stderr]    Compiling cpufeatures v0.2.12
[INFO] [stderr]    Compiling opaque-debug v0.3.0
[INFO] [stderr]    Compiling k9 v0.3.0
[INFO] [stderr]    Compiling vte v0.10.1
[INFO] [stderr]    Compiling rand_core v0.5.1
[INFO] [stderr]    Compiling rand_chacha v0.2.2
[INFO] [stderr]    Compiling rand v0.7.3
[INFO] [stderr]    Compiling strip-ansi-escapes v0.1.1
[INFO] [stderr]    Compiling digest v0.9.0
[INFO] [stderr]    Compiling block-buffer v0.9.0
[INFO] [stderr]    Compiling sha2 v0.9.9
[INFO] [stderr]    Compiling darling_macro v0.10.2
[INFO] [stderr]    Compiling darling v0.10.2
[INFO] [stderr]    Compiling derive_builder_core v0.9.0
[INFO] [stderr]    Compiling k9 v0.11.6 (/opt/rustwide/workdir)
[INFO] [stderr]     Finished test [unoptimized + debuginfo] target(s) in 10.41s
[INFO] running `Command { std: "docker" "inspect" "daa97710d28d8b1bff6df28b7beeee44e45e627da96a4f4748e8293e17df09e2", kill_on_drop: false }`
[INFO] running `Command { std: "docker" "rm" "-f" "daa97710d28d8b1bff6df28b7beeee44e45e627da96a4f4748e8293e17df09e2", kill_on_drop: false }`
[INFO] [stdout] daa97710d28d8b1bff6df28b7beeee44e45e627da96a4f4748e8293e17df09e2
[INFO] running `Command { std: "docker" "create" "-v" "/var/lib/crater-agent-workspace/builds/worker-6-tc1/target:/opt/rustwide/target:rw,Z" "-v" "/var/lib/crater-agent-workspace/builds/worker-6-tc1/source:/opt/rustwide/workdir:ro,Z" "-v" "/var/lib/crater-agent-workspace/cargo-home:/opt/rustwide/cargo-home:ro,Z" "-v" "/var/lib/crater-agent-workspace/rustup-home:/opt/rustwide/rustup-home:ro,Z" "-e" "SOURCE_DIR=/opt/rustwide/workdir" "-e" "CARGO_TARGET_DIR=/opt/rustwide/target" "-e" "CARGO_INCREMENTAL=0" "-e" "RUST_BACKTRACE=full" "-e" "RUSTFLAGS=--cap-lints=warn" "-e" "RUSTDOCFLAGS=--cap-lints=warn" "-e" "CARGO_HOME=/opt/rustwide/cargo-home" "-e" "RUSTUP_HOME=/opt/rustwide/rustup-home" "-w" "/opt/rustwide/workdir" "-m" "1610612736" "--user" "0:0" "--network" "none" "ghcr.io/rust-lang/crates-build-env/linux@sha256:2788e3201cd34a07e3172128adcd8b3090168a8e3bcc40d7c032b9dda1df7d1c" "/opt/rustwide/cargo-home/bin/cargo" "+1.75.0" "test" "--frozen", kill_on_drop: false }`
[INFO] [stdout] 018c9d5f2669e97cd9f6bcc442e1e6f887d1de99c5b2beadb5d05ffd54ca7079
[INFO] running `Command { std: "docker" "start" "-a" "018c9d5f2669e97cd9f6bcc442e1e6f887d1de99c5b2beadb5d05ffd54ca7079", kill_on_drop: false }`
[INFO] [stderr]     Finished test [unoptimized + debuginfo] target(s) in 0.06s
[INFO] [stderr]      Running unittests src/lib.rs (/opt/rustwide/target/debug/deps/k9-8f4917483320edb1)
[INFO] [stdout] 
[INFO] [stdout] running 9 tests
[INFO] [stdout] test snap::tests::snap ... ok
[INFO] [stdout] test config::tests::test_config_building ... ok
[INFO] [stdout] test paths::tests::remove_path_overlap_test ... ok
[INFO] [stdout] test snapshot::source_code::tests::extracting_range ... ok
[INFO] [stdout] test snapshot::source_code::tests::empty_range ... ok
[INFO] [stdout] test snapshot::ast::tests::no_literal ... ok
[INFO] [stdout] test snapshot::ast::tests::literal ... ok
[INFO] [stdout] test snapshot::source_code::tests::overflow ... ok
[INFO] [stdout] test snapshot::ast::tests::not_a_literal_error ... FAILED
[INFO] [stdout] 
[INFO] [stdout] failures:
[INFO] [stdout] 
[INFO] [stdout] ---- snapshot::ast::tests::not_a_literal_error stdout ----
[INFO] [stdout] thread 'snapshot::ast::tests::not_a_literal_error' panicked at /opt/rustwide/cargo-home/registry/src/index.crates.io-6f17d22bba15001f/k9-0.3.0/src/assertions.rs:33:9:
[INFO] [stdout] 
[INFO] [stdout] ━━━━━━━━━━━━━━━━━━━━━━━━━━━━━━━━━━━━━━━━━━━━━━━━━━━━━━━━━━━━━━━━━━━━━━━━━━━━━━━━━━━━━━━━━━━━━━━━━━━━
[INFO] [stdout] assert_matches_inline_snapshot!(format!("{:?}", err), r##"
[INFO] [stdout] Failed to extract a snapshot literal from a snapshot macro call.
[INFO] [stdout] Snapshot literal must be the last argument to a macro call and must be a string literal. e.g.
[INFO] [stdout] 
[INFO] [stdout] assert_matches_inline_snapshot!(12345, "12345");
[INFO] [stdout]                                        ^     ^
[INFO] [stdout]                                        |     |
[INFO] [stdout]                                    snapshot literal
[INFO] [stdout] 
[INFO] [stdout] Given macro call:
[INFO] [stdout] 
[INFO] [stdout] ```
[INFO] [stdout] wrong_macro!(stuff, not_a_literal)
[INFO] [stdout] ```
[INFO] [stdout] "##);
[INFO] [stdout] 
[INFO] [stdout] Assertion Failure!
[INFO] [stdout] 
[INFO] [stdout] Expected string to match inline snapshot
[INFO] [stdout] 
[INFO] [stdout]     Difference:
[INFO] [stdout]     
[INFO] [stdout]   
[INFO] [stdout]   Failed to extract a snapshot literal from a snapshot macro call.
[INFO] [stdout]   Snapshot literal must be the last argument to a macro call and must be a string literal. e.g.
[INFO] [stdout]   
[INFO] [stdout]   assert_matches_inline_snapshot!(12345, "12345");
[INFO] [stdout]                                          ^     ^
[INFO] [stdout]                                          |     |
[INFO] [stdout]                                      snapshot literal
[INFO] [stdout]   
[INFO] [stdout]   Given macro call:
[INFO] [stdout]   
[INFO] [stdout]   ```
[INFO] [stdout]   wrong_macro!(stuff, not_a_literal)
[INFO] [stdout]   ```
[INFO] [stdout] + 
[INFO] [stdout] + 
[INFO] [stdout] + Stack backtrace:
[INFO] [stdout] +    0: anyhow::error::<impl anyhow::Error>::msg
[INFO] [stdout] +              at /opt/rustwide/cargo-home/registry/src/index.crates.io-6f17d22bba15001f/anyhow-1.0.79/src/error.rs:83:36
[INFO] [stdout] +    1: k9::snapshot::ast::find_snapshot_literal_range
[INFO] [stdout] +              at ./src/snapshot/ast.rs:86:13
[INFO] [stdout] +    2: k9::snapshot::ast::tests::not_a_literal_error
[INFO] [stdout] +              at ./src/snapshot/ast.rs:174:19
[INFO] [stdout] +    3: k9::snapshot::ast::tests::not_a_literal_error::{{closure}}
[INFO] [stdout] +              at ./src/snapshot/ast.rs:173:29
[INFO] [stdout] +    4: core::ops::function::FnOnce::call_once
[INFO] [stdout] +              at /rustc/82e1608dfa6e0b5569232559e3d385fea5a93112/library/core/src/ops/function.rs:250:5
[INFO] [stdout] +    5: core::ops::function::FnOnce::call_once
[INFO] [stdout] +              at /rustc/82e1608dfa6e0b5569232559e3d385fea5a93112/library/core/src/ops/function.rs:250:5
[INFO] [stdout] +    6: test::__rust_begin_short_backtrace
[INFO] [stdout] +              at /rustc/82e1608dfa6e0b5569232559e3d385fea5a93112/library/test/src/lib.rs:628:18
[INFO] [stdout] +    7: test::run_test_in_process::{{closure}}
[INFO] [stdout] +              at /rustc/82e1608dfa6e0b5569232559e3d385fea5a93112/library/test/src/lib.rs:651:60
[INFO] [stdout] +    8: <core::panic::unwind_safe::AssertUnwindSafe<F> as core::ops::function::FnOnce<()>>::call_once
[INFO] [stdout] +              at /rustc/82e1608dfa6e0b5569232559e3d385fea5a93112/library/core/src/panic/unwind_safe.rs:272:9
[INFO] [stdout] +    9: std::panicking::try::do_call
[INFO] [stdout] +              at /rustc/82e1608dfa6e0b5569232559e3d385fea5a93112/library/std/src/panicking.rs:552:40
[INFO] [stdout] +   10: std::panicking::try
[INFO] [stdout] +              at /rustc/82e1608dfa6e0b5569232559e3d385fea5a93112/library/std/src/panicking.rs:516:19
[INFO] [stdout] +   11: std::panic::catch_unwind
[INFO] [stdout] +              at /rustc/82e1608dfa6e0b5569232559e3d385fea5a93112/library/std/src/panic.rs:142:14
[INFO] [stdout] +   12: test::run_test_in_process
[INFO] [stdout] +              at /rustc/82e1608dfa6e0b5569232559e3d385fea5a93112/library/test/src/lib.rs:651:27
[INFO] [stdout] +   13: test::run_test::{{closure}}
[INFO] [stdout] +              at /rustc/82e1608dfa6e0b5569232559e3d385fea5a93112/library/test/src/lib.rs:574:43
[INFO] [stdout] +   14: test::run_test::{{closure}}
[INFO] [stdout] +              at /rustc/82e1608dfa6e0b5569232559e3d385fea5a93112/library/test/src/lib.rs:602:41
[INFO] [stdout] +   15: std::sys_common::backtrace::__rust_begin_short_backtrace
[INFO] [stdout] +              at /rustc/82e1608dfa6e0b5569232559e3d385fea5a93112/library/std/src/sys_common/backtrace.rs:154:18
[INFO] [stdout] +   16: std::thread::Builder::spawn_unchecked_::{{closure}}::{{closure}}
[INFO] [stdout] +              at /rustc/82e1608dfa6e0b5569232559e3d385fea5a93112/library/std/src/thread/mod.rs:529:17
[INFO] [stdout] +   17: <core::panic::unwind_safe::AssertUnwindSafe<F> as core::ops::function::FnOnce<()>>::call_once
[INFO] [stdout] +              at /rustc/82e1608dfa6e0b5569232559e3d385fea5a93112/library/core/src/panic/unwind_safe.rs:272:9
[INFO] [stdout] +   18: std::panicking::try::do_call
[INFO] [stdout] +              at /rustc/82e1608dfa6e0b5569232559e3d385fea5a93112/library/std/src/panicking.rs:552:40
[INFO] [stdout] +   19: std::panicking::try
[INFO] [stdout] +              at /rustc/82e1608dfa6e0b5569232559e3d385fea5a93112/library/std/src/panicking.rs:516:19
[INFO] [stdout] +   20: std::panic::catch_unwind
[INFO] [stdout] +              at /rustc/82e1608dfa6e0b5569232559e3d385fea5a93112/library/std/src/panic.rs:142:14
[INFO] [stdout] +   21: std::thread::Builder::spawn_unchecked_::{{closure}}
[INFO] [stdout] +              at /rustc/82e1608dfa6e0b5569232559e3d385fea5a93112/library/std/src/thread/mod.rs:528:30
[INFO] [stdout] +   22: core::ops::function::FnOnce::call_once{{vtable.shim}}
[INFO] [stdout] +              at /rustc/82e1608dfa6e0b5569232559e3d385fea5a93112/library/core/src/ops/function.rs:250:5
[INFO] [stdout] +   23: <alloc::boxed::Box<F,A> as core::ops::function::FnOnce<Args>>::call_once
[INFO] [stdout] +              at /rustc/82e1608dfa6e0b5569232559e3d385fea5a93112/library/alloc/src/boxed.rs:2007:9
[INFO] [stdout] +   24: <alloc::boxed::Box<F,A> as core::ops::function::FnOnce<Args>>::call_once
[INFO] [stdout] +              at /rustc/82e1608dfa6e0b5569232559e3d385fea5a93112/library/alloc/src/boxed.rs:2007:9
[INFO] [stdout] +   25: std::sys::unix::thread::Thread::new::thread_start
[INFO] [stdout] +              at /rustc/82e1608dfa6e0b5569232559e3d385fea5a93112/library/std/src/sys/unix/thread.rs:108:17
[INFO] [stdout] +   26: <unknown>
[INFO] [stdout] +   27: __clone
[INFO] [stdout] - 
[INFO] [stdout] 
[INFO] [stdout] 
[INFO] [stdout]     run with `K9_UPDATE_SNAPSHOTS=1` to update/create snapshots
[INFO] [stdout]     
[INFO] [stdout] ━━━━━━━━━━━━━━━━━━━━━━━━━━━━━━━━━━━━━━━━━━━━━━━━━━━━━━━━━━━━━━━━━━━━━━━━━━━━━━━━━━━━━━━━━━━━━━━━━━━━
[INFO] [stdout] 
[INFO] [stdout] stack backtrace:
[INFO] [stdout]    0:     0x55b3c1e8f0dc - std::backtrace_rs::backtrace::libunwind::trace::ha637c64ce894333a
[INFO] [stdout]                                at /rustc/82e1608dfa6e0b5569232559e3d385fea5a93112/library/std/src/../../backtrace/src/backtrace/libunwind.rs:104:5
[INFO] [stdout]    1:     0x55b3c1e8f0dc - std::backtrace_rs::backtrace::trace_unsynchronized::h47f62dea28e0c88d
[INFO] [stdout]                                at /rustc/82e1608dfa6e0b5569232559e3d385fea5a93112/library/std/src/../../backtrace/src/backtrace/mod.rs:66:5
[INFO] [stdout]    2:     0x55b3c1e8f0dc - std::sys_common::backtrace::_print_fmt::h9eef0abe20ede486
[INFO] [stdout]                                at /rustc/82e1608dfa6e0b5569232559e3d385fea5a93112/library/std/src/sys_common/backtrace.rs:67:5
[INFO] [stdout]    3:     0x55b3c1e8f0dc - <std::sys_common::backtrace::_print::DisplayBacktrace as core::fmt::Display>::fmt::hed7f999df88cc644
[INFO] [stdout]                                at /rustc/82e1608dfa6e0b5569232559e3d385fea5a93112/library/std/src/sys_common/backtrace.rs:44:22
[INFO] [stdout]    4:     0x55b3c1eb9070 - core::fmt::rt::Argument::fmt::h1539a9308b8d058d
[INFO] [stdout]                                at /rustc/82e1608dfa6e0b5569232559e3d385fea5a93112/library/core/src/fmt/rt.rs:142:9
[INFO] [stdout]    5:     0x55b3c1eb9070 - core::fmt::write::h3a39390d8560d9c9
[INFO] [stdout]                                at /rustc/82e1608dfa6e0b5569232559e3d385fea5a93112/library/core/src/fmt/mod.rs:1120:17
[INFO] [stdout]    6:     0x55b3c1e8ca2f - std::io::Write::write_fmt::h040b369f3a0f9cbc
[INFO] [stdout]                                at /rustc/82e1608dfa6e0b5569232559e3d385fea5a93112/library/std/src/io/mod.rs:1762:15
[INFO] [stdout]    7:     0x55b3c1e8eec4 - std::sys_common::backtrace::_print::h894006fb5c6f3d45
[INFO] [stdout]                                at /rustc/82e1608dfa6e0b5569232559e3d385fea5a93112/library/std/src/sys_common/backtrace.rs:47:5
[INFO] [stdout]    8:     0x55b3c1e8eec4 - std::sys_common::backtrace::print::h23a2d212c6fff936
[INFO] [stdout]                                at /rustc/82e1608dfa6e0b5569232559e3d385fea5a93112/library/std/src/sys_common/backtrace.rs:34:9
[INFO] [stdout]    9:     0x55b3c1e90b87 - std::panicking::default_hook::{{closure}}::h8a1d2ee00185001a
[INFO] [stdout]   10:     0x55b3c1e90873 - std::panicking::default_hook::h6038f2eba384e475
[INFO] [stdout]                                at /rustc/82e1608dfa6e0b5569232559e3d385fea5a93112/library/std/src/panicking.rs:289:9
[INFO] [stdout]   11:     0x55b3c1cbe467 - <alloc::boxed::Box<F,A> as core::ops::function::Fn<Args>>::call::h0ad024c9bdc6d768
[INFO] [stdout]                                at /rustc/82e1608dfa6e0b5569232559e3d385fea5a93112/library/alloc/src/boxed.rs:2021:9
[INFO] [stdout]   12:     0x55b3c1cbe467 - test::test_main::{{closure}}::h7500b54257359db6
[INFO] [stdout]                                at /rustc/82e1608dfa6e0b5569232559e3d385fea5a93112/library/test/src/lib.rs:138:21
[INFO] [stdout]   13:     0x55b3c1e91198 - <alloc::boxed::Box<F,A> as core::ops::function::Fn<Args>>::call::h1f8f335eaa9cfaee
[INFO] [stdout]                                at /rustc/82e1608dfa6e0b5569232559e3d385fea5a93112/library/alloc/src/boxed.rs:2021:9
[INFO] [stdout]   14:     0x55b3c1e91198 - std::panicking::rust_panic_with_hook::h2b5517d590cab22e
[INFO] [stdout]                                at /rustc/82e1608dfa6e0b5569232559e3d385fea5a93112/library/std/src/panicking.rs:783:13
[INFO] [stdout]   15:     0x55b3c1c70d6f - std::panicking::begin_panic::{{closure}}::h66c92d83fa6900c5
[INFO] [stdout]                                at /rustc/82e1608dfa6e0b5569232559e3d385fea5a93112/library/std/src/panicking.rs:687:9
[INFO] [stdout]   16:     0x55b3c1c66caa - std::sys_common::backtrace::__rust_end_short_backtrace::h22e9bb65789d2a01
[INFO] [stdout]                                at /rustc/82e1608dfa6e0b5569232559e3d385fea5a93112/library/std/src/sys_common/backtrace.rs:170:18
[INFO] [stdout]   17:     0x55b3c1c70ccc - std::panicking::begin_panic::h42cccb1988f8b724
[INFO] [stdout]                                at /rustc/82e1608dfa6e0b5569232559e3d385fea5a93112/library/std/src/panicking.rs:686:12
[INFO] [stdout]   18:     0x55b3c1c697e2 - k9::assertions::Assertion::panic::h38ac8693ea9ea9e2
[INFO] [stdout]                                at /opt/rustwide/cargo-home/registry/src/index.crates.io-6f17d22bba15001f/k9-0.3.0/src/assertions.rs:33:9
[INFO] [stdout]   19:     0x55b3c1c6a894 - k9::assertions::make_assertion::h2e3c93883ef27263
[INFO] [stdout]                                at /opt/rustwide/cargo-home/registry/src/index.crates.io-6f17d22bba15001f/k9-0.3.0/src/assertions.rs:81:13
[INFO] [stdout]   20:     0x55b3c1c514ce - k9::snapshot::ast::tests::not_a_literal_error::hdc905b6922ae0f2e
[INFO] [stdout]                                at /opt/rustwide/workdir/src/snapshot/ast.rs:176:9
[INFO] [stdout]   21:     0x55b3c1c50fb7 - k9::snapshot::ast::tests::not_a_literal_error::{{closure}}::h7db17fa267b65827
[INFO] [stdout]                                at /opt/rustwide/workdir/src/snapshot/ast.rs:173:29
[INFO] [stdout]   22:     0x55b3c1c4cb46 - core::ops::function::FnOnce::call_once::h85334450080566b8
[INFO] [stdout]                                at /rustc/82e1608dfa6e0b5569232559e3d385fea5a93112/library/core/src/ops/function.rs:250:5
[INFO] [stdout]   23:     0x55b3c1cc3abf - core::ops::function::FnOnce::call_once::h2b5d431d5046312d
[INFO] [stdout]                                at /rustc/82e1608dfa6e0b5569232559e3d385fea5a93112/library/core/src/ops/function.rs:250:5
[INFO] [stdout]   24:     0x55b3c1cc3abf - test::__rust_begin_short_backtrace::h7714669af176e207
[INFO] [stdout]                                at /rustc/82e1608dfa6e0b5569232559e3d385fea5a93112/library/test/src/lib.rs:628:18
[INFO] [stdout]   25:     0x55b3c1cc2ad5 - test::run_test_in_process::{{closure}}::h85218797dcbcec12
[INFO] [stdout]                                at /rustc/82e1608dfa6e0b5569232559e3d385fea5a93112/library/test/src/lib.rs:651:60
[INFO] [stdout]   26:     0x55b3c1cc2ad5 - <core::panic::unwind_safe::AssertUnwindSafe<F> as core::ops::function::FnOnce<()>>::call_once::h76c106ea31c14d7b
[INFO] [stdout]                                at /rustc/82e1608dfa6e0b5569232559e3d385fea5a93112/library/core/src/panic/unwind_safe.rs:272:9
[INFO] [stdout]   27:     0x55b3c1cc2ad5 - std::panicking::try::do_call::h3bd5d0f6620ee946
[INFO] [stdout]                                at /rustc/82e1608dfa6e0b5569232559e3d385fea5a93112/library/std/src/panicking.rs:552:40
[INFO] [stdout]   28:     0x55b3c1cc2ad5 - std::panicking::try::h232e535e4744fe31
[INFO] [stdout]                                at /rustc/82e1608dfa6e0b5569232559e3d385fea5a93112/library/std/src/panicking.rs:516:19
[INFO] [stdout]   29:     0x55b3c1cc2ad5 - std::panic::catch_unwind::h3ce3bd6ca8dbac68
[INFO] [stdout]                                at /rustc/82e1608dfa6e0b5569232559e3d385fea5a93112/library/std/src/panic.rs:142:14
[INFO] [stdout]   30:     0x55b3c1cc2ad5 - test::run_test_in_process::hc97b257c9621286a
[INFO] [stdout]                                at /rustc/82e1608dfa6e0b5569232559e3d385fea5a93112/library/test/src/lib.rs:651:27
[INFO] [stdout]   31:     0x55b3c1cc2ad5 - test::run_test::{{closure}}::h2aa798823a438d38
[INFO] [stdout]                                at /rustc/82e1608dfa6e0b5569232559e3d385fea5a93112/library/test/src/lib.rs:574:43
[INFO] [stdout]   32:     0x55b3c1c8ad96 - test::run_test::{{closure}}::h87d231c78fb59832
[INFO] [stdout]                                at /rustc/82e1608dfa6e0b5569232559e3d385fea5a93112/library/test/src/lib.rs:602:41
[INFO] [stdout]   33:     0x55b3c1c8ad96 - std::sys_common::backtrace::__rust_begin_short_backtrace::he6df152596625789
[INFO] [stdout]                                at /rustc/82e1608dfa6e0b5569232559e3d385fea5a93112/library/std/src/sys_common/backtrace.rs:154:18
[INFO] [stdout]   34:     0x55b3c1c8fe47 - std::thread::Builder::spawn_unchecked_::{{closure}}::{{closure}}::ha94be15d1e0acf36
[INFO] [stdout]                                at /rustc/82e1608dfa6e0b5569232559e3d385fea5a93112/library/std/src/thread/mod.rs:529:17
[INFO] [stdout]   35:     0x55b3c1c8fe47 - <core::panic::unwind_safe::AssertUnwindSafe<F> as core::ops::function::FnOnce<()>>::call_once::h9dc6bd6372f16606
[INFO] [stdout]                                at /rustc/82e1608dfa6e0b5569232559e3d385fea5a93112/library/core/src/panic/unwind_safe.rs:272:9
[INFO] [stdout]   36:     0x55b3c1c8fe47 - std::panicking::try::do_call::h9057517f80303cd4
[INFO] [stdout]                                at /rustc/82e1608dfa6e0b5569232559e3d385fea5a93112/library/std/src/panicking.rs:552:40
[INFO] [stdout]   37:     0x55b3c1c8fe47 - std::panicking::try::he3a30b11ee45340c
[INFO] [stdout]                                at /rustc/82e1608dfa6e0b5569232559e3d385fea5a93112/library/std/src/panicking.rs:516:19
[INFO] [stdout]   38:     0x55b3c1c8fe47 - std::panic::catch_unwind::h410458cfd3528b8b
[INFO] [stdout]                                at /rustc/82e1608dfa6e0b5569232559e3d385fea5a93112/library/std/src/panic.rs:142:14
[INFO] [stdout]   39:     0x55b3c1c8fe47 - std::thread::Builder::spawn_unchecked_::{{closure}}::h72ac3bdb567b737b
[INFO] [stdout]                                at /rustc/82e1608dfa6e0b5569232559e3d385fea5a93112/library/std/src/thread/mod.rs:528:30
[INFO] [stdout]   40:     0x55b3c1c8fe47 - core::ops::function::FnOnce::call_once{{vtable.shim}}::h38f34da3654a8344
[INFO] [stdout]                                at /rustc/82e1608dfa6e0b5569232559e3d385fea5a93112/library/core/src/ops/function.rs:250:5
[INFO] [stdout]   41:     0x55b3c1e95e75 - <alloc::boxed::Box<F,A> as core::ops::function::FnOnce<Args>>::call_once::hc7eafaff61e32df9
[INFO] [stdout]                                at /rustc/82e1608dfa6e0b5569232559e3d385fea5a93112/library/alloc/src/boxed.rs:2007:9
[INFO] [stdout]   42:     0x55b3c1e95e75 - <alloc::boxed::Box<F,A> as core::ops::function::FnOnce<Args>>::call_once::h6ba4a5de48dd2304
[INFO] [stdout]                                at /rustc/82e1608dfa6e0b5569232559e3d385fea5a93112/library/alloc/src/boxed.rs:2007:9
[INFO] [stdout]   43:     0x55b3c1e95e75 - std::sys::unix::thread::Thread::new::thread_start::he469335aef763e45
[INFO] [stdout]                                at /rustc/82e1608dfa6e0b5569232559e3d385fea5a93112/library/std/src/sys/unix/thread.rs:108:17
[INFO] [stdout]   44:     0x7fcc28df1ac3 - <unknown>
[INFO] [stdout]   45:     0x7fcc28e82bf4 - __clone
[INFO] [stdout]   46:                0x0 - <unknown>
[INFO] [stdout] 
[INFO] [stdout] 
[INFO] [stdout] failures:
[INFO] [stdout]     snapshot::ast::tests::not_a_literal_error
[INFO] [stdout] 
[INFO] [stdout] test result: FAILED. 8 passed; 1 failed; 0 ignored; 0 measured; 0 filtered out; finished in 0.06s
[INFO] [stdout] 
[INFO] [stderr] error: test failed, to rerun pass `--lib`
[INFO] running `Command { std: "docker" "inspect" "018c9d5f2669e97cd9f6bcc442e1e6f887d1de99c5b2beadb5d05ffd54ca7079", kill_on_drop: false }`
[INFO] running `Command { std: "docker" "rm" "-f" "018c9d5f2669e97cd9f6bcc442e1e6f887d1de99c5b2beadb5d05ffd54ca7079", kill_on_drop: false }`
[INFO] [stdout] 018c9d5f2669e97cd9f6bcc442e1e6f887d1de99c5b2beadb5d05ffd54ca7079
