[INFO] fetching crate jwt-simple 0.12.1...
[INFO] testing jwt-simple-0.12.1 against 1.75.0 for beta-1.76-1
[INFO] extracting crate jwt-simple 0.12.1 into /workspace/builds/worker-6-tc1/source
[INFO] validating manifest of crates.io crate jwt-simple 0.12.1 on toolchain 1.75.0
[INFO] running `Command { std: CARGO_HOME="/workspace/cargo-home" RUSTUP_HOME="/workspace/rustup-home" "/workspace/cargo-home/bin/cargo" "+1.75.0" "metadata" "--manifest-path" "Cargo.toml" "--no-deps", kill_on_drop: false }`
[INFO] started tweaking crates.io crate jwt-simple 0.12.1
[INFO] finished tweaking crates.io crate jwt-simple 0.12.1
[INFO] tweaked toml for crates.io crate jwt-simple 0.12.1 written to /workspace/builds/worker-6-tc1/source/Cargo.toml
[INFO] running `Command { std: CARGO_HOME="/workspace/cargo-home" RUSTUP_HOME="/workspace/rustup-home" "/workspace/cargo-home/bin/cargo" "+1.75.0" "generate-lockfile" "--manifest-path" "Cargo.toml", kill_on_drop: false }`
[INFO] [stderr]     Updating crates.io index
[INFO] running `Command { std: CARGO_HOME="/workspace/cargo-home" RUSTUP_HOME="/workspace/rustup-home" "/workspace/cargo-home/bin/cargo" "+1.75.0" "fetch" "--manifest-path" "Cargo.toml", kill_on_drop: false }`
[INFO] [stderr]  Downloading crates ...
[INFO] [stderr]   Downloaded coarsetime v0.1.33
[INFO] [stderr]   Downloaded precision v0.1.16
[INFO] [stderr]   Downloaded ct-codecs v1.1.1
[INFO] [stderr]   Downloaded hmac-sha1-compact v1.1.4
[INFO] [stderr]   Downloaded fslock v0.2.1
[INFO] [stderr]   Downloaded ed25519-compact v2.0.6
[INFO] [stderr]   Downloaded boring v4.3.0
[INFO] [stderr]   Downloaded hmac-sha512 v1.1.5
[INFO] [stderr]   Downloaded hmac-sha256 v1.1.7
[INFO] [stderr]   Downloaded benchmark-simple v0.1.8
[INFO] [stderr]   Downloaded binstring v0.1.1
[INFO] [stderr]   Downloaded boring-sys v4.3.0
[INFO] running `Command { std: "docker" "create" "-v" "/var/lib/crater-agent-workspace/builds/worker-6-tc1/target:/opt/rustwide/target:rw,Z" "-v" "/var/lib/crater-agent-workspace/builds/worker-6-tc1/source:/opt/rustwide/workdir:ro,Z" "-v" "/var/lib/crater-agent-workspace/cargo-home:/opt/rustwide/cargo-home:ro,Z" "-v" "/var/lib/crater-agent-workspace/rustup-home:/opt/rustwide/rustup-home:ro,Z" "-e" "SOURCE_DIR=/opt/rustwide/workdir" "-e" "CARGO_TARGET_DIR=/opt/rustwide/target" "-e" "CARGO_HOME=/opt/rustwide/cargo-home" "-e" "RUSTUP_HOME=/opt/rustwide/rustup-home" "-w" "/opt/rustwide/workdir" "-m" "1610612736" "--user" "0:0" "--network" "none" "ghcr.io/rust-lang/crates-build-env/linux@sha256:2788e3201cd34a07e3172128adcd8b3090168a8e3bcc40d7c032b9dda1df7d1c" "/opt/rustwide/cargo-home/bin/cargo" "+1.75.0" "metadata" "--no-deps" "--format-version=1", kill_on_drop: false }`
[INFO] [stdout] 360485f5768e4d2fae8fceb2554e6b48c1d7d183b6f6cd2a84003f4725b6a3dd
[INFO] running `Command { std: "docker" "start" "-a" "360485f5768e4d2fae8fceb2554e6b48c1d7d183b6f6cd2a84003f4725b6a3dd", kill_on_drop: false }`
[INFO] running `Command { std: "docker" "inspect" "360485f5768e4d2fae8fceb2554e6b48c1d7d183b6f6cd2a84003f4725b6a3dd", kill_on_drop: false }`
[INFO] running `Command { std: "docker" "rm" "-f" "360485f5768e4d2fae8fceb2554e6b48c1d7d183b6f6cd2a84003f4725b6a3dd", kill_on_drop: false }`
[INFO] [stdout] 360485f5768e4d2fae8fceb2554e6b48c1d7d183b6f6cd2a84003f4725b6a3dd
[INFO] running `Command { std: "docker" "create" "-v" "/var/lib/crater-agent-workspace/builds/worker-6-tc1/target:/opt/rustwide/target:rw,Z" "-v" "/var/lib/crater-agent-workspace/builds/worker-6-tc1/source:/opt/rustwide/workdir:ro,Z" "-v" "/var/lib/crater-agent-workspace/cargo-home:/opt/rustwide/cargo-home:ro,Z" "-v" "/var/lib/crater-agent-workspace/rustup-home:/opt/rustwide/rustup-home:ro,Z" "-e" "SOURCE_DIR=/opt/rustwide/workdir" "-e" "CARGO_TARGET_DIR=/opt/rustwide/target" "-e" "CARGO_INCREMENTAL=0" "-e" "RUST_BACKTRACE=full" "-e" "RUSTFLAGS=--cap-lints=warn" "-e" "RUSTDOCFLAGS=--cap-lints=warn" "-e" "CARGO_HOME=/opt/rustwide/cargo-home" "-e" "RUSTUP_HOME=/opt/rustwide/rustup-home" "-w" "/opt/rustwide/workdir" "-m" "1610612736" "--user" "0:0" "--network" "none" "ghcr.io/rust-lang/crates-build-env/linux@sha256:2788e3201cd34a07e3172128adcd8b3090168a8e3bcc40d7c032b9dda1df7d1c" "/opt/rustwide/cargo-home/bin/cargo" "+1.75.0" "build" "--frozen" "--message-format=json", kill_on_drop: false }`
[INFO] [stdout] 725b7828a5c037618e59e10d3dc0e24b58c08bac71f699b998b739671cf91af2
[INFO] running `Command { std: "docker" "start" "-a" "725b7828a5c037618e59e10d3dc0e24b58c08bac71f699b998b739671cf91af2", kill_on_drop: false }`
[INFO] [stderr]    Compiling libc v0.2.151
[INFO] [stderr]    Compiling cfg-if v1.0.0
[INFO] [stderr]    Compiling zeroize v1.7.0
[INFO] [stderr]    Compiling typenum v1.17.0
[INFO] [stderr]    Compiling version_check v0.9.4
[INFO] [stderr]    Compiling const-oid v0.9.6
[INFO] [stderr]    Compiling subtle v2.5.0
[INFO] [stderr]    Compiling base64ct v1.6.0
[INFO] [stderr]    Compiling glob v0.3.1
[INFO] [stderr]    Compiling minimal-lexical v0.2.1
[INFO] [stderr]    Compiling base16ct v0.2.0
[INFO] [stderr]    Compiling regex-syntax v0.8.2
[INFO] [stderr]    Compiling memchr v2.7.1
[INFO] [stderr]    Compiling bindgen v0.68.1
[INFO] [stderr]    Compiling libloading v0.8.1
[INFO] [stderr]    Compiling syn v2.0.48
[INFO] [stderr]    Compiling spin v0.5.2
[INFO] [stderr]    Compiling peeking_take_while v0.1.2
[INFO] [stderr]    Compiling rustc-hash v1.1.0
[INFO] [stderr]    Compiling lazy_static v1.4.0
[INFO] [stderr]    Compiling lazycell v1.3.0
[INFO] [stderr]    Compiling shlex v1.2.0
[INFO] [stderr]    Compiling bitflags v2.4.1
[INFO] [stderr]    Compiling fs_extra v1.3.0
[INFO] [stderr]    Compiling cpufeatures v0.2.12
[INFO] [stderr]    Compiling pem-rfc7468 v0.7.0
[INFO] [stderr]    Compiling ppv-lite86 v0.2.17
[INFO] [stderr]    Compiling thiserror v1.0.56
[INFO] [stderr]    Compiling foreign-types-shared v0.3.1
[INFO] [stderr]    Compiling serde_json v1.0.111
[INFO] [stderr]    Compiling anyhow v1.0.79
[INFO] [stderr]    Compiling itoa v1.0.10
[INFO] [stderr]    Compiling generic-array v0.14.7
[INFO] [stderr]    Compiling der v0.7.8
[INFO] [stderr]    Compiling ct-codecs v1.1.1
[INFO] [stderr]    Compiling ryu v1.0.16
[INFO] [stderr]    Compiling clang-sys v1.7.0
[INFO] [stderr]    Compiling hmac-sha1-compact v1.1.4
[INFO] [stderr]    Compiling binstring v0.1.1
[INFO] [stderr]    Compiling nom v7.1.3
[INFO] [stderr]    Compiling getrandom v0.2.11
[INFO] [stderr]    Compiling cc v1.0.83
[INFO] [stderr]    Compiling fslock v0.2.1
[INFO] [stderr]    Compiling coarsetime v0.1.33
[INFO] [stderr]    Compiling rand_core v0.6.4
[INFO] [stderr]    Compiling ed25519-compact v2.0.6
[INFO] [stderr]    Compiling spki v0.7.3
[INFO] [stderr]    Compiling ff v0.13.0
[INFO] [stderr]    Compiling rand_chacha v0.3.1
[INFO] [stderr]    Compiling pkcs8 v0.10.2
[INFO] [stderr]    Compiling group v0.13.0
[INFO] [stderr]    Compiling rand v0.8.5
[INFO] [stderr]    Compiling cmake v0.1.50
[INFO] [stderr]    Compiling block-buffer v0.10.4
[INFO] [stderr]    Compiling crypto-common v0.1.6
[INFO] [stderr]    Compiling crypto-bigint v0.5.5
[INFO] [stderr]    Compiling sec1 v0.7.3
[INFO] [stderr]    Compiling digest v0.10.7
[INFO] [stderr]    Compiling hmac v0.12.1
[INFO] [stderr]    Compiling signature v2.2.0
[INFO] [stderr]    Compiling sha2 v0.10.8
[INFO] [stderr]    Compiling hmac-sha512 v1.1.5
[INFO] [stderr]    Compiling hmac-sha256 v1.1.7
[INFO] [stderr]    Compiling regex-automata v0.4.3
[INFO] [stderr]    Compiling hkdf v0.12.4
[INFO] [stderr]    Compiling rfc6979 v0.4.0
[INFO] [stderr]    Compiling cexpr v0.6.0
[INFO] [stderr]    Compiling elliptic-curve v0.13.8
[INFO] [stderr]    Compiling ecdsa v0.16.9
[INFO] [stderr]    Compiling primeorder v0.13.6
[INFO] [stderr]    Compiling regex v1.10.2
[INFO] [stderr]    Compiling p256 v0.13.2
[INFO] [stderr]    Compiling k256 v0.13.2
[INFO] [stderr]    Compiling p384 v0.13.0
[INFO] [stderr]    Compiling foreign-types-macros v0.2.3
[INFO] [stderr]    Compiling serde_derive v1.0.194
[INFO] [stderr]    Compiling thiserror-impl v1.0.56
[INFO] [stderr]    Compiling foreign-types v0.5.0
[INFO] [stderr]    Compiling serde v1.0.194
[INFO] [stderr]    Compiling boring-sys v4.3.0
[INFO] [stderr]    Compiling boring v4.3.0
[INFO] [stderr]    Compiling jwt-simple v0.12.1 (/opt/rustwide/workdir)
[INFO] [stdout] warning: unused import: `anyhow`
[INFO] [stdout]  --> src/error.rs:1:18
[INFO] [stdout]   |
[INFO] [stdout] 1 | pub use anyhow::{anyhow, bail, ensure, Error};
[INFO] [stdout]   |                  ^^^^^^
[INFO] [stdout]   |
[INFO] [stdout]   = note: `#[warn(unused_imports)]` on by default
[INFO] [stdout] 
[INFO] [stdout] 
[INFO] [stdout] warning: 1 warning emitted
[INFO] [stdout] 
[INFO] [stdout] 
[INFO] [stderr]     Finished dev [unoptimized + debuginfo] target(s) in 43.41s
[INFO] running `Command { std: "docker" "inspect" "725b7828a5c037618e59e10d3dc0e24b58c08bac71f699b998b739671cf91af2", kill_on_drop: false }`
[INFO] running `Command { std: "docker" "rm" "-f" "725b7828a5c037618e59e10d3dc0e24b58c08bac71f699b998b739671cf91af2", kill_on_drop: false }`
[INFO] [stdout] 725b7828a5c037618e59e10d3dc0e24b58c08bac71f699b998b739671cf91af2
[INFO] running `Command { std: "docker" "create" "-v" "/var/lib/crater-agent-workspace/builds/worker-6-tc1/target:/opt/rustwide/target:rw,Z" "-v" "/var/lib/crater-agent-workspace/builds/worker-6-tc1/source:/opt/rustwide/workdir:ro,Z" "-v" "/var/lib/crater-agent-workspace/cargo-home:/opt/rustwide/cargo-home:ro,Z" "-v" "/var/lib/crater-agent-workspace/rustup-home:/opt/rustwide/rustup-home:ro,Z" "-e" "SOURCE_DIR=/opt/rustwide/workdir" "-e" "CARGO_TARGET_DIR=/opt/rustwide/target" "-e" "CARGO_INCREMENTAL=0" "-e" "RUST_BACKTRACE=full" "-e" "RUSTFLAGS=--cap-lints=warn" "-e" "RUSTDOCFLAGS=--cap-lints=warn" "-e" "CARGO_HOME=/opt/rustwide/cargo-home" "-e" "RUSTUP_HOME=/opt/rustwide/rustup-home" "-w" "/opt/rustwide/workdir" "-m" "1610612736" "--user" "0:0" "--network" "none" "ghcr.io/rust-lang/crates-build-env/linux@sha256:2788e3201cd34a07e3172128adcd8b3090168a8e3bcc40d7c032b9dda1df7d1c" "/opt/rustwide/cargo-home/bin/cargo" "+1.75.0" "test" "--frozen" "--no-run" "--message-format=json", kill_on_drop: false }`
[INFO] [stdout] 17851a8dfeafae0ae2ead096c886d857557ed4df0842ef56a9086ec43fdca8b9
[INFO] running `Command { std: "docker" "start" "-a" "17851a8dfeafae0ae2ead096c886d857557ed4df0842ef56a9086ec43fdca8b9", kill_on_drop: false }`
[INFO] [stderr]    Compiling semver v1.0.21
[INFO] [stdout] warning: unused import: `anyhow`
[INFO] [stdout]  --> src/error.rs:1:18
[INFO] [stdout]   |
[INFO] [stdout] 1 | pub use anyhow::{anyhow, bail, ensure, Error};
[INFO] [stdout]   |                  ^^^^^^
[INFO] [stdout]   |
[INFO] [stdout]   = note: `#[warn(unused_imports)]` on by default
[INFO] [stdout] 
[INFO] [stdout] 
[INFO] [stdout] warning: 1 warning emitted
[INFO] [stdout] 
[INFO] [stdout] 
[INFO] [stderr]    Compiling rustc_version v0.4.0
[INFO] [stderr]    Compiling precision v0.1.16
[INFO] [stderr]    Compiling benchmark-simple v0.1.8
[INFO] [stderr]    Compiling jwt-simple v0.12.1 (/opt/rustwide/workdir)
[INFO] [stdout] warning: unused import: `anyhow`
[INFO] [stdout]  --> src/error.rs:1:18
[INFO] [stdout]   |
[INFO] [stdout] 1 | pub use anyhow::{anyhow, bail, ensure, Error};
[INFO] [stdout]   |                  ^^^^^^
[INFO] [stdout]   |
[INFO] [stdout]   = note: `#[warn(unused_imports)]` on by default
[INFO] [stdout] 
[INFO] [stdout] 
[INFO] [stdout] warning: 1 warning emitted
[INFO] [stdout] 
[INFO] [stdout] 
[INFO] [stderr]     Finished test [unoptimized + debuginfo] target(s) in 2.88s
[INFO] running `Command { std: "docker" "inspect" "17851a8dfeafae0ae2ead096c886d857557ed4df0842ef56a9086ec43fdca8b9", kill_on_drop: false }`
[INFO] running `Command { std: "docker" "rm" "-f" "17851a8dfeafae0ae2ead096c886d857557ed4df0842ef56a9086ec43fdca8b9", kill_on_drop: false }`
[INFO] [stdout] 17851a8dfeafae0ae2ead096c886d857557ed4df0842ef56a9086ec43fdca8b9
[INFO] running `Command { std: "docker" "create" "-v" "/var/lib/crater-agent-workspace/builds/worker-6-tc1/target:/opt/rustwide/target:rw,Z" "-v" "/var/lib/crater-agent-workspace/builds/worker-6-tc1/source:/opt/rustwide/workdir:ro,Z" "-v" "/var/lib/crater-agent-workspace/cargo-home:/opt/rustwide/cargo-home:ro,Z" "-v" "/var/lib/crater-agent-workspace/rustup-home:/opt/rustwide/rustup-home:ro,Z" "-e" "SOURCE_DIR=/opt/rustwide/workdir" "-e" "CARGO_TARGET_DIR=/opt/rustwide/target" "-e" "CARGO_INCREMENTAL=0" "-e" "RUST_BACKTRACE=full" "-e" "RUSTFLAGS=--cap-lints=warn" "-e" "RUSTDOCFLAGS=--cap-lints=warn" "-e" "CARGO_HOME=/opt/rustwide/cargo-home" "-e" "RUSTUP_HOME=/opt/rustwide/rustup-home" "-w" "/opt/rustwide/workdir" "-m" "1610612736" "--user" "0:0" "--network" "none" "ghcr.io/rust-lang/crates-build-env/linux@sha256:2788e3201cd34a07e3172128adcd8b3090168a8e3bcc40d7c032b9dda1df7d1c" "/opt/rustwide/cargo-home/bin/cargo" "+1.75.0" "test" "--frozen", kill_on_drop: false }`
[INFO] [stdout] 4388eb1a04d971807c72d5868762405c131e6da260cd1178a99fd3b55aa46809
[INFO] running `Command { std: "docker" "start" "-a" "4388eb1a04d971807c72d5868762405c131e6da260cd1178a99fd3b55aa46809", kill_on_drop: false }`
[INFO] [stderr] warning: unused import: `anyhow`
[INFO] [stderr]  --> src/error.rs:1:18
[INFO] [stderr]   |
[INFO] [stderr] 1 | pub use anyhow::{anyhow, bail, ensure, Error};
[INFO] [stderr]   |                  ^^^^^^
[INFO] [stderr]   |
[INFO] [stderr]   = note: `#[warn(unused_imports)]` on by default
[INFO] [stderr] 
[INFO] [stderr] warning: `jwt-simple` (lib) generated 1 warning (run `cargo fix --lib -p jwt-simple` to apply 1 suggestion)
[INFO] [stderr] warning: `jwt-simple` (lib test) generated 1 warning (1 duplicate)
[INFO] [stderr]     Finished test [unoptimized + debuginfo] target(s) in 0.05s
[INFO] [stderr]      Running unittests src/lib.rs (/opt/rustwide/target/debug/deps/jwt_simple-512e4a6f877c3dea)
[INFO] [stdout] 
[INFO] [stdout] running 18 tests
[INFO] [stdout] test claims::tests::should_set_standard_claims ... ok
[INFO] [stdout] test claims::tests::parse_floating_point_unix_time ... ok
[INFO] [stdout] test claims::tests::should_tolerate_clock_drift ... ok
[INFO] [stdout] test tests::eddsa_pem ... ok
[INFO] [stdout] test tests::ed25519_der ... ok
[INFO] [stdout] test tests::hs384 ... ok
[INFO] [stdout] test tests::require_nonce ... ok
[INFO] [stdout] test token::multiple_audiences ... ok
[INFO] [stdout] test token::should_verify_token ... ok
[INFO] [stdout] test tests::ed25519 ... ok
[INFO] [stdout] test token::explicitly_empty_audiences ... ok
[INFO] [stdout] test tests::key_metadata ... ok
[INFO] [stdout] test tests::rs256 ... ok
[INFO] [stdout] test tests::es256k ... ok
[INFO] [stdout] test tests::es256 ... ok
[INFO] [stdout] test tests::es384 ... ok
[INFO] [stdout] test tests::ps384 ... ok
[INFO] [stdout] test tests::expired_token ... ok
[INFO] [stdout] 
[INFO] [stdout] test result: ok. 18 passed; 0 failed; 0 ignored; 0 measured; 0 filtered out; finished in 2.00s
[INFO] [stdout] 
[INFO] [stderr]    Doc-tests jwt-simple
[INFO] [stdout] 
[INFO] [stdout] running 14 tests
[INFO] [stdout] test src/lib.rs - (line 173) - compile ... ok
[INFO] [stdout] test src/lib.rs - (line 51) ... ok
[INFO] [stdout] test src/lib.rs - (line 281) ... FAILED
[INFO] [stdout] test src/lib.rs - (line 189) ... FAILED
[INFO] [stdout] test src/lib.rs - (line 290) ... ok
[INFO] [stdout] test src/lib.rs - (line 65) ... ok
[INFO] [stdout] test src/lib.rs - (line 221) ... ok
[INFO] [stdout] test src/lib.rs - (line 150) ... ok
[INFO] [stdout] test src/lib.rs - (line 201) ... ok
[INFO] [stdout] test src/lib.rs - (line 91) ... ok
[INFO] [stdout] test src/lib.rs - (line 231) ... ok
[INFO] [stdout] test src/lib.rs - (line 264) ... ok
[INFO] [stdout] test src/lib.rs - (line 113) ... ok
[INFO] [stdout] test src/lib.rs - (line 77) ... ok
[INFO] [stdout] 
[INFO] [stdout] failures:
[INFO] [stdout] 
[INFO] [stdout] ---- src/lib.rs - (line 281) stdout ----
[INFO] [stdout] error: linking with `cc` failed: exit status: 1
[INFO] [stdout]   |
[INFO] [stdout]   = note: LC_ALL="C" PATH="/opt/rustwide/rustup-home/toolchains/1.75.0-x86_64-unknown-linux-gnu/lib/rustlib/x86_64-unknown-linux-gnu/bin:/opt/rustwide/cargo-home/bin:/usr/local/sbin:/usr/local/bin:/usr/sbin:/usr/bin:/sbin:/bin" VSLANG="1033" "cc" "-m64" "/tmp/rustcZO3psn/symbols.o" "/tmp/rustdoctestEfgZ3G/rust_out.rust_out.263fb70ac1c95110-cgu.0.rcgu.o" "/tmp/rustdoctestEfgZ3G/rust_out.2uel00cfmdh5ufit.rcgu.o" "-Wl,--as-needed" "-L" "/opt/rustwide/target/debug/deps" "-L" "/opt/rustwide/target/debug/deps" "-L" "/opt/rustwide/target/debug/build/boring-sys-30036b5bf9a91bb6/out/build/" "-L" "/opt/rustwide/target/debug/build/precision-3e55ce9c2bdcbdcd/out" "-L" "/opt/rustwide/rustup-home/toolchains/1.75.0-x86_64-unknown-linux-gnu/lib/rustlib/x86_64-unknown-linux-gnu/lib" "-Wl,-Bstatic" "/opt/rustwide/target/debug/deps/libjwt_simple-1fd98bdc85ed8971.rlib" "/opt/rustwide/target/debug/deps/libed25519_compact-4b1d63309ae85926.rlib" "/opt/rustwide/target/debug/deps/libthiserror-d2111d7cb6fe900c.rlib" "/opt/rustwide/target/debug/deps/libserde_json-1f0a525845f2566d.rlib" "/opt/rustwide/target/debug/deps/libryu-5f304b1b6393964f.rlib" "/opt/rustwide/target/debug/deps/libitoa-5f181af53b99b92c.rlib" "/opt/rustwide/target/debug/deps/libanyhow-309ab2c875f40ec7.rlib" "/opt/rustwide/target/debug/deps/libcoarsetime-dd0f0a7deafaa03c.rlib" "/opt/rustwide/target/debug/deps/libboring-4c399bea31da8c10.rlib" "/opt/rustwide/target/debug/deps/libboring_sys-0099d23af762aa88.rlib" "/opt/rustwide/target/debug/deps/libforeign_types-13ddb3d82433d986.rlib" "/opt/rustwide/target/debug/deps/libforeign_types_shared-403826f50c42d7d0.rlib" "/opt/rustwide/target/debug/deps/libbitflags-0065cf305c229aa5.rlib" "/opt/rustwide/target/debug/deps/librand-b315404f9b79216c.rlib" "/opt/rustwide/target/debug/deps/librand_chacha-016e7515aec4cd7e.rlib" "/opt/rustwide/target/debug/deps/libppv_lite86-9f808eb911999ef2.rlib" "/opt/rustwide/target/debug/deps/libhmac_sha512-9c438d39e0bd238e.rlib" "/opt/rustwide/target/debug/deps/libp384-909e21edba61712d.rlib" "/opt/rustwide/target/debug/deps/libk256-944417b316301e80.rlib" "/opt/rustwide/target/debug/deps/libonce_cell-63be820ac0ed0954.rlib" "/opt/rustwide/target/debug/deps/libp256-34aead5b9789a553.rlib" "/opt/rustwide/target/debug/deps/libsha2-f1f67c9812bf7458.rlib" "/opt/rustwide/target/debug/deps/libcpufeatures-b8d9ed5bb45874e9.rlib" "/opt/rustwide/target/debug/deps/libecdsa-8eb2aa6da9ca9178.rlib" "/opt/rustwide/target/debug/deps/librfc6979-ee4bd562ae25a483.rlib" "/opt/rustwide/target/debug/deps/libsignature-a48613e42920f1a4.rlib" "/opt/rustwide/target/debug/deps/libprimeorder-65a53a55609cf695.rlib" "/opt/rustwide/target/debug/deps/libelliptic_curve-7574454ca9c1b5d3.rlib" "/opt/rustwide/target/debug/deps/libsec1-787cd1a2f2b23baf.rlib" "/opt/rustwide/target/debug/deps/libpkcs8-6e82a10e8dbf89fc.rlib" "/opt/rustwide/target/debug/deps/libspki-604d46983a0ddb66.rlib" "/opt/rustwide/target/debug/deps/libder-8b16d8321b0e6f39.rlib" "/opt/rustwide/target/debug/deps/libpem_rfc7468-c05dca2e33a72d9e.rlib" "/opt/rustwide/target/debug/deps/libbase64ct-95b0ef3854f10566.rlib" "/opt/rustwide/target/debug/deps/libhkdf-81f334f7864111d3.rlib" "/opt/rustwide/target/debug/deps/libhmac-69c95355a27c4a61.rlib" "/opt/rustwide/target/debug/deps/libcrypto_bigint-0bbc59d97eb4aa84.rlib" "/opt/rustwide/target/debug/deps/libbase16ct-5a39198f00022b13.rlib" "/opt/rustwide/target/debug/deps/libgroup-d621fc9bdac23e78.rlib" "/opt/rustwide/target/debug/deps/libff-ee685f22ae6577f3.rlib" "/opt/rustwide/target/debug/deps/librand_core-81c30ceef85d4cad.rlib" "/opt/rustwide/target/debug/deps/libgetrandom-9f9837b4caa8c7b0.rlib" "/opt/rustwide/target/debug/deps/liblibc-f01c1240f7c859d0.rlib" "/opt/rustwide/target/debug/deps/libcfg_if-61dc7a6799e72b18.rlib" "/opt/rustwide/target/debug/deps/libserde-1a1a80260ec19211.rlib" "/opt/rustwide/target/debug/deps/libhmac_sha256-679aaa40bafe1e35.rlib" "/opt/rustwide/target/debug/deps/libdigest-d2ce14f9f274c614.rlib" "/opt/rustwide/target/debug/deps/libsubtle-2878f8213ac4aa38.rlib" "/opt/rustwide/target/debug/deps/libconst_oid-c8a247a7b7eb265f.rlib" "/opt/rustwide/target/debug/deps/libblock_buffer-5e59f5d26d2f973d.rlib" "/opt/rustwide/target/debug/deps/libcrypto_common-cab3786875b45b7a.rlib" "/opt/rustwide/target/debug/deps/libgeneric_array-02553e878c92486b.rlib" "/opt/rustwide/target/debug/deps/libtypenum-da95465dc70d2c95.rlib" "/opt/rustwide/target/debug/deps/libzeroize-6ee87dcf7a762ed8.rlib" "/opt/rustwide/target/debug/deps/libhmac_sha1_compact-952693c28349fd03.rlib" "/opt/rustwide/target/debug/deps/libct_codecs-de0e95fe2a37f8bf.rlib" "/opt/rustwide/rustup-home/toolchains/1.75.0-x86_64-unknown-linux-gnu/lib/rustlib/x86_64-unknown-linux-gnu/lib/libstd-90f6ddbf82de36ec.rlib" "/opt/rustwide/rustup-home/toolchains/1.75.0-x86_64-unknown-linux-gnu/lib/rustlib/x86_64-unknown-linux-gnu/lib/libpanic_unwind-480c41e9d4e1f677.rlib" "/opt/rustwide/rustup-home/toolchains/1.75.0-x86_64-unknown-linux-gnu/lib/rustlib/x86_64-unknown-linux-gnu/lib/libobject-db744c0ca03eed1d.rlib" "/opt/rustwide/rustup-home/toolchains/1.75.0-x86_64-unknown-linux-gnu/lib/rustlib/x86_64-unknown-linux-gnu/lib/libmemchr-8ba652dc7d4b285a.rlib" "/opt/rustwide/rustup-home/toolchains/1.75.0-x86_64-unknown-linux-gnu/lib/rustlib/x86_64-unknown-linux-gnu/lib/libaddr2line-d5f4520a9ebc0d58.rlib" "/opt/rustwide/rustup-home/toolchains/1.75.0-x86_64-unknown-linux-gnu/lib/rustlib/x86_64-unknown-linux-gnu/lib/libgimli-4ad84de58f0cb463.rlib" "/opt/rustwide/rustup-home/toolchains/1.75.0-x86_64-unknown-linux-gnu/lib/rustlib/x86_64-unknown-linux-gnu/lib/librustc_demangle-0d10aae2e0f38735.rlib" "/opt/rustwide/rustup-home/toolchains/1.75.0-x86_64-unknown-linux-gnu/lib/rustlib/x86_64-unknown-linux-gnu/lib/libstd_detect-0c17cff739e6745b.rlib" "/opt/rustwide/rustup-home/toolchains/1.75.0-x86_64-unknown-linux-gnu/lib/rustlib/x86_64-unknown-linux-gnu/lib/libhashbrown-b29e17139dde1aa8.rlib" "/opt/rustwide/rustup-home/toolchains/1.75.0-x86_64-unknown-linux-gnu/lib/rustlib/x86_64-unknown-linux-gnu/lib/librustc_std_workspace_alloc-1f975299829cc7bd.rlib" "/opt/rustwide/rustup-home/toolchains/1.75.0-x86_64-unknown-linux-gnu/lib/rustlib/x86_64-unknown-linux-gnu/lib/libminiz_oxide-86bae3bc3079f89b.rlib" "/opt/rustwide/rustup-home/toolchains/1.75.0-x86_64-unknown-linux-gnu/lib/rustlib/x86_64-unknown-linux-gnu/lib/libadler-321b82c30dffdf5f.rlib" "/opt/rustwide/rustup-home/toolchains/1.75.0-x86_64-unknown-linux-gnu/lib/rustlib/x86_64-unknown-linux-gnu/lib/libunwind-3dd8a6810a0bdfef.rlib" "/opt/rustwide/rustup-home/toolchains/1.75.0-x86_64-unknown-linux-gnu/lib/rustlib/x86_64-unknown-linux-gnu/lib/libcfg_if-eb39a61c0c879984.rlib" "/opt/rustwide/rustup-home/toolchains/1.75.0-x86_64-unknown-linux-gnu/lib/rustlib/x86_64-unknown-linux-gnu/lib/liblibc-aa769569f91c3548.rlib" "/opt/rustwide/rustup-home/toolchains/1.75.0-x86_64-unknown-linux-gnu/lib/rustlib/x86_64-unknown-linux-gnu/lib/liballoc-510a192a50a983ed.rlib" "/opt/rustwide/rustup-home/toolchains/1.75.0-x86_64-unknown-linux-gnu/lib/rustlib/x86_64-unknown-linux-gnu/lib/librustc_std_workspace_core-0577018320f99037.rlib" "/opt/rustwide/rustup-home/toolchains/1.75.0-x86_64-unknown-linux-gnu/lib/rustlib/x86_64-unknown-linux-gnu/lib/libcore-193cf992125ccd4c.rlib" "/opt/rustwide/rustup-home/toolchains/1.75.0-x86_64-unknown-linux-gnu/lib/rustlib/x86_64-unknown-linux-gnu/lib/libcompiler_builtins-8e138eaf26ebb4a8.rlib" "-Wl,-Bdynamic" "-lgcc_s" "-lutil" "-lrt" "-lpthread" "-lm" "-ldl" "-lc" "-Wl,--eh-frame-hdr" "-Wl,-z,noexecstack" "-L" "/opt/rustwide/rustup-home/toolchains/1.75.0-x86_64-unknown-linux-gnu/lib/rustlib/x86_64-unknown-linux-gnu/lib" "-o" "/tmp/rustdoctestEfgZ3G/rust_out" "-Wl,--gc-sections" "-pie" "-Wl,-z,relro,-z,now" "-nodefaultlibs"
[INFO] [stdout]   = note: collect2: fatal error: ld terminated with signal 9 [Killed]
[INFO] [stdout]           compilation terminated.
[INFO] [stdout]           
[INFO] [stdout] 
[INFO] [stdout] error: aborting due to previous error
[INFO] [stdout] 
[INFO] [stdout] Couldn't compile the test.
[INFO] [stdout] ---- src/lib.rs - (line 189) stdout ----
[INFO] [stdout] error: linking with `cc` failed: exit status: 1
[INFO] [stdout]   |
[INFO] [stdout]   = note: LC_ALL="C" PATH="/opt/rustwide/rustup-home/toolchains/1.75.0-x86_64-unknown-linux-gnu/lib/rustlib/x86_64-unknown-linux-gnu/bin:/opt/rustwide/cargo-home/bin:/usr/local/sbin:/usr/local/bin:/usr/sbin:/usr/bin:/sbin:/bin" VSLANG="1033" "cc" "-m64" "/tmp/rustc6VRQaU/symbols.o" "/tmp/rustdoctest5JKDfO/rust_out.rust_out.263fb70ac1c95110-cgu.0.rcgu.o" "/tmp/rustdoctest5JKDfO/rust_out.2uel00cfmdh5ufit.rcgu.o" "-Wl,--as-needed" "-L" "/opt/rustwide/target/debug/deps" "-L" "/opt/rustwide/target/debug/deps" "-L" "/opt/rustwide/target/debug/build/boring-sys-30036b5bf9a91bb6/out/build/" "-L" "/opt/rustwide/target/debug/build/precision-3e55ce9c2bdcbdcd/out" "-L" "/opt/rustwide/rustup-home/toolchains/1.75.0-x86_64-unknown-linux-gnu/lib/rustlib/x86_64-unknown-linux-gnu/lib" "-Wl,-Bstatic" "/opt/rustwide/target/debug/deps/libjwt_simple-1fd98bdc85ed8971.rlib" "/opt/rustwide/target/debug/deps/libed25519_compact-4b1d63309ae85926.rlib" "/opt/rustwide/target/debug/deps/libthiserror-d2111d7cb6fe900c.rlib" "/opt/rustwide/target/debug/deps/libserde_json-1f0a525845f2566d.rlib" "/opt/rustwide/target/debug/deps/libryu-5f304b1b6393964f.rlib" "/opt/rustwide/target/debug/deps/libitoa-5f181af53b99b92c.rlib" "/opt/rustwide/target/debug/deps/libanyhow-309ab2c875f40ec7.rlib" "/opt/rustwide/target/debug/deps/libcoarsetime-dd0f0a7deafaa03c.rlib" "/opt/rustwide/target/debug/deps/libboring-4c399bea31da8c10.rlib" "/opt/rustwide/target/debug/deps/libboring_sys-0099d23af762aa88.rlib" "/opt/rustwide/target/debug/deps/libforeign_types-13ddb3d82433d986.rlib" "/opt/rustwide/target/debug/deps/libforeign_types_shared-403826f50c42d7d0.rlib" "/opt/rustwide/target/debug/deps/libbitflags-0065cf305c229aa5.rlib" "/opt/rustwide/target/debug/deps/librand-b315404f9b79216c.rlib" "/opt/rustwide/target/debug/deps/librand_chacha-016e7515aec4cd7e.rlib" "/opt/rustwide/target/debug/deps/libppv_lite86-9f808eb911999ef2.rlib" "/opt/rustwide/target/debug/deps/libhmac_sha512-9c438d39e0bd238e.rlib" "/opt/rustwide/target/debug/deps/libp384-909e21edba61712d.rlib" "/opt/rustwide/target/debug/deps/libk256-944417b316301e80.rlib" "/opt/rustwide/target/debug/deps/libonce_cell-63be820ac0ed0954.rlib" "/opt/rustwide/target/debug/deps/libp256-34aead5b9789a553.rlib" "/opt/rustwide/target/debug/deps/libsha2-f1f67c9812bf7458.rlib" "/opt/rustwide/target/debug/deps/libcpufeatures-b8d9ed5bb45874e9.rlib" "/opt/rustwide/target/debug/deps/libecdsa-8eb2aa6da9ca9178.rlib" "/opt/rustwide/target/debug/deps/librfc6979-ee4bd562ae25a483.rlib" "/opt/rustwide/target/debug/deps/libsignature-a48613e42920f1a4.rlib" "/opt/rustwide/target/debug/deps/libprimeorder-65a53a55609cf695.rlib" "/opt/rustwide/target/debug/deps/libelliptic_curve-7574454ca9c1b5d3.rlib" "/opt/rustwide/target/debug/deps/libsec1-787cd1a2f2b23baf.rlib" "/opt/rustwide/target/debug/deps/libpkcs8-6e82a10e8dbf89fc.rlib" "/opt/rustwide/target/debug/deps/libspki-604d46983a0ddb66.rlib" "/opt/rustwide/target/debug/deps/libder-8b16d8321b0e6f39.rlib" "/opt/rustwide/target/debug/deps/libpem_rfc7468-c05dca2e33a72d9e.rlib" "/opt/rustwide/target/debug/deps/libbase64ct-95b0ef3854f10566.rlib" "/opt/rustwide/target/debug/deps/libhkdf-81f334f7864111d3.rlib" "/opt/rustwide/target/debug/deps/libhmac-69c95355a27c4a61.rlib" "/opt/rustwide/target/debug/deps/libcrypto_bigint-0bbc59d97eb4aa84.rlib" "/opt/rustwide/target/debug/deps/libbase16ct-5a39198f00022b13.rlib" "/opt/rustwide/target/debug/deps/libgroup-d621fc9bdac23e78.rlib" "/opt/rustwide/target/debug/deps/libff-ee685f22ae6577f3.rlib" "/opt/rustwide/target/debug/deps/librand_core-81c30ceef85d4cad.rlib" "/opt/rustwide/target/debug/deps/libgetrandom-9f9837b4caa8c7b0.rlib" "/opt/rustwide/target/debug/deps/liblibc-f01c1240f7c859d0.rlib" "/opt/rustwide/target/debug/deps/libcfg_if-61dc7a6799e72b18.rlib" "/opt/rustwide/target/debug/deps/libserde-1a1a80260ec19211.rlib" "/opt/rustwide/target/debug/deps/libhmac_sha256-679aaa40bafe1e35.rlib" "/opt/rustwide/target/debug/deps/libdigest-d2ce14f9f274c614.rlib" "/opt/rustwide/target/debug/deps/libsubtle-2878f8213ac4aa38.rlib" "/opt/rustwide/target/debug/deps/libconst_oid-c8a247a7b7eb265f.rlib" "/opt/rustwide/target/debug/deps/libblock_buffer-5e59f5d26d2f973d.rlib" "/opt/rustwide/target/debug/deps/libcrypto_common-cab3786875b45b7a.rlib" "/opt/rustwide/target/debug/deps/libgeneric_array-02553e878c92486b.rlib" "/opt/rustwide/target/debug/deps/libtypenum-da95465dc70d2c95.rlib" "/opt/rustwide/target/debug/deps/libzeroize-6ee87dcf7a762ed8.rlib" "/opt/rustwide/target/debug/deps/libhmac_sha1_compact-952693c28349fd03.rlib" "/opt/rustwide/target/debug/deps/libct_codecs-de0e95fe2a37f8bf.rlib" "/opt/rustwide/rustup-home/toolchains/1.75.0-x86_64-unknown-linux-gnu/lib/rustlib/x86_64-unknown-linux-gnu/lib/libstd-90f6ddbf82de36ec.rlib" "/opt/rustwide/rustup-home/toolchains/1.75.0-x86_64-unknown-linux-gnu/lib/rustlib/x86_64-unknown-linux-gnu/lib/libpanic_unwind-480c41e9d4e1f677.rlib" "/opt/rustwide/rustup-home/toolchains/1.75.0-x86_64-unknown-linux-gnu/lib/rustlib/x86_64-unknown-linux-gnu/lib/libobject-db744c0ca03eed1d.rlib" "/opt/rustwide/rustup-home/toolchains/1.75.0-x86_64-unknown-linux-gnu/lib/rustlib/x86_64-unknown-linux-gnu/lib/libmemchr-8ba652dc7d4b285a.rlib" "/opt/rustwide/rustup-home/toolchains/1.75.0-x86_64-unknown-linux-gnu/lib/rustlib/x86_64-unknown-linux-gnu/lib/libaddr2line-d5f4520a9ebc0d58.rlib" "/opt/rustwide/rustup-home/toolchains/1.75.0-x86_64-unknown-linux-gnu/lib/rustlib/x86_64-unknown-linux-gnu/lib/libgimli-4ad84de58f0cb463.rlib" "/opt/rustwide/rustup-home/toolchains/1.75.0-x86_64-unknown-linux-gnu/lib/rustlib/x86_64-unknown-linux-gnu/lib/librustc_demangle-0d10aae2e0f38735.rlib" "/opt/rustwide/rustup-home/toolchains/1.75.0-x86_64-unknown-linux-gnu/lib/rustlib/x86_64-unknown-linux-gnu/lib/libstd_detect-0c17cff739e6745b.rlib" "/opt/rustwide/rustup-home/toolchains/1.75.0-x86_64-unknown-linux-gnu/lib/rustlib/x86_64-unknown-linux-gnu/lib/libhashbrown-b29e17139dde1aa8.rlib" "/opt/rustwide/rustup-home/toolchains/1.75.0-x86_64-unknown-linux-gnu/lib/rustlib/x86_64-unknown-linux-gnu/lib/librustc_std_workspace_alloc-1f975299829cc7bd.rlib" "/opt/rustwide/rustup-home/toolchains/1.75.0-x86_64-unknown-linux-gnu/lib/rustlib/x86_64-unknown-linux-gnu/lib/libminiz_oxide-86bae3bc3079f89b.rlib" "/opt/rustwide/rustup-home/toolchains/1.75.0-x86_64-unknown-linux-gnu/lib/rustlib/x86_64-unknown-linux-gnu/lib/libadler-321b82c30dffdf5f.rlib" "/opt/rustwide/rustup-home/toolchains/1.75.0-x86_64-unknown-linux-gnu/lib/rustlib/x86_64-unknown-linux-gnu/lib/libunwind-3dd8a6810a0bdfef.rlib" "/opt/rustwide/rustup-home/toolchains/1.75.0-x86_64-unknown-linux-gnu/lib/rustlib/x86_64-unknown-linux-gnu/lib/libcfg_if-eb39a61c0c879984.rlib" "/opt/rustwide/rustup-home/toolchains/1.75.0-x86_64-unknown-linux-gnu/lib/rustlib/x86_64-unknown-linux-gnu/lib/liblibc-aa769569f91c3548.rlib" "/opt/rustwide/rustup-home/toolchains/1.75.0-x86_64-unknown-linux-gnu/lib/rustlib/x86_64-unknown-linux-gnu/lib/liballoc-510a192a50a983ed.rlib" "/opt/rustwide/rustup-home/toolchains/1.75.0-x86_64-unknown-linux-gnu/lib/rustlib/x86_64-unknown-linux-gnu/lib/librustc_std_workspace_core-0577018320f99037.rlib" "/opt/rustwide/rustup-home/toolchains/1.75.0-x86_64-unknown-linux-gnu/lib/rustlib/x86_64-unknown-linux-gnu/lib/libcore-193cf992125ccd4c.rlib" "/opt/rustwide/rustup-home/toolchains/1.75.0-x86_64-unknown-linux-gnu/lib/rustlib/x86_64-unknown-linux-gnu/lib/libcompiler_builtins-8e138eaf26ebb4a8.rlib" "-Wl,-Bdynamic" "-lgcc_s" "-lutil" "-lrt" "-lpthread" "-lm" "-ldl" "-lc" "-Wl,--eh-frame-hdr" "-Wl,-z,noexecstack" "-L" "/opt/rustwide/rustup-home/toolchains/1.75.0-x86_64-unknown-linux-gnu/lib/rustlib/x86_64-unknown-linux-gnu/lib" "-o" "/tmp/rustdoctest5JKDfO/rust_out" "-Wl,--gc-sections" "-pie" "-Wl,-z,relro,-z,now" "-nodefaultlibs"
[INFO] [stdout]   = note: collect2: fatal error: ld terminated with signal 9 [Killed]
[INFO] [stdout]           compilation terminated.
[INFO] [stdout]           
[INFO] [stdout] 
[INFO] [stdout] error: aborting due to previous error
[INFO] [stdout] 
[INFO] [stdout] Couldn't compile the test.
[INFO] [stdout] 
[INFO] [stdout] failures:
[INFO] [stdout]     src/lib.rs - (line 189)
[INFO] [stdout]     src/lib.rs - (line 281)
[INFO] [stdout] 
[INFO] [stdout] test result: FAILED. 12 passed; 2 failed; 0 ignored; 0 measured; 0 filtered out; finished in 3.45s
[INFO] [stdout] 
[INFO] [stderr] error: doctest failed, to rerun pass `--doc`
[INFO] running `Command { std: "docker" "inspect" "4388eb1a04d971807c72d5868762405c131e6da260cd1178a99fd3b55aa46809", kill_on_drop: false }`
[INFO] running `Command { std: "docker" "rm" "-f" "4388eb1a04d971807c72d5868762405c131e6da260cd1178a99fd3b55aa46809", kill_on_drop: false }`
[INFO] [stdout] 4388eb1a04d971807c72d5868762405c131e6da260cd1178a99fd3b55aa46809
[INFO] testing jwt-simple-0.12.1 against beta-2023-12-22 for beta-1.76-1
[INFO] extracting crate jwt-simple 0.12.1 into /workspace/builds/worker-6-tc2/source
[INFO] validating manifest of crates.io crate jwt-simple 0.12.1 on toolchain beta-2023-12-22
[INFO] running `Command { std: CARGO_HOME="/workspace/cargo-home" RUSTUP_HOME="/workspace/rustup-home" "/workspace/cargo-home/bin/cargo" "+beta-2023-12-22" "metadata" "--manifest-path" "Cargo.toml" "--no-deps", kill_on_drop: false }`
[INFO] started tweaking crates.io crate jwt-simple 0.12.1
[INFO] finished tweaking crates.io crate jwt-simple 0.12.1
[INFO] tweaked toml for crates.io crate jwt-simple 0.12.1 written to /workspace/builds/worker-6-tc2/source/Cargo.toml
[INFO] running `Command { std: CARGO_HOME="/workspace/cargo-home" RUSTUP_HOME="/workspace/rustup-home" "/workspace/cargo-home/bin/cargo" "+beta-2023-12-22" "generate-lockfile" "--manifest-path" "Cargo.toml", kill_on_drop: false }`
[INFO] [stderr]     Updating crates.io index
[INFO] running `Command { std: CARGO_HOME="/workspace/cargo-home" RUSTUP_HOME="/workspace/rustup-home" "/workspace/cargo-home/bin/cargo" "+beta-2023-12-22" "fetch" "--manifest-path" "Cargo.toml", kill_on_drop: false }`
[INFO] running `Command { std: "docker" "create" "-v" "/var/lib/crater-agent-workspace/builds/worker-6-tc2/target:/opt/rustwide/target:rw,Z" "-v" "/var/lib/crater-agent-workspace/builds/worker-6-tc2/source:/opt/rustwide/workdir:ro,Z" "-v" "/var/lib/crater-agent-workspace/cargo-home:/opt/rustwide/cargo-home:ro,Z" "-v" "/var/lib/crater-agent-workspace/rustup-home:/opt/rustwide/rustup-home:ro,Z" "-e" "SOURCE_DIR=/opt/rustwide/workdir" "-e" "CARGO_TARGET_DIR=/opt/rustwide/target" "-e" "CARGO_HOME=/opt/rustwide/cargo-home" "-e" "RUSTUP_HOME=/opt/rustwide/rustup-home" "-w" "/opt/rustwide/workdir" "-m" "1610612736" "--user" "0:0" "--network" "none" "ghcr.io/rust-lang/crates-build-env/linux@sha256:2788e3201cd34a07e3172128adcd8b3090168a8e3bcc40d7c032b9dda1df7d1c" "/opt/rustwide/cargo-home/bin/cargo" "+beta-2023-12-22" "metadata" "--no-deps" "--format-version=1", kill_on_drop: false }`
[INFO] [stdout] 4400cbbba713cd83a63d809d920cc573252b257484df02d7830964f21871c189
[INFO] running `Command { std: "docker" "start" "-a" "4400cbbba713cd83a63d809d920cc573252b257484df02d7830964f21871c189", kill_on_drop: false }`
[INFO] running `Command { std: "docker" "inspect" "4400cbbba713cd83a63d809d920cc573252b257484df02d7830964f21871c189", kill_on_drop: false }`
[INFO] running `Command { std: "docker" "rm" "-f" "4400cbbba713cd83a63d809d920cc573252b257484df02d7830964f21871c189", kill_on_drop: false }`
[INFO] [stdout] 4400cbbba713cd83a63d809d920cc573252b257484df02d7830964f21871c189
[INFO] running `Command { std: "docker" "create" "-v" "/var/lib/crater-agent-workspace/builds/worker-6-tc2/target:/opt/rustwide/target:rw,Z" "-v" "/var/lib/crater-agent-workspace/builds/worker-6-tc2/source:/opt/rustwide/workdir:ro,Z" "-v" "/var/lib/crater-agent-workspace/cargo-home:/opt/rustwide/cargo-home:ro,Z" "-v" "/var/lib/crater-agent-workspace/rustup-home:/opt/rustwide/rustup-home:ro,Z" "-e" "SOURCE_DIR=/opt/rustwide/workdir" "-e" "CARGO_TARGET_DIR=/opt/rustwide/target" "-e" "CARGO_INCREMENTAL=0" "-e" "RUST_BACKTRACE=full" "-e" "RUSTFLAGS=--cap-lints=warn" "-e" "RUSTDOCFLAGS=--cap-lints=warn" "-e" "CARGO_HOME=/opt/rustwide/cargo-home" "-e" "RUSTUP_HOME=/opt/rustwide/rustup-home" "-w" "/opt/rustwide/workdir" "-m" "1610612736" "--user" "0:0" "--network" "none" "ghcr.io/rust-lang/crates-build-env/linux@sha256:2788e3201cd34a07e3172128adcd8b3090168a8e3bcc40d7c032b9dda1df7d1c" "/opt/rustwide/cargo-home/bin/cargo" "+beta-2023-12-22" "build" "--frozen" "--message-format=json", kill_on_drop: false }`
[INFO] [stdout] 046550bc3f4d0699b93b1f8daa1a551dc09c1c6794c12c8661712e7fe8deba27
[INFO] running `Command { std: "docker" "start" "-a" "046550bc3f4d0699b93b1f8daa1a551dc09c1c6794c12c8661712e7fe8deba27", kill_on_drop: false }`
[INFO] [stderr]    Compiling libc v0.2.151
[INFO] [stderr]    Compiling cfg-if v1.0.0
[INFO] [stderr]    Compiling zeroize v1.7.0
[INFO] [stderr]    Compiling version_check v0.9.4
[INFO] [stderr]    Compiling typenum v1.17.0
[INFO] [stderr]    Compiling const-oid v0.9.6
[INFO] [stderr]    Compiling subtle v2.5.0
[INFO] [stderr]    Compiling base64ct v1.6.0
[INFO] [stderr]    Compiling glob v0.3.1
[INFO] [stderr]    Compiling regex-syntax v0.8.2
[INFO] [stderr]    Compiling base16ct v0.2.0
[INFO] [stderr]    Compiling minimal-lexical v0.2.1
[INFO] [stderr]    Compiling memchr v2.7.1
[INFO] [stderr]    Compiling spin v0.5.2
[INFO] [stderr]    Compiling bindgen v0.68.1
[INFO] [stderr]    Compiling syn v2.0.48
[INFO] [stderr]    Compiling libloading v0.8.1
[INFO] [stderr]    Compiling shlex v1.2.0
[INFO] [stderr]    Compiling lazy_static v1.4.0
[INFO] [stderr]    Compiling rustc-hash v1.1.0
[INFO] [stderr]    Compiling peeking_take_while v0.1.2
[INFO] [stderr]    Compiling lazycell v1.3.0
[INFO] [stderr]    Compiling bitflags v2.4.1
[INFO] [stderr]    Compiling fs_extra v1.3.0
[INFO] [stderr]    Compiling cpufeatures v0.2.12
[INFO] [stderr]    Compiling foreign-types-shared v0.3.1
[INFO] [stderr]    Compiling pem-rfc7468 v0.7.0
[INFO] [stderr]    Compiling anyhow v1.0.79
[INFO] [stderr]    Compiling ppv-lite86 v0.2.17
[INFO] [stderr]    Compiling serde_json v1.0.111
[INFO] [stderr]    Compiling thiserror v1.0.56
[INFO] [stderr]    Compiling ct-codecs v1.1.1
[INFO] [stderr]    Compiling der v0.7.8
[INFO] [stderr]    Compiling ryu v1.0.16
[INFO] [stderr]    Compiling generic-array v0.14.7
[INFO] [stderr]    Compiling itoa v1.0.10
[INFO] [stderr]    Compiling clang-sys v1.7.0
[INFO] [stderr]    Compiling hmac-sha1-compact v1.1.4
[INFO] [stderr]    Compiling nom v7.1.3
[INFO] [stderr]    Compiling binstring v0.1.1
[INFO] [stderr]    Compiling getrandom v0.2.11
[INFO] [stderr]    Compiling cc v1.0.83
[INFO] [stderr]    Compiling fslock v0.2.1
[INFO] [stderr]    Compiling coarsetime v0.1.33
[INFO] [stderr]    Compiling rand_core v0.6.4
[INFO] [stderr]    Compiling ed25519-compact v2.0.6
[INFO] [stderr]    Compiling ff v0.13.0
[INFO] [stderr]    Compiling rand_chacha v0.3.1
[INFO] [stderr]    Compiling group v0.13.0
[INFO] [stderr]    Compiling spki v0.7.3
[INFO] [stderr]    Compiling cmake v0.1.50
[INFO] [stderr]    Compiling rand v0.8.5
[INFO] [stderr]    Compiling pkcs8 v0.10.2
[INFO] [stderr]    Compiling regex-automata v0.4.3
[INFO] [stderr]    Compiling block-buffer v0.10.4
[INFO] [stderr]    Compiling crypto-common v0.1.6
[INFO] [stderr]    Compiling crypto-bigint v0.5.5
[INFO] [stderr]    Compiling sec1 v0.7.3
[INFO] [stderr]    Compiling digest v0.10.7
[INFO] [stderr]    Compiling hmac v0.12.1
[INFO] [stderr]    Compiling signature v2.2.0
[INFO] [stderr]    Compiling sha2 v0.10.8
[INFO] [stderr]    Compiling hmac-sha256 v1.1.7
[INFO] [stderr]    Compiling hmac-sha512 v1.1.5
[INFO] [stderr]    Compiling cexpr v0.6.0
[INFO] [stderr]    Compiling hkdf v0.12.4
[INFO] [stderr]    Compiling rfc6979 v0.4.0
[INFO] [stderr]    Compiling elliptic-curve v0.13.8
[INFO] [stderr]    Compiling regex v1.10.2
[INFO] [stderr]    Compiling ecdsa v0.16.9
[INFO] [stderr]    Compiling primeorder v0.13.6
[INFO] [stderr]    Compiling p256 v0.13.2
[INFO] [stderr]    Compiling k256 v0.13.2
[INFO] [stderr]    Compiling p384 v0.13.0
[INFO] [stderr]    Compiling foreign-types-macros v0.2.3
[INFO] [stderr]    Compiling serde_derive v1.0.194
[INFO] [stderr]    Compiling thiserror-impl v1.0.56
[INFO] [stderr]    Compiling foreign-types v0.5.0
[INFO] [stderr]    Compiling serde v1.0.194
[INFO] [stderr]    Compiling boring-sys v4.3.0
[INFO] [stderr]    Compiling boring v4.3.0
[INFO] [stderr]    Compiling jwt-simple v0.12.1 (/opt/rustwide/workdir)
[INFO] [stdout] warning: unused import: `anyhow`
[INFO] [stdout]  --> src/error.rs:1:18
[INFO] [stdout]   |
[INFO] [stdout] 1 | pub use anyhow::{anyhow, bail, ensure, Error};
[INFO] [stdout]   |                  ^^^^^^
[INFO] [stdout]   |
[INFO] [stdout]   = note: `#[warn(unused_imports)]` on by default
[INFO] [stdout] 
[INFO] [stdout] 
[INFO] [stdout] warning: 1 warning emitted
[INFO] [stdout] 
[INFO] [stdout] 
[INFO] [stderr]     Finished dev [unoptimized + debuginfo] target(s) in 44.60s
[INFO] running `Command { std: "docker" "inspect" "046550bc3f4d0699b93b1f8daa1a551dc09c1c6794c12c8661712e7fe8deba27", kill_on_drop: false }`
[INFO] running `Command { std: "docker" "rm" "-f" "046550bc3f4d0699b93b1f8daa1a551dc09c1c6794c12c8661712e7fe8deba27", kill_on_drop: false }`
[INFO] [stdout] 046550bc3f4d0699b93b1f8daa1a551dc09c1c6794c12c8661712e7fe8deba27
[INFO] running `Command { std: "docker" "create" "-v" "/var/lib/crater-agent-workspace/builds/worker-6-tc2/target:/opt/rustwide/target:rw,Z" "-v" "/var/lib/crater-agent-workspace/builds/worker-6-tc2/source:/opt/rustwide/workdir:ro,Z" "-v" "/var/lib/crater-agent-workspace/cargo-home:/opt/rustwide/cargo-home:ro,Z" "-v" "/var/lib/crater-agent-workspace/rustup-home:/opt/rustwide/rustup-home:ro,Z" "-e" "SOURCE_DIR=/opt/rustwide/workdir" "-e" "CARGO_TARGET_DIR=/opt/rustwide/target" "-e" "CARGO_INCREMENTAL=0" "-e" "RUST_BACKTRACE=full" "-e" "RUSTFLAGS=--cap-lints=warn" "-e" "RUSTDOCFLAGS=--cap-lints=warn" "-e" "CARGO_HOME=/opt/rustwide/cargo-home" "-e" "RUSTUP_HOME=/opt/rustwide/rustup-home" "-w" "/opt/rustwide/workdir" "-m" "1610612736" "--user" "0:0" "--network" "none" "ghcr.io/rust-lang/crates-build-env/linux@sha256:2788e3201cd34a07e3172128adcd8b3090168a8e3bcc40d7c032b9dda1df7d1c" "/opt/rustwide/cargo-home/bin/cargo" "+beta-2023-12-22" "test" "--frozen" "--no-run" "--message-format=json", kill_on_drop: false }`
[INFO] [stdout] 23010e5a5602fdbec91cbafb2ba55343834f012ffbd7a3ebed6f35c34619c30e
[INFO] running `Command { std: "docker" "start" "-a" "23010e5a5602fdbec91cbafb2ba55343834f012ffbd7a3ebed6f35c34619c30e", kill_on_drop: false }`
[INFO] [stderr]    Compiling semver v1.0.21
[INFO] [stdout] warning: unused import: `anyhow`
[INFO] [stdout]  --> src/error.rs:1:18
[INFO] [stdout]   |
[INFO] [stdout] 1 | pub use anyhow::{anyhow, bail, ensure, Error};
[INFO] [stdout]   |                  ^^^^^^
[INFO] [stdout]   |
[INFO] [stdout]   = note: `#[warn(unused_imports)]` on by default
[INFO] [stdout] 
[INFO] [stdout] 
[INFO] [stdout] warning: 1 warning emitted
[INFO] [stdout] 
[INFO] [stdout] 
[INFO] [stderr]    Compiling rustc_version v0.4.0
[INFO] [stderr]    Compiling precision v0.1.16
[INFO] [stderr]    Compiling benchmark-simple v0.1.8
[INFO] [stderr]    Compiling jwt-simple v0.12.1 (/opt/rustwide/workdir)
[INFO] [stdout] warning: unused import: `anyhow`
[INFO] [stdout]  --> src/error.rs:1:18
[INFO] [stdout]   |
[INFO] [stdout] 1 | pub use anyhow::{anyhow, bail, ensure, Error};
[INFO] [stdout]   |                  ^^^^^^
[INFO] [stdout]   |
[INFO] [stdout]   = note: `#[warn(unused_imports)]` on by default
[INFO] [stdout] 
[INFO] [stdout] 
[INFO] [stdout] warning: 1 warning emitted
[INFO] [stdout] 
[INFO] [stdout] 
[INFO] [stderr]     Finished test [unoptimized + debuginfo] target(s) in 3.32s
[INFO] running `Command { std: "docker" "inspect" "23010e5a5602fdbec91cbafb2ba55343834f012ffbd7a3ebed6f35c34619c30e", kill_on_drop: false }`
[INFO] running `Command { std: "docker" "rm" "-f" "23010e5a5602fdbec91cbafb2ba55343834f012ffbd7a3ebed6f35c34619c30e", kill_on_drop: false }`
[INFO] [stdout] 23010e5a5602fdbec91cbafb2ba55343834f012ffbd7a3ebed6f35c34619c30e
[INFO] running `Command { std: "docker" "create" "-v" "/var/lib/crater-agent-workspace/builds/worker-6-tc2/target:/opt/rustwide/target:rw,Z" "-v" "/var/lib/crater-agent-workspace/builds/worker-6-tc2/source:/opt/rustwide/workdir:ro,Z" "-v" "/var/lib/crater-agent-workspace/cargo-home:/opt/rustwide/cargo-home:ro,Z" "-v" "/var/lib/crater-agent-workspace/rustup-home:/opt/rustwide/rustup-home:ro,Z" "-e" "SOURCE_DIR=/opt/rustwide/workdir" "-e" "CARGO_TARGET_DIR=/opt/rustwide/target" "-e" "CARGO_INCREMENTAL=0" "-e" "RUST_BACKTRACE=full" "-e" "RUSTFLAGS=--cap-lints=warn" "-e" "RUSTDOCFLAGS=--cap-lints=warn" "-e" "CARGO_HOME=/opt/rustwide/cargo-home" "-e" "RUSTUP_HOME=/opt/rustwide/rustup-home" "-w" "/opt/rustwide/workdir" "-m" "1610612736" "--user" "0:0" "--network" "none" "ghcr.io/rust-lang/crates-build-env/linux@sha256:2788e3201cd34a07e3172128adcd8b3090168a8e3bcc40d7c032b9dda1df7d1c" "/opt/rustwide/cargo-home/bin/cargo" "+beta-2023-12-22" "test" "--frozen", kill_on_drop: false }`
[INFO] [stdout] 502d6794720d09a8e30d8c701ee77e678184f5b7c3be12d218af9e7716a367db
[INFO] running `Command { std: "docker" "start" "-a" "502d6794720d09a8e30d8c701ee77e678184f5b7c3be12d218af9e7716a367db", kill_on_drop: false }`
[INFO] [stderr] warning: unused import: `anyhow`
[INFO] [stderr]  --> src/error.rs:1:18
[INFO] [stderr]   |
[INFO] [stderr] 1 | pub use anyhow::{anyhow, bail, ensure, Error};
[INFO] [stderr]   |                  ^^^^^^
[INFO] [stderr]   |
[INFO] [stderr]   = note: `#[warn(unused_imports)]` on by default
[INFO] [stderr] 
[INFO] [stderr] warning: `jwt-simple` (lib) generated 1 warning (run `cargo fix --lib -p jwt-simple` to apply 1 suggestion)
[INFO] [stderr] warning: `jwt-simple` (lib test) generated 1 warning (1 duplicate)
[INFO] [stderr]     Finished test [unoptimized + debuginfo] target(s) in 0.07s
[INFO] [stderr]      Running unittests src/lib.rs (/opt/rustwide/target/debug/deps/jwt_simple-203a4144c89c4060)
[INFO] [stdout] 
[INFO] [stdout] running 18 tests
[INFO] [stdout] test claims::tests::parse_floating_point_unix_time ... ok
[INFO] [stdout] test claims::tests::should_set_standard_claims ... ok
[INFO] [stdout] test claims::tests::should_tolerate_clock_drift ... ok
[INFO] [stdout] test tests::eddsa_pem ... ok
[INFO] [stdout] test tests::hs384 ... ok
[INFO] [stdout] test tests::require_nonce ... ok
[INFO] [stdout] test tests::ed25519_der ... ok
[INFO] [stdout] test token::multiple_audiences ... ok
[INFO] [stdout] test tests::ed25519 ... ok
[INFO] [stdout] test token::should_verify_token ... ok
[INFO] [stdout] test token::explicitly_empty_audiences ... ok
[INFO] [stdout] test tests::key_metadata ... ok
[INFO] [stdout] test tests::es256k ... ok
[INFO] [stdout] test tests::rs256 ... ok
[INFO] [stdout] test tests::es256 ... ok
[INFO] [stdout] test tests::ps384 ... ok
[INFO] [stdout] test tests::es384 ... ok
[INFO] [stdout] test tests::expired_token ... ok
[INFO] [stdout] 
[INFO] [stdout] test result: ok. 18 passed; 0 failed; 0 ignored; 0 measured; 0 filtered out; finished in 2.00s
[INFO] [stdout] 
[INFO] [stderr]    Doc-tests jwt-simple
[INFO] [stdout] 
[INFO] [stdout] running 14 tests
[INFO] [stdout] test src/lib.rs - (line 173) - compile ... ok
[INFO] [stdout] test src/lib.rs - (line 51) ... ok
[INFO] [stdout] test src/lib.rs - (line 150) ... FAILED
[INFO] [stdout] test src/lib.rs - (line 77) ... FAILED
[INFO] [stdout] test src/lib.rs - (line 189) ... ok
[INFO] [stdout] test src/lib.rs - (line 221) ... ok
[INFO] [stdout] test src/lib.rs - (line 290) ... ok
[INFO] [stdout] test src/lib.rs - (line 281) ... ok
[INFO] [stdout] test src/lib.rs - (line 264) ... ok
[INFO] [stdout] test src/lib.rs - (line 65) ... ok
[INFO] [stdout] test src/lib.rs - (line 201) ... ok
[INFO] [stdout] test src/lib.rs - (line 113) ... ok
[INFO] [stdout] test src/lib.rs - (line 231) ... ok
[INFO] [stdout] test src/lib.rs - (line 91) ... ok
[INFO] [stdout] 
[INFO] [stdout] failures:
[INFO] [stdout] 
[INFO] [stdout] ---- src/lib.rs - (line 150) stdout ----
[INFO] [stdout] error: linking with `cc` failed: exit status: 1
[INFO] [stdout]   |
[INFO] [stdout]   = note: LC_ALL="C" PATH="/opt/rustwide/rustup-home/toolchains/beta-2023-12-22-x86_64-unknown-linux-gnu/lib/rustlib/x86_64-unknown-linux-gnu/bin:/opt/rustwide/cargo-home/bin:/usr/local/sbin:/usr/local/bin:/usr/sbin:/usr/bin:/sbin:/bin" VSLANG="1033" "cc" "-m64" "/tmp/rustcyMjSYM/symbols.o" "/tmp/rustdoctestr1kZDU/rust_out.rust_out.1380c8ea7c88b8e2-cgu.0.rcgu.o" "/tmp/rustdoctestr1kZDU/rust_out.3lr6z6385pynyhem.rcgu.o" "-Wl,--as-needed" "-L" "/opt/rustwide/target/debug/deps" "-L" "/opt/rustwide/target/debug/deps" "-L" "/opt/rustwide/target/debug/build/boring-sys-52e421c5222d06f7/out/build/" "-L" "/opt/rustwide/target/debug/build/precision-53e9e05c7bdb6a85/out" "-L" "/opt/rustwide/rustup-home/toolchains/beta-2023-12-22-x86_64-unknown-linux-gnu/lib/rustlib/x86_64-unknown-linux-gnu/lib" "-Wl,-Bstatic" "/opt/rustwide/target/debug/deps/libjwt_simple-d3b7368e51d971f6.rlib" "/opt/rustwide/target/debug/deps/libed25519_compact-c5dce0dd62e78677.rlib" "/opt/rustwide/target/debug/deps/libthiserror-9e92442654f9ad90.rlib" "/opt/rustwide/target/debug/deps/libserde_json-470d0f52725b2c76.rlib" "/opt/rustwide/target/debug/deps/libryu-4b03a7708da1319d.rlib" "/opt/rustwide/target/debug/deps/libitoa-34968a9f29c36fec.rlib" "/opt/rustwide/target/debug/deps/libanyhow-5d20277346359413.rlib" "/opt/rustwide/target/debug/deps/libcoarsetime-73f4b1bf8c250e62.rlib" "/opt/rustwide/target/debug/deps/libboring-3ddd50a0eb25e4ba.rlib" "/opt/rustwide/target/debug/deps/libboring_sys-dbbf135288c94720.rlib" "/opt/rustwide/target/debug/deps/libforeign_types-3a688f58ffd2df0a.rlib" "/opt/rustwide/target/debug/deps/libforeign_types_shared-a43bc72ff30246ad.rlib" "/opt/rustwide/target/debug/deps/libbitflags-ea1894d07953e9ad.rlib" "/opt/rustwide/target/debug/deps/librand-9a9a380aed76f358.rlib" "/opt/rustwide/target/debug/deps/librand_chacha-5fe752d90997464b.rlib" "/opt/rustwide/target/debug/deps/libppv_lite86-db48c90fa293bcfe.rlib" "/opt/rustwide/target/debug/deps/libhmac_sha512-f4c03fc3b460c62c.rlib" "/opt/rustwide/target/debug/deps/libp384-2ee18a27a79a89e6.rlib" "/opt/rustwide/target/debug/deps/libk256-7faeb384b6c2fb34.rlib" "/opt/rustwide/target/debug/deps/libonce_cell-334d739f4e3a4961.rlib" "/opt/rustwide/target/debug/deps/libp256-9e265d9873d43ea8.rlib" "/opt/rustwide/target/debug/deps/libsha2-30d181978329dbdf.rlib" "/opt/rustwide/target/debug/deps/libcpufeatures-6b5d33967087d885.rlib" "/opt/rustwide/target/debug/deps/libecdsa-44313a0736322304.rlib" "/opt/rustwide/target/debug/deps/librfc6979-bb5e2efdc41010f3.rlib" "/opt/rustwide/target/debug/deps/libsignature-db2cc18405a5f915.rlib" "/opt/rustwide/target/debug/deps/libprimeorder-c2e1b1ae3e354071.rlib" "/opt/rustwide/target/debug/deps/libelliptic_curve-9a985bc3a8d471a3.rlib" "/opt/rustwide/target/debug/deps/libsec1-585f183eb68b2e69.rlib" "/opt/rustwide/target/debug/deps/libpkcs8-d919234627c9f841.rlib" "/opt/rustwide/target/debug/deps/libspki-6e1a5cd4154fab60.rlib" "/opt/rustwide/target/debug/deps/libder-83279122af55b44e.rlib" "/opt/rustwide/target/debug/deps/libpem_rfc7468-2f75c48f98ead1d3.rlib" "/opt/rustwide/target/debug/deps/libbase64ct-3a5b263675befe64.rlib" "/opt/rustwide/target/debug/deps/libhkdf-3c76e079babb7ba8.rlib" "/opt/rustwide/target/debug/deps/libhmac-5fb7dfbc1c8fea39.rlib" "/opt/rustwide/target/debug/deps/libcrypto_bigint-749df6e4d74d7b2c.rlib" "/opt/rustwide/target/debug/deps/libbase16ct-424a1b5ae11715cb.rlib" "/opt/rustwide/target/debug/deps/libgroup-650d34887c6dc7a1.rlib" "/opt/rustwide/target/debug/deps/libff-003694b18035c17c.rlib" "/opt/rustwide/target/debug/deps/librand_core-99bbb1f92c906350.rlib" "/opt/rustwide/target/debug/deps/libgetrandom-9e565e6b02b2b159.rlib" "/opt/rustwide/target/debug/deps/liblibc-9bdc13f38078ecbe.rlib" "/opt/rustwide/target/debug/deps/libcfg_if-e7002d307f97bc56.rlib" "/opt/rustwide/target/debug/deps/libserde-c57784dd3a27a94c.rlib" "/opt/rustwide/target/debug/deps/libhmac_sha256-3d464cfd3c1eabc2.rlib" "/opt/rustwide/target/debug/deps/libdigest-7796dfb004e0acab.rlib" "/opt/rustwide/target/debug/deps/libsubtle-1eadd361a21d8e17.rlib" "/opt/rustwide/target/debug/deps/libconst_oid-fa489412cb0010c0.rlib" "/opt/rustwide/target/debug/deps/libblock_buffer-d00a91292bad7293.rlib" "/opt/rustwide/target/debug/deps/libcrypto_common-84e4a9ba773edcaa.rlib" "/opt/rustwide/target/debug/deps/libgeneric_array-8b390b5620fa09f5.rlib" "/opt/rustwide/target/debug/deps/libtypenum-b40ba058056b0bf8.rlib" "/opt/rustwide/target/debug/deps/libzeroize-184e930bc40b290b.rlib" "/opt/rustwide/target/debug/deps/libhmac_sha1_compact-dc16543282da556d.rlib" "/opt/rustwide/target/debug/deps/libct_codecs-aa49fefa15b5ab42.rlib" "/opt/rustwide/rustup-home/toolchains/beta-2023-12-22-x86_64-unknown-linux-gnu/lib/rustlib/x86_64-unknown-linux-gnu/lib/libstd-0672489a78b613de.rlib" "/opt/rustwide/rustup-home/toolchains/beta-2023-12-22-x86_64-unknown-linux-gnu/lib/rustlib/x86_64-unknown-linux-gnu/lib/libpanic_unwind-7eb3ffc34a49f675.rlib" "/opt/rustwide/rustup-home/toolchains/beta-2023-12-22-x86_64-unknown-linux-gnu/lib/rustlib/x86_64-unknown-linux-gnu/lib/libobject-6478a9daa4bee8e2.rlib" "/opt/rustwide/rustup-home/toolchains/beta-2023-12-22-x86_64-unknown-linux-gnu/lib/rustlib/x86_64-unknown-linux-gnu/lib/libmemchr-0c75d871a5c3923d.rlib" "/opt/rustwide/rustup-home/toolchains/beta-2023-12-22-x86_64-unknown-linux-gnu/lib/rustlib/x86_64-unknown-linux-gnu/lib/libaddr2line-d163ef63ad37bb71.rlib" "/opt/rustwide/rustup-home/toolchains/beta-2023-12-22-x86_64-unknown-linux-gnu/lib/rustlib/x86_64-unknown-linux-gnu/lib/libgimli-8a3fd810a85b9f4c.rlib" "/opt/rustwide/rustup-home/toolchains/beta-2023-12-22-x86_64-unknown-linux-gnu/lib/rustlib/x86_64-unknown-linux-gnu/lib/librustc_demangle-462a2cde8c5dfc10.rlib" "/opt/rustwide/rustup-home/toolchains/beta-2023-12-22-x86_64-unknown-linux-gnu/lib/rustlib/x86_64-unknown-linux-gnu/lib/libstd_detect-cb06ac9f54713f71.rlib" "/opt/rustwide/rustup-home/toolchains/beta-2023-12-22-x86_64-unknown-linux-gnu/lib/rustlib/x86_64-unknown-linux-gnu/lib/libhashbrown-f20bfd1f8e59b393.rlib" "/opt/rustwide/rustup-home/toolchains/beta-2023-12-22-x86_64-unknown-linux-gnu/lib/rustlib/x86_64-unknown-linux-gnu/lib/librustc_std_workspace_alloc-1ef460949b49da4b.rlib" "/opt/rustwide/rustup-home/toolchains/beta-2023-12-22-x86_64-unknown-linux-gnu/lib/rustlib/x86_64-unknown-linux-gnu/lib/libminiz_oxide-2cb0c0ffe4f87514.rlib" "/opt/rustwide/rustup-home/toolchains/beta-2023-12-22-x86_64-unknown-linux-gnu/lib/rustlib/x86_64-unknown-linux-gnu/lib/libadler-58d841eb322a11a2.rlib" "/opt/rustwide/rustup-home/toolchains/beta-2023-12-22-x86_64-unknown-linux-gnu/lib/rustlib/x86_64-unknown-linux-gnu/lib/libunwind-aa2ae0b0a9d11533.rlib" "/opt/rustwide/rustup-home/toolchains/beta-2023-12-22-x86_64-unknown-linux-gnu/lib/rustlib/x86_64-unknown-linux-gnu/lib/libcfg_if-23874e15830ed336.rlib" "/opt/rustwide/rustup-home/toolchains/beta-2023-12-22-x86_64-unknown-linux-gnu/lib/rustlib/x86_64-unknown-linux-gnu/lib/liblibc-e47cddc003bce885.rlib" "/opt/rustwide/rustup-home/toolchains/beta-2023-12-22-x86_64-unknown-linux-gnu/lib/rustlib/x86_64-unknown-linux-gnu/lib/liballoc-c22b13b48a8f128e.rlib" "/opt/rustwide/rustup-home/toolchains/beta-2023-12-22-x86_64-unknown-linux-gnu/lib/rustlib/x86_64-unknown-linux-gnu/lib/librustc_std_workspace_core-e46bc3da6d7c462f.rlib" "/opt/rustwide/rustup-home/toolchains/beta-2023-12-22-x86_64-unknown-linux-gnu/lib/rustlib/x86_64-unknown-linux-gnu/lib/libcore-8d1ac131d3cb2645.rlib" "/opt/rustwide/rustup-home/toolchains/beta-2023-12-22-x86_64-unknown-linux-gnu/lib/rustlib/x86_64-unknown-linux-gnu/lib/libcompiler_builtins-a1b43df8c6899c1f.rlib" "-Wl,-Bdynamic" "-lgcc_s" "-lutil" "-lrt" "-lpthread" "-lm" "-ldl" "-lc" "-Wl,--eh-frame-hdr" "-Wl,-z,noexecstack" "-L" "/opt/rustwide/rustup-home/toolchains/beta-2023-12-22-x86_64-unknown-linux-gnu/lib/rustlib/x86_64-unknown-linux-gnu/lib" "-o" "/tmp/rustdoctestr1kZDU/rust_out" "-Wl,--gc-sections" "-pie" "-Wl,-z,relro,-z,now" "-nodefaultlibs"
[INFO] [stdout]   = note: collect2: fatal error: ld terminated with signal 9 [Killed]
[INFO] [stdout]           compilation terminated.
[INFO] [stdout]           
[INFO] [stdout] 
[INFO] [stdout] error: aborting due to 1 previous error
[INFO] [stdout] 
[INFO] [stdout] Couldn't compile the test.
[INFO] [stdout] ---- src/lib.rs - (line 77) stdout ----
[INFO] [stdout] error: linking with `cc` failed: exit status: 1
[INFO] [stdout]   |
[INFO] [stdout]   = note: LC_ALL="C" PATH="/opt/rustwide/rustup-home/toolchains/beta-2023-12-22-x86_64-unknown-linux-gnu/lib/rustlib/x86_64-unknown-linux-gnu/bin:/opt/rustwide/cargo-home/bin:/usr/local/sbin:/usr/local/bin:/usr/sbin:/usr/bin:/sbin:/bin" VSLANG="1033" "cc" "-m64" "/tmp/rustckCrRDG/symbols.o" "/tmp/rustdoctestxtBTKH/rust_out.rust_out.1380c8ea7c88b8e2-cgu.0.rcgu.o" "/tmp/rustdoctestxtBTKH/rust_out.3lr6z6385pynyhem.rcgu.o" "-Wl,--as-needed" "-L" "/opt/rustwide/target/debug/deps" "-L" "/opt/rustwide/target/debug/deps" "-L" "/opt/rustwide/target/debug/build/boring-sys-52e421c5222d06f7/out/build/" "-L" "/opt/rustwide/target/debug/build/precision-53e9e05c7bdb6a85/out" "-L" "/opt/rustwide/rustup-home/toolchains/beta-2023-12-22-x86_64-unknown-linux-gnu/lib/rustlib/x86_64-unknown-linux-gnu/lib" "-Wl,-Bstatic" "/opt/rustwide/target/debug/deps/libjwt_simple-d3b7368e51d971f6.rlib" "/opt/rustwide/target/debug/deps/libed25519_compact-c5dce0dd62e78677.rlib" "/opt/rustwide/target/debug/deps/libthiserror-9e92442654f9ad90.rlib" "/opt/rustwide/target/debug/deps/libserde_json-470d0f52725b2c76.rlib" "/opt/rustwide/target/debug/deps/libryu-4b03a7708da1319d.rlib" "/opt/rustwide/target/debug/deps/libitoa-34968a9f29c36fec.rlib" "/opt/rustwide/target/debug/deps/libanyhow-5d20277346359413.rlib" "/opt/rustwide/target/debug/deps/libcoarsetime-73f4b1bf8c250e62.rlib" "/opt/rustwide/target/debug/deps/libboring-3ddd50a0eb25e4ba.rlib" "/opt/rustwide/target/debug/deps/libboring_sys-dbbf135288c94720.rlib" "/opt/rustwide/target/debug/deps/libforeign_types-3a688f58ffd2df0a.rlib" "/opt/rustwide/target/debug/deps/libforeign_types_shared-a43bc72ff30246ad.rlib" "/opt/rustwide/target/debug/deps/libbitflags-ea1894d07953e9ad.rlib" "/opt/rustwide/target/debug/deps/librand-9a9a380aed76f358.rlib" "/opt/rustwide/target/debug/deps/librand_chacha-5fe752d90997464b.rlib" "/opt/rustwide/target/debug/deps/libppv_lite86-db48c90fa293bcfe.rlib" "/opt/rustwide/target/debug/deps/libhmac_sha512-f4c03fc3b460c62c.rlib" "/opt/rustwide/target/debug/deps/libp384-2ee18a27a79a89e6.rlib" "/opt/rustwide/target/debug/deps/libk256-7faeb384b6c2fb34.rlib" "/opt/rustwide/target/debug/deps/libonce_cell-334d739f4e3a4961.rlib" "/opt/rustwide/target/debug/deps/libp256-9e265d9873d43ea8.rlib" "/opt/rustwide/target/debug/deps/libsha2-30d181978329dbdf.rlib" "/opt/rustwide/target/debug/deps/libcpufeatures-6b5d33967087d885.rlib" "/opt/rustwide/target/debug/deps/libecdsa-44313a0736322304.rlib" "/opt/rustwide/target/debug/deps/librfc6979-bb5e2efdc41010f3.rlib" "/opt/rustwide/target/debug/deps/libsignature-db2cc18405a5f915.rlib" "/opt/rustwide/target/debug/deps/libprimeorder-c2e1b1ae3e354071.rlib" "/opt/rustwide/target/debug/deps/libelliptic_curve-9a985bc3a8d471a3.rlib" "/opt/rustwide/target/debug/deps/libsec1-585f183eb68b2e69.rlib" "/opt/rustwide/target/debug/deps/libpkcs8-d919234627c9f841.rlib" "/opt/rustwide/target/debug/deps/libspki-6e1a5cd4154fab60.rlib" "/opt/rustwide/target/debug/deps/libder-83279122af55b44e.rlib" "/opt/rustwide/target/debug/deps/libpem_rfc7468-2f75c48f98ead1d3.rlib" "/opt/rustwide/target/debug/deps/libbase64ct-3a5b263675befe64.rlib" "/opt/rustwide/target/debug/deps/libhkdf-3c76e079babb7ba8.rlib" "/opt/rustwide/target/debug/deps/libhmac-5fb7dfbc1c8fea39.rlib" "/opt/rustwide/target/debug/deps/libcrypto_bigint-749df6e4d74d7b2c.rlib" "/opt/rustwide/target/debug/deps/libbase16ct-424a1b5ae11715cb.rlib" "/opt/rustwide/target/debug/deps/libgroup-650d34887c6dc7a1.rlib" "/opt/rustwide/target/debug/deps/libff-003694b18035c17c.rlib" "/opt/rustwide/target/debug/deps/librand_core-99bbb1f92c906350.rlib" "/opt/rustwide/target/debug/deps/libgetrandom-9e565e6b02b2b159.rlib" "/opt/rustwide/target/debug/deps/liblibc-9bdc13f38078ecbe.rlib" "/opt/rustwide/target/debug/deps/libcfg_if-e7002d307f97bc56.rlib" "/opt/rustwide/target/debug/deps/libserde-c57784dd3a27a94c.rlib" "/opt/rustwide/target/debug/deps/libhmac_sha256-3d464cfd3c1eabc2.rlib" "/opt/rustwide/target/debug/deps/libdigest-7796dfb004e0acab.rlib" "/opt/rustwide/target/debug/deps/libsubtle-1eadd361a21d8e17.rlib" "/opt/rustwide/target/debug/deps/libconst_oid-fa489412cb0010c0.rlib" "/opt/rustwide/target/debug/deps/libblock_buffer-d00a91292bad7293.rlib" "/opt/rustwide/target/debug/deps/libcrypto_common-84e4a9ba773edcaa.rlib" "/opt/rustwide/target/debug/deps/libgeneric_array-8b390b5620fa09f5.rlib" "/opt/rustwide/target/debug/deps/libtypenum-b40ba058056b0bf8.rlib" "/opt/rustwide/target/debug/deps/libzeroize-184e930bc40b290b.rlib" "/opt/rustwide/target/debug/deps/libhmac_sha1_compact-dc16543282da556d.rlib" "/opt/rustwide/target/debug/deps/libct_codecs-aa49fefa15b5ab42.rlib" "/opt/rustwide/rustup-home/toolchains/beta-2023-12-22-x86_64-unknown-linux-gnu/lib/rustlib/x86_64-unknown-linux-gnu/lib/libstd-0672489a78b613de.rlib" "/opt/rustwide/rustup-home/toolchains/beta-2023-12-22-x86_64-unknown-linux-gnu/lib/rustlib/x86_64-unknown-linux-gnu/lib/libpanic_unwind-7eb3ffc34a49f675.rlib" "/opt/rustwide/rustup-home/toolchains/beta-2023-12-22-x86_64-unknown-linux-gnu/lib/rustlib/x86_64-unknown-linux-gnu/lib/libobject-6478a9daa4bee8e2.rlib" "/opt/rustwide/rustup-home/toolchains/beta-2023-12-22-x86_64-unknown-linux-gnu/lib/rustlib/x86_64-unknown-linux-gnu/lib/libmemchr-0c75d871a5c3923d.rlib" "/opt/rustwide/rustup-home/toolchains/beta-2023-12-22-x86_64-unknown-linux-gnu/lib/rustlib/x86_64-unknown-linux-gnu/lib/libaddr2line-d163ef63ad37bb71.rlib" "/opt/rustwide/rustup-home/toolchains/beta-2023-12-22-x86_64-unknown-linux-gnu/lib/rustlib/x86_64-unknown-linux-gnu/lib/libgimli-8a3fd810a85b9f4c.rlib" "/opt/rustwide/rustup-home/toolchains/beta-2023-12-22-x86_64-unknown-linux-gnu/lib/rustlib/x86_64-unknown-linux-gnu/lib/librustc_demangle-462a2cde8c5dfc10.rlib" "/opt/rustwide/rustup-home/toolchains/beta-2023-12-22-x86_64-unknown-linux-gnu/lib/rustlib/x86_64-unknown-linux-gnu/lib/libstd_detect-cb06ac9f54713f71.rlib" "/opt/rustwide/rustup-home/toolchains/beta-2023-12-22-x86_64-unknown-linux-gnu/lib/rustlib/x86_64-unknown-linux-gnu/lib/libhashbrown-f20bfd1f8e59b393.rlib" "/opt/rustwide/rustup-home/toolchains/beta-2023-12-22-x86_64-unknown-linux-gnu/lib/rustlib/x86_64-unknown-linux-gnu/lib/librustc_std_workspace_alloc-1ef460949b49da4b.rlib" "/opt/rustwide/rustup-home/toolchains/beta-2023-12-22-x86_64-unknown-linux-gnu/lib/rustlib/x86_64-unknown-linux-gnu/lib/libminiz_oxide-2cb0c0ffe4f87514.rlib" "/opt/rustwide/rustup-home/toolchains/beta-2023-12-22-x86_64-unknown-linux-gnu/lib/rustlib/x86_64-unknown-linux-gnu/lib/libadler-58d841eb322a11a2.rlib" "/opt/rustwide/rustup-home/toolchains/beta-2023-12-22-x86_64-unknown-linux-gnu/lib/rustlib/x86_64-unknown-linux-gnu/lib/libunwind-aa2ae0b0a9d11533.rlib" "/opt/rustwide/rustup-home/toolchains/beta-2023-12-22-x86_64-unknown-linux-gnu/lib/rustlib/x86_64-unknown-linux-gnu/lib/libcfg_if-23874e15830ed336.rlib" "/opt/rustwide/rustup-home/toolchains/beta-2023-12-22-x86_64-unknown-linux-gnu/lib/rustlib/x86_64-unknown-linux-gnu/lib/liblibc-e47cddc003bce885.rlib" "/opt/rustwide/rustup-home/toolchains/beta-2023-12-22-x86_64-unknown-linux-gnu/lib/rustlib/x86_64-unknown-linux-gnu/lib/liballoc-c22b13b48a8f128e.rlib" "/opt/rustwide/rustup-home/toolchains/beta-2023-12-22-x86_64-unknown-linux-gnu/lib/rustlib/x86_64-unknown-linux-gnu/lib/librustc_std_workspace_core-e46bc3da6d7c462f.rlib" "/opt/rustwide/rustup-home/toolchains/beta-2023-12-22-x86_64-unknown-linux-gnu/lib/rustlib/x86_64-unknown-linux-gnu/lib/libcore-8d1ac131d3cb2645.rlib" "/opt/rustwide/rustup-home/toolchains/beta-2023-12-22-x86_64-unknown-linux-gnu/lib/rustlib/x86_64-unknown-linux-gnu/lib/libcompiler_builtins-a1b43df8c6899c1f.rlib" "-Wl,-Bdynamic" "-lgcc_s" "-lutil" "-lrt" "-lpthread" "-lm" "-ldl" "-lc" "-Wl,--eh-frame-hdr" "-Wl,-z,noexecstack" "-L" "/opt/rustwide/rustup-home/toolchains/beta-2023-12-22-x86_64-unknown-linux-gnu/lib/rustlib/x86_64-unknown-linux-gnu/lib" "-o" "/tmp/rustdoctestxtBTKH/rust_out" "-Wl,--gc-sections" "-pie" "-Wl,-z,relro,-z,now" "-nodefaultlibs"
[INFO] [stdout]   = note: collect2: fatal error: ld terminated with signal 9 [Killed]
[INFO] [stdout]           compilation terminated.
[INFO] [stdout]           
[INFO] [stdout] 
[INFO] [stdout] error: aborting due to 1 previous error
[INFO] [stdout] 
[INFO] [stdout] Couldn't compile the test.
[INFO] [stdout] 
[INFO] [stdout] failures:
[INFO] [stdout]     src/lib.rs - (line 150)
[INFO] [stdout]     src/lib.rs - (line 77)
[INFO] [stdout] 
[INFO] [stdout] test result: FAILED. 12 passed; 2 failed; 0 ignored; 0 measured; 0 filtered out; finished in 2.17s
[INFO] [stdout] 
[INFO] [stderr] error: doctest failed, to rerun pass `--doc`
[INFO] running `Command { std: "docker" "inspect" "502d6794720d09a8e30d8c701ee77e678184f5b7c3be12d218af9e7716a367db", kill_on_drop: false }`
[INFO] running `Command { std: "docker" "rm" "-f" "502d6794720d09a8e30d8c701ee77e678184f5b7c3be12d218af9e7716a367db", kill_on_drop: false }`
[INFO] [stdout] 502d6794720d09a8e30d8c701ee77e678184f5b7c3be12d218af9e7716a367db
