[INFO] fetching crate just 1.16.0...
[INFO] testing just-1.16.0 against 1.75.0 for beta-1.76-1
[INFO] extracting crate just 1.16.0 into /workspace/builds/worker-7-tc1/source
[INFO] validating manifest of crates.io crate just 1.16.0 on toolchain 1.75.0
[INFO] running `Command { std: CARGO_HOME="/workspace/cargo-home" RUSTUP_HOME="/workspace/rustup-home" "/workspace/cargo-home/bin/cargo" "+1.75.0" "metadata" "--manifest-path" "Cargo.toml" "--no-deps", kill_on_drop: false }`
[INFO] started tweaking crates.io crate just 1.16.0
[INFO] removed 0 missing tests
[INFO] finished tweaking crates.io crate just 1.16.0
[INFO] tweaked toml for crates.io crate just 1.16.0 written to /workspace/builds/worker-7-tc1/source/Cargo.toml
[INFO] crate crates.io crate just 1.16.0 already has a lockfile, it will not be regenerated
[INFO] running `Command { std: CARGO_HOME="/workspace/cargo-home" RUSTUP_HOME="/workspace/rustup-home" "/workspace/cargo-home/bin/cargo" "+1.75.0" "fetch" "--manifest-path" "Cargo.toml", kill_on_drop: false }`
[INFO] [stderr]     Blocking waiting for file lock on package cache
[INFO] [stderr]     Updating crates.io index
[INFO] [stderr]  Downloading crates ...
[INFO] [stderr]   Downloaded which v5.0.0
[INFO] [stderr]   Downloaded target v2.0.0
[INFO] [stderr]   Downloaded lexiclean v0.0.1
[INFO] [stderr]   Downloaded ctrlc v3.4.1
[INFO] [stderr]   Downloaded executable-path v1.0.0
[INFO] [stderr]   Downloaded temptree v0.2.0
[INFO] [stderr]   Downloaded cradle v0.2.2
[INFO] running `Command { std: "docker" "create" "-v" "/var/lib/crater-agent-workspace/builds/worker-7-tc1/target:/opt/rustwide/target:rw,Z" "-v" "/var/lib/crater-agent-workspace/builds/worker-7-tc1/source:/opt/rustwide/workdir:ro,Z" "-v" "/var/lib/crater-agent-workspace/cargo-home:/opt/rustwide/cargo-home:ro,Z" "-v" "/var/lib/crater-agent-workspace/rustup-home:/opt/rustwide/rustup-home:ro,Z" "-e" "SOURCE_DIR=/opt/rustwide/workdir" "-e" "CARGO_TARGET_DIR=/opt/rustwide/target" "-e" "CARGO_HOME=/opt/rustwide/cargo-home" "-e" "RUSTUP_HOME=/opt/rustwide/rustup-home" "-w" "/opt/rustwide/workdir" "-m" "1610612736" "--user" "0:0" "--network" "none" "ghcr.io/rust-lang/crates-build-env/linux@sha256:2788e3201cd34a07e3172128adcd8b3090168a8e3bcc40d7c032b9dda1df7d1c" "/opt/rustwide/cargo-home/bin/cargo" "+1.75.0" "metadata" "--no-deps" "--format-version=1", kill_on_drop: false }`
[INFO] [stdout] 15f35dbaebbe4bdae81befe705a1164d5a1bd75d042529ef1c58ab90e4cfefda
[INFO] running `Command { std: "docker" "start" "-a" "15f35dbaebbe4bdae81befe705a1164d5a1bd75d042529ef1c58ab90e4cfefda", kill_on_drop: false }`
[INFO] running `Command { std: "docker" "inspect" "15f35dbaebbe4bdae81befe705a1164d5a1bd75d042529ef1c58ab90e4cfefda", kill_on_drop: false }`
[INFO] running `Command { std: "docker" "rm" "-f" "15f35dbaebbe4bdae81befe705a1164d5a1bd75d042529ef1c58ab90e4cfefda", kill_on_drop: false }`
[INFO] [stdout] 15f35dbaebbe4bdae81befe705a1164d5a1bd75d042529ef1c58ab90e4cfefda
[INFO] running `Command { std: "docker" "create" "-v" "/var/lib/crater-agent-workspace/builds/worker-7-tc1/target:/opt/rustwide/target:rw,Z" "-v" "/var/lib/crater-agent-workspace/builds/worker-7-tc1/source:/opt/rustwide/workdir:ro,Z" "-v" "/var/lib/crater-agent-workspace/cargo-home:/opt/rustwide/cargo-home:ro,Z" "-v" "/var/lib/crater-agent-workspace/rustup-home:/opt/rustwide/rustup-home:ro,Z" "-e" "SOURCE_DIR=/opt/rustwide/workdir" "-e" "CARGO_TARGET_DIR=/opt/rustwide/target" "-e" "CARGO_INCREMENTAL=0" "-e" "RUST_BACKTRACE=full" "-e" "RUSTFLAGS=--cap-lints=warn" "-e" "RUSTDOCFLAGS=--cap-lints=warn" "-e" "CARGO_HOME=/opt/rustwide/cargo-home" "-e" "RUSTUP_HOME=/opt/rustwide/rustup-home" "-w" "/opt/rustwide/workdir" "-m" "1610612736" "--user" "0:0" "--network" "none" "ghcr.io/rust-lang/crates-build-env/linux@sha256:2788e3201cd34a07e3172128adcd8b3090168a8e3bcc40d7c032b9dda1df7d1c" "/opt/rustwide/cargo-home/bin/cargo" "+1.75.0" "build" "--frozen" "--message-format=json", kill_on_drop: false }`
[INFO] [stdout] 7983086fa62199dc0b99045a34f9a6754c633467cbeb330a8b25cfcf35aba9cd
[INFO] running `Command { std: "docker" "start" "-a" "7983086fa62199dc0b99045a34f9a6754c633467cbeb330a8b25cfcf35aba9cd", kill_on_drop: false }`
[INFO] [stderr]    Compiling proc-macro2 v1.0.69
[INFO] [stderr]    Compiling unicode-ident v1.0.12
[INFO] [stderr]    Compiling libc v0.2.150
[INFO] [stderr]    Compiling typenum v1.17.0
[INFO] [stderr]    Compiling version_check v0.9.4
[INFO] [stderr]    Compiling bitflags v2.4.1
[INFO] [stderr]    Compiling memchr v2.6.4
[INFO] [stderr]    Compiling cfg-if v1.0.0
[INFO] [stderr]    Compiling rustix v0.38.21
[INFO] [stderr]    Compiling syn v1.0.109
[INFO] [stderr]    Compiling linux-raw-sys v0.4.11
[INFO] [stderr]    Compiling rustversion v1.0.14
[INFO] [stderr]    Compiling heck v0.4.1
[INFO] [stderr]    Compiling doc-comment v0.3.3
[INFO] [stderr]    Compiling serde v1.0.192
[INFO] [stderr]    Compiling regex-syntax v0.8.2
[INFO] [stderr]    Compiling camino v1.1.6
[INFO] [stderr]    Compiling regex-automata v0.1.10
[INFO] [stderr]    Compiling lazy_static v1.4.0
[INFO] [stderr]    Compiling semver v1.0.20
[INFO] [stderr]    Compiling unicode-width v0.1.11
[INFO] [stderr]    Compiling generic-array v0.14.7
[INFO] [stderr]    Compiling serde_json v1.0.108
[INFO] [stderr]    Compiling unicode-segmentation v1.10.1
[INFO] [stderr]    Compiling vec_map v0.8.2
[INFO] [stderr]    Compiling ansi_term v0.12.1
[INFO] [stderr]    Compiling itoa v1.0.9
[INFO] [stderr]    Compiling log v0.4.20
[INFO] [stderr]    Compiling aho-corasick v1.1.2
[INFO] [stderr]    Compiling bstr v0.2.17
[INFO] [stderr]    Compiling termcolor v1.3.0
[INFO] [stderr]    Compiling quote v1.0.33
[INFO] [stderr]    Compiling cpufeatures v0.2.11
[INFO] [stderr]    Compiling ryu v1.0.15
[INFO] [stderr]    Compiling bitflags v1.3.2
[INFO] [stderr]    Compiling fastrand v2.0.1
[INFO] [stderr]    Compiling strsim v0.8.0
[INFO] [stderr]    Compiling humantime v2.1.0
[INFO] [stderr]    Compiling syn v2.0.39
[INFO] [stderr]    Compiling similar v2.3.0
[INFO] [stderr]    Compiling target v2.0.0
[INFO] [stderr]    Compiling lexiclean v0.0.1
[INFO] [stderr]    Compiling edit-distance v2.1.0
[INFO] [stderr]    Compiling typed-arena v2.0.2
[INFO] [stderr]    Compiling dotenvy v0.15.7
[INFO] [stderr]    Compiling term_size v0.3.2
[INFO] [stderr]    Compiling nix v0.27.1
[INFO] [stderr]    Compiling getrandom v0.2.11
[INFO] [stderr]    Compiling textwrap v0.11.0
[INFO] [stderr]    Compiling atty v0.2.14
[INFO] [stderr]    Compiling regex-automata v0.4.3
[INFO] [stderr]    Compiling clap v2.34.0
[INFO] [stderr]    Compiling uuid v1.5.0
[INFO] [stderr]    Compiling num_cpus v1.16.0
[INFO] [stderr]    Compiling block-buffer v0.10.4
[INFO] [stderr]    Compiling crypto-common v0.1.6
[INFO] [stderr]    Compiling digest v0.10.7
[INFO] [stderr]    Compiling sha2 v0.10.8
[INFO] [stderr]    Compiling is-terminal v0.4.9
[INFO] [stderr]    Compiling tempfile v3.8.1
[INFO] [stderr]    Compiling ctrlc v3.4.1
[INFO] [stderr]    Compiling serde_derive v1.0.192
[INFO] [stderr]    Compiling strum_macros v0.25.3
[INFO] [stderr]    Compiling regex v1.10.2
[INFO] [stderr]    Compiling env_logger v0.10.0
[INFO] [stderr]    Compiling strum v0.25.0
[INFO] [stderr]    Compiling snafu-derive v0.7.5
[INFO] [stderr]    Compiling derivative v2.2.0
[INFO] [stderr]    Compiling snafu v0.7.5
[INFO] [stderr]    Compiling just v1.16.0 (/opt/rustwide/workdir)
[INFO] [stdout] warning: multiple patterns overlap on their endpoints
[INFO] [stdout]   --> src/thunk.rs:91:42
[INFO] [stdout]    |
[INFO] [stdout] 70 |         (Function::UnaryOpt(function), 1..=2) => {
[INFO] [stdout]    |                                        ----- this range overlaps on `2_usize`...
[INFO] [stdout] ...
[INFO] [stdout] 91 |         (Function::BinaryPlus(function), 2..=usize::MAX) => {
[INFO] [stdout]    |                                          ^^^^^^^^^^^^^^ ... with this range
[INFO] [stdout]    |
[INFO] [stdout]    = note: you likely meant to write mutually exclusive ranges
[INFO] [stdout]    = note: `#[warn(overlapping_range_endpoints)]` on by default
[INFO] [stdout] 
[INFO] [stdout] 
[INFO] [stdout] warning: 1 warning emitted
[INFO] [stdout] 
[INFO] [stdout] 
[INFO] [stderr]     Finished dev [unoptimized + debuginfo] target(s) in 13.21s
[INFO] running `Command { std: "docker" "inspect" "7983086fa62199dc0b99045a34f9a6754c633467cbeb330a8b25cfcf35aba9cd", kill_on_drop: false }`
[INFO] running `Command { std: "docker" "rm" "-f" "7983086fa62199dc0b99045a34f9a6754c633467cbeb330a8b25cfcf35aba9cd", kill_on_drop: false }`
[INFO] [stdout] 7983086fa62199dc0b99045a34f9a6754c633467cbeb330a8b25cfcf35aba9cd
[INFO] running `Command { std: "docker" "create" "-v" "/var/lib/crater-agent-workspace/builds/worker-7-tc1/target:/opt/rustwide/target:rw,Z" "-v" "/var/lib/crater-agent-workspace/builds/worker-7-tc1/source:/opt/rustwide/workdir:ro,Z" "-v" "/var/lib/crater-agent-workspace/cargo-home:/opt/rustwide/cargo-home:ro,Z" "-v" "/var/lib/crater-agent-workspace/rustup-home:/opt/rustwide/rustup-home:ro,Z" "-e" "SOURCE_DIR=/opt/rustwide/workdir" "-e" "CARGO_TARGET_DIR=/opt/rustwide/target" "-e" "CARGO_INCREMENTAL=0" "-e" "RUST_BACKTRACE=full" "-e" "RUSTFLAGS=--cap-lints=warn" "-e" "RUSTDOCFLAGS=--cap-lints=warn" "-e" "CARGO_HOME=/opt/rustwide/cargo-home" "-e" "RUSTUP_HOME=/opt/rustwide/rustup-home" "-w" "/opt/rustwide/workdir" "-m" "1610612736" "--user" "0:0" "--network" "none" "ghcr.io/rust-lang/crates-build-env/linux@sha256:2788e3201cd34a07e3172128adcd8b3090168a8e3bcc40d7c032b9dda1df7d1c" "/opt/rustwide/cargo-home/bin/cargo" "+1.75.0" "test" "--frozen" "--no-run" "--message-format=json", kill_on_drop: false }`
[INFO] [stdout] 807e093386d520e7b96ae510cc98d315ed149c373142148a9ab083b8a546e034
[INFO] running `Command { std: "docker" "start" "-a" "807e093386d520e7b96ae510cc98d315ed149c373142148a9ab083b8a546e034", kill_on_drop: false }`
[INFO] [stderr]    Compiling yansi v0.5.1
[INFO] [stderr]    Compiling either v1.9.0
[INFO] [stderr]    Compiling diff v0.1.13
[INFO] [stderr]    Compiling home v0.5.5
[INFO] [stderr]    Compiling linked-hash-map v0.5.6
[INFO] [stderr]    Compiling cradle v0.2.2
[INFO] [stderr]    Compiling temptree v0.2.0
[INFO] [stderr]    Compiling executable-path v1.0.0
[INFO] [stdout] warning: multiple patterns overlap on their endpoints
[INFO] [stdout]   --> src/thunk.rs:91:42
[INFO] [stdout]    |
[INFO] [stdout] 70 |         (Function::UnaryOpt(function), 1..=2) => {
[INFO] [stdout]    |                                        ----- this range overlaps on `2_usize`...
[INFO] [stdout] ...
[INFO] [stdout] 91 |         (Function::BinaryPlus(function), 2..=usize::MAX) => {
[INFO] [stdout]    |                                          ^^^^^^^^^^^^^^ ... with this range
[INFO] [stdout]    |
[INFO] [stdout]    = note: you likely meant to write mutually exclusive ranges
[INFO] [stdout]    = note: `#[warn(overlapping_range_endpoints)]` on by default
[INFO] [stdout] 
[INFO] [stdout] 
[INFO] [stdout] warning: 1 warning emitted
[INFO] [stdout] 
[INFO] [stdout] 
[INFO] [stderr]    Compiling pretty_assertions v1.4.0
[INFO] [stderr]    Compiling which v5.0.0
[INFO] [stderr]    Compiling yaml-rust v0.4.5
[INFO] [stderr]    Compiling just v1.16.0 (/opt/rustwide/workdir)
[INFO] [stdout] warning: multiple patterns overlap on their endpoints
[INFO] [stdout]   --> src/thunk.rs:91:42
[INFO] [stdout]    |
[INFO] [stdout] 70 |         (Function::UnaryOpt(function), 1..=2) => {
[INFO] [stdout]    |                                        ----- this range overlaps on `2_usize`...
[INFO] [stdout] ...
[INFO] [stdout] 91 |         (Function::BinaryPlus(function), 2..=usize::MAX) => {
[INFO] [stdout]    |                                          ^^^^^^^^^^^^^^ ... with this range
[INFO] [stdout]    |
[INFO] [stdout]    = note: you likely meant to write mutually exclusive ranges
[INFO] [stdout]    = note: `#[warn(overlapping_range_endpoints)]` on by default
[INFO] [stdout] 
[INFO] [stdout] 
[INFO] [stdout] warning: 1 warning emitted
[INFO] [stdout] 
[INFO] [stdout] 
[INFO] [stderr]     Finished test [unoptimized + debuginfo] target(s) in 5.07s
[INFO] running `Command { std: "docker" "inspect" "807e093386d520e7b96ae510cc98d315ed149c373142148a9ab083b8a546e034", kill_on_drop: false }`
[INFO] running `Command { std: "docker" "rm" "-f" "807e093386d520e7b96ae510cc98d315ed149c373142148a9ab083b8a546e034", kill_on_drop: false }`
[INFO] [stdout] 807e093386d520e7b96ae510cc98d315ed149c373142148a9ab083b8a546e034
[INFO] running `Command { std: "docker" "create" "-v" "/var/lib/crater-agent-workspace/builds/worker-7-tc1/target:/opt/rustwide/target:rw,Z" "-v" "/var/lib/crater-agent-workspace/builds/worker-7-tc1/source:/opt/rustwide/workdir:ro,Z" "-v" "/var/lib/crater-agent-workspace/cargo-home:/opt/rustwide/cargo-home:ro,Z" "-v" "/var/lib/crater-agent-workspace/rustup-home:/opt/rustwide/rustup-home:ro,Z" "-e" "SOURCE_DIR=/opt/rustwide/workdir" "-e" "CARGO_TARGET_DIR=/opt/rustwide/target" "-e" "CARGO_INCREMENTAL=0" "-e" "RUST_BACKTRACE=full" "-e" "RUSTFLAGS=--cap-lints=warn" "-e" "RUSTDOCFLAGS=--cap-lints=warn" "-e" "CARGO_HOME=/opt/rustwide/cargo-home" "-e" "RUSTUP_HOME=/opt/rustwide/rustup-home" "-w" "/opt/rustwide/workdir" "-m" "1610612736" "--user" "0:0" "--network" "none" "ghcr.io/rust-lang/crates-build-env/linux@sha256:2788e3201cd34a07e3172128adcd8b3090168a8e3bcc40d7c032b9dda1df7d1c" "/opt/rustwide/cargo-home/bin/cargo" "+1.75.0" "test" "--frozen", kill_on_drop: false }`
[INFO] [stdout] ceb70057c2c9d8f70d0f97d206354d1e514f4a5d7778b22307da7df5cc840367
[INFO] running `Command { std: "docker" "start" "-a" "ceb70057c2c9d8f70d0f97d206354d1e514f4a5d7778b22307da7df5cc840367", kill_on_drop: false }`
[INFO] [stderr] warning: multiple patterns overlap on their endpoints
[INFO] [stderr]   --> src/thunk.rs:91:42
[INFO] [stderr]    |
[INFO] [stderr] 70 |         (Function::UnaryOpt(function), 1..=2) => {
[INFO] [stderr]    |                                        ----- this range overlaps on `2_usize`...
[INFO] [stderr] ...
[INFO] [stderr] 91 |         (Function::BinaryPlus(function), 2..=usize::MAX) => {
[INFO] [stderr]    |                                          ^^^^^^^^^^^^^^ ... with this range
[INFO] [stderr]    |
[INFO] [stderr]    = note: you likely meant to write mutually exclusive ranges
[INFO] [stderr]    = note: `#[warn(overlapping_range_endpoints)]` on by default
[INFO] [stderr] 
[INFO] [stderr] warning: `just` (lib) generated 1 warning
[INFO] [stderr] warning: `just` (lib test) generated 1 warning (1 duplicate)
[INFO] [stderr]     Finished test [unoptimized + debuginfo] target(s) in 0.04s
[INFO] [stderr]      Running unittests src/lib.rs (/opt/rustwide/target/debug/deps/just-07d5dc035f5647ac)
[INFO] [stdout] 
[INFO] [stdout] running 464 tests
[INFO] [stdout] test analyzer::tests::duplicate_alias ... ok
[INFO] [stdout] test analyzer::tests::duplicate_parameter ... ok
[INFO] [stdout] test analyzer::tests::duplicate_recipe ... ok
[INFO] [stdout] test analyzer::tests::required_after_default ... ok
[INFO] [stdout] test analyzer::tests::duplicate_variable ... ok
[INFO] [stdout] test analyzer::tests::unknown_alias_target ... ok
[INFO] [stdout] test assignment_resolver::tests::circular_variable_dependency ... ok
[INFO] [stdout] test analyzer::tests::alias_shadows_recipe_before ... ok
[INFO] [stdout] test analyzer::tests::alias_shadows_recipe_after ... ok
[INFO] [stdout] test assignment_resolver::tests::unknown_expression_variable ... ok
[INFO] [stdout] test analyzer::tests::duplicate_variadic_parameter ... ok
[INFO] [stdout] test assignment_resolver::tests::self_variable_dependency ... ok
[INFO] [stdout] test analyzer::tests::extra_whitespace ... ok
[INFO] [stdout] test assignment_resolver::tests::unknown_function_parameter_binary_second ... ok
[INFO] [stdout] test attribute::tests::to_str ... ok
[INFO] [stdout] test assignment_resolver::tests::unknown_function_parameter_binary_first ... ok
[INFO] [stdout] test assignment_resolver::tests::unknown_function_parameter ... ok
[INFO] [stdout] test config::tests::color_bad_value ... ok
[INFO] [stdout] test config::tests::dotenv_both_filename_and_path ... ok
[INFO] [stdout] test config::tests::dry_run_quiet ... ok
[INFO] [stdout] test config::tests::completions_arguments ... ok
[INFO] [stdout] test config::tests::dump_arguments ... ok
[INFO] [stdout] test config::tests::changelog_arguments ... ok
[INFO] [stdout] test config::tests::color_never ... ok
[INFO] [stdout] test config::tests::dry_run_long ... ok
[INFO] [stdout] test config::tests::color_default ... ok
[INFO] [stdout] test config::tests::color_always ... ok
[INFO] [stdout] test config::tests::dry_run_default ... ok
[INFO] [stdout] test config::tests::color_auto ... ok
[INFO] [stdout] test config::tests::dry_run_short ... ok
[INFO] [stdout] test config::tests::arguments_leading_equals ... ok
[INFO] [stdout] test config::tests::default_config ... ok
[INFO] [stdout] test config::tests::arguments ... ok
[INFO] [stdout] test config::tests::edit_arguments ... ok
[INFO] [stdout] test config::tests::list_arguments ... ok
[INFO] [stdout] test config::tests::fmt_arguments ... ok
[INFO] [stdout] test config::tests::init_arguments ... ok
[INFO] [stdout] test config::tests::dump_format ... ok
[INFO] [stdout] test config::tests::quiet_default ... ok
[INFO] [stdout] test config::tests::highlight_no_yes ... ok
[INFO] [stdout] test config::tests::highlight_yes_no ... ok
[INFO] [stdout] test config::tests::highlight_no_yes_no ... ok
[INFO] [stdout] test config::tests::overrides_empty ... ok
[INFO] [stdout] test config::tests::overrides_override_sets ... ok
[INFO] [stdout] test config::tests::highlight_yes ... ok
[INFO] [stdout] test config::tests::highlight_default ... ok
[INFO] [stdout] test config::tests::highlight_no ... ok
[INFO] [stdout] test config::tests::quiet_long ... ok
[INFO] [stdout] test config::tests::overrides ... ok
[INFO] [stdout] test config::tests::quiet_short ... ok
[INFO] [stdout] test config::tests::search_config_default ... ok
[INFO] [stdout] test config::tests::search_directory_conflict_justfile ... ok
[INFO] [stdout] test config::tests::search_directory_conflict_working_directory ... ok
[INFO] [stdout] test config::tests::set_bad ... ok
[INFO] [stdout] test config::tests::search_directory_child ... ok
[INFO] [stdout] test config::tests::set_empty ... ok
[INFO] [stdout] test config::tests::search_config_justfile_long ... ok
[INFO] [stdout] test config::tests::set_two ... ok
[INFO] [stdout] test config::tests::set_default ... ok
[INFO] [stdout] test config::tests::search_directory_deep ... ok
[INFO] [stdout] test config::tests::search_directory_parent_with_recipe ... ok
[INFO] [stdout] test config::tests::set_one ... ok
[INFO] [stdout] test config::tests::set_override ... ok
[INFO] [stdout] test config::tests::search_config_justfile_short ... ok
[INFO] [stdout] test config::tests::search_config_from_working_directory_and_justfile ... ok
[INFO] [stdout] test config::tests::search_directory_parent ... ok
[INFO] [stdout] test config::tests::search_directory_child_with_recipe ... ok
[INFO] [stdout] test config::tests::show_arguments ... ok
[INFO] [stdout] test config::tests::shell_args_default ... ok
[INFO] [stdout] test config::tests::shell_args_clear ... ok
[INFO] [stdout] test config::tests::shell_args_set_multiple_and_clear ... ok
[INFO] [stdout] test config::tests::shell_args_set ... ok
[INFO] [stdout] test config::tests::shell_args_set_and_clear ... ok
[INFO] [stdout] test config::tests::subcommand_completions ... ok
[INFO] [stdout] test config::tests::shell_args_set_multiple ... ok
[INFO] [stdout] test config::tests::subcommand_completions_invalid ... ok
[INFO] [stdout] test config::tests::shell_set ... ok
[INFO] [stdout] test config::tests::shell_default ... ok
[INFO] [stdout] test config::tests::shell_args_set_hyphen ... ok
[INFO] [stdout] test config::tests::subcommand_conflict_changelog ... ok
[INFO] [stdout] test config::tests::shell_args_clear_and_set ... ok
[INFO] [stdout] test config::tests::subcommand_completions_uppercase ... ok
[INFO] [stdout] test config::tests::shell_args_set_word ... ok
[INFO] [stdout] test config::tests::subcommand_conflict_show ... ok
[INFO] [stdout] test config::tests::subcommand_conflict_completions ... ok
[INFO] [stdout] test config::tests::subcommand_conflict_variables ... ok
[INFO] [stdout] test config::tests::subcommand_conflict_dump ... ok
[INFO] [stdout] test config::tests::subcommand_conflict_summary ... ok
[INFO] [stdout] test config::tests::subcommand_conflict_choose ... ok
[INFO] [stdout] test config::tests::subcommand_conflict_evaluate ... ok
[INFO] [stdout] test config::tests::subcommand_default ... ok
[INFO] [stdout] test config::tests::subcommand_conflict_fmt ... ok
[INFO] [stdout] test config::tests::subcommand_edit ... ok
[INFO] [stdout] test config::tests::subcommand_dump ... ok
[INFO] [stdout] test config::tests::subcommand_evaluate_overrides ... ok
[INFO] [stdout] test config::tests::subcommand_conflict_init ... ok
[INFO] [stdout] test config::tests::subcommand_overrides_and_arguments ... ok
[INFO] [stdout] test config::tests::summary_overrides ... ok
[INFO] [stdout] test config::tests::unsorted_default ... ok
[INFO] [stdout] test config::tests::subcommand_show_long ... ok
[INFO] [stdout] test config::tests::subcommand_show_short ... ok
[INFO] [stdout] test config::tests::subcommand_evaluate ... ok
[INFO] [stdout] test config::tests::subcommand_list_long ... ok
[INFO] [stdout] test config::tests::subcommand_evaluate_overrides_with_argument ... ok
[INFO] [stdout] test config::tests::summary_arguments ... ok
[INFO] [stdout] test config::tests::verbosity_default ... ok
[INFO] [stdout] test config::tests::unsorted_long ... ok
[INFO] [stdout] test config::tests::unsorted_short ... ok
[INFO] [stdout] test config::tests::subcommand_summary ... ok
[INFO] [stdout] test count::tests::count ... ok
[INFO] [stdout] test enclosure::tests::tick ... ok
[INFO] [stdout] test config::tests::subcommand_list_short ... ok
[INFO] [stdout] test justfile::tests::escaped_dos_newlines ... ok
[INFO] [stdout] test config::tests::subcommand_show_no_arg ... ok
[INFO] [stdout] test justfile::tests::eof_test ... ok
[INFO] [stdout] test justfile::tests::concatenation_in_group ... ok
[INFO] [stdout] test justfile::tests::env_functions ... ok
[INFO] [stdout] test config::tests::verbosity_grandiloquent ... ok
[INFO] [stdout] test config::tests::verbosity_loquacious ... ok
[INFO] [stdout] test config::tests::verbosity_long ... ok
[INFO] [stdout] test config::tests::verbosity_great_grandiloquent ... ok
[INFO] [stdout] test justfile::tests::missing_all_defaults ... ok
[INFO] [stdout] test justfile::tests::missing_some_arguments_variadic ... ok
[INFO] [stdout] test justfile::tests::missing_some_arguments ... ok
[INFO] [stdout] test justfile::tests::missing_all_arguments ... ok
[INFO] [stdout] test justfile::tests::code_error ... ok
[INFO] [stdout] test justfile::tests::export_failure ... ok
[INFO] [stdout] test justfile::tests::parameter_default_raw_string ... ok
[INFO] [stdout] test justfile::tests::parameter_default_backtick ... ok
[INFO] [stdout] test evaluator::tests::backtick_code ... ok
[INFO] [stdout] test justfile::tests::parameters ... ok
[INFO] [stdout] test justfile::tests::parameter_default_string ... ok
[INFO] [stdout] test justfile::tests::parse_alias_before_target ... ok
[INFO] [stdout] test evaluator::tests::export_assignment_backtick ... ok
[INFO] [stdout] test justfile::tests::parameter_default_concatenation_variable ... ok
[INFO] [stdout] test justfile::tests::parameter_default_multiple ... ok
[INFO] [stdout] test justfile::tests::parse_alias_with_comment ... ok
[INFO] [stdout] test justfile::tests::parse_assignment_backticks ... ok
[INFO] [stdout] test justfile::tests::parse_empty ... ok
[INFO] [stdout] test justfile::tests::parse_export ... ok
[INFO] [stdout] test justfile::tests::parameter_default_concatenation_string ... ok
[INFO] [stdout] test justfile::tests::parse_multiple ... ok
[INFO] [stdout] test justfile::tests::parse_assignments ... ok
[INFO] [stdout] test justfile::tests::parse_alias_after_target ... ok
[INFO] [stdout] test justfile::tests::parse_shebang ... ok
[INFO] [stdout] test justfile::tests::parse_variadic ... ok
[INFO] [stdout] test justfile::tests::parse_complex ... ok
[INFO] [stdout] test justfile::tests::string_quote_escape ... ok
[INFO] [stdout] test justfile::tests::parse_variadic_string_default ... ok
[INFO] [stdout] test justfile::tests::parse_raw_string_default ... ok
[INFO] [stdout] test justfile::tests::parse_string_default ... ok
[INFO] [stdout] test justfile::tests::parse_interpolation_backticks ... ok
[INFO] [stdout] test justfile::tests::parse_simple_shebang ... ok
[INFO] [stdout] test justfile::tests::string_escapes ... ok
[INFO] [stdout] test lexer::tests::ampersand_ampersand ... ok
[INFO] [stdout] test justfile::tests::string_in_group ... ok
[INFO] [stdout] test justfile::tests::unary_functions ... ok
[INFO] [stdout] test lexer::tests::backtick ... ok
[INFO] [stdout] test lexer::tests::ampersand_eof ... ok
[INFO] [stdout] test justfile::tests::missing_some_defaults ... ok
[INFO] [stdout] test justfile::tests::unknown_overrides ... ok
[INFO] [stdout] test justfile::tests::unknown_recipes_show_alias_suggestion ... ok
[INFO] [stdout] test justfile::tests::unknown_recipes ... ok
[INFO] [stdout] test lexer::tests::bang_eof ... ok
[INFO] [stdout] test lexer::tests::ampersand_unexpected ... ok
[INFO] [stdout] test lexer::tests::bang_equals ... ok
[INFO] [stdout] test lexer::tests::bang_unexpected ... ok
[INFO] [stdout] test lexer::tests::brace_escape ... ok
[INFO] [stdout] test lexer::tests::backtick_multi_line ... ok
[INFO] [stdout] test lexer::tests::bad_dedent ... ok
[INFO] [stdout] test lexer::tests::brace_lll ... ok
[INFO] [stdout] test lexer::tests::brace_l ... ok
[INFO] [stdout] test lexer::tests::brace_r ... ok
[INFO] [stdout] test lexer::tests::brace_rrr ... ok
[INFO] [stdout] test lexer::tests::cooked_multiline_string ... ok
[INFO] [stdout] test lexer::tests::brackets ... ok
[INFO] [stdout] test lexer::tests::crlf_newline ... ok
[INFO] [stdout] test lexer::tests::comment ... ok
[INFO] [stdout] test lexer::tests::eol_linefeed ... ok
[INFO] [stdout] test lexer::tests::dollar ... ok
[INFO] [stdout] test lexer::tests::cooked_string ... ok
[INFO] [stdout] test lexer::tests::equals ... ok
[INFO] [stdout] test lexer::tests::equals_equals ... ok
[INFO] [stdout] test lexer::tests::export_concatenation ... ok
[INFO] [stdout] test lexer::tests::export_complex ... ok
[INFO] [stdout] test lexer::tests::cooked_string_multi_line ... ok
[INFO] [stdout] test lexer::tests::indent_indent_dedent_indent ... ok
[INFO] [stdout] test lexer::tests::indent_recipe_dedent_indent ... ok
[INFO] [stdout] test lexer::tests::eol_carriage_return_linefeed ... ok
[INFO] [stdout] test lexer::tests::indented_block ... ok
[INFO] [stdout] test lexer::tests::indented_block_followed_by_blank ... ok
[INFO] [stdout] test lexer::tests::indented_block_followed_by_item ... ok
[INFO] [stdout] test lexer::tests::indented_line ... ok
[INFO] [stdout] test justfile::tests::run_args ... ok
[INFO] [stdout] test lexer::tests::indented_line_containing_unpaired_carriage_return ... ok
[INFO] [stdout] test lexer::tests::indented_normal ... ok
[INFO] [stdout] test lexer::tests::indented_normal_multiple ... ok
[INFO] [stdout] test lexer::tests::indented_normal_nonempty_blank ... ok
[INFO] [stdout] test lexer::tests::interpolation_empty ... ok
[INFO] [stdout] test lexer::tests::interpolation_expression ... ok
[INFO] [stdout] test lexer::tests::indented_blocks ... ok
[INFO] [stdout] test lexer::tests::mixed_leading_whitespace_indent ... ok
[INFO] [stdout] test lexer::tests::mixed_leading_whitespace_normal ... ok
[INFO] [stdout] test lexer::tests::interpolation_raw_multiline_string ... ok
[INFO] [stdout] test lexer::tests::name_new ... ok
[INFO] [stdout] test lexer::tests::open_delimiter_eol ... ok
[INFO] [stdout] test lexer::tests::invalid_name_start_dash ... ok
[INFO] [stdout] test lexer::tests::invalid_name_start_digit ... ok
[INFO] [stdout] test lexer::tests::raw_string ... ok
[INFO] [stdout] test lexer::tests::mismatched_closing_brace ... ok
[INFO] [stdout] test lexer::tests::raw_string_multi_line ... ok
[INFO] [stdout] test lexer::tests::tokenize_assignment_backticks ... ok
[INFO] [stdout] test lexer::tests::tokenize_comment ... ok
[INFO] [stdout] test lexer::tests::mixed_leading_whitespace_recipe ... ok
[INFO] [stdout] test lexer::tests::tokenize_comment_before_variable ... ok
[INFO] [stdout] test lexer::tests::presume_error ... ok
[INFO] [stdout] test lexer::tests::tokenize_comment_with_bang ... ok
[INFO] [stdout] test lexer::tests::multiple_recipes ... ok
[INFO] [stdout] test lexer::tests::tokenize_indented_line ... ok
[INFO] [stdout] test lexer::tests::tokenize_interpolation_backticks ... ok
[INFO] [stdout] test lexer::tests::tokenize_junk ... ok
[INFO] [stdout] test lexer::tests::tokenize_empty_interpolation ... ok
[INFO] [stdout] test lexer::tests::tokenize_names ... ok
[INFO] [stdout] test lexer::tests::tokenize_multiple ... ok
[INFO] [stdout] test lexer::tests::tokenize_parens ... ok
[INFO] [stdout] test lexer::tests::tokenize_order ... ok
[INFO] [stdout] test lexer::tests::tokenize_indented_block ... ok
[INFO] [stdout] test lexer::tests::tokenize_recipe_multiple_interpolations ... ok
[INFO] [stdout] test lexer::tests::tokenize_space_then_tab ... ok
[INFO] [stdout] test lexer::tests::tokenize_recipe_complex_interpolation_expression ... ok
[INFO] [stdout] test lexer::tests::tokenize_strings ... ok
[INFO] [stdout] test lexer::tests::tokenize_unknown ... ok
[INFO] [stdout] test lexer::tests::tokenize_tabs_then_tab_space ... ok
[INFO] [stdout] test lexer::tests::tokenize_empty_lines ... ok
[INFO] [stdout] test lexer::tests::tokenize_recipe_interpolation_eof ... ok
[INFO] [stdout] test lexer::tests::unclosed_interpolation_delimiter ... ok
[INFO] [stdout] test lexer::tests::tokenize_recipe_interpolation_eol ... ok
[INFO] [stdout] test lexer::tests::unterminated_backtick ... ok
[INFO] [stdout] test lexer::tests::unexpected_character_after_bang ... ok
[INFO] [stdout] test lexer::tests::unterminated_interpolation ... ok
[INFO] [stdout] test lexer::tests::unterminated_raw_string ... ok
[INFO] [stdout] test lexer::tests::unterminated_string ... ok
[INFO] [stdout] test lexer::tests::unpaired_carriage_return ... ok
[INFO] [stdout] test list::tests::or_ticked ... ok
[INFO] [stdout] test lexer::tests::unterminated_string_with_escapes ... ok
[INFO] [stdout] test list::tests::and ... ok
[INFO] [stdout] test list::tests::and_ticked ... ok
[INFO] [stdout] test list::tests::or ... ok
[INFO] [stdout] test parser::tests::alias_equals ... ok
[INFO] [stdout] test parser::tests::alias_single ... ok
[INFO] [stdout] test parser::tests::alias_syntax_multiple_rhs ... ok
[INFO] [stdout] test parser::tests::alias_with_attribute ... ok
[INFO] [stdout] test parser::tests::alias_syntax_no_rhs ... ok
[INFO] [stdout] test parser::tests::aliases_multiple ... ok
[INFO] [stdout] test parser::tests::addition_single ... ok
[INFO] [stdout] test parser::tests::assignment ... ok
[INFO] [stdout] test parser::tests::backtick ... ok
[INFO] [stdout] test parser::tests::assignment_equals ... ok
[INFO] [stdout] test parser::tests::addition_chained ... ok
[INFO] [stdout] test parser::tests::comment ... ok
[INFO] [stdout] test loader::tests::recursive_includes_fail ... ok
[INFO] [stdout] test loader::tests::include_justfile ... ok
[INFO] [stdout] test parser::tests::bad_export ... ok
[INFO] [stdout] test parser::tests::call_trailing_comma ... ok
[INFO] [stdout] test parser::tests::comment_assignment ... ok
[INFO] [stdout] test parser::tests::comment_after_alias ... ok
[INFO] [stdout] test parser::tests::comment_before_alias ... ok
[INFO] [stdout] test parser::tests::call_one_arg ... ok
[INFO] [stdout] test parser::tests::comment_recipe ... ok
[INFO] [stdout] test parser::tests::call_multiple_args ... ok
[INFO] [stdout] test parser::tests::comment_export ... ok
[INFO] [stdout] test parser::tests::comment_recipe_dependencies ... ok
[INFO] [stdout] test parser::tests::concatenation_in_default ... ok
[INFO] [stdout] test parser::tests::concatenation_in_group ... ok
[INFO] [stdout] test parser::tests::doc_comment_empty_line_clear ... ok
[INFO] [stdout] test parser::tests::conditional_nested_rhs ... ok
[INFO] [stdout] test parser::tests::empty ... ok
[INFO] [stdout] test parser::tests::doc_comment_middle ... ok
[INFO] [stdout] test parser::tests::conditional_inverted ... ok
[INFO] [stdout] test parser::tests::conditional ... ok
[INFO] [stdout] test parser::tests::doc_comment_single ... ok
[INFO] [stdout] test parser::tests::doc_comment_recipe_clear ... ok
[INFO] [stdout] test parser::tests::doc_comment_assignment_clear ... ok
[INFO] [stdout] test parser::tests::conditional_concatenations ... ok
[INFO] [stdout] test parser::tests::empty_multiline ... ok
[INFO] [stdout] test parser::tests::empty_attribute ... ok
[INFO] [stdout] test parser::tests::eof_test ... ok
[INFO] [stdout] test parser::tests::conditional_nested_lhs ... ok
[INFO] [stdout] test parser::tests::conditional_nested_then ... ok
[INFO] [stdout] test parser::tests::empty_body ... ok
[INFO] [stdout] test parser::tests::conditional_nested_otherwise ... ok
[INFO] [stdout] test parser::tests::indented_backtick ... ok
[INFO] [stdout] test parser::tests::export ... ok
[INFO] [stdout] test parser::tests::escaped_dos_newlines ... ok
[INFO] [stdout] test parser::tests::function_argument_count_binary ... ok
[INFO] [stdout] test parser::tests::function_argument_count_too_high_unary_opt ... ok
[INFO] [stdout] test parser::tests::function_argument_count_nullary ... ok
[INFO] [stdout] test parser::tests::function_argument_count_too_low_unary_opt ... ok
[INFO] [stdout] test parser::tests::function_argument_count_binary_plus ... ok
[INFO] [stdout] test parser::tests::function_argument_count_ternary ... ok
[INFO] [stdout] test parser::tests::indented_backtick_no_dedent ... ok
[INFO] [stdout] test parser::tests::function_argument_count_unary ... ok
[INFO] [stdout] test parser::tests::env_functions ... ok
[INFO] [stdout] test parser::tests::group ... ok
[INFO] [stdout] test parser::tests::export_equals ... ok
[INFO] [stdout] test parser::tests::missing_colon ... ok
[INFO] [stdout] test parser::tests::missing_default_eof ... ok
[INFO] [stdout] test parser::tests::indented_string_cooked ... ok
[INFO] [stdout] test parser::tests::parameter_default_raw_string ... ok
[INFO] [stdout] test parser::tests::indented_string_cooked_no_dedent ... ok
[INFO] [stdout] test parser::tests::missing_eol ... ok
[INFO] [stdout] test parser::tests::missing_default_eol ... ok
[INFO] [stdout] test parser::tests::indented_string_raw_with_dedent ... ok
[INFO] [stdout] test parser::tests::parameters ... ok
[INFO] [stdout] test parser::tests::parse_alias_after_target ... ok
[INFO] [stdout] test parser::tests::parameter_after_variadic ... ok
[INFO] [stdout] test parser::tests::parameter_default_backtick ... ok
[INFO] [stdout] test parser::tests::indented_string_raw_no_dedent ... ok
[INFO] [stdout] test parser::tests::invalid_escape_sequence ... ok
[INFO] [stdout] test parser::tests::parameter_follows_variadic_parameter ... ok
[INFO] [stdout] test parser::tests::parameter_default_string ... ok
[INFO] [stdout] test parser::tests::parameter_default_multiple ... ok
[INFO] [stdout] test parser::tests::parameter_default_concatenation_string ... ok
[INFO] [stdout] test parser::tests::parse_alias_with_comment ... ok
[INFO] [stdout] test parser::tests::parse_alias_before_target ... ok
[INFO] [stdout] test parser::tests::parse_assignment_with_comment ... ok
[INFO] [stdout] test parser::tests::parameter_default_concatenation_variable ... ok
[INFO] [stdout] test parser::tests::parse_interpolation_backticks ... ok
[INFO] [stdout] test parser::tests::parse_raw_string_default ... ok
[INFO] [stdout] test parser::tests::plus_following_parameter ... ok
[INFO] [stdout] test parser::tests::parse_simple_shebang ... ok
[INFO] [stdout] test parser::tests::parse_assignments ... ok
[INFO] [stdout] test parser::tests::recipe ... ok
[INFO] [stdout] test parser::tests::parse_assignment_backticks ... ok
[INFO] [stdout] test parser::tests::parse_shebang ... ok
[INFO] [stdout] test parser::tests::recipe_dependency_multiple ... ok
[INFO] [stdout] test parser::tests::recipe_default_single ... ok
[INFO] [stdout] test parser::tests::recipe_dependency_argument_concatenation ... ok
[INFO] [stdout] test parser::tests::parse_complex ... ok
[INFO] [stdout] test parser::tests::recipe_dependency_parenthesis ... ok
[INFO] [stdout] test parser::tests::recipe_default_multiple ... ok
[INFO] [stdout] test parser::tests::recipe_dependency_argument_string ... ok
[INFO] [stdout] test parser::tests::recipe_named_alias ... ok
[INFO] [stdout] test parser::tests::recipe_dependency_single ... ok
[INFO] [stdout] test parser::tests::recipe_dependency_argument_identifier ... ok
[INFO] [stdout] test parser::tests::recipe_line_single ... ok
[INFO] [stdout] test parser::tests::recipe_line_multiple ... ok
[INFO] [stdout] test parser::tests::recipe_parameter_multiple ... ok
[INFO] [stdout] test parser::tests::recipe_line_interpolation ... ok
[INFO] [stdout] test parser::tests::recipe_quiet ... ok
[INFO] [stdout] test parser::tests::set_allow_duplicate_recipes_implicit ... ok
[INFO] [stdout] test parser::tests::recipe_variadic_variable_default ... ok
[INFO] [stdout] test parser::tests::recipe_parameter_single ... ok
[INFO] [stdout] test parser::tests::recipe_variadic_string_default ... ok
[INFO] [stdout] test parser::tests::recipe_plus_variadic ... ok
[INFO] [stdout] test parser::tests::recipe_multiple ... ok
[INFO] [stdout] test parser::tests::recipe_star_variadic ... ok
[INFO] [stdout] test parser::tests::recipe_variadic_addition_group_default ... ok
[INFO] [stdout] test parser::tests::recipe_subsequent ... ok
[INFO] [stdout] test parser::tests::set_export_implicit ... ok
[INFO] [stdout] test parser::tests::recipe_variadic_with_default_after_default ... ok
[INFO] [stdout] test parser::tests::set_export_false ... ok
[INFO] [stdout] test parser::tests::set_dotenv_load_true ... ok
[INFO] [stdout] test parser::tests::set_export_true ... ok
[INFO] [stdout] test parser::tests::set_dotenv_load_implicit ... ok
[INFO] [stdout] test parser::tests::set_positional_arguments_implicit ... ok
[INFO] [stdout] test parser::tests::set_dotenv_load_false ... ok
[INFO] [stdout] test parser::tests::set_positional_arguments_true ... ok
[INFO] [stdout] test parser::tests::set_shell_no_arguments ... ok
[INFO] [stdout] test parser::tests::set_shell_no_arguments_trailing_comma ... ok
[INFO] [stdout] test parser::tests::set_shell_non_literal_second ... ok
[INFO] [stdout] test parser::tests::set_shell_non_string ... ok
[INFO] [stdout] test parser::tests::set_shell_bad ... ok
[INFO] [stdout] test parser::tests::set_shell_bad_comma ... ok
[INFO] [stdout] test parser::tests::set_unknown ... ok
[INFO] [stdout] test parser::tests::set_positional_arguments_false ... ok
[INFO] [stdout] test parser::tests::set_shell_empty ... ok
[INFO] [stdout] test parser::tests::set_shell_with_one_argument ... ok
[INFO] [stdout] test parser::tests::set_windows_powershell_implicit ... ok
[INFO] [stdout] test parser::tests::set_windows_powershell_true ... ok
[INFO] [stdout] test parser::tests::set_shell_no_arguments_cooked ... ok
[INFO] [stdout] test parser::tests::set_shell_non_literal_first ... ok
[INFO] [stdout] test parser::tests::set_shell_with_two_arguments ... ok
[INFO] [stdout] test parser::tests::set_windows_powershell_false ... ok
[INFO] [stdout] test parser::tests::set_shell_with_one_argument_trailing_comma ... ok
[INFO] [stdout] test parser::tests::string_escape_quote ... ok
[INFO] [stdout] test parser::tests::single_line_body ... ok
[INFO] [stdout] test parser::tests::string_escape_carriage_return ... ok
[INFO] [stdout] test parser::tests::string_escape_slash ... ok
[INFO] [stdout] test parser::tests::unexpected_brace ... ok
[INFO] [stdout] test parser::tests::string_escapes ... ok
[INFO] [stdout] test parser::tests::string_escape_suppress_newline ... ok
[INFO] [stdout] test parser::tests::unknown_attribute ... ok
[INFO] [stdout] test parser::tests::unknown_function ... ok
[INFO] [stdout] test parser::tests::string_quote_escape ... ok
[INFO] [stdout] test parser::tests::unclosed_parenthesis_in_expression ... ok
[INFO] [stdout] test parser::tests::string_escape_newline ... ok
[INFO] [stdout] test parser::tests::trimmed_body ... ok
[INFO] [stdout] test parser::tests::string_escape_tab ... ok
[INFO] [stdout] test parser::tests::unary_functions ... ok
[INFO] [stdout] test parser::tests::whitespace ... ok
[INFO] [stdout] test positional::tests::all_dot ... ok
[INFO] [stdout] test positional::tests::all_dot_dot ... ok
[INFO] [stdout] test parser::tests::string_in_group ... ok
[INFO] [stdout] test positional::tests::all_overrides ... ok
[INFO] [stdout] test positional::tests::no_overrides ... ok
[INFO] [stdout] test positional::tests::no_search_directory ... ok
[INFO] [stdout] test positional::tests::no_values ... ok
[INFO] [stdout] test positional::tests::override_after_argument ... ok
[INFO] [stdout] test positional::tests::all_slash ... ok
[INFO] [stdout] test positional::tests::override_after_search_directory ... ok
[INFO] [stdout] test positional::tests::arguments_only ... ok
[INFO] [stdout] test parser::tests::unknown_function_in_default ... ok
[INFO] [stdout] test parser::tests::unclosed_parenthesis_in_interpolation ... ok
[INFO] [stdout] test parser::tests::unknown_function_in_interpolation ... ok
[INFO] [stdout] test positional::tests::override_not_name ... ok
[INFO] [stdout] test parser::tests::variable ... ok
[INFO] [stdout] test positional::tests::no_arguments ... ok
[INFO] [stdout] test positional::tests::search_directory_after_argument ... ok
[INFO] [stdout] test range_ext::tests::display ... ok
[INFO] [stdout] test range_ext::tests::exclusive ... ok
[INFO] [stdout] test range_ext::tests::inclusive ... ok
[INFO] [stdout] test search::tests::clean ... ok
[INFO] [stdout] test recipe_resolver::tests::circular_recipe_dependency ... ok
[INFO] [stdout] test recipe_resolver::tests::unknown_dependency ... ok
[INFO] [stdout] test search::tests::found ... ok
[INFO] [stdout] test recipe_resolver::tests::unknown_variable_in_dependency_argument ... ok
[INFO] [stdout] test search_error::tests::multiple_candidates_formatting ... ok
[INFO] [stdout] test search::tests::justfile_symlink_parent ... ok
[INFO] [stdout] test search::tests::not_found ... ok
[INFO] [stdout] test recipe_resolver::tests::unknown_interpolation_variable ... ok
[INFO] [stdout] test recipe_resolver::tests::self_recipe_dependency ... ok
[INFO] [stdout] test search::tests::found_from_inner_dir ... ok
[INFO] [stdout] test search::tests::multiple_candidates ... ok
[INFO] [stdout] test search::tests::found_spongebob_case ... ok
[INFO] [stdout] test search::tests::found_and_stopped_at_first_justfile ... ok
[INFO] [stdout] test recipe_resolver::tests::unknown_second_interpolation_variable ... ok
[INFO] [stdout] test recipe_resolver::tests::unknown_variable_in_default ... ok
[INFO] [stdout] test shebang::tests::cmd_exe_script_filename ... ok
[INFO] [stdout] test shebang::tests::cmd_script_filename ... ok
[INFO] [stdout] test shebang::tests::dont_include_shebang_line_cmd ... ok
[INFO] [stdout] test shebang::tests::dont_include_shebang_line_cmd_exe ... ok
[INFO] [stdout] test shebang::tests::include_shebang_line_other_not_windows ... ok
[INFO] [stdout] test shebang::tests::interpreter_filename_with_backslash ... ok
[INFO] [stdout] test shebang::tests::interpreter_filename_with_forward_slash ... ok
[INFO] [stdout] test shebang::tests::plain_script_filename ... ok
[INFO] [stdout] test shebang::tests::pwsh_exe_script_filename ... ok
[INFO] [stdout] test shebang::tests::powershell_exe_script_filename ... ok
[INFO] [stdout] test shebang::tests::powershell_script_filename ... ok
[INFO] [stdout] test subcommand::tests::init_justfile ... ok
[INFO] [stdout] test unindent::tests::blanks ... ok
[INFO] [stdout] test shebang::tests::pwsh_script_filename ... ok
[INFO] [stdout] test unindent::tests::commons ... ok
[INFO] [stdout] test unindent::tests::indentations ... ok
[INFO] [stdout] test shebang::tests::split_shebang ... ok
[INFO] [stdout] test unindent::tests::unindents ... ok
[INFO] [stdout] test settings::tests::default_shell ... ok
[INFO] [stdout] test settings::tests::shell_cooked ... ok
[INFO] [stdout] test settings::tests::shell_args_present_but_not_shell ... ok
[INFO] [stdout] test settings::tests::shell_present_but_not_shell_args ... ok
[INFO] [stdout] test settings::tests::default_shell_powershell ... ok
[INFO] [stdout] test settings::tests::overwrite_shell_powershell ... ok
[INFO] [stdout] test settings::tests::overwrite_shell ... ok
[INFO] [stdout] test justfile::tests::run_shebang ... FAILED
[INFO] [stdout] 
[INFO] [stdout] failures:
[INFO] [stdout] 
[INFO] [stdout] ---- justfile::tests::run_shebang stdout ----
[INFO] [stdout] thread 'justfile::tests::run_shebang' panicked at src/justfile.rs:447:3:
[INFO] [stdout] Unexpected run error: Shebang { recipe: "a", command: "/usr/bin/env", argument: Some("sh"), io_error: Os { code: 26, kind: ExecutableFileBusy, message: "Text file busy" } }
[INFO] [stdout] stack backtrace:
[INFO] [stdout]    0:     0x564566df6abc - std::backtrace_rs::backtrace::libunwind::trace::ha637c64ce894333a
[INFO] [stdout]                                at /rustc/82e1608dfa6e0b5569232559e3d385fea5a93112/library/std/src/../../backtrace/src/backtrace/libunwind.rs:104:5
[INFO] [stdout]    1:     0x564566df6abc - std::backtrace_rs::backtrace::trace_unsynchronized::h47f62dea28e0c88d
[INFO] [stdout]                                at /rustc/82e1608dfa6e0b5569232559e3d385fea5a93112/library/std/src/../../backtrace/src/backtrace/mod.rs:66:5
[INFO] [stdout]    2:     0x564566df6abc - std::sys_common::backtrace::_print_fmt::h9eef0abe20ede486
[INFO] [stdout]                                at /rustc/82e1608dfa6e0b5569232559e3d385fea5a93112/library/std/src/sys_common/backtrace.rs:67:5
[INFO] [stdout]    3:     0x564566df6abc - <std::sys_common::backtrace::_print::DisplayBacktrace as core::fmt::Display>::fmt::hed7f999df88cc644
[INFO] [stdout]                                at /rustc/82e1608dfa6e0b5569232559e3d385fea5a93112/library/std/src/sys_common/backtrace.rs:44:22
[INFO] [stdout]    4:     0x564566e23fd0 - core::fmt::rt::Argument::fmt::h1539a9308b8d058d
[INFO] [stdout]                                at /rustc/82e1608dfa6e0b5569232559e3d385fea5a93112/library/core/src/fmt/rt.rs:142:9
[INFO] [stdout]    5:     0x564566e23fd0 - core::fmt::write::h3a39390d8560d9c9
[INFO] [stdout]                                at /rustc/82e1608dfa6e0b5569232559e3d385fea5a93112/library/core/src/fmt/mod.rs:1120:17
[INFO] [stdout]    6:     0x564566df3b1f - std::io::Write::write_fmt::h040b369f3a0f9cbc
[INFO] [stdout]                                at /rustc/82e1608dfa6e0b5569232559e3d385fea5a93112/library/std/src/io/mod.rs:1762:15
[INFO] [stdout]    7:     0x564566df68a4 - std::sys_common::backtrace::_print::h894006fb5c6f3d45
[INFO] [stdout]                                at /rustc/82e1608dfa6e0b5569232559e3d385fea5a93112/library/std/src/sys_common/backtrace.rs:47:5
[INFO] [stdout]    8:     0x564566df68a4 - std::sys_common::backtrace::print::h23a2d212c6fff936
[INFO] [stdout]                                at /rustc/82e1608dfa6e0b5569232559e3d385fea5a93112/library/std/src/sys_common/backtrace.rs:34:9
[INFO] [stdout]    9:     0x564566df8567 - std::panicking::default_hook::{{closure}}::h8a1d2ee00185001a
[INFO] [stdout]   10:     0x564566df8253 - std::panicking::default_hook::h6038f2eba384e475
[INFO] [stdout]                                at /rustc/82e1608dfa6e0b5569232559e3d385fea5a93112/library/std/src/panicking.rs:289:9
[INFO] [stdout]   11:     0x5645669d56d7 - <alloc::boxed::Box<F,A> as core::ops::function::Fn<Args>>::call::h0ad024c9bdc6d768
[INFO] [stdout]                                at /rustc/82e1608dfa6e0b5569232559e3d385fea5a93112/library/alloc/src/boxed.rs:2021:9
[INFO] [stdout]   12:     0x5645669d56d7 - test::test_main::{{closure}}::h7500b54257359db6
[INFO] [stdout]                                at /rustc/82e1608dfa6e0b5569232559e3d385fea5a93112/library/test/src/lib.rs:138:21
[INFO] [stdout]   13:     0x564566df8b78 - <alloc::boxed::Box<F,A> as core::ops::function::Fn<Args>>::call::h1f8f335eaa9cfaee
[INFO] [stdout]                                at /rustc/82e1608dfa6e0b5569232559e3d385fea5a93112/library/alloc/src/boxed.rs:2021:9
[INFO] [stdout]   14:     0x564566df8b78 - std::panicking::rust_panic_with_hook::h2b5517d590cab22e
[INFO] [stdout]                                at /rustc/82e1608dfa6e0b5569232559e3d385fea5a93112/library/std/src/panicking.rs:783:13
[INFO] [stdout]   15:     0x564566df88ce - std::panicking::begin_panic_handler::{{closure}}::h233112c06e0ef43e
[INFO] [stdout]                                at /rustc/82e1608dfa6e0b5569232559e3d385fea5a93112/library/std/src/panicking.rs:657:13
[INFO] [stdout]   16:     0x564566df6f86 - std::sys_common::backtrace::__rust_end_short_backtrace::h6e893f24d7ebbff8
[INFO] [stdout]                                at /rustc/82e1608dfa6e0b5569232559e3d385fea5a93112/library/std/src/sys_common/backtrace.rs:170:18
[INFO] [stdout]   17:     0x564566df8632 - rust_begin_unwind
[INFO] [stdout]                                at /rustc/82e1608dfa6e0b5569232559e3d385fea5a93112/library/std/src/panicking.rs:645:5
[INFO] [stdout]   18:     0x56456673ca15 - core::panicking::panic_fmt::hbf0e066aabfa482c
[INFO] [stdout]                                at /rustc/82e1608dfa6e0b5569232559e3d385fea5a93112/library/core/src/panicking.rs:72:14
[INFO] [stdout]   19:     0x5645668cd0dc - just::justfile::tests::run_shebang::h37c6346d33be55c1
[INFO] [stdout]                                at /opt/rustwide/workdir/src/testing.rs:111:15
[INFO] [stdout]   20:     0x5645668cc9e7 - just::justfile::tests::run_shebang::{{closure}}::hb56ef6fdea52707e
[INFO] [stdout]                                at /opt/rustwide/workdir/src/testing.rs:95:15
[INFO] [stdout]   21:     0x564566941866 - core::ops::function::FnOnce::call_once::h42143b7fb063d871
[INFO] [stdout]                                at /rustc/82e1608dfa6e0b5569232559e3d385fea5a93112/library/core/src/ops/function.rs:250:5
[INFO] [stdout]   22:     0x5645669dad2f - core::ops::function::FnOnce::call_once::h2b5d431d5046312d
[INFO] [stdout]                                at /rustc/82e1608dfa6e0b5569232559e3d385fea5a93112/library/core/src/ops/function.rs:250:5
[INFO] [stdout]   23:     0x5645669dad2f - test::__rust_begin_short_backtrace::h7714669af176e207
[INFO] [stdout]                                at /rustc/82e1608dfa6e0b5569232559e3d385fea5a93112/library/test/src/lib.rs:628:18
[INFO] [stdout]   24:     0x5645669d9d45 - test::run_test_in_process::{{closure}}::h85218797dcbcec12
[INFO] [stdout]                                at /rustc/82e1608dfa6e0b5569232559e3d385fea5a93112/library/test/src/lib.rs:651:60
[INFO] [stdout]   25:     0x5645669d9d45 - <core::panic::unwind_safe::AssertUnwindSafe<F> as core::ops::function::FnOnce<()>>::call_once::h76c106ea31c14d7b
[INFO] [stdout]                                at /rustc/82e1608dfa6e0b5569232559e3d385fea5a93112/library/core/src/panic/unwind_safe.rs:272:9
[INFO] [stdout]   26:     0x5645669d9d45 - std::panicking::try::do_call::h3bd5d0f6620ee946
[INFO] [stdout]                                at /rustc/82e1608dfa6e0b5569232559e3d385fea5a93112/library/std/src/panicking.rs:552:40
[INFO] [stdout]   27:     0x5645669d9d45 - std::panicking::try::h232e535e4744fe31
[INFO] [stdout]                                at /rustc/82e1608dfa6e0b5569232559e3d385fea5a93112/library/std/src/panicking.rs:516:19
[INFO] [stdout]   28:     0x5645669d9d45 - std::panic::catch_unwind::h3ce3bd6ca8dbac68
[INFO] [stdout]                                at /rustc/82e1608dfa6e0b5569232559e3d385fea5a93112/library/std/src/panic.rs:142:14
[INFO] [stdout]   29:     0x5645669d9d45 - test::run_test_in_process::hc97b257c9621286a
[INFO] [stdout]                                at /rustc/82e1608dfa6e0b5569232559e3d385fea5a93112/library/test/src/lib.rs:651:27
[INFO] [stdout]   30:     0x5645669d9d45 - test::run_test::{{closure}}::h2aa798823a438d38
[INFO] [stdout]                                at /rustc/82e1608dfa6e0b5569232559e3d385fea5a93112/library/test/src/lib.rs:574:43
[INFO] [stdout]   31:     0x5645669a2006 - test::run_test::{{closure}}::h87d231c78fb59832
[INFO] [stdout]                                at /rustc/82e1608dfa6e0b5569232559e3d385fea5a93112/library/test/src/lib.rs:602:41
[INFO] [stdout]   32:     0x5645669a2006 - std::sys_common::backtrace::__rust_begin_short_backtrace::he6df152596625789
[INFO] [stdout]                                at /rustc/82e1608dfa6e0b5569232559e3d385fea5a93112/library/std/src/sys_common/backtrace.rs:154:18
[INFO] [stdout]   33:     0x5645669a70b7 - std::thread::Builder::spawn_unchecked_::{{closure}}::{{closure}}::ha94be15d1e0acf36
[INFO] [stdout]                                at /rustc/82e1608dfa6e0b5569232559e3d385fea5a93112/library/std/src/thread/mod.rs:529:17
[INFO] [stdout]   34:     0x5645669a70b7 - <core::panic::unwind_safe::AssertUnwindSafe<F> as core::ops::function::FnOnce<()>>::call_once::h9dc6bd6372f16606
[INFO] [stdout]                                at /rustc/82e1608dfa6e0b5569232559e3d385fea5a93112/library/core/src/panic/unwind_safe.rs:272:9
[INFO] [stdout]   35:     0x5645669a70b7 - std::panicking::try::do_call::h9057517f80303cd4
[INFO] [stdout]                                at /rustc/82e1608dfa6e0b5569232559e3d385fea5a93112/library/std/src/panicking.rs:552:40
[INFO] [stdout]   36:     0x5645669a70b7 - std::panicking::try::he3a30b11ee45340c
[INFO] [stdout]                                at /rustc/82e1608dfa6e0b5569232559e3d385fea5a93112/library/std/src/panicking.rs:516:19
[INFO] [stdout]   37:     0x5645669a70b7 - std::panic::catch_unwind::h410458cfd3528b8b
[INFO] [stdout]                                at /rustc/82e1608dfa6e0b5569232559e3d385fea5a93112/library/std/src/panic.rs:142:14
[INFO] [stdout]   38:     0x5645669a70b7 - std::thread::Builder::spawn_unchecked_::{{closure}}::h72ac3bdb567b737b
[INFO] [stdout]                                at /rustc/82e1608dfa6e0b5569232559e3d385fea5a93112/library/std/src/thread/mod.rs:528:30
[INFO] [stdout]   39:     0x5645669a70b7 - core::ops::function::FnOnce::call_once{{vtable.shim}}::h38f34da3654a8344
[INFO] [stdout]                                at /rustc/82e1608dfa6e0b5569232559e3d385fea5a93112/library/core/src/ops/function.rs:250:5
[INFO] [stdout]   40:     0x564566dfe525 - <alloc::boxed::Box<F,A> as core::ops::function::FnOnce<Args>>::call_once::hc7eafaff61e32df9
[INFO] [stdout]                                at /rustc/82e1608dfa6e0b5569232559e3d385fea5a93112/library/alloc/src/boxed.rs:2007:9
[INFO] [stdout]   41:     0x564566dfe525 - <alloc::boxed::Box<F,A> as core::ops::function::FnOnce<Args>>::call_once::h6ba4a5de48dd2304
[INFO] [stdout]                                at /rustc/82e1608dfa6e0b5569232559e3d385fea5a93112/library/alloc/src/boxed.rs:2007:9
[INFO] [stdout]   42:     0x564566dfe525 - std::sys::unix::thread::Thread::new::thread_start::he469335aef763e45
[INFO] [stdout]                                at /rustc/82e1608dfa6e0b5569232559e3d385fea5a93112/library/std/src/sys/unix/thread.rs:108:17
[INFO] [stdout]   43:     0x7f9a3d37aac3 - <unknown>
[INFO] [stdout]   44:     0x7f9a3d40bbf4 - __clone
[INFO] [stdout]   45:                0x0 - <unknown>
[INFO] [stdout] 
[INFO] [stdout] 
[INFO] [stdout] failures:
[INFO] [stdout]     justfile::tests::run_shebang
[INFO] [stdout] 
[INFO] [stdout] test result: FAILED. 463 passed; 1 failed; 0 ignored; 0 measured; 0 filtered out; finished in 0.07s
[INFO] [stdout] 
[INFO] [stderr] error: test failed, to rerun pass `--lib`
[INFO] running `Command { std: "docker" "inspect" "ceb70057c2c9d8f70d0f97d206354d1e514f4a5d7778b22307da7df5cc840367", kill_on_drop: false }`
[INFO] running `Command { std: "docker" "rm" "-f" "ceb70057c2c9d8f70d0f97d206354d1e514f4a5d7778b22307da7df5cc840367", kill_on_drop: false }`
[INFO] [stdout] ceb70057c2c9d8f70d0f97d206354d1e514f4a5d7778b22307da7df5cc840367
