[INFO] fetching crate jtag-taps 0.5.0...
[INFO] testing jtag-taps-0.5.0 against 1.75.0 for beta-1.76-1
[INFO] extracting crate jtag-taps 0.5.0 into /workspace/builds/worker-4-tc1/source
[INFO] validating manifest of crates.io crate jtag-taps 0.5.0 on toolchain 1.75.0
[INFO] running `Command { std: CARGO_HOME="/workspace/cargo-home" RUSTUP_HOME="/workspace/rustup-home" "/workspace/cargo-home/bin/cargo" "+1.75.0" "metadata" "--manifest-path" "Cargo.toml" "--no-deps", kill_on_drop: false }`
[INFO] started tweaking crates.io crate jtag-taps 0.5.0
[INFO] finished tweaking crates.io crate jtag-taps 0.5.0
[INFO] tweaked toml for crates.io crate jtag-taps 0.5.0 written to /workspace/builds/worker-4-tc1/source/Cargo.toml
[INFO] crate crates.io crate jtag-taps 0.5.0 already has a lockfile, it will not be regenerated
[INFO] running `Command { std: CARGO_HOME="/workspace/cargo-home" RUSTUP_HOME="/workspace/rustup-home" "/workspace/cargo-home/bin/cargo" "+1.75.0" "fetch" "--manifest-path" "Cargo.toml", kill_on_drop: false }`
[INFO] [stderr]     Updating crates.io index
[INFO] [stderr]  Downloading crates ...
[INFO] [stderr]   Downloaded ftdi-mpsse v0.1.1
[INFO] [stderr]   Downloaded libftd2xx v0.32.3
[INFO] [stderr]   Downloaded rusb v0.9.3
[INFO] [stderr]   Downloaded libusb1-sys v0.6.4
[INFO] [stderr]   Downloaded libftd2xx-ffi v0.8.6
[INFO] running `Command { std: "docker" "create" "-v" "/var/lib/crater-agent-workspace/builds/worker-4-tc1/target:/opt/rustwide/target:rw,Z" "-v" "/var/lib/crater-agent-workspace/builds/worker-4-tc1/source:/opt/rustwide/workdir:ro,Z" "-v" "/var/lib/crater-agent-workspace/cargo-home:/opt/rustwide/cargo-home:ro,Z" "-v" "/var/lib/crater-agent-workspace/rustup-home:/opt/rustwide/rustup-home:ro,Z" "-e" "SOURCE_DIR=/opt/rustwide/workdir" "-e" "CARGO_TARGET_DIR=/opt/rustwide/target" "-e" "CARGO_HOME=/opt/rustwide/cargo-home" "-e" "RUSTUP_HOME=/opt/rustwide/rustup-home" "-w" "/opt/rustwide/workdir" "-m" "1610612736" "--user" "0:0" "--network" "none" "ghcr.io/rust-lang/crates-build-env/linux@sha256:2788e3201cd34a07e3172128adcd8b3090168a8e3bcc40d7c032b9dda1df7d1c" "/opt/rustwide/cargo-home/bin/cargo" "+1.75.0" "metadata" "--no-deps" "--format-version=1", kill_on_drop: false }`
[INFO] [stdout] be49623808e6c792e7c603ef10e1eef2965c504f14c69a6ea00d1197d929f2c5
[INFO] running `Command { std: "docker" "start" "-a" "be49623808e6c792e7c603ef10e1eef2965c504f14c69a6ea00d1197d929f2c5", kill_on_drop: false }`
[INFO] running `Command { std: "docker" "inspect" "be49623808e6c792e7c603ef10e1eef2965c504f14c69a6ea00d1197d929f2c5", kill_on_drop: false }`
[INFO] running `Command { std: "docker" "rm" "-f" "be49623808e6c792e7c603ef10e1eef2965c504f14c69a6ea00d1197d929f2c5", kill_on_drop: false }`
[INFO] [stdout] be49623808e6c792e7c603ef10e1eef2965c504f14c69a6ea00d1197d929f2c5
[INFO] running `Command { std: "docker" "create" "-v" "/var/lib/crater-agent-workspace/builds/worker-4-tc1/target:/opt/rustwide/target:rw,Z" "-v" "/var/lib/crater-agent-workspace/builds/worker-4-tc1/source:/opt/rustwide/workdir:ro,Z" "-v" "/var/lib/crater-agent-workspace/cargo-home:/opt/rustwide/cargo-home:ro,Z" "-v" "/var/lib/crater-agent-workspace/rustup-home:/opt/rustwide/rustup-home:ro,Z" "-e" "SOURCE_DIR=/opt/rustwide/workdir" "-e" "CARGO_TARGET_DIR=/opt/rustwide/target" "-e" "CARGO_INCREMENTAL=0" "-e" "RUST_BACKTRACE=full" "-e" "RUSTFLAGS=--cap-lints=warn" "-e" "RUSTDOCFLAGS=--cap-lints=warn" "-e" "CARGO_HOME=/opt/rustwide/cargo-home" "-e" "RUSTUP_HOME=/opt/rustwide/rustup-home" "-w" "/opt/rustwide/workdir" "-m" "1610612736" "--user" "0:0" "--network" "none" "ghcr.io/rust-lang/crates-build-env/linux@sha256:2788e3201cd34a07e3172128adcd8b3090168a8e3bcc40d7c032b9dda1df7d1c" "/opt/rustwide/cargo-home/bin/cargo" "+1.75.0" "build" "--frozen" "--message-format=json", kill_on_drop: false }`
[INFO] [stdout] 9131ea5bd1d4f3b2173118ca417e342eccdc4067169d9b5c2ceb0daf64d4ba98
[INFO] running `Command { std: "docker" "start" "-a" "9131ea5bd1d4f3b2173118ca417e342eccdc4067169d9b5c2ceb0daf64d4ba98", kill_on_drop: false }`
[INFO] [stderr]    Compiling libc v0.2.149
[INFO] [stderr]    Compiling pkg-config v0.3.27
[INFO] [stderr]    Compiling paste v1.0.14
[INFO] [stderr]    Compiling libftd2xx-ffi v0.8.6
[INFO] [stderr]    Compiling static_assertions v1.1.0
[INFO] [stderr]    Compiling rusb v0.9.3
[INFO] [stderr]    Compiling log v0.4.20
[INFO] [stderr]    Compiling ftdi-mpsse v0.1.1
[INFO] [stderr]    Compiling libftd2xx v0.32.3
[INFO] [stderr]    Compiling cc v1.0.83
[INFO] [stderr]    Compiling libusb1-sys v0.6.4
[INFO] [stderr]    Compiling jtag-taps v0.5.0 (/opt/rustwide/workdir)
[INFO] [stderr]     Finished dev [unoptimized + debuginfo] target(s) in 2.54s
[INFO] running `Command { std: "docker" "inspect" "9131ea5bd1d4f3b2173118ca417e342eccdc4067169d9b5c2ceb0daf64d4ba98", kill_on_drop: false }`
[INFO] running `Command { std: "docker" "rm" "-f" "9131ea5bd1d4f3b2173118ca417e342eccdc4067169d9b5c2ceb0daf64d4ba98", kill_on_drop: false }`
[INFO] [stdout] 9131ea5bd1d4f3b2173118ca417e342eccdc4067169d9b5c2ceb0daf64d4ba98
[INFO] running `Command { std: "docker" "create" "-v" "/var/lib/crater-agent-workspace/builds/worker-4-tc1/target:/opt/rustwide/target:rw,Z" "-v" "/var/lib/crater-agent-workspace/builds/worker-4-tc1/source:/opt/rustwide/workdir:ro,Z" "-v" "/var/lib/crater-agent-workspace/cargo-home:/opt/rustwide/cargo-home:ro,Z" "-v" "/var/lib/crater-agent-workspace/rustup-home:/opt/rustwide/rustup-home:ro,Z" "-e" "SOURCE_DIR=/opt/rustwide/workdir" "-e" "CARGO_TARGET_DIR=/opt/rustwide/target" "-e" "CARGO_INCREMENTAL=0" "-e" "RUST_BACKTRACE=full" "-e" "RUSTFLAGS=--cap-lints=warn" "-e" "RUSTDOCFLAGS=--cap-lints=warn" "-e" "CARGO_HOME=/opt/rustwide/cargo-home" "-e" "RUSTUP_HOME=/opt/rustwide/rustup-home" "-w" "/opt/rustwide/workdir" "-m" "1610612736" "--user" "0:0" "--network" "none" "ghcr.io/rust-lang/crates-build-env/linux@sha256:2788e3201cd34a07e3172128adcd8b3090168a8e3bcc40d7c032b9dda1df7d1c" "/opt/rustwide/cargo-home/bin/cargo" "+1.75.0" "test" "--frozen" "--no-run" "--message-format=json", kill_on_drop: false }`
[INFO] [stdout] a927a29effccef2b8cadff42b3d6df49b26498a94cf18a1257254852d42be429
[INFO] running `Command { std: "docker" "start" "-a" "a927a29effccef2b8cadff42b3d6df49b26498a94cf18a1257254852d42be429", kill_on_drop: false }`
[INFO] [stderr]    Compiling jtag-taps v0.5.0 (/opt/rustwide/workdir)
[INFO] [stderr]     Finished test [unoptimized + debuginfo] target(s) in 0.76s
[INFO] running `Command { std: "docker" "inspect" "a927a29effccef2b8cadff42b3d6df49b26498a94cf18a1257254852d42be429", kill_on_drop: false }`
[INFO] running `Command { std: "docker" "rm" "-f" "a927a29effccef2b8cadff42b3d6df49b26498a94cf18a1257254852d42be429", kill_on_drop: false }`
[INFO] [stdout] a927a29effccef2b8cadff42b3d6df49b26498a94cf18a1257254852d42be429
[INFO] running `Command { std: "docker" "create" "-v" "/var/lib/crater-agent-workspace/builds/worker-4-tc1/target:/opt/rustwide/target:rw,Z" "-v" "/var/lib/crater-agent-workspace/builds/worker-4-tc1/source:/opt/rustwide/workdir:ro,Z" "-v" "/var/lib/crater-agent-workspace/cargo-home:/opt/rustwide/cargo-home:ro,Z" "-v" "/var/lib/crater-agent-workspace/rustup-home:/opt/rustwide/rustup-home:ro,Z" "-e" "SOURCE_DIR=/opt/rustwide/workdir" "-e" "CARGO_TARGET_DIR=/opt/rustwide/target" "-e" "CARGO_INCREMENTAL=0" "-e" "RUST_BACKTRACE=full" "-e" "RUSTFLAGS=--cap-lints=warn" "-e" "RUSTDOCFLAGS=--cap-lints=warn" "-e" "CARGO_HOME=/opt/rustwide/cargo-home" "-e" "RUSTUP_HOME=/opt/rustwide/rustup-home" "-w" "/opt/rustwide/workdir" "-m" "1610612736" "--user" "0:0" "--network" "none" "ghcr.io/rust-lang/crates-build-env/linux@sha256:2788e3201cd34a07e3172128adcd8b3090168a8e3bcc40d7c032b9dda1df7d1c" "/opt/rustwide/cargo-home/bin/cargo" "+1.75.0" "test" "--frozen", kill_on_drop: false }`
[INFO] [stdout] c52cd2e67c3fc50d71528c0deb3c4779a55057b0be843aa9fe0ea35433ef0aa5
[INFO] running `Command { std: "docker" "start" "-a" "c52cd2e67c3fc50d71528c0deb3c4779a55057b0be843aa9fe0ea35433ef0aa5", kill_on_drop: false }`
[INFO] [stderr]     Finished test [unoptimized + debuginfo] target(s) in 0.01s
[INFO] [stderr]      Running unittests src/lib.rs (/opt/rustwide/target/debug/deps/jtag_taps-bffdf12cd9df730e)
[INFO] [stdout] 
[INFO] [stdout] running 0 tests
[INFO] [stdout] 
[INFO] [stdout] test result: ok. 0 passed; 0 failed; 0 ignored; 0 measured; 0 filtered out; finished in 0.00s
[INFO] [stdout] 
[INFO] [stderr]    Doc-tests jtag-taps
[INFO] [stdout] 
[INFO] [stdout] running 1 test
[INFO] [stdout] test src/lib.rs - (line 22) ... FAILED
[INFO] [stdout] 
[INFO] [stdout] failures:
[INFO] [stdout] 
[INFO] [stdout] ---- src/lib.rs - (line 22) stdout ----
[INFO] [stdout] error[E0432]: unresolved import `jtag_taps::cable::jtagkey`
[INFO] [stdout]  --> src/lib.rs:24:23
[INFO] [stdout]   |
[INFO] [stdout] 5 | use jtag_taps::cable::jtagkey::JtagKey;
[INFO] [stdout]   |                       ^^^^^^^ could not find `jtagkey` in `cable`
[INFO] [stdout] 
[INFO] [stdout] error: aborting due to previous error
[INFO] [stdout] 
[INFO] [stdout] For more information about this error, try `rustc --explain E0432`.
[INFO] [stdout] Couldn't compile the test.
[INFO] [stdout] 
[INFO] [stdout] failures:
[INFO] [stdout]     src/lib.rs - (line 22)
[INFO] [stdout] 
[INFO] [stdout] test result: FAILED. 0 passed; 1 failed; 0 ignored; 0 measured; 0 filtered out; finished in 0.19s
[INFO] [stdout] 
[INFO] [stderr] error: doctest failed, to rerun pass `--doc`
[INFO] running `Command { std: "docker" "inspect" "c52cd2e67c3fc50d71528c0deb3c4779a55057b0be843aa9fe0ea35433ef0aa5", kill_on_drop: false }`
[INFO] running `Command { std: "docker" "rm" "-f" "c52cd2e67c3fc50d71528c0deb3c4779a55057b0be843aa9fe0ea35433ef0aa5", kill_on_drop: false }`
[INFO] [stdout] c52cd2e67c3fc50d71528c0deb3c4779a55057b0be843aa9fe0ea35433ef0aa5
