[INFO] fetching crate jstring 0.1.0...
[INFO] testing jstring-0.1.0 against 1.75.0 for beta-1.76-1
[INFO] extracting crate jstring 0.1.0 into /workspace/builds/worker-5-tc1/source
[INFO] validating manifest of crates.io crate jstring 0.1.0 on toolchain 1.75.0
[INFO] running `Command { std: CARGO_HOME="/workspace/cargo-home" RUSTUP_HOME="/workspace/rustup-home" "/workspace/cargo-home/bin/cargo" "+1.75.0" "metadata" "--manifest-path" "Cargo.toml" "--no-deps", kill_on_drop: false }`
[INFO] started tweaking crates.io crate jstring 0.1.0
[INFO] finished tweaking crates.io crate jstring 0.1.0
[INFO] tweaked toml for crates.io crate jstring 0.1.0 written to /workspace/builds/worker-5-tc1/source/Cargo.toml
[INFO] running `Command { std: CARGO_HOME="/workspace/cargo-home" RUSTUP_HOME="/workspace/rustup-home" "/workspace/cargo-home/bin/cargo" "+1.75.0" "generate-lockfile" "--manifest-path" "Cargo.toml", kill_on_drop: false }`
[INFO] running `Command { std: CARGO_HOME="/workspace/cargo-home" RUSTUP_HOME="/workspace/rustup-home" "/workspace/cargo-home/bin/cargo" "+1.75.0" "fetch" "--manifest-path" "Cargo.toml", kill_on_drop: false }`
[INFO] running `Command { std: "docker" "create" "-v" "/var/lib/crater-agent-workspace/builds/worker-5-tc1/target:/opt/rustwide/target:rw,Z" "-v" "/var/lib/crater-agent-workspace/builds/worker-5-tc1/source:/opt/rustwide/workdir:ro,Z" "-v" "/var/lib/crater-agent-workspace/cargo-home:/opt/rustwide/cargo-home:ro,Z" "-v" "/var/lib/crater-agent-workspace/rustup-home:/opt/rustwide/rustup-home:ro,Z" "-e" "SOURCE_DIR=/opt/rustwide/workdir" "-e" "CARGO_TARGET_DIR=/opt/rustwide/target" "-e" "CARGO_HOME=/opt/rustwide/cargo-home" "-e" "RUSTUP_HOME=/opt/rustwide/rustup-home" "-w" "/opt/rustwide/workdir" "-m" "1610612736" "--user" "0:0" "--network" "none" "ghcr.io/rust-lang/crates-build-env/linux@sha256:2788e3201cd34a07e3172128adcd8b3090168a8e3bcc40d7c032b9dda1df7d1c" "/opt/rustwide/cargo-home/bin/cargo" "+1.75.0" "metadata" "--no-deps" "--format-version=1", kill_on_drop: false }`
[INFO] [stdout] 3d0e5138404c58ef4b827af441164631ba0e3a32a0791c9e0f530d94f2aca6c6
[INFO] running `Command { std: "docker" "start" "-a" "3d0e5138404c58ef4b827af441164631ba0e3a32a0791c9e0f530d94f2aca6c6", kill_on_drop: false }`
[INFO] running `Command { std: "docker" "inspect" "3d0e5138404c58ef4b827af441164631ba0e3a32a0791c9e0f530d94f2aca6c6", kill_on_drop: false }`
[INFO] running `Command { std: "docker" "rm" "-f" "3d0e5138404c58ef4b827af441164631ba0e3a32a0791c9e0f530d94f2aca6c6", kill_on_drop: false }`
[INFO] [stdout] 3d0e5138404c58ef4b827af441164631ba0e3a32a0791c9e0f530d94f2aca6c6
[INFO] running `Command { std: "docker" "create" "-v" "/var/lib/crater-agent-workspace/builds/worker-5-tc1/target:/opt/rustwide/target:rw,Z" "-v" "/var/lib/crater-agent-workspace/builds/worker-5-tc1/source:/opt/rustwide/workdir:ro,Z" "-v" "/var/lib/crater-agent-workspace/cargo-home:/opt/rustwide/cargo-home:ro,Z" "-v" "/var/lib/crater-agent-workspace/rustup-home:/opt/rustwide/rustup-home:ro,Z" "-e" "SOURCE_DIR=/opt/rustwide/workdir" "-e" "CARGO_TARGET_DIR=/opt/rustwide/target" "-e" "CARGO_INCREMENTAL=0" "-e" "RUST_BACKTRACE=full" "-e" "RUSTFLAGS=--cap-lints=warn" "-e" "RUSTDOCFLAGS=--cap-lints=warn" "-e" "CARGO_HOME=/opt/rustwide/cargo-home" "-e" "RUSTUP_HOME=/opt/rustwide/rustup-home" "-w" "/opt/rustwide/workdir" "-m" "1610612736" "--user" "0:0" "--network" "none" "ghcr.io/rust-lang/crates-build-env/linux@sha256:2788e3201cd34a07e3172128adcd8b3090168a8e3bcc40d7c032b9dda1df7d1c" "/opt/rustwide/cargo-home/bin/cargo" "+1.75.0" "build" "--frozen" "--message-format=json", kill_on_drop: false }`
[INFO] [stdout] b0d58ca38c11f738f799de631430efbf5fe118413398e6e5ab6eef2e4165eac9
[INFO] running `Command { std: "docker" "start" "-a" "b0d58ca38c11f738f799de631430efbf5fe118413398e6e5ab6eef2e4165eac9", kill_on_drop: false }`
[INFO] [stderr]    Compiling jstring v0.1.0 (/opt/rustwide/workdir)
[INFO] [stdout] warning: casting `&T` to `&mut T` is undefined behavior, even if the reference is unused, consider instead using an `UnsafeCell`
[INFO] [stdout]   --> src/raw_string.rs:88:18
[INFO] [stdout]    |
[INFO] [stdout] 88 |         unsafe { &mut *(self.get_bytes() as *const [u8] as *mut [u8]) }
[INFO] [stdout]    |                  ^^^^^^^^^^^^^^^^^^^^^^^^^^^^^^^^^^^^^^^^^^^^^^^^^^^^
[INFO] [stdout]    |
[INFO] [stdout]    = note: for more information, visit <https://doc.rust-lang.org/book/ch15-05-interior-mutability.html>
[INFO] [stdout]    = note: `#[warn(invalid_reference_casting)]` on by default
[INFO] [stdout] 
[INFO] [stdout] 
[INFO] [stdout] warning: 1 warning emitted
[INFO] [stdout] 
[INFO] [stdout] 
[INFO] [stderr]     Finished dev [unoptimized + debuginfo] target(s) in 0.06s
[INFO] running `Command { std: "docker" "inspect" "b0d58ca38c11f738f799de631430efbf5fe118413398e6e5ab6eef2e4165eac9", kill_on_drop: false }`
[INFO] running `Command { std: "docker" "rm" "-f" "b0d58ca38c11f738f799de631430efbf5fe118413398e6e5ab6eef2e4165eac9", kill_on_drop: false }`
[INFO] [stdout] b0d58ca38c11f738f799de631430efbf5fe118413398e6e5ab6eef2e4165eac9
[INFO] running `Command { std: "docker" "create" "-v" "/var/lib/crater-agent-workspace/builds/worker-5-tc1/target:/opt/rustwide/target:rw,Z" "-v" "/var/lib/crater-agent-workspace/builds/worker-5-tc1/source:/opt/rustwide/workdir:ro,Z" "-v" "/var/lib/crater-agent-workspace/cargo-home:/opt/rustwide/cargo-home:ro,Z" "-v" "/var/lib/crater-agent-workspace/rustup-home:/opt/rustwide/rustup-home:ro,Z" "-e" "SOURCE_DIR=/opt/rustwide/workdir" "-e" "CARGO_TARGET_DIR=/opt/rustwide/target" "-e" "CARGO_INCREMENTAL=0" "-e" "RUST_BACKTRACE=full" "-e" "RUSTFLAGS=--cap-lints=warn" "-e" "RUSTDOCFLAGS=--cap-lints=warn" "-e" "CARGO_HOME=/opt/rustwide/cargo-home" "-e" "RUSTUP_HOME=/opt/rustwide/rustup-home" "-w" "/opt/rustwide/workdir" "-m" "1610612736" "--user" "0:0" "--network" "none" "ghcr.io/rust-lang/crates-build-env/linux@sha256:2788e3201cd34a07e3172128adcd8b3090168a8e3bcc40d7c032b9dda1df7d1c" "/opt/rustwide/cargo-home/bin/cargo" "+1.75.0" "test" "--frozen" "--no-run" "--message-format=json", kill_on_drop: false }`
[INFO] [stdout] 25b5aae503ba5602a34c8b5c820fd4e9b244e8257825fd7089662b888a3df077
[INFO] running `Command { std: "docker" "start" "-a" "25b5aae503ba5602a34c8b5c820fd4e9b244e8257825fd7089662b888a3df077", kill_on_drop: false }`
[INFO] [stderr]    Compiling jstring v0.1.0 (/opt/rustwide/workdir)
[INFO] [stdout] warning: casting `&T` to `&mut T` is undefined behavior, even if the reference is unused, consider instead using an `UnsafeCell`
[INFO] [stdout]   --> src/raw_string.rs:88:18
[INFO] [stdout]    |
[INFO] [stdout] 88 |         unsafe { &mut *(self.get_bytes() as *const [u8] as *mut [u8]) }
[INFO] [stdout]    |                  ^^^^^^^^^^^^^^^^^^^^^^^^^^^^^^^^^^^^^^^^^^^^^^^^^^^^
[INFO] [stdout]    |
[INFO] [stdout]    = note: for more information, visit <https://doc.rust-lang.org/book/ch15-05-interior-mutability.html>
[INFO] [stdout]    = note: `#[warn(invalid_reference_casting)]` on by default
[INFO] [stdout] 
[INFO] [stdout] 
[INFO] [stdout] warning: 1 warning emitted
[INFO] [stdout] 
[INFO] [stdout] 
[INFO] [stdout] warning: casting `&T` to `&mut T` is undefined behavior, even if the reference is unused, consider instead using an `UnsafeCell`
[INFO] [stdout]   --> src/raw_string.rs:88:18
[INFO] [stdout]    |
[INFO] [stdout] 88 |         unsafe { &mut *(self.get_bytes() as *const [u8] as *mut [u8]) }
[INFO] [stdout]    |                  ^^^^^^^^^^^^^^^^^^^^^^^^^^^^^^^^^^^^^^^^^^^^^^^^^^^^
[INFO] [stdout]    |
[INFO] [stdout]    = note: for more information, visit <https://doc.rust-lang.org/book/ch15-05-interior-mutability.html>
[INFO] [stdout]    = note: `#[warn(invalid_reference_casting)]` on by default
[INFO] [stdout] 
[INFO] [stdout] 
[INFO] [stdout] warning: 1 warning emitted
[INFO] [stdout] 
[INFO] [stdout] 
[INFO] [stderr]     Finished test [unoptimized + debuginfo] target(s) in 0.24s
[INFO] running `Command { std: "docker" "inspect" "25b5aae503ba5602a34c8b5c820fd4e9b244e8257825fd7089662b888a3df077", kill_on_drop: false }`
[INFO] running `Command { std: "docker" "rm" "-f" "25b5aae503ba5602a34c8b5c820fd4e9b244e8257825fd7089662b888a3df077", kill_on_drop: false }`
[INFO] [stdout] 25b5aae503ba5602a34c8b5c820fd4e9b244e8257825fd7089662b888a3df077
[INFO] running `Command { std: "docker" "create" "-v" "/var/lib/crater-agent-workspace/builds/worker-5-tc1/target:/opt/rustwide/target:rw,Z" "-v" "/var/lib/crater-agent-workspace/builds/worker-5-tc1/source:/opt/rustwide/workdir:ro,Z" "-v" "/var/lib/crater-agent-workspace/cargo-home:/opt/rustwide/cargo-home:ro,Z" "-v" "/var/lib/crater-agent-workspace/rustup-home:/opt/rustwide/rustup-home:ro,Z" "-e" "SOURCE_DIR=/opt/rustwide/workdir" "-e" "CARGO_TARGET_DIR=/opt/rustwide/target" "-e" "CARGO_INCREMENTAL=0" "-e" "RUST_BACKTRACE=full" "-e" "RUSTFLAGS=--cap-lints=warn" "-e" "RUSTDOCFLAGS=--cap-lints=warn" "-e" "CARGO_HOME=/opt/rustwide/cargo-home" "-e" "RUSTUP_HOME=/opt/rustwide/rustup-home" "-w" "/opt/rustwide/workdir" "-m" "1610612736" "--user" "0:0" "--network" "none" "ghcr.io/rust-lang/crates-build-env/linux@sha256:2788e3201cd34a07e3172128adcd8b3090168a8e3bcc40d7c032b9dda1df7d1c" "/opt/rustwide/cargo-home/bin/cargo" "+1.75.0" "test" "--frozen", kill_on_drop: false }`
[INFO] [stdout] 65a8aeb8af055b87f37adaff838c195fedf59350d898380738fa4e6132223a19
[INFO] running `Command { std: "docker" "start" "-a" "65a8aeb8af055b87f37adaff838c195fedf59350d898380738fa4e6132223a19", kill_on_drop: false }`
[INFO] [stderr] warning: casting `&T` to `&mut T` is undefined behavior, even if the reference is unused, consider instead using an `UnsafeCell`
[INFO] [stderr]   --> src/raw_string.rs:88:18
[INFO] [stderr]    |
[INFO] [stderr] 88 |         unsafe { &mut *(self.get_bytes() as *const [u8] as *mut [u8]) }
[INFO] [stderr]    |                  ^^^^^^^^^^^^^^^^^^^^^^^^^^^^^^^^^^^^^^^^^^^^^^^^^^^^
[INFO] [stderr]    |
[INFO] [stderr]    = note: for more information, visit <https://doc.rust-lang.org/book/ch15-05-interior-mutability.html>
[INFO] [stderr]    = note: `#[warn(invalid_reference_casting)]` on by default
[INFO] [stderr] 
[INFO] [stderr] warning: `jstring` (lib) generated 1 warning
[INFO] [stderr] warning: `jstring` (lib test) generated 1 warning (1 duplicate)
[INFO] [stderr]     Finished test [unoptimized + debuginfo] target(s) in 0.00s
[INFO] [stderr]      Running unittests src/lib.rs (/opt/rustwide/target/debug/deps/jstring-e870403210b7acb5)
[INFO] [stdout] 
[INFO] [stdout] running 7 tests
[INFO] [stdout] test raw_string::tests::from_bytes ... ok
[INFO] [stdout] test raw_string::tests::from_bytes_large ... ok
[INFO] [stdout] test raw_string::tests::from_bytes_large_with_nulls ... ok
[INFO] [stdout] test raw_string::tests::large_interned ... ok
[INFO] [stdout] test raw_string::tests::new_does_not_use_heap ... ok
[INFO] [stdout] test raw_string::tests::option_size ... ok
[INFO] [stdout] test raw_string::tests::size ... ok
[INFO] [stdout] 
[INFO] [stdout] test result: ok. 7 passed; 0 failed; 0 ignored; 0 measured; 0 filtered out; finished in 0.00s
[INFO] [stdout] 
[INFO] [stderr]    Doc-tests jstring
[INFO] [stdout] 
[INFO] [stdout] running 2 tests
[INFO] [stdout] test src/lib.rs - JavaString::new (line 56) ... FAILED
[INFO] [stdout] test src/lib.rs - JavaString::with_capacity (line 73) ... ok
[INFO] [stdout] 
[INFO] [stdout] failures:
[INFO] [stdout] 
[INFO] [stdout] ---- src/lib.rs - JavaString::new (line 56) stdout ----
[INFO] [stdout] error[E0432]: unresolved import `java_string`
[INFO] [stdout]  --> src/lib.rs:57:5
[INFO] [stdout]   |
[INFO] [stdout] 3 | use java_string::*;
[INFO] [stdout]   |     ^^^^^^^^^^^ use of undeclared crate or module `java_string`
[INFO] [stdout] 
[INFO] [stdout] error[E0433]: failed to resolve: use of undeclared type `JavaString`
[INFO] [stdout]  --> src/lib.rs:58:9
[INFO] [stdout]   |
[INFO] [stdout] 4 | let s = JavaString::new();
[INFO] [stdout]   |         ^^^^^^^^^^ use of undeclared type `JavaString`
[INFO] [stdout]   |
[INFO] [stdout] help: consider importing this struct
[INFO] [stdout]   |
[INFO] [stdout] 2 + use jstring::JavaString;
[INFO] [stdout]   |
[INFO] [stdout] 
[INFO] [stdout] error: aborting due to 2 previous errors
[INFO] [stdout] 
[INFO] [stdout] Some errors have detailed explanations: E0432, E0433.
[INFO] [stdout] For more information about an error, try `rustc --explain E0432`.
[INFO] [stdout] Couldn't compile the test.
[INFO] [stdout] 
[INFO] [stdout] failures:
[INFO] [stdout]     src/lib.rs - JavaString::new (line 56)
[INFO] [stdout] 
[INFO] [stdout] test result: FAILED. 1 passed; 1 failed; 0 ignored; 0 measured; 0 filtered out; finished in 0.12s
[INFO] [stdout] 
[INFO] [stderr] error: doctest failed, to rerun pass `--doc`
[INFO] running `Command { std: "docker" "inspect" "65a8aeb8af055b87f37adaff838c195fedf59350d898380738fa4e6132223a19", kill_on_drop: false }`
[INFO] running `Command { std: "docker" "rm" "-f" "65a8aeb8af055b87f37adaff838c195fedf59350d898380738fa4e6132223a19", kill_on_drop: false }`
[INFO] [stdout] 65a8aeb8af055b87f37adaff838c195fedf59350d898380738fa4e6132223a19
