[INFO] fetching crate jsonschema_code_generator 2.0.0...
[INFO] testing jsonschema_code_generator-2.0.0 against 1.75.0 for beta-1.76-1
[INFO] extracting crate jsonschema_code_generator 2.0.0 into /workspace/builds/worker-6-tc1/source
[INFO] validating manifest of crates.io crate jsonschema_code_generator 2.0.0 on toolchain 1.75.0
[INFO] running `Command { std: CARGO_HOME="/workspace/cargo-home" RUSTUP_HOME="/workspace/rustup-home" "/workspace/cargo-home/bin/cargo" "+1.75.0" "metadata" "--manifest-path" "Cargo.toml" "--no-deps", kill_on_drop: false }`
[INFO] started tweaking crates.io crate jsonschema_code_generator 2.0.0
[INFO] finished tweaking crates.io crate jsonschema_code_generator 2.0.0
[INFO] tweaked toml for crates.io crate jsonschema_code_generator 2.0.0 written to /workspace/builds/worker-6-tc1/source/Cargo.toml
[INFO] running `Command { std: CARGO_HOME="/workspace/cargo-home" RUSTUP_HOME="/workspace/rustup-home" "/workspace/cargo-home/bin/cargo" "+1.75.0" "generate-lockfile" "--manifest-path" "Cargo.toml", kill_on_drop: false }`
[INFO] [stderr]     Updating crates.io index
[INFO] running `Command { std: CARGO_HOME="/workspace/cargo-home" RUSTUP_HOME="/workspace/rustup-home" "/workspace/cargo-home/bin/cargo" "+1.75.0" "fetch" "--manifest-path" "Cargo.toml", kill_on_drop: false }`
[INFO] running `Command { std: "docker" "create" "-v" "/var/lib/crater-agent-workspace/builds/worker-6-tc1/target:/opt/rustwide/target:rw,Z" "-v" "/var/lib/crater-agent-workspace/builds/worker-6-tc1/source:/opt/rustwide/workdir:ro,Z" "-v" "/var/lib/crater-agent-workspace/cargo-home:/opt/rustwide/cargo-home:ro,Z" "-v" "/var/lib/crater-agent-workspace/rustup-home:/opt/rustwide/rustup-home:ro,Z" "-e" "SOURCE_DIR=/opt/rustwide/workdir" "-e" "CARGO_TARGET_DIR=/opt/rustwide/target" "-e" "CARGO_HOME=/opt/rustwide/cargo-home" "-e" "RUSTUP_HOME=/opt/rustwide/rustup-home" "-w" "/opt/rustwide/workdir" "-m" "1610612736" "--user" "0:0" "--network" "none" "ghcr.io/rust-lang/crates-build-env/linux@sha256:2788e3201cd34a07e3172128adcd8b3090168a8e3bcc40d7c032b9dda1df7d1c" "/opt/rustwide/cargo-home/bin/cargo" "+1.75.0" "metadata" "--no-deps" "--format-version=1", kill_on_drop: false }`
[INFO] [stdout] 0fb612be5ad5ca0f07b3fd7f57c8df4a69e44c8762444dc2b082f55a1db1e035
[INFO] running `Command { std: "docker" "start" "-a" "0fb612be5ad5ca0f07b3fd7f57c8df4a69e44c8762444dc2b082f55a1db1e035", kill_on_drop: false }`
[INFO] running `Command { std: "docker" "inspect" "0fb612be5ad5ca0f07b3fd7f57c8df4a69e44c8762444dc2b082f55a1db1e035", kill_on_drop: false }`
[INFO] running `Command { std: "docker" "rm" "-f" "0fb612be5ad5ca0f07b3fd7f57c8df4a69e44c8762444dc2b082f55a1db1e035", kill_on_drop: false }`
[INFO] [stdout] 0fb612be5ad5ca0f07b3fd7f57c8df4a69e44c8762444dc2b082f55a1db1e035
[INFO] running `Command { std: "docker" "create" "-v" "/var/lib/crater-agent-workspace/builds/worker-6-tc1/target:/opt/rustwide/target:rw,Z" "-v" "/var/lib/crater-agent-workspace/builds/worker-6-tc1/source:/opt/rustwide/workdir:ro,Z" "-v" "/var/lib/crater-agent-workspace/cargo-home:/opt/rustwide/cargo-home:ro,Z" "-v" "/var/lib/crater-agent-workspace/rustup-home:/opt/rustwide/rustup-home:ro,Z" "-e" "SOURCE_DIR=/opt/rustwide/workdir" "-e" "CARGO_TARGET_DIR=/opt/rustwide/target" "-e" "CARGO_INCREMENTAL=0" "-e" "RUST_BACKTRACE=full" "-e" "RUSTFLAGS=--cap-lints=warn" "-e" "RUSTDOCFLAGS=--cap-lints=warn" "-e" "CARGO_HOME=/opt/rustwide/cargo-home" "-e" "RUSTUP_HOME=/opt/rustwide/rustup-home" "-w" "/opt/rustwide/workdir" "-m" "1610612736" "--user" "0:0" "--network" "none" "ghcr.io/rust-lang/crates-build-env/linux@sha256:2788e3201cd34a07e3172128adcd8b3090168a8e3bcc40d7c032b9dda1df7d1c" "/opt/rustwide/cargo-home/bin/cargo" "+1.75.0" "build" "--frozen" "--message-format=json", kill_on_drop: false }`
[INFO] [stdout] ada994e0d1e2ddd2a045d0c1ae71bae570861893b4e7aa0f5c73a075b20f6a76
[INFO] running `Command { std: "docker" "start" "-a" "ada994e0d1e2ddd2a045d0c1ae71bae570861893b4e7aa0f5c73a075b20f6a76", kill_on_drop: false }`
[INFO] [stderr]    Compiling proc-macro2 v1.0.75
[INFO] [stderr]    Compiling unicode-ident v1.0.12
[INFO] [stderr]    Compiling convert_case v0.4.0
[INFO] [stderr]    Compiling quote v1.0.35
[INFO] [stderr]    Compiling syn v2.0.48
[INFO] [stderr]    Compiling serde_derive v1.0.194
[INFO] [stderr]    Compiling serde_repr v0.1.18
[INFO] [stderr]    Compiling serde v1.0.194
[INFO] [stderr]    Compiling serde_json v1.0.111
[INFO] [stderr]    Compiling jsonschema_code_generator v2.0.0 (/opt/rustwide/workdir)
[INFO] [stdout] warning: call to `.clone()` on a reference in this situation does nothing
[INFO] [stdout]    --> src/generator.rs:255:23
[INFO] [stdout]     |
[INFO] [stdout] 255 |                 object.clone(),
[INFO] [stdout]     |                       ^^^^^^^^ help: remove this redundant call
[INFO] [stdout]     |
[INFO] [stdout]     = note: the type `parser::Object` does not implement `Clone`, so calling `clone` on `&parser::Object` copies the reference, which does not do anything and can be removed
[INFO] [stdout]     = note: `#[warn(noop_method_call)]` on by default
[INFO] [stdout] 
[INFO] [stdout] 
[INFO] [stdout] warning: call to `.clone()` on a reference in this situation does nothing
[INFO] [stdout]    --> src/generator.rs:288:64
[INFO] [stdout]     |
[INFO] [stdout] 288 |                     self.add(base_path, root.clone(), data_type.clone());
[INFO] [stdout]     |                                                                ^^^^^^^^ help: remove this redundant call
[INFO] [stdout]     |
[INFO] [stdout]     = note: the type `DataType` does not implement `Clone`, so calling `clone` on `&DataType` copies the reference, which does not do anything and can be removed
[INFO] [stdout] 
[INFO] [stdout] 
[INFO] [stdout] warning: call to `.clone()` on a reference in this situation does nothing
[INFO] [stdout]    --> src/generator.rs:295:64
[INFO] [stdout]     |
[INFO] [stdout] 295 |                     self.add(base_path, root.clone(), data_type.clone());
[INFO] [stdout]     |                                                                ^^^^^^^^ help: remove this redundant call
[INFO] [stdout]     |
[INFO] [stdout]     = note: the type `DataType` does not implement `Clone`, so calling `clone` on `&DataType` copies the reference, which does not do anything and can be removed
[INFO] [stdout] 
[INFO] [stdout] 
[INFO] [stdout] warning: call to `.clone()` on a reference in this situation does nothing
[INFO] [stdout]    --> src/generator.rs:302:64
[INFO] [stdout]     |
[INFO] [stdout] 302 |                     self.add(base_path, root.clone(), data_type.clone());
[INFO] [stdout]     |                                                                ^^^^^^^^ help: remove this redundant call
[INFO] [stdout]     |
[INFO] [stdout]     = note: the type `DataType` does not implement `Clone`, so calling `clone` on `&DataType` copies the reference, which does not do anything and can be removed
[INFO] [stdout] 
[INFO] [stdout] 
[INFO] [stdout] warning: 4 warnings emitted
[INFO] [stdout] 
[INFO] [stdout] 
[INFO] [stderr]     Finished dev [unoptimized + debuginfo] target(s) in 14.11s
[INFO] running `Command { std: "docker" "inspect" "ada994e0d1e2ddd2a045d0c1ae71bae570861893b4e7aa0f5c73a075b20f6a76", kill_on_drop: false }`
[INFO] running `Command { std: "docker" "rm" "-f" "ada994e0d1e2ddd2a045d0c1ae71bae570861893b4e7aa0f5c73a075b20f6a76", kill_on_drop: false }`
[INFO] [stdout] ada994e0d1e2ddd2a045d0c1ae71bae570861893b4e7aa0f5c73a075b20f6a76
[INFO] running `Command { std: "docker" "create" "-v" "/var/lib/crater-agent-workspace/builds/worker-6-tc1/target:/opt/rustwide/target:rw,Z" "-v" "/var/lib/crater-agent-workspace/builds/worker-6-tc1/source:/opt/rustwide/workdir:ro,Z" "-v" "/var/lib/crater-agent-workspace/cargo-home:/opt/rustwide/cargo-home:ro,Z" "-v" "/var/lib/crater-agent-workspace/rustup-home:/opt/rustwide/rustup-home:ro,Z" "-e" "SOURCE_DIR=/opt/rustwide/workdir" "-e" "CARGO_TARGET_DIR=/opt/rustwide/target" "-e" "CARGO_INCREMENTAL=0" "-e" "RUST_BACKTRACE=full" "-e" "RUSTFLAGS=--cap-lints=warn" "-e" "RUSTDOCFLAGS=--cap-lints=warn" "-e" "CARGO_HOME=/opt/rustwide/cargo-home" "-e" "RUSTUP_HOME=/opt/rustwide/rustup-home" "-w" "/opt/rustwide/workdir" "-m" "1610612736" "--user" "0:0" "--network" "none" "ghcr.io/rust-lang/crates-build-env/linux@sha256:2788e3201cd34a07e3172128adcd8b3090168a8e3bcc40d7c032b9dda1df7d1c" "/opt/rustwide/cargo-home/bin/cargo" "+1.75.0" "test" "--frozen" "--no-run" "--message-format=json", kill_on_drop: false }`
[INFO] [stdout] 66d2a198224b636e2ea8c40f046a1f92c03211485550dd110b21023f67edbaed
[INFO] running `Command { std: "docker" "start" "-a" "66d2a198224b636e2ea8c40f046a1f92c03211485550dd110b21023f67edbaed", kill_on_drop: false }`
[INFO] [stderr]    Compiling jsonschema_code_generator v2.0.0 (/opt/rustwide/workdir)
[INFO] [stdout] warning: call to `.clone()` on a reference in this situation does nothing
[INFO] [stdout]    --> src/generator.rs:255:23
[INFO] [stdout]     |
[INFO] [stdout] 255 |                 object.clone(),
[INFO] [stdout]     |                       ^^^^^^^^ help: remove this redundant call
[INFO] [stdout]     |
[INFO] [stdout]     = note: the type `parser::Object` does not implement `Clone`, so calling `clone` on `&parser::Object` copies the reference, which does not do anything and can be removed
[INFO] [stdout]     = note: `#[warn(noop_method_call)]` on by default
[INFO] [stdout] 
[INFO] [stdout] 
[INFO] [stdout] warning: call to `.clone()` on a reference in this situation does nothing
[INFO] [stdout]    --> src/generator.rs:288:64
[INFO] [stdout]     |
[INFO] [stdout] 288 |                     self.add(base_path, root.clone(), data_type.clone());
[INFO] [stdout]     |                                                                ^^^^^^^^ help: remove this redundant call
[INFO] [stdout]     |
[INFO] [stdout]     = note: the type `DataType` does not implement `Clone`, so calling `clone` on `&DataType` copies the reference, which does not do anything and can be removed
[INFO] [stdout] 
[INFO] [stdout] 
[INFO] [stdout] warning: call to `.clone()` on a reference in this situation does nothing
[INFO] [stdout]    --> src/generator.rs:295:64
[INFO] [stdout]     |
[INFO] [stdout] 295 |                     self.add(base_path, root.clone(), data_type.clone());
[INFO] [stdout]     |                                                                ^^^^^^^^ help: remove this redundant call
[INFO] [stdout]     |
[INFO] [stdout]     = note: the type `DataType` does not implement `Clone`, so calling `clone` on `&DataType` copies the reference, which does not do anything and can be removed
[INFO] [stdout] 
[INFO] [stdout] 
[INFO] [stdout] warning: call to `.clone()` on a reference in this situation does nothing
[INFO] [stdout]    --> src/generator.rs:302:64
[INFO] [stdout]     |
[INFO] [stdout] 302 |                     self.add(base_path, root.clone(), data_type.clone());
[INFO] [stdout]     |                                                                ^^^^^^^^ help: remove this redundant call
[INFO] [stdout]     |
[INFO] [stdout]     = note: the type `DataType` does not implement `Clone`, so calling `clone` on `&DataType` copies the reference, which does not do anything and can be removed
[INFO] [stdout] 
[INFO] [stdout] 
[INFO] [stdout] warning: 4 warnings emitted
[INFO] [stdout] 
[INFO] [stdout] 
[INFO] [stdout] warning: call to `.clone()` on a reference in this situation does nothing
[INFO] [stdout]    --> src/generator.rs:255:23
[INFO] [stdout]     |
[INFO] [stdout] 255 |                 object.clone(),
[INFO] [stdout]     |                       ^^^^^^^^ help: remove this redundant call
[INFO] [stdout]     |
[INFO] [stdout]     = note: the type `parser::Object` does not implement `Clone`, so calling `clone` on `&parser::Object` copies the reference, which does not do anything and can be removed
[INFO] [stdout]     = note: `#[warn(noop_method_call)]` on by default
[INFO] [stdout] 
[INFO] [stdout] 
[INFO] [stdout] warning: call to `.clone()` on a reference in this situation does nothing
[INFO] [stdout]    --> src/generator.rs:288:64
[INFO] [stdout]     |
[INFO] [stdout] 288 |                     self.add(base_path, root.clone(), data_type.clone());
[INFO] [stdout]     |                                                                ^^^^^^^^ help: remove this redundant call
[INFO] [stdout]     |
[INFO] [stdout]     = note: the type `DataType` does not implement `Clone`, so calling `clone` on `&DataType` copies the reference, which does not do anything and can be removed
[INFO] [stdout] 
[INFO] [stdout] 
[INFO] [stdout] warning: call to `.clone()` on a reference in this situation does nothing
[INFO] [stdout]    --> src/generator.rs:295:64
[INFO] [stdout]     |
[INFO] [stdout] 295 |                     self.add(base_path, root.clone(), data_type.clone());
[INFO] [stdout]     |                                                                ^^^^^^^^ help: remove this redundant call
[INFO] [stdout]     |
[INFO] [stdout]     = note: the type `DataType` does not implement `Clone`, so calling `clone` on `&DataType` copies the reference, which does not do anything and can be removed
[INFO] [stdout] 
[INFO] [stdout] 
[INFO] [stdout] warning: call to `.clone()` on a reference in this situation does nothing
[INFO] [stdout]    --> src/generator.rs:302:64
[INFO] [stdout]     |
[INFO] [stdout] 302 |                     self.add(base_path, root.clone(), data_type.clone());
[INFO] [stdout]     |                                                                ^^^^^^^^ help: remove this redundant call
[INFO] [stdout]     |
[INFO] [stdout]     = note: the type `DataType` does not implement `Clone`, so calling `clone` on `&DataType` copies the reference, which does not do anything and can be removed
[INFO] [stdout] 
[INFO] [stdout] 
[INFO] [stdout] warning: 4 warnings emitted
[INFO] [stdout] 
[INFO] [stdout] 
[INFO] [stderr]     Finished test [unoptimized + debuginfo] target(s) in 2.19s
[INFO] running `Command { std: "docker" "inspect" "66d2a198224b636e2ea8c40f046a1f92c03211485550dd110b21023f67edbaed", kill_on_drop: false }`
[INFO] running `Command { std: "docker" "rm" "-f" "66d2a198224b636e2ea8c40f046a1f92c03211485550dd110b21023f67edbaed", kill_on_drop: false }`
[INFO] [stdout] 66d2a198224b636e2ea8c40f046a1f92c03211485550dd110b21023f67edbaed
[INFO] running `Command { std: "docker" "create" "-v" "/var/lib/crater-agent-workspace/builds/worker-6-tc1/target:/opt/rustwide/target:rw,Z" "-v" "/var/lib/crater-agent-workspace/builds/worker-6-tc1/source:/opt/rustwide/workdir:ro,Z" "-v" "/var/lib/crater-agent-workspace/cargo-home:/opt/rustwide/cargo-home:ro,Z" "-v" "/var/lib/crater-agent-workspace/rustup-home:/opt/rustwide/rustup-home:ro,Z" "-e" "SOURCE_DIR=/opt/rustwide/workdir" "-e" "CARGO_TARGET_DIR=/opt/rustwide/target" "-e" "CARGO_INCREMENTAL=0" "-e" "RUST_BACKTRACE=full" "-e" "RUSTFLAGS=--cap-lints=warn" "-e" "RUSTDOCFLAGS=--cap-lints=warn" "-e" "CARGO_HOME=/opt/rustwide/cargo-home" "-e" "RUSTUP_HOME=/opt/rustwide/rustup-home" "-w" "/opt/rustwide/workdir" "-m" "1610612736" "--user" "0:0" "--network" "none" "ghcr.io/rust-lang/crates-build-env/linux@sha256:2788e3201cd34a07e3172128adcd8b3090168a8e3bcc40d7c032b9dda1df7d1c" "/opt/rustwide/cargo-home/bin/cargo" "+1.75.0" "test" "--frozen", kill_on_drop: false }`
[INFO] [stdout] 5b534ddf35b0eb713552e8e2ade3990fc330f0d3ac9b7515a5c93e3d7ef208fa
[INFO] running `Command { std: "docker" "start" "-a" "5b534ddf35b0eb713552e8e2ade3990fc330f0d3ac9b7515a5c93e3d7ef208fa", kill_on_drop: false }`
[INFO] [stderr] warning: call to `.clone()` on a reference in this situation does nothing
[INFO] [stderr]    --> src/generator.rs:255:23
[INFO] [stderr]     |
[INFO] [stderr] 255 |                 object.clone(),
[INFO] [stderr]     |                       ^^^^^^^^ help: remove this redundant call
[INFO] [stderr]     |
[INFO] [stderr]     = note: the type `parser::Object` does not implement `Clone`, so calling `clone` on `&parser::Object` copies the reference, which does not do anything and can be removed
[INFO] [stderr]     = note: `#[warn(noop_method_call)]` on by default
[INFO] [stderr] 
[INFO] [stderr] warning: call to `.clone()` on a reference in this situation does nothing
[INFO] [stderr]    --> src/generator.rs:288:64
[INFO] [stderr]     |
[INFO] [stderr] 288 |                     self.add(base_path, root.clone(), data_type.clone());
[INFO] [stderr]     |                                                                ^^^^^^^^ help: remove this redundant call
[INFO] [stderr]     |
[INFO] [stderr]     = note: the type `DataType` does not implement `Clone`, so calling `clone` on `&DataType` copies the reference, which does not do anything and can be removed
[INFO] [stderr] 
[INFO] [stderr] warning: call to `.clone()` on a reference in this situation does nothing
[INFO] [stderr]    --> src/generator.rs:295:64
[INFO] [stderr]     |
[INFO] [stderr] 295 |                     self.add(base_path, root.clone(), data_type.clone());
[INFO] [stderr]     |                                                                ^^^^^^^^ help: remove this redundant call
[INFO] [stderr]     |
[INFO] [stderr]     = note: the type `DataType` does not implement `Clone`, so calling `clone` on `&DataType` copies the reference, which does not do anything and can be removed
[INFO] [stderr] 
[INFO] [stderr] warning: call to `.clone()` on a reference in this situation does nothing
[INFO] [stderr]    --> src/generator.rs:302:64
[INFO] [stderr]     |
[INFO] [stderr] 302 |                     self.add(base_path, root.clone(), data_type.clone());
[INFO] [stderr]     |                                                                ^^^^^^^^ help: remove this redundant call
[INFO] [stderr]     |
[INFO] [stderr]     = note: the type `DataType` does not implement `Clone`, so calling `clone` on `&DataType` copies the reference, which does not do anything and can be removed
[INFO] [stderr] 
[INFO] [stderr] warning: `jsonschema_code_generator` (lib) generated 4 warnings (run `cargo fix --lib -p jsonschema_code_generator` to apply 4 suggestions)
[INFO] [stderr] warning: `jsonschema_code_generator` (lib test) generated 4 warnings (4 duplicates)
[INFO] [stderr]     Finished test [unoptimized + debuginfo] target(s) in 0.02s
[INFO] [stderr]      Running unittests src/lib.rs (/opt/rustwide/target/debug/deps/jsonschema_code_generator-e5c82f0d88933b98)
[INFO] [stdout] 
[INFO] [stdout] running 70 tests
[INFO] [stdout] test generator::generator_tests::should_add_all_of_type ... ok
[INFO] [stdout] test generated::generated_tests::should_generate_valid_property_rust_code ... ok
[INFO] [stdout] test generated::generated_tests::should_generate_valid_struct_rust_code ... ok
[INFO] [stdout] test generator::generator_tests::should_add_any_of_type ... ok
[INFO] [stdout] test generator::generator_tests::should_add_any_type ... ok
[INFO] [stdout] test generator::generator_tests::should_add_known_type ... ok
[INFO] [stdout] test generator::generator_tests::should_add_map_type ... ok
[INFO] [stdout] test generator::generator_tests::should_add_array_type ... ok
[INFO] [stdout] test generator::generator_tests::should_add_bool_type ... ok
[INFO] [stdout] test generator::generator_tests::should_add_object ... ok
[INFO] [stdout] test generator::generator_tests::should_add_one_of_type ... ok
[INFO] [stdout] test generator::generator_tests::should_add_optional_object_type ... ok
[INFO] [stdout] test generator::generator_tests::should_add_number_type ... ok
[INFO] [stdout] test generator::generator_tests::should_add_null_type ... ok
[INFO] [stdout] test generator::generator_tests::should_add_optional_string_type ... ok
[INFO] [stdout] test generator::generator_tests::should_add_object_type ... ok
[INFO] [stdout] test generator::generator_tests::should_add_string_type ... ok
[INFO] [stdout] test generator::generator_tests::should_add_ref_type ... ok
[INFO] [stdout] test generator::generator_tests::should_add_optional_ref_type ... ok
[INFO] [stdout] test generator::generator_tests::should_add_integer_type ... ok
[INFO] [stdout] test generator::generator_tests::should_add_types_in_the_correct_order ... ok
[INFO] [stdout] test generator::generator_tests::should_convert_into_a_sorted_type_list ... ok
[INFO] [stdout] test generator::generator_tests::should_detect_loops ... ok
[INFO] [stdout] test generator::generator_tests::should_be_ordered_by_position ... ok
[INFO] [stdout] test generator::generator_tests::should_detect_reference_cycles ... ok
[INFO] [stdout] test generator::generator_tests::should_not_add_the_same_type_twice ... ok
[INFO] [stdout] test generator::generator_tests::should_serialize_with_btree_import ... ok
[INFO] [stdout] test generator::generator_tests::should_prevent_name_collisions ... ok
[INFO] [stdout] test generator::generator_tests::should_serialize_with_serde_json_import ... ok
[INFO] [stdout] test parser::parser_tests::should_fallback_to_any ... ok
[INFO] [stdout] test generator::generator_tests::should_detect_type_cycles ... ok
[INFO] [stdout] test generator::generator_tests::should_create_referenced_types_once ... ok
[INFO] [stdout] test parser::parser_tests::should_fallback_to_any_if_items_is_missing ... ok
[INFO] [stdout] test parser::parser_tests::should_fallback_to_map_for_empty_objects ... ok
[INFO] [stdout] test parser::parser_tests::should_parse_boolean ... ok
[INFO] [stdout] test parser::parser_tests::should_parse_all_of ... ok
[INFO] [stdout] test parser::parser_tests::should_parse_null ... ok
[INFO] [stdout] test parser::parser_tests::should_parse_number ... ok
[INFO] [stdout] test parser::parser_tests::should_parse_object ... ok
[INFO] [stdout] test parser::parser_tests::should_parse_integer ... ok
[INFO] [stdout] test parser::parser_tests::should_inherit_root_properties ... ok
[INFO] [stdout] test parser::parser_tests::should_parse_any_of ... ok
[INFO] [stdout] test parser::parser_tests::should_parse_nested_array ... ok
[INFO] [stdout] test parser::parser_tests::should_make_property_required ... ok
[INFO] [stdout] test parser::parser_tests::should_parse_pattern_properties_to_map ... ok
[INFO] [stdout] test parser::parser_tests::should_parse_object_in_array ... ok
[INFO] [stdout] test parser::parser_tests::should_parse_one_of ... ok
[INFO] [stdout] test parser::parser_tests::should_use_property_name_as_fallback ... ok
[INFO] [stdout] test parser::parser_tests::should_parse_string ... ok
[INFO] [stdout] test parser::parser_tests::should_parse_array ... ok
[INFO] [stdout] test ref_parser::ref_parser_tests::should_parse_file_path ... ok
[INFO] [stdout] test parser::parser_tests::should_read_definitions ... ok
[INFO] [stdout] test parser::parser_tests::should_use_title ... ok
[INFO] [stdout] test ref_parser::ref_parser_tests::should_parse_combined_path ... ok
[INFO] [stdout] test resolver::resolver_tests::should_resolve_file ... ok
[INFO] [stdout] test ref_parser::ref_parser_tests::should_parse_empty_path ... ok
[INFO] [stdout] test sanitizer::sanitizer_tests::should_create_pascal_case_struct_names ... ok
[INFO] [stdout] test sanitizer::sanitizer_tests::should_create_snake_case_property_names ... ok
[INFO] [stdout] test resolver::resolver_tests::should_resolve_local_definition ... ok
[INFO] [stdout] test resolver::resolver_tests::should_resolve_root_on_empty_path ... ok
[INFO] [stdout] test ref_parser::ref_parser_tests::should_parse_local_path ... ok
[INFO] [stdout] test parser::parser_tests::should_read_defs ... ok
[INFO] [stdout] test resolver::resolver_tests::should_resolve_file_definition ... ok
[INFO] [stdout] test sanitizer::sanitizer_tests::should_replace_dollar_in_struct_names ... ok
[INFO] [stdout] test sanitizer::sanitizer_tests::should_rename_reserved_keywords ... ok
[INFO] [stdout] test sanitizer::sanitizer_tests::should_replace_dollar_in_property_names ... ok
[INFO] [stdout] test sanitizer::sanitizer_tests::should_create_snake_case_property_names_from_camel_case ... ok
[INFO] [stdout] test sanitizer::sanitizer_tests::should_replace_at_in_property_names ... ok
[INFO] [stdout] test sanitizer::sanitizer_tests::should_replace_at_in_struct_names ... ok
[INFO] [stderr] error: 'rustfmt' is not installed for the toolchain '1.75.0-x86_64-unknown-linux-gnu'
[INFO] [stderr] To install, run `rustup component add rustfmt --toolchain 1.75.0-x86_64-unknown-linux-gnu`
[INFO] [stderr] error: test failed, to rerun pass `--lib`
[INFO] [stdout] test lib_tests::test ... FAILED
[INFO] [stdout] 
[INFO] [stdout] failures:
[INFO] [stdout] 
[INFO] [stdout] ---- lib_tests::test stdout ----
[INFO] [stdout] thread 'lib_tests::test' panicked at src/lib.rs:50:9:
[INFO] [stdout] assertion `left == right` failed
[INFO] [stdout]   left: ""
[INFO] [stdout]  right: "use serde::{Deserialize, Serialize};\nuse serde_json::Value;\nuse std::collections::BTreeMap;\n#[doc = \"Generated from schemas/draft-04.json\"]\n#[derive(Clone, PartialEq, Debug, Deserialize, Serialize)]\npub struct Unknown {\n    #[serde(rename = \"$schema\")]\n    #[serde(skip_serializing_if = \"Option::is_none\")]\n    pub dollar_schema: Option<String>,\n    #[serde(rename = \"additionalItems\")]\n    #[serde(skip_serializing_if = \"Option::is_none\")]\n    pub additional_items: Option<Value>,\n    #[serde(rename = \"additionalProperties\")]\n    #[serde(skip_serializing_if = \"Option::is_none\")]\n    pub additional_properties: Option<Value>,\n    #[serde(rename = \"allOf\")]\n    #[serde(skip_serializing_if = \"Option::is_none\")]\n    pub all_of: Option<Vec<Unknown>>,\n    #[serde(rename = \"anyOf\")]\n    #[serde(skip_serializing_if = \"Option::is_none\")]\n    pub any_of: Option<Vec<Unknown>>,\n    #[serde(skip_serializing_if = \"Option::is_none\")]\n    pub default: Option<Value>,\n    #[serde(skip_serializing_if = \"Option::is_none\")]\n    pub definitions: Option<BTreeMap<String, Value>>,\n    #[serde(skip_serializing_if = \"Option::is_none\")]\n    pub dependencies: Option<BTreeMap<String, Value>>,\n    #[serde(skip_serializing_if = \"Option::is_none\")]\n    pub description: Option<String>,\n    #[serde(rename = \"enum\")]\n    #[serde(skip_serializing_if = \"Option::is_none\")]\n    pub enum_: Option<Vec<Value>>,\n    #[serde(rename = \"exclusiveMaximum\")]\n    #[serde(skip_serializing_if = \"Option::is_none\")]\n    pub exclusive_maximum: Option<bool>,\n    #[serde(rename = \"exclusiveMinimum\")]\n    #[serde(skip_serializing_if = \"Option::is_none\")]\n    pub exclusive_minimum: Option<bool>,\n    #[serde(skip_serializing_if = \"Option::is_none\")]\n    pub format: Option<String>,\n    #[serde(skip_serializing_if = \"Option::is_none\")]\n    pub id: Option<String>,\n    #[serde(skip_serializing_if = \"Option::is_none\")]\n    pub items: Option<Value>,\n    #[serde(rename = \"maxItems\")]\n    #[serde(skip_serializing_if = \"Option::is_none\")]\n    pub max_items: Option<i64>,\n    #[serde(rename = \"maxLength\")]\n    #[serde(skip_serializing_if = \"Option::is_none\")]\n    pub max_length: Option<i64>,\n    #[serde(rename = \"maxProperties\")]\n    #[serde(skip_serializing_if = \"Option::is_none\")]\n    pub max_properties: Option<i64>,\n    #[serde(skip_serializing_if = \"Option::is_none\")]\n    pub maximum: Option<f64>,\n    #[serde(rename = \"minItems\")]\n    #[serde(skip_serializing_if = \"Option::is_none\")]\n    pub min_items: Option<Value>,\n    #[serde(rename = \"minLength\")]\n    #[serde(skip_serializing_if = \"Option::is_none\")]\n    pub min_length: Option<Value>,\n    #[serde(rename = \"minProperties\")]\n    #[serde(skip_serializing_if = \"Option::is_none\")]\n    pub min_properties: Option<Value>,\n    #[serde(skip_serializing_if = \"Option::is_none\")]\n    pub minimum: Option<f64>,\n    #[serde(rename = \"multipleOf\")]\n    #[serde(skip_serializing_if = \"Option::is_none\")]\n    pub multiple_of: Option<f64>,\n    #[serde(skip_serializing_if = \"Option::is_none\")]\n    pub not: Option<Box<Unknown>>,\n    #[serde(rename = \"oneOf\")]\n    #[serde(skip_serializing_if = \"Option::is_none\")]\n    pub one_of: Option<Vec<Unknown>>,\n    #[serde(skip_serializing_if = \"Option::is_none\")]\n    pub pattern: Option<String>,\n    #[serde(rename = \"patternProperties\")]\n    #[serde(skip_serializing_if = \"Option::is_none\")]\n    pub pattern_properties: Option<BTreeMap<String, Value>>,\n    #[serde(skip_serializing_if = \"Option::is_none\")]\n    pub properties: Option<BTreeMap<String, Value>>,\n    #[serde(skip_serializing_if = \"Option::is_none\")]\n    pub required: Option<Vec<String>>,\n    #[serde(skip_serializing_if = \"Option::is_none\")]\n    pub title: Option<String>,\n    #[serde(rename = \"type\")]\n    #[serde(skip_serializing_if = \"Option::is_none\")]\n    pub type_: Option<Value>,\n    #[serde(rename = \"uniqueItems\")]\n    #[serde(skip_serializing_if = \"Option::is_none\")]\n    pub unique_items: Option<bool>,\n}\n"
[INFO] [stdout] stack backtrace:
[INFO] [stdout]    0:     0x56225072747c - std::backtrace_rs::backtrace::libunwind::trace::ha637c64ce894333a
[INFO] [stdout]                                at /rustc/82e1608dfa6e0b5569232559e3d385fea5a93112/library/std/src/../../backtrace/src/backtrace/libunwind.rs:104:5
[INFO] [stdout]    1:     0x56225072747c - std::backtrace_rs::backtrace::trace_unsynchronized::h47f62dea28e0c88d
[INFO] [stdout]                                at /rustc/82e1608dfa6e0b5569232559e3d385fea5a93112/library/std/src/../../backtrace/src/backtrace/mod.rs:66:5
[INFO] [stdout]    2:     0x56225072747c - std::sys_common::backtrace::_print_fmt::h9eef0abe20ede486
[INFO] [stdout]                                at /rustc/82e1608dfa6e0b5569232559e3d385fea5a93112/library/std/src/sys_common/backtrace.rs:67:5
[INFO] [stdout]    3:     0x56225072747c - <std::sys_common::backtrace::_print::DisplayBacktrace as core::fmt::Display>::fmt::hed7f999df88cc644
[INFO] [stdout]                                at /rustc/82e1608dfa6e0b5569232559e3d385fea5a93112/library/std/src/sys_common/backtrace.rs:44:22
[INFO] [stdout]    4:     0x5622507522f0 - core::fmt::rt::Argument::fmt::h1539a9308b8d058d
[INFO] [stdout]                                at /rustc/82e1608dfa6e0b5569232559e3d385fea5a93112/library/core/src/fmt/rt.rs:142:9
[INFO] [stdout]    5:     0x5622507522f0 - core::fmt::write::h3a39390d8560d9c9
[INFO] [stdout]                                at /rustc/82e1608dfa6e0b5569232559e3d385fea5a93112/library/core/src/fmt/mod.rs:1120:17
[INFO] [stdout]    6:     0x5622507243ef - std::io::Write::write_fmt::h040b369f3a0f9cbc
[INFO] [stdout]                                at /rustc/82e1608dfa6e0b5569232559e3d385fea5a93112/library/std/src/io/mod.rs:1762:15
[INFO] [stdout]    7:     0x562250727264 - std::sys_common::backtrace::_print::h894006fb5c6f3d45
[INFO] [stdout]                                at /rustc/82e1608dfa6e0b5569232559e3d385fea5a93112/library/std/src/sys_common/backtrace.rs:47:5
[INFO] [stdout]    8:     0x562250727264 - std::sys_common::backtrace::print::h23a2d212c6fff936
[INFO] [stdout]                                at /rustc/82e1608dfa6e0b5569232559e3d385fea5a93112/library/std/src/sys_common/backtrace.rs:34:9
[INFO] [stdout]    9:     0x562250728f27 - std::panicking::default_hook::{{closure}}::h8a1d2ee00185001a
[INFO] [stdout]   10:     0x562250728c13 - std::panicking::default_hook::h6038f2eba384e475
[INFO] [stdout]                                at /rustc/82e1608dfa6e0b5569232559e3d385fea5a93112/library/std/src/panicking.rs:289:9
[INFO] [stdout]   11:     0x562250691487 - <alloc::boxed::Box<F,A> as core::ops::function::Fn<Args>>::call::h0ad024c9bdc6d768
[INFO] [stdout]                                at /rustc/82e1608dfa6e0b5569232559e3d385fea5a93112/library/alloc/src/boxed.rs:2021:9
[INFO] [stdout]   12:     0x562250691487 - test::test_main::{{closure}}::h7500b54257359db6
[INFO] [stdout]                                at /rustc/82e1608dfa6e0b5569232559e3d385fea5a93112/library/test/src/lib.rs:138:21
[INFO] [stdout]   13:     0x562250729538 - <alloc::boxed::Box<F,A> as core::ops::function::Fn<Args>>::call::h1f8f335eaa9cfaee
[INFO] [stdout]                                at /rustc/82e1608dfa6e0b5569232559e3d385fea5a93112/library/alloc/src/boxed.rs:2021:9
[INFO] [stdout]   14:     0x562250729538 - std::panicking::rust_panic_with_hook::h2b5517d590cab22e
[INFO] [stdout]                                at /rustc/82e1608dfa6e0b5569232559e3d385fea5a93112/library/std/src/panicking.rs:783:13
[INFO] [stdout]   15:     0x56225072928e - std::panicking::begin_panic_handler::{{closure}}::h233112c06e0ef43e
[INFO] [stdout]                                at /rustc/82e1608dfa6e0b5569232559e3d385fea5a93112/library/std/src/panicking.rs:657:13
[INFO] [stdout]   16:     0x562250727946 - std::sys_common::backtrace::__rust_end_short_backtrace::h6e893f24d7ebbff8
[INFO] [stdout]                                at /rustc/82e1608dfa6e0b5569232559e3d385fea5a93112/library/std/src/sys_common/backtrace.rs:170:18
[INFO] [stdout]   17:     0x562250728ff2 - rust_begin_unwind
[INFO] [stdout]                                at /rustc/82e1608dfa6e0b5569232559e3d385fea5a93112/library/std/src/panicking.rs:645:5
[INFO] [stdout]   18:     0x5622505de825 - core::panicking::panic_fmt::hbf0e066aabfa482c
[INFO] [stdout]                                at /rustc/82e1608dfa6e0b5569232559e3d385fea5a93112/library/core/src/panicking.rs:72:14
[INFO] [stdout]   19:     0x5622505dec3b - core::panicking::assert_failed_inner::h0bba8b7c26ee4492
[INFO] [stdout]   20:     0x56225062e77e - core::panicking::assert_failed::hef6d6231fdea0d4c
[INFO] [stdout]                                at /rustc/82e1608dfa6e0b5569232559e3d385fea5a93112/library/core/src/panicking.rs:279:5
[INFO] [stdout]   21:     0x562250602bf6 - jsonschema_code_generator::lib_tests::test::hf94bdef5e58eb7b6
[INFO] [stdout]                                at /opt/rustwide/workdir/src/lib.rs:50:9
[INFO] [stdout]   22:     0x562250602927 - jsonschema_code_generator::lib_tests::test::{{closure}}::h94512d7e8133cda0
[INFO] [stdout]                                at /opt/rustwide/workdir/src/lib.rs:43:14
[INFO] [stdout]   23:     0x562250619c16 - core::ops::function::FnOnce::call_once::hc6e650ae83b6910b
[INFO] [stdout]                                at /rustc/82e1608dfa6e0b5569232559e3d385fea5a93112/library/core/src/ops/function.rs:250:5
[INFO] [stdout]   24:     0x562250696adf - core::ops::function::FnOnce::call_once::h2b5d431d5046312d
[INFO] [stdout]                                at /rustc/82e1608dfa6e0b5569232559e3d385fea5a93112/library/core/src/ops/function.rs:250:5
[INFO] [stdout]   25:     0x562250696adf - test::__rust_begin_short_backtrace::h7714669af176e207
[INFO] [stdout]                                at /rustc/82e1608dfa6e0b5569232559e3d385fea5a93112/library/test/src/lib.rs:628:18
[INFO] [stdout]   26:     0x562250695af5 - test::run_test_in_process::{{closure}}::h85218797dcbcec12
[INFO] [stdout]                                at /rustc/82e1608dfa6e0b5569232559e3d385fea5a93112/library/test/src/lib.rs:651:60
[INFO] [stdout]   27:     0x562250695af5 - <core::panic::unwind_safe::AssertUnwindSafe<F> as core::ops::function::FnOnce<()>>::call_once::h76c106ea31c14d7b
[INFO] [stdout]                                at /rustc/82e1608dfa6e0b5569232559e3d385fea5a93112/library/core/src/panic/unwind_safe.rs:272:9
[INFO] [stdout]   28:     0x562250695af5 - std::panicking::try::do_call::h3bd5d0f6620ee946
[INFO] [stdout]                                at /rustc/82e1608dfa6e0b5569232559e3d385fea5a93112/library/std/src/panicking.rs:552:40
[INFO] [stdout]   29:     0x562250695af5 - std::panicking::try::h232e535e4744fe31
[INFO] [stdout]                                at /rustc/82e1608dfa6e0b5569232559e3d385fea5a93112/library/std/src/panicking.rs:516:19
[INFO] [stdout]   30:     0x562250695af5 - std::panic::catch_unwind::h3ce3bd6ca8dbac68
[INFO] [stdout]                                at /rustc/82e1608dfa6e0b5569232559e3d385fea5a93112/library/std/src/panic.rs:142:14
[INFO] [stdout]   31:     0x562250695af5 - test::run_test_in_process::hc97b257c9621286a
[INFO] [stdout]                                at /rustc/82e1608dfa6e0b5569232559e3d385fea5a93112/library/test/src/lib.rs:651:27
[INFO] [stdout]   32:     0x562250695af5 - test::run_test::{{closure}}::h2aa798823a438d38
[INFO] [stdout]                                at /rustc/82e1608dfa6e0b5569232559e3d385fea5a93112/library/test/src/lib.rs:574:43
[INFO] [stdout]   33:     0x56225065ddb6 - test::run_test::{{closure}}::h87d231c78fb59832
[INFO] [stdout]                                at /rustc/82e1608dfa6e0b5569232559e3d385fea5a93112/library/test/src/lib.rs:602:41
[INFO] [stdout]   34:     0x56225065ddb6 - std::sys_common::backtrace::__rust_begin_short_backtrace::he6df152596625789
[INFO] [stdout]                                at /rustc/82e1608dfa6e0b5569232559e3d385fea5a93112/library/std/src/sys_common/backtrace.rs:154:18
[INFO] [stdout]   35:     0x562250662e67 - std::thread::Builder::spawn_unchecked_::{{closure}}::{{closure}}::ha94be15d1e0acf36
[INFO] [stdout]                                at /rustc/82e1608dfa6e0b5569232559e3d385fea5a93112/library/std/src/thread/mod.rs:529:17
[INFO] [stdout]   36:     0x562250662e67 - <core::panic::unwind_safe::AssertUnwindSafe<F> as core::ops::function::FnOnce<()>>::call_once::h9dc6bd6372f16606
[INFO] [stdout]                                at /rustc/82e1608dfa6e0b5569232559e3d385fea5a93112/library/core/src/panic/unwind_safe.rs:272:9
[INFO] [stdout]   37:     0x562250662e67 - std::panicking::try::do_call::h9057517f80303cd4
[INFO] [stdout]                                at /rustc/82e1608dfa6e0b5569232559e3d385fea5a93112/library/std/src/panicking.rs:552:40
[INFO] [stdout]   38:     0x562250662e67 - std::panicking::try::he3a30b11ee45340c
[INFO] [stdout]                                at /rustc/82e1608dfa6e0b5569232559e3d385fea5a93112/library/std/src/panicking.rs:516:19
[INFO] [stdout]   39:     0x562250662e67 - std::panic::catch_unwind::h410458cfd3528b8b
[INFO] [stdout]                                at /rustc/82e1608dfa6e0b5569232559e3d385fea5a93112/library/std/src/panic.rs:142:14
[INFO] [stdout]   40:     0x562250662e67 - std::thread::Builder::spawn_unchecked_::{{closure}}::h72ac3bdb567b737b
[INFO] [stdout]                                at /rustc/82e1608dfa6e0b5569232559e3d385fea5a93112/library/std/src/thread/mod.rs:528:30
[INFO] [stdout]   41:     0x562250662e67 - core::ops::function::FnOnce::call_once{{vtable.shim}}::h38f34da3654a8344
[INFO] [stdout]                                at /rustc/82e1608dfa6e0b5569232559e3d385fea5a93112/library/core/src/ops/function.rs:250:5
[INFO] [stdout]   42:     0x56225072e155 - <alloc::boxed::Box<F,A> as core::ops::function::FnOnce<Args>>::call_once::hc7eafaff61e32df9
[INFO] [stdout]                                at /rustc/82e1608dfa6e0b5569232559e3d385fea5a93112/library/alloc/src/boxed.rs:2007:9
[INFO] [stdout]   43:     0x56225072e155 - <alloc::boxed::Box<F,A> as core::ops::function::FnOnce<Args>>::call_once::h6ba4a5de48dd2304
[INFO] [stdout]                                at /rustc/82e1608dfa6e0b5569232559e3d385fea5a93112/library/alloc/src/boxed.rs:2007:9
[INFO] [stdout]   44:     0x56225072e155 - std::sys::unix::thread::Thread::new::thread_start::he469335aef763e45
[INFO] [stdout]                                at /rustc/82e1608dfa6e0b5569232559e3d385fea5a93112/library/std/src/sys/unix/thread.rs:108:17
[INFO] [stdout]   45:     0x7fcd7bf52ac3 - <unknown>
[INFO] [stdout]   46:     0x7fcd7bfe3bf4 - __clone
[INFO] [stdout]   47:                0x0 - <unknown>
[INFO] [stdout] 
[INFO] [stdout] 
[INFO] [stdout] failures:
[INFO] [stdout]     lib_tests::test
[INFO] [stdout] 
[INFO] [stdout] test result: FAILED. 69 passed; 1 failed; 0 ignored; 0 measured; 0 filtered out; finished in 1.31s
[INFO] [stdout] 
[INFO] running `Command { std: "docker" "inspect" "5b534ddf35b0eb713552e8e2ade3990fc330f0d3ac9b7515a5c93e3d7ef208fa", kill_on_drop: false }`
[INFO] running `Command { std: "docker" "rm" "-f" "5b534ddf35b0eb713552e8e2ade3990fc330f0d3ac9b7515a5c93e3d7ef208fa", kill_on_drop: false }`
[INFO] [stdout] 5b534ddf35b0eb713552e8e2ade3990fc330f0d3ac9b7515a5c93e3d7ef208fa
[INFO] testing jsonschema_code_generator-2.0.0 against beta-2023-12-22 for beta-1.76-1
[INFO] extracting crate jsonschema_code_generator 2.0.0 into /workspace/builds/worker-6-tc2/source
[INFO] validating manifest of crates.io crate jsonschema_code_generator 2.0.0 on toolchain beta-2023-12-22
[INFO] running `Command { std: CARGO_HOME="/workspace/cargo-home" RUSTUP_HOME="/workspace/rustup-home" "/workspace/cargo-home/bin/cargo" "+beta-2023-12-22" "metadata" "--manifest-path" "Cargo.toml" "--no-deps", kill_on_drop: false }`
[INFO] started tweaking crates.io crate jsonschema_code_generator 2.0.0
[INFO] finished tweaking crates.io crate jsonschema_code_generator 2.0.0
[INFO] tweaked toml for crates.io crate jsonschema_code_generator 2.0.0 written to /workspace/builds/worker-6-tc2/source/Cargo.toml
[INFO] running `Command { std: CARGO_HOME="/workspace/cargo-home" RUSTUP_HOME="/workspace/rustup-home" "/workspace/cargo-home/bin/cargo" "+beta-2023-12-22" "generate-lockfile" "--manifest-path" "Cargo.toml", kill_on_drop: false }`
[INFO] [stderr]     Updating crates.io index
[INFO] running `Command { std: CARGO_HOME="/workspace/cargo-home" RUSTUP_HOME="/workspace/rustup-home" "/workspace/cargo-home/bin/cargo" "+beta-2023-12-22" "fetch" "--manifest-path" "Cargo.toml", kill_on_drop: false }`
[INFO] running `Command { std: "docker" "create" "-v" "/var/lib/crater-agent-workspace/builds/worker-6-tc2/target:/opt/rustwide/target:rw,Z" "-v" "/var/lib/crater-agent-workspace/builds/worker-6-tc2/source:/opt/rustwide/workdir:ro,Z" "-v" "/var/lib/crater-agent-workspace/cargo-home:/opt/rustwide/cargo-home:ro,Z" "-v" "/var/lib/crater-agent-workspace/rustup-home:/opt/rustwide/rustup-home:ro,Z" "-e" "SOURCE_DIR=/opt/rustwide/workdir" "-e" "CARGO_TARGET_DIR=/opt/rustwide/target" "-e" "CARGO_HOME=/opt/rustwide/cargo-home" "-e" "RUSTUP_HOME=/opt/rustwide/rustup-home" "-w" "/opt/rustwide/workdir" "-m" "1610612736" "--user" "0:0" "--network" "none" "ghcr.io/rust-lang/crates-build-env/linux@sha256:2788e3201cd34a07e3172128adcd8b3090168a8e3bcc40d7c032b9dda1df7d1c" "/opt/rustwide/cargo-home/bin/cargo" "+beta-2023-12-22" "metadata" "--no-deps" "--format-version=1", kill_on_drop: false }`
[INFO] [stdout] 7e43fe0499ef780bc30a3a53f361eb0e66a4a39dc24259a6611d3338754c6aef
[INFO] running `Command { std: "docker" "start" "-a" "7e43fe0499ef780bc30a3a53f361eb0e66a4a39dc24259a6611d3338754c6aef", kill_on_drop: false }`
[INFO] running `Command { std: "docker" "inspect" "7e43fe0499ef780bc30a3a53f361eb0e66a4a39dc24259a6611d3338754c6aef", kill_on_drop: false }`
[INFO] running `Command { std: "docker" "rm" "-f" "7e43fe0499ef780bc30a3a53f361eb0e66a4a39dc24259a6611d3338754c6aef", kill_on_drop: false }`
[INFO] [stdout] 7e43fe0499ef780bc30a3a53f361eb0e66a4a39dc24259a6611d3338754c6aef
[INFO] running `Command { std: "docker" "create" "-v" "/var/lib/crater-agent-workspace/builds/worker-6-tc2/target:/opt/rustwide/target:rw,Z" "-v" "/var/lib/crater-agent-workspace/builds/worker-6-tc2/source:/opt/rustwide/workdir:ro,Z" "-v" "/var/lib/crater-agent-workspace/cargo-home:/opt/rustwide/cargo-home:ro,Z" "-v" "/var/lib/crater-agent-workspace/rustup-home:/opt/rustwide/rustup-home:ro,Z" "-e" "SOURCE_DIR=/opt/rustwide/workdir" "-e" "CARGO_TARGET_DIR=/opt/rustwide/target" "-e" "CARGO_INCREMENTAL=0" "-e" "RUST_BACKTRACE=full" "-e" "RUSTFLAGS=--cap-lints=warn" "-e" "RUSTDOCFLAGS=--cap-lints=warn" "-e" "CARGO_HOME=/opt/rustwide/cargo-home" "-e" "RUSTUP_HOME=/opt/rustwide/rustup-home" "-w" "/opt/rustwide/workdir" "-m" "1610612736" "--user" "0:0" "--network" "none" "ghcr.io/rust-lang/crates-build-env/linux@sha256:2788e3201cd34a07e3172128adcd8b3090168a8e3bcc40d7c032b9dda1df7d1c" "/opt/rustwide/cargo-home/bin/cargo" "+beta-2023-12-22" "build" "--frozen" "--message-format=json", kill_on_drop: false }`
[INFO] [stdout] d533028bf80a8e8aa8ed30b0db3978215ac1b253432f1cd95f59ec3730947b52
[INFO] running `Command { std: "docker" "start" "-a" "d533028bf80a8e8aa8ed30b0db3978215ac1b253432f1cd95f59ec3730947b52", kill_on_drop: false }`
[INFO] [stderr]    Compiling proc-macro2 v1.0.75
[INFO] [stderr]    Compiling unicode-ident v1.0.12
[INFO] [stderr]    Compiling convert_case v0.4.0
[INFO] [stderr]    Compiling quote v1.0.35
[INFO] [stderr]    Compiling syn v2.0.48
[INFO] [stderr]    Compiling serde_derive v1.0.194
[INFO] [stderr]    Compiling serde_repr v0.1.18
[INFO] [stderr]    Compiling serde v1.0.194
[INFO] [stderr]    Compiling serde_json v1.0.111
[INFO] [stderr]    Compiling jsonschema_code_generator v2.0.0 (/opt/rustwide/workdir)
[INFO] [stdout] warning: call to `.clone()` on a reference in this situation does nothing
[INFO] [stdout]    --> src/generator.rs:255:23
[INFO] [stdout]     |
[INFO] [stdout] 255 |                 object.clone(),
[INFO] [stdout]     |                       ^^^^^^^^ help: remove this redundant call
[INFO] [stdout]     |
[INFO] [stdout]     = note: the type `parser::Object` does not implement `Clone`, so calling `clone` on `&parser::Object` copies the reference, which does not do anything and can be removed
[INFO] [stdout]     = note: `#[warn(noop_method_call)]` on by default
[INFO] [stdout] 
[INFO] [stdout] 
[INFO] [stdout] warning: call to `.clone()` on a reference in this situation does nothing
[INFO] [stdout]    --> src/generator.rs:288:64
[INFO] [stdout]     |
[INFO] [stdout] 288 |                     self.add(base_path, root.clone(), data_type.clone());
[INFO] [stdout]     |                                                                ^^^^^^^^ help: remove this redundant call
[INFO] [stdout]     |
[INFO] [stdout]     = note: the type `DataType` does not implement `Clone`, so calling `clone` on `&DataType` copies the reference, which does not do anything and can be removed
[INFO] [stdout] 
[INFO] [stdout] 
[INFO] [stdout] warning: call to `.clone()` on a reference in this situation does nothing
[INFO] [stdout]    --> src/generator.rs:295:64
[INFO] [stdout]     |
[INFO] [stdout] 295 |                     self.add(base_path, root.clone(), data_type.clone());
[INFO] [stdout]     |                                                                ^^^^^^^^ help: remove this redundant call
[INFO] [stdout]     |
[INFO] [stdout]     = note: the type `DataType` does not implement `Clone`, so calling `clone` on `&DataType` copies the reference, which does not do anything and can be removed
[INFO] [stdout] 
[INFO] [stdout] 
[INFO] [stdout] warning: call to `.clone()` on a reference in this situation does nothing
[INFO] [stdout]    --> src/generator.rs:302:64
[INFO] [stdout]     |
[INFO] [stdout] 302 |                     self.add(base_path, root.clone(), data_type.clone());
[INFO] [stdout]     |                                                                ^^^^^^^^ help: remove this redundant call
[INFO] [stdout]     |
[INFO] [stdout]     = note: the type `DataType` does not implement `Clone`, so calling `clone` on `&DataType` copies the reference, which does not do anything and can be removed
[INFO] [stdout] 
[INFO] [stdout] 
[INFO] [stdout] warning: 4 warnings emitted
[INFO] [stdout] 
[INFO] [stdout] 
[INFO] [stderr]     Finished dev [unoptimized + debuginfo] target(s) in 10.58s
[INFO] running `Command { std: "docker" "inspect" "d533028bf80a8e8aa8ed30b0db3978215ac1b253432f1cd95f59ec3730947b52", kill_on_drop: false }`
[INFO] running `Command { std: "docker" "rm" "-f" "d533028bf80a8e8aa8ed30b0db3978215ac1b253432f1cd95f59ec3730947b52", kill_on_drop: false }`
[INFO] [stdout] d533028bf80a8e8aa8ed30b0db3978215ac1b253432f1cd95f59ec3730947b52
[INFO] running `Command { std: "docker" "create" "-v" "/var/lib/crater-agent-workspace/builds/worker-6-tc2/target:/opt/rustwide/target:rw,Z" "-v" "/var/lib/crater-agent-workspace/builds/worker-6-tc2/source:/opt/rustwide/workdir:ro,Z" "-v" "/var/lib/crater-agent-workspace/cargo-home:/opt/rustwide/cargo-home:ro,Z" "-v" "/var/lib/crater-agent-workspace/rustup-home:/opt/rustwide/rustup-home:ro,Z" "-e" "SOURCE_DIR=/opt/rustwide/workdir" "-e" "CARGO_TARGET_DIR=/opt/rustwide/target" "-e" "CARGO_INCREMENTAL=0" "-e" "RUST_BACKTRACE=full" "-e" "RUSTFLAGS=--cap-lints=warn" "-e" "RUSTDOCFLAGS=--cap-lints=warn" "-e" "CARGO_HOME=/opt/rustwide/cargo-home" "-e" "RUSTUP_HOME=/opt/rustwide/rustup-home" "-w" "/opt/rustwide/workdir" "-m" "1610612736" "--user" "0:0" "--network" "none" "ghcr.io/rust-lang/crates-build-env/linux@sha256:2788e3201cd34a07e3172128adcd8b3090168a8e3bcc40d7c032b9dda1df7d1c" "/opt/rustwide/cargo-home/bin/cargo" "+beta-2023-12-22" "test" "--frozen" "--no-run" "--message-format=json", kill_on_drop: false }`
[INFO] [stdout] 061baee5bad78b906c3d141c06f75c15499e5146b614d94de610ee2201bba5a9
[INFO] running `Command { std: "docker" "start" "-a" "061baee5bad78b906c3d141c06f75c15499e5146b614d94de610ee2201bba5a9", kill_on_drop: false }`
[INFO] [stdout] warning: call to `.clone()` on a reference in this situation does nothing
[INFO] [stdout]    --> src/generator.rs:255:23
[INFO] [stdout]     |
[INFO] [stdout] 255 |                 object.clone(),
[INFO] [stdout]     |                       ^^^^^^^^ help: remove this redundant call
[INFO] [stdout]     |
[INFO] [stdout]     = note: the type `parser::Object` does not implement `Clone`, so calling `clone` on `&parser::Object` copies the reference, which does not do anything and can be removed
[INFO] [stdout]     = note: `#[warn(noop_method_call)]` on by default
[INFO] [stdout] 
[INFO] [stdout] 
[INFO] [stdout] warning: call to `.clone()` on a reference in this situation does nothing
[INFO] [stdout]    --> src/generator.rs:288:64
[INFO] [stdout]     |
[INFO] [stdout] 288 |                     self.add(base_path, root.clone(), data_type.clone());
[INFO] [stdout]     |                                                                ^^^^^^^^ help: remove this redundant call
[INFO] [stdout]     |
[INFO] [stdout]     = note: the type `DataType` does not implement `Clone`, so calling `clone` on `&DataType` copies the reference, which does not do anything and can be removed
[INFO] [stdout] 
[INFO] [stdout] 
[INFO] [stdout] warning: call to `.clone()` on a reference in this situation does nothing
[INFO] [stdout]    --> src/generator.rs:295:64
[INFO] [stdout]     |
[INFO] [stdout] 295 |                     self.add(base_path, root.clone(), data_type.clone());
[INFO] [stdout]     |                                                                ^^^^^^^^ help: remove this redundant call
[INFO] [stdout]     |
[INFO] [stdout]     = note: the type `DataType` does not implement `Clone`, so calling `clone` on `&DataType` copies the reference, which does not do anything and can be removed
[INFO] [stdout] 
[INFO] [stdout] 
[INFO] [stdout] warning: call to `.clone()` on a reference in this situation does nothing
[INFO] [stdout]    --> src/generator.rs:302:64
[INFO] [stdout]     |
[INFO] [stdout] 302 |                     self.add(base_path, root.clone(), data_type.clone());
[INFO] [stdout]     |                                                                ^^^^^^^^ help: remove this redundant call
[INFO] [stdout]     |
[INFO] [stdout]     = note: the type `DataType` does not implement `Clone`, so calling `clone` on `&DataType` copies the reference, which does not do anything and can be removed
[INFO] [stdout] 
[INFO] [stdout] 
[INFO] [stdout] warning: 4 warnings emitted
[INFO] [stdout] 
[INFO] [stdout] 
[INFO] [stderr]    Compiling jsonschema_code_generator v2.0.0 (/opt/rustwide/workdir)
[INFO] [stdout] warning: call to `.clone()` on a reference in this situation does nothing
[INFO] [stdout]    --> src/generator.rs:255:23
[INFO] [stdout]     |
[INFO] [stdout] 255 |                 object.clone(),
[INFO] [stdout]     |                       ^^^^^^^^ help: remove this redundant call
[INFO] [stdout]     |
[INFO] [stdout]     = note: the type `parser::Object` does not implement `Clone`, so calling `clone` on `&parser::Object` copies the reference, which does not do anything and can be removed
[INFO] [stdout]     = note: `#[warn(noop_method_call)]` on by default
[INFO] [stdout] 
[INFO] [stdout] 
[INFO] [stdout] warning: call to `.clone()` on a reference in this situation does nothing
[INFO] [stdout]    --> src/generator.rs:288:64
[INFO] [stdout]     |
[INFO] [stdout] 288 |                     self.add(base_path, root.clone(), data_type.clone());
[INFO] [stdout]     |                                                                ^^^^^^^^ help: remove this redundant call
[INFO] [stdout]     |
[INFO] [stdout]     = note: the type `DataType` does not implement `Clone`, so calling `clone` on `&DataType` copies the reference, which does not do anything and can be removed
[INFO] [stdout] 
[INFO] [stdout] 
[INFO] [stdout] warning: call to `.clone()` on a reference in this situation does nothing
[INFO] [stdout]    --> src/generator.rs:295:64
[INFO] [stdout]     |
[INFO] [stdout] 295 |                     self.add(base_path, root.clone(), data_type.clone());
[INFO] [stdout]     |                                                                ^^^^^^^^ help: remove this redundant call
[INFO] [stdout]     |
[INFO] [stdout]     = note: the type `DataType` does not implement `Clone`, so calling `clone` on `&DataType` copies the reference, which does not do anything and can be removed
[INFO] [stdout] 
[INFO] [stdout] 
[INFO] [stdout] warning: call to `.clone()` on a reference in this situation does nothing
[INFO] [stdout]    --> src/generator.rs:302:64
[INFO] [stdout]     |
[INFO] [stdout] 302 |                     self.add(base_path, root.clone(), data_type.clone());
[INFO] [stdout]     |                                                                ^^^^^^^^ help: remove this redundant call
[INFO] [stdout]     |
[INFO] [stdout]     = note: the type `DataType` does not implement `Clone`, so calling `clone` on `&DataType` copies the reference, which does not do anything and can be removed
[INFO] [stdout] 
[INFO] [stdout] 
[INFO] [stdout] warning: 4 warnings emitted
[INFO] [stdout] 
[INFO] [stdout] 
[INFO] [stderr]     Finished test [unoptimized + debuginfo] target(s) in 2.18s
[INFO] running `Command { std: "docker" "inspect" "061baee5bad78b906c3d141c06f75c15499e5146b614d94de610ee2201bba5a9", kill_on_drop: false }`
[INFO] running `Command { std: "docker" "rm" "-f" "061baee5bad78b906c3d141c06f75c15499e5146b614d94de610ee2201bba5a9", kill_on_drop: false }`
[INFO] [stdout] 061baee5bad78b906c3d141c06f75c15499e5146b614d94de610ee2201bba5a9
[INFO] running `Command { std: "docker" "create" "-v" "/var/lib/crater-agent-workspace/builds/worker-6-tc2/target:/opt/rustwide/target:rw,Z" "-v" "/var/lib/crater-agent-workspace/builds/worker-6-tc2/source:/opt/rustwide/workdir:ro,Z" "-v" "/var/lib/crater-agent-workspace/cargo-home:/opt/rustwide/cargo-home:ro,Z" "-v" "/var/lib/crater-agent-workspace/rustup-home:/opt/rustwide/rustup-home:ro,Z" "-e" "SOURCE_DIR=/opt/rustwide/workdir" "-e" "CARGO_TARGET_DIR=/opt/rustwide/target" "-e" "CARGO_INCREMENTAL=0" "-e" "RUST_BACKTRACE=full" "-e" "RUSTFLAGS=--cap-lints=warn" "-e" "RUSTDOCFLAGS=--cap-lints=warn" "-e" "CARGO_HOME=/opt/rustwide/cargo-home" "-e" "RUSTUP_HOME=/opt/rustwide/rustup-home" "-w" "/opt/rustwide/workdir" "-m" "1610612736" "--user" "0:0" "--network" "none" "ghcr.io/rust-lang/crates-build-env/linux@sha256:2788e3201cd34a07e3172128adcd8b3090168a8e3bcc40d7c032b9dda1df7d1c" "/opt/rustwide/cargo-home/bin/cargo" "+beta-2023-12-22" "test" "--frozen", kill_on_drop: false }`
[INFO] [stdout] 949af47661c9ee0ffd04a96716a523bdada7aa3bed44544aa182edce68975b8d
[INFO] running `Command { std: "docker" "start" "-a" "949af47661c9ee0ffd04a96716a523bdada7aa3bed44544aa182edce68975b8d", kill_on_drop: false }`
[INFO] [stderr] warning: call to `.clone()` on a reference in this situation does nothing
[INFO] [stderr]    --> src/generator.rs:255:23
[INFO] [stderr]     |
[INFO] [stderr] 255 |                 object.clone(),
[INFO] [stderr]     |                       ^^^^^^^^ help: remove this redundant call
[INFO] [stderr]     |
[INFO] [stderr]     = note: the type `parser::Object` does not implement `Clone`, so calling `clone` on `&parser::Object` copies the reference, which does not do anything and can be removed
[INFO] [stderr]     = note: `#[warn(noop_method_call)]` on by default
[INFO] [stderr] 
[INFO] [stderr] warning: call to `.clone()` on a reference in this situation does nothing
[INFO] [stderr]    --> src/generator.rs:288:64
[INFO] [stderr]     |
[INFO] [stderr] 288 |                     self.add(base_path, root.clone(), data_type.clone());
[INFO] [stderr]     |                                                                ^^^^^^^^ help: remove this redundant call
[INFO] [stderr]     |
[INFO] [stderr]     = note: the type `DataType` does not implement `Clone`, so calling `clone` on `&DataType` copies the reference, which does not do anything and can be removed
[INFO] [stderr] 
[INFO] [stderr] warning: call to `.clone()` on a reference in this situation does nothing
[INFO] [stderr]    --> src/generator.rs:295:64
[INFO] [stderr]     |
[INFO] [stderr] 295 |                     self.add(base_path, root.clone(), data_type.clone());
[INFO] [stderr]     |                                                                ^^^^^^^^ help: remove this redundant call
[INFO] [stderr]     |
[INFO] [stderr]     = note: the type `DataType` does not implement `Clone`, so calling `clone` on `&DataType` copies the reference, which does not do anything and can be removed
[INFO] [stderr] 
[INFO] [stderr] warning: call to `.clone()` on a reference in this situation does nothing
[INFO] [stderr]    --> src/generator.rs:302:64
[INFO] [stderr]     |
[INFO] [stderr] 302 |                     self.add(base_path, root.clone(), data_type.clone());
[INFO] [stderr]     |                                                                ^^^^^^^^ help: remove this redundant call
[INFO] [stderr]     |
[INFO] [stderr]     = note: the type `DataType` does not implement `Clone`, so calling `clone` on `&DataType` copies the reference, which does not do anything and can be removed
[INFO] [stderr] 
[INFO] [stderr] warning: `jsonschema_code_generator` (lib) generated 4 warnings (run `cargo fix --lib -p jsonschema_code_generator` to apply 4 suggestions)
[INFO] [stderr] warning: `jsonschema_code_generator` (lib test) generated 4 warnings (4 duplicates)
[INFO] [stderr]     Finished test [unoptimized + debuginfo] target(s) in 0.03s
[INFO] [stderr]      Running unittests src/lib.rs (/opt/rustwide/target/debug/deps/jsonschema_code_generator-cad31a3e49031dc6)
[INFO] [stdout] 
[INFO] [stdout] running 70 tests
[INFO] [stdout] test generator::generator_tests::should_add_all_of_type ... ok
[INFO] [stdout] test generator::generator_tests::should_add_array_type ... ok
[INFO] [stdout] test generator::generator_tests::should_add_integer_type ... ok
[INFO] [stdout] test generator::generator_tests::should_add_map_type ... ok
[INFO] [stdout] test generator::generator_tests::should_add_null_type ... ok
[INFO] [stdout] test generated::generated_tests::should_generate_valid_struct_rust_code ... ok
[INFO] [stdout] test generated::generated_tests::should_generate_valid_property_rust_code ... ok
[INFO] [stdout] test generator::generator_tests::should_add_object ... ok
[INFO] [stdout] test generator::generator_tests::should_add_any_of_type ... ok
[INFO] [stdout] test generator::generator_tests::should_add_bool_type ... ok
[INFO] [stdout] test generator::generator_tests::should_add_known_type ... ok
[INFO] [stdout] test generator::generator_tests::should_add_number_type ... ok
[INFO] [stdout] test generator::generator_tests::should_add_object_type ... ok
[INFO] [stdout] test generator::generator_tests::should_add_optional_ref_type ... ok
[INFO] [stdout] test generator::generator_tests::should_add_one_of_type ... ok
[INFO] [stdout] test generator::generator_tests::should_add_ref_type ... ok
[INFO] [stdout] test generator::generator_tests::should_add_string_type ... ok
[INFO] [stdout] test generator::generator_tests::should_add_types_in_the_correct_order ... ok
[INFO] [stdout] test generator::generator_tests::should_add_optional_string_type ... ok
[INFO] [stdout] test generator::generator_tests::should_add_any_type ... ok
[INFO] [stdout] test generator::generator_tests::should_add_optional_object_type ... ok
[INFO] [stdout] test generator::generator_tests::should_convert_into_a_sorted_type_list ... ok
[INFO] [stdout] test generator::generator_tests::should_detect_loops ... ok
[INFO] [stdout] test generator::generator_tests::should_not_add_the_same_type_twice ... ok
[INFO] [stdout] test generator::generator_tests::should_detect_type_cycles ... ok
[INFO] [stdout] test generator::generator_tests::should_detect_reference_cycles ... ok
[INFO] [stdout] test generator::generator_tests::should_be_ordered_by_position ... ok
[INFO] [stdout] test generator::generator_tests::should_create_referenced_types_once ... ok
[INFO] [stdout] test generator::generator_tests::should_serialize_with_btree_import ... ok
[INFO] [stdout] test parser::parser_tests::should_fallback_to_any ... ok
[INFO] [stdout] test generator::generator_tests::should_serialize_with_serde_json_import ... ok
[INFO] [stdout] test parser::parser_tests::should_fallback_to_any_if_items_is_missing ... ok
[INFO] [stdout] test parser::parser_tests::should_inherit_root_properties ... ok
[INFO] [stdout] test parser::parser_tests::should_parse_all_of ... ok
[INFO] [stdout] test parser::parser_tests::should_make_property_required ... ok
[INFO] [stdout] test generator::generator_tests::should_prevent_name_collisions ... ok
[INFO] [stdout] test parser::parser_tests::should_parse_integer ... ok
[INFO] [stdout] test parser::parser_tests::should_fallback_to_map_for_empty_objects ... ok
[INFO] [stdout] test parser::parser_tests::should_parse_null ... ok
[INFO] [stdout] test parser::parser_tests::should_parse_any_of ... ok
[INFO] [stdout] test parser::parser_tests::should_parse_number ... ok
[INFO] [stdout] test parser::parser_tests::should_parse_boolean ... ok
[INFO] [stdout] test parser::parser_tests::should_parse_nested_array ... ok
[INFO] [stdout] test parser::parser_tests::should_parse_pattern_properties_to_map ... ok
[INFO] [stdout] test parser::parser_tests::should_parse_object ... ok
[INFO] [stdout] test parser::parser_tests::should_parse_one_of ... ok
[INFO] [stdout] test parser::parser_tests::should_parse_object_in_array ... ok
[INFO] [stdout] test parser::parser_tests::should_parse_array ... ok
[INFO] [stdout] test parser::parser_tests::should_read_definitions ... ok
[INFO] [stdout] test parser::parser_tests::should_use_property_name_as_fallback ... ok
[INFO] [stdout] test parser::parser_tests::should_parse_string ... ok
[INFO] [stdout] test parser::parser_tests::should_use_title ... ok
[INFO] [stdout] test parser::parser_tests::should_read_defs ... ok
[INFO] [stdout] test ref_parser::ref_parser_tests::should_parse_file_path ... ok
[INFO] [stdout] test ref_parser::ref_parser_tests::should_parse_local_path ... ok
[INFO] [stdout] test ref_parser::ref_parser_tests::should_parse_combined_path ... ok
[INFO] [stdout] test resolver::resolver_tests::should_resolve_file ... ok
[INFO] [stdout] test sanitizer::sanitizer_tests::should_create_snake_case_property_names ... ok
[INFO] [stdout] test resolver::resolver_tests::should_resolve_root_on_empty_path ... ok
[INFO] [stdout] test sanitizer::sanitizer_tests::should_rename_reserved_keywords ... ok
[INFO] [stdout] test sanitizer::sanitizer_tests::should_create_snake_case_property_names_from_camel_case ... ok
[INFO] [stdout] test resolver::resolver_tests::should_resolve_file_definition ... ok
[INFO] [stdout] test sanitizer::sanitizer_tests::should_replace_dollar_in_property_names ... ok
[INFO] [stdout] test resolver::resolver_tests::should_resolve_local_definition ... ok
[INFO] [stdout] test sanitizer::sanitizer_tests::should_replace_at_in_struct_names ... ok
[INFO] [stdout] test sanitizer::sanitizer_tests::should_replace_at_in_property_names ... ok
[INFO] [stdout] test ref_parser::ref_parser_tests::should_parse_empty_path ... ok
[INFO] [stdout] test sanitizer::sanitizer_tests::should_replace_dollar_in_struct_names ... ok
[INFO] [stdout] test sanitizer::sanitizer_tests::should_create_pascal_case_struct_names ... ok
[INFO] [stderr] error: 'rustfmt' is not installed for the toolchain 'beta-2023-12-22-x86_64-unknown-linux-gnu'
[INFO] [stderr] To install, run `rustup component add rustfmt --toolchain beta-2023-12-22-x86_64-unknown-linux-gnu`
[INFO] [stdout] test lib_tests::test ... FAILED
[INFO] [stdout] 
[INFO] [stdout] failures:
[INFO] [stdout] 
[INFO] [stdout] ---- lib_tests::test stdout ----
[INFO] [stdout] thread 'lib_tests::test' panicked at src/lib.rs:50:9:
[INFO] [stdout] assertion `left == right` failed
[INFO] [stdout]   left: ""
[INFO] [stdout]  right: "use serde::{Deserialize, Serialize};\nuse serde_json::Value;\nuse std::collections::BTreeMap;\n#[doc = \"Generated from schemas/draft-04.json\"]\n#[derive(Clone, PartialEq, Debug, Deserialize, Serialize)]\npub struct Unknown {\n    #[serde(rename = \"$schema\")]\n    #[serde(skip_serializing_if = \"Option::is_none\")]\n    pub dollar_schema: Option<String>,\n    #[serde(rename = \"additionalItems\")]\n    #[serde(skip_serializing_if = \"Option::is_none\")]\n    pub additional_items: Option<Value>,\n    #[serde(rename = \"additionalProperties\")]\n    #[serde(skip_serializing_if = \"Option::is_none\")]\n    pub additional_properties: Option<Value>,\n    #[serde(rename = \"allOf\")]\n    #[serde(skip_serializing_if = \"Option::is_none\")]\n    pub all_of: Option<Vec<Unknown>>,\n    #[serde(rename = \"anyOf\")]\n    #[serde(skip_serializing_if = \"Option::is_none\")]\n    pub any_of: Option<Vec<Unknown>>,\n    #[serde(skip_serializing_if = \"Option::is_none\")]\n    pub default: Option<Value>,\n    #[serde(skip_serializing_if = \"Option::is_none\")]\n    pub definitions: Option<BTreeMap<String, Value>>,\n    #[serde(skip_serializing_if = \"Option::is_none\")]\n    pub dependencies: Option<BTreeMap<String, Value>>,\n    #[serde(skip_serializing_if = \"Option::is_none\")]\n    pub description: Option<String>,\n    #[serde(rename = \"enum\")]\n    #[serde(skip_serializing_if = \"Option::is_none\")]\n    pub enum_: Option<Vec<Value>>,\n    #[serde(rename = \"exclusiveMaximum\")]\n    #[serde(skip_serializing_if = \"Option::is_none\")]\n    pub exclusive_maximum: Option<bool>,\n    #[serde(rename = \"exclusiveMinimum\")]\n    #[serde(skip_serializing_if = \"Option::is_none\")]\n    pub exclusive_minimum: Option<bool>,\n    #[serde(skip_serializing_if = \"Option::is_none\")]\n    pub format: Option<String>,\n    #[serde(skip_serializing_if = \"Option::is_none\")]\n    pub id: Option<String>,\n    #[serde(skip_serializing_if = \"Option::is_none\")]\n    pub items: Option<Value>,\n    #[serde(rename = \"maxItems\")]\n    #[serde(skip_serializing_if = \"Option::is_none\")]\n    pub max_items: Option<i64>,\n    #[serde(rename = \"maxLength\")]\n    #[serde(skip_serializing_if = \"Option::is_none\")]\n    pub max_length: Option<i64>,\n    #[serde(rename = \"maxProperties\")]\n    #[serde(skip_serializing_if = \"Option::is_none\")]\n    pub max_properties: Option<i64>,\n    #[serde(skip_serializing_if = \"Option::is_none\")]\n    pub maximum: Option<f64>,\n    #[serde(rename = \"minItems\")]\n    #[serde(skip_serializing_if = \"Option::is_none\")]\n    pub min_items: Option<Value>,\n    #[serde(rename = \"minLength\")]\n    #[serde(skip_serializing_if = \"Option::is_none\")]\n    pub min_length: Option<Value>,\n    #[serde(rename = \"minProperties\")]\n    #[serde(skip_serializing_if = \"Option::is_none\")]\n    pub min_properties: Option<Value>,\n    #[serde(skip_serializing_if = \"Option::is_none\")]\n    pub minimum: Option<f64>,\n    #[serde(rename = \"multipleOf\")]\n    #[serde(skip_serializing_if = \"Option::is_none\")]\n    pub multiple_of: Option<f64>,\n    #[serde(skip_serializing_if = \"Option::is_none\")]\n    pub not: Option<Box<Unknown>>,\n    #[serde(rename = \"oneOf\")]\n    #[serde(skip_serializing_if = \"Option::is_none\")]\n    pub one_of: Option<Vec<Unknown>>,\n    #[serde(skip_serializing_if = \"Option::is_none\")]\n    pub pattern: Option<String>,\n    #[serde(rename = \"patternProperties\")]\n    #[serde(skip_serializing_if = \"Option::is_none\")]\n    pub pattern_properties: Option<BTreeMap<String, Value>>,\n    #[serde(skip_serializing_if = \"Option::is_none\")]\n    pub properties: Option<BTreeMap<String, Value>>,\n    #[serde(skip_serializing_if = \"Option::is_none\")]\n    pub required: Option<Vec<String>>,\n    #[serde(skip_serializing_if = \"Option::is_none\")]\n    pub title: Option<String>,\n    #[serde(rename = \"type\")]\n    #[serde(skip_serializing_if = \"Option::is_none\")]\n    pub type_: Option<Value>,\n    #[serde(rename = \"uniqueItems\")]\n    #[serde(skip_serializing_if = \"Option::is_none\")]\n    pub unique_items: Option<bool>,\n}\n"
[INFO] [stdout] stack backtrace:
[INFO] [stdout]    0:     0x55806c0ab096 - std::backtrace_rs::backtrace::libunwind::trace::h261606ad26a499c1
[INFO] [stdout]                                at /rustc/0e09125c6c3c2fd70d7de961bcf0e51575235fad/library/std/src/../../backtrace/src/backtrace/libunwind.rs:104:5
[INFO] [stdout]    1:     0x55806c0ab096 - std::backtrace_rs::backtrace::trace_unsynchronized::hd183f0625477fb28
[INFO] [stdout]                                at /rustc/0e09125c6c3c2fd70d7de961bcf0e51575235fad/library/std/src/../../backtrace/src/backtrace/mod.rs:66:5
[INFO] [stdout]    2:     0x55806c0ab096 - std::sys_common::backtrace::_print_fmt::hd7f8fef21b4eda67
[INFO] [stdout]                                at /rustc/0e09125c6c3c2fd70d7de961bcf0e51575235fad/library/std/src/sys_common/backtrace.rs:68:5
[INFO] [stdout]    3:     0x55806c0ab096 - <std::sys_common::backtrace::_print::DisplayBacktrace as core::fmt::Display>::fmt::h623d9b51f2f453f1
[INFO] [stdout]                                at /rustc/0e09125c6c3c2fd70d7de961bcf0e51575235fad/library/std/src/sys_common/backtrace.rs:44:22
[INFO] [stdout]    4:     0x55806c0d51e0 - core::fmt::rt::Argument::fmt::h9f417ac76a86f368
[INFO] [stdout]                                at /rustc/0e09125c6c3c2fd70d7de961bcf0e51575235fad/library/core/src/fmt/rt.rs:142:9
[INFO] [stdout]    5:     0x55806c0d51e0 - core::fmt::write::hc9b6faf4ac2aeff7
[INFO] [stdout]                                at /rustc/0e09125c6c3c2fd70d7de961bcf0e51575235fad/library/core/src/fmt/mod.rs:1120:17
[INFO] [stdout]    6:     0x55806c0a81af - std::io::Write::write_fmt::he04625a3a989fec3
[INFO] [stdout]                                at /rustc/0e09125c6c3c2fd70d7de961bcf0e51575235fad/library/std/src/io/mod.rs:1810:15
[INFO] [stdout]    7:     0x55806c0aae74 - std::sys_common::backtrace::_print::hd5d66399c7df88a2
[INFO] [stdout]                                at /rustc/0e09125c6c3c2fd70d7de961bcf0e51575235fad/library/std/src/sys_common/backtrace.rs:47:5
[INFO] [stdout]    8:     0x55806c0aae74 - std::sys_common::backtrace::print::he81ed2da642d37e5
[INFO] [stdout]                                at /rustc/0e09125c6c3c2fd70d7de961bcf0e51575235fad/library/std/src/sys_common/backtrace.rs:34:9
[INFO] [stdout]    9:     0x55806c0acbe7 - std::panicking::default_hook::{{closure}}::h85773f4fa117163d
[INFO] [stdout]   10:     0x55806c0ac8cd - std::panicking::default_hook::h6a1694a91d09b278
[INFO] [stdout]                                at /rustc/0e09125c6c3c2fd70d7de961bcf0e51575235fad/library/std/src/panicking.rs:289:9
[INFO] [stdout]   11:     0x55806c0128e7 - <alloc::boxed::Box<F,A> as core::ops::function::Fn<Args>>::call::h616ac37fa3cd6c8f
[INFO] [stdout]                                at /rustc/0e09125c6c3c2fd70d7de961bcf0e51575235fad/library/alloc/src/boxed.rs:2029:9
[INFO] [stdout]   12:     0x55806c0128e7 - test::test_main::{{closure}}::h00d84697cefdcbb6
[INFO] [stdout]                                at /rustc/0e09125c6c3c2fd70d7de961bcf0e51575235fad/library/test/src/lib.rs:138:21
[INFO] [stdout]   13:     0x55806c0ad206 - <alloc::boxed::Box<F,A> as core::ops::function::Fn<Args>>::call::hcb3fe3b9bb537ba8
[INFO] [stdout]                                at /rustc/0e09125c6c3c2fd70d7de961bcf0e51575235fad/library/alloc/src/boxed.rs:2029:9
[INFO] [stdout]   14:     0x55806c0ad206 - std::panicking::rust_panic_with_hook::h0a7ad96e90f7145b
[INFO] [stdout]                                at /rustc/0e09125c6c3c2fd70d7de961bcf0e51575235fad/library/std/src/panicking.rs:783:13
[INFO] [stdout]   15:     0x55806c0acf52 - std::panicking::begin_panic_handler::{{closure}}::h7919090525c6485e
[INFO] [stdout]                                at /rustc/0e09125c6c3c2fd70d7de961bcf0e51575235fad/library/std/src/panicking.rs:657:13
[INFO] [stdout]   16:     0x55806c0ab596 - std::sys_common::backtrace::__rust_end_short_backtrace::hf3289479464f7dfe
[INFO] [stdout]                                at /rustc/0e09125c6c3c2fd70d7de961bcf0e51575235fad/library/std/src/sys_common/backtrace.rs:171:18
[INFO] [stdout]   17:     0x55806c0accb0 - rust_begin_unwind
[INFO] [stdout]                                at /rustc/0e09125c6c3c2fd70d7de961bcf0e51575235fad/library/std/src/panicking.rs:645:5
[INFO] [stdout]   18:     0x55806bf5c7f5 - core::panicking::panic_fmt::hcc9f77c5c132af55
[INFO] [stdout]                                at /rustc/0e09125c6c3c2fd70d7de961bcf0e51575235fad/library/core/src/panicking.rs:72:14
[INFO] [stdout]   19:     0x55806bf5cc2b - core::panicking::assert_failed_inner::h9f13e27dd63c3a08
[INFO] [stdout]                                at /rustc/0e09125c6c3c2fd70d7de961bcf0e51575235fad/library/core/src/panicking.rs:342:17
[INFO] [stdout]   20:     0x55806bfd72be - core::panicking::assert_failed::h9fcf3b36e4baed20
[INFO] [stdout]                                at /rustc/0e09125c6c3c2fd70d7de961bcf0e51575235fad/library/core/src/panicking.rs:297:5
[INFO] [stdout]   21:     0x55806bf99a06 - jsonschema_code_generator::lib_tests::test::h8e833b1ea41fafea
[INFO] [stdout]                                at /opt/rustwide/workdir/src/lib.rs:50:9
[INFO] [stdout]   22:     0x55806bf99737 - jsonschema_code_generator::lib_tests::test::{{closure}}::hcd84c9f5dce01502
[INFO] [stdout]                                at /opt/rustwide/workdir/src/lib.rs:43:14
[INFO] [stdout]   23:     0x55806bfb85a6 - core::ops::function::FnOnce::call_once::h46fd64cde873c45d
[INFO] [stdout]                                at /rustc/0e09125c6c3c2fd70d7de961bcf0e51575235fad/library/core/src/ops/function.rs:250:5
[INFO] [stdout]   24:     0x55806c0181bf - core::ops::function::FnOnce::call_once::hd64d26f405258157
[INFO] [stdout]                                at /rustc/0e09125c6c3c2fd70d7de961bcf0e51575235fad/library/core/src/ops/function.rs:250:5
[INFO] [stdout]   25:     0x55806c0181bf - test::__rust_begin_short_backtrace::he21b0b7a6d731bf9
[INFO] [stdout]                                at /rustc/0e09125c6c3c2fd70d7de961bcf0e51575235fad/library/test/src/lib.rs:627:18
[INFO] [stdout]   26:     0x55806c016f41 - test::run_test_in_process::{{closure}}::hf5c73986d7bdfde2
[INFO] [stdout]                                at /rustc/0e09125c6c3c2fd70d7de961bcf0e51575235fad/library/test/src/lib.rs:650:60
[INFO] [stdout]   27:     0x55806c016f41 - <core::panic::unwind_safe::AssertUnwindSafe<F> as core::ops::function::FnOnce<()>>::call_once::h330011ad032aadc0
[INFO] [stdout]                                at /rustc/0e09125c6c3c2fd70d7de961bcf0e51575235fad/library/core/src/panic/unwind_safe.rs:272:9
[INFO] [stdout]   28:     0x55806c016f41 - std::panicking::try::do_call::he61b0a958b795a41
[INFO] [stdout]                                at /rustc/0e09125c6c3c2fd70d7de961bcf0e51575235fad/library/std/src/panicking.rs:552:40
[INFO] [stdout]   29:     0x55806c016f41 - std::panicking::try::h7309da130f906eb7
[INFO] [stdout]                                at /rustc/0e09125c6c3c2fd70d7de961bcf0e51575235fad/library/std/src/panicking.rs:516:19
[INFO] [stdout]   30:     0x55806c016f41 - std::panic::catch_unwind::hc5c3a06fdaf0a92a
[INFO] [stdout]                                at /rustc/0e09125c6c3c2fd70d7de961bcf0e51575235fad/library/std/src/panic.rs:142:14
[INFO] [stdout]   31:     0x55806c016f41 - test::run_test_in_process::h7e7b7c71c3324e0f
[INFO] [stdout]                                at /rustc/0e09125c6c3c2fd70d7de961bcf0e51575235fad/library/test/src/lib.rs:650:27
[INFO] [stdout]   32:     0x55806c016f41 - test::run_test::{{closure}}::h1f509f28f5cf20b1
[INFO] [stdout]                                at /rustc/0e09125c6c3c2fd70d7de961bcf0e51575235fad/library/test/src/lib.rs:573:43
[INFO] [stdout]   33:     0x55806bfde276 - test::run_test::{{closure}}::h1754218abf443f6d
[INFO] [stdout]                                at /rustc/0e09125c6c3c2fd70d7de961bcf0e51575235fad/library/test/src/lib.rs:601:41
[INFO] [stdout]   34:     0x55806bfde276 - std::sys_common::backtrace::__rust_begin_short_backtrace::h2ee174b9d5954948
[INFO] [stdout]                                at /rustc/0e09125c6c3c2fd70d7de961bcf0e51575235fad/library/std/src/sys_common/backtrace.rs:155:18
[INFO] [stdout]   35:     0x55806bfe32d7 - std::thread::Builder::spawn_unchecked_::{{closure}}::{{closure}}::hf60bee9c1a17ef09
[INFO] [stdout]                                at /rustc/0e09125c6c3c2fd70d7de961bcf0e51575235fad/library/std/src/thread/mod.rs:529:17
[INFO] [stdout]   36:     0x55806bfe32d7 - <core::panic::unwind_safe::AssertUnwindSafe<F> as core::ops::function::FnOnce<()>>::call_once::h33d0dddec5216160
[INFO] [stdout]                                at /rustc/0e09125c6c3c2fd70d7de961bcf0e51575235fad/library/core/src/panic/unwind_safe.rs:272:9
[INFO] [stdout]   37:     0x55806bfe32d7 - std::panicking::try::do_call::h144b3048b546f835
[INFO] [stdout]                                at /rustc/0e09125c6c3c2fd70d7de961bcf0e51575235fad/library/std/src/panicking.rs:552:40
[INFO] [stdout]   38:     0x55806bfe32d7 - std::panicking::try::h978244d04646189f
[INFO] [stdout]                                at /rustc/0e09125c6c3c2fd70d7de961bcf0e51575235fad/library/std/src/panicking.rs:516:19
[INFO] [stdout]   39:     0x55806bfe32d7 - std::panic::catch_unwind::hdf436369d188fe86
[INFO] [stdout]                                at /rustc/0e09125c6c3c2fd70d7de961bcf0e51575235fad/library/std/src/panic.rs:142:14
[INFO] [stdout]   40:     0x55806bfe32d7 - std::thread::Builder::spawn_unchecked_::{{closure}}::h87329cbdd33c79ec
[INFO] [stdout]                                at /rustc/0e09125c6c3c2fd70d7de961bcf0e51575235fad/library/std/src/thread/mod.rs:528:30
[INFO] [stdout]   41:     0x55806bfe32d7 - core::ops::function::FnOnce::call_once{{vtable.shim}}::h401abbe67897d450
[INFO] [stdout]                                at /rustc/0e09125c6c3c2fd70d7de961bcf0e51575235fad/library/core/src/ops/function.rs:250:5
[INFO] [stdout]   42:     0x55806c0b1e45 - <alloc::boxed::Box<F,A> as core::ops::function::FnOnce<Args>>::call_once::h5d7c8f150ab9c84c
[INFO] [stdout]                                at /rustc/0e09125c6c3c2fd70d7de961bcf0e51575235fad/library/alloc/src/boxed.rs:2015:9
[INFO] [stdout]   43:     0x55806c0b1e45 - <alloc::boxed::Box<F,A> as core::ops::function::FnOnce<Args>>::call_once::h570d5b005c242c15
[INFO] [stdout]                                at /rustc/0e09125c6c3c2fd70d7de961bcf0e51575235fad/library/alloc/src/boxed.rs:2015:9
[INFO] [stdout]   44:     0x55806c0b1e45 - std::sys::unix::thread::Thread::new::thread_start::h36b0a20c0b2361ad
[INFO] [stdout]                                at /rustc/0e09125c6c3c2fd70d7de961bcf0e51575235fad/library/std/src/sys/unix/thread.rs:108:17
[INFO] [stdout]   45:     0x7f4ef69a9ac3 - <unknown>
[INFO] [stdout]   46:     0x7f4ef6a3abf4 - __clone
[INFO] [stdout]   47:                0x0 - <unknown>
[INFO] [stdout] 
[INFO] [stdout] 
[INFO] [stdout] failures:
[INFO] [stdout]     lib_tests::test
[INFO] [stdout] 
[INFO] [stdout] test result: FAILED. 69 passed; 1 failed; 0 ignored; 0 measured; 0 filtered out; finished in 1.29s
[INFO] [stdout] 
[INFO] [stderr] error: test failed, to rerun pass `--lib`
[INFO] running `Command { std: "docker" "inspect" "949af47661c9ee0ffd04a96716a523bdada7aa3bed44544aa182edce68975b8d", kill_on_drop: false }`
[INFO] running `Command { std: "docker" "rm" "-f" "949af47661c9ee0ffd04a96716a523bdada7aa3bed44544aa182edce68975b8d", kill_on_drop: false }`
[INFO] [stdout] 949af47661c9ee0ffd04a96716a523bdada7aa3bed44544aa182edce68975b8d
