[INFO] fetching crate jsonerr2array 0.0.2...
[INFO] testing jsonerr2array-0.0.2 against 1.75.0 for beta-1.76-1
[INFO] extracting crate jsonerr2array 0.0.2 into /workspace/builds/worker-3-tc1/source
[INFO] validating manifest of crates.io crate jsonerr2array 0.0.2 on toolchain 1.75.0
[INFO] running `Command { std: CARGO_HOME="/workspace/cargo-home" RUSTUP_HOME="/workspace/rustup-home" "/workspace/cargo-home/bin/cargo" "+1.75.0" "metadata" "--manifest-path" "Cargo.toml" "--no-deps", kill_on_drop: false }`
[INFO] started tweaking crates.io crate jsonerr2array 0.0.2
[INFO] finished tweaking crates.io crate jsonerr2array 0.0.2
[INFO] tweaked toml for crates.io crate jsonerr2array 0.0.2 written to /workspace/builds/worker-3-tc1/source/Cargo.toml
[INFO] crate crates.io crate jsonerr2array 0.0.2 already has a lockfile, it will not be regenerated
[INFO] running `Command { std: CARGO_HOME="/workspace/cargo-home" RUSTUP_HOME="/workspace/rustup-home" "/workspace/cargo-home/bin/cargo" "+1.75.0" "fetch" "--manifest-path" "Cargo.toml", kill_on_drop: false }`
[INFO] [stderr]  Downloading crates ...
[INFO] [stderr]   Downloaded pretty_assertions v1.3.0
[INFO] running `Command { std: "docker" "create" "-v" "/var/lib/crater-agent-workspace/builds/worker-3-tc1/target:/opt/rustwide/target:rw,Z" "-v" "/var/lib/crater-agent-workspace/builds/worker-3-tc1/source:/opt/rustwide/workdir:ro,Z" "-v" "/var/lib/crater-agent-workspace/cargo-home:/opt/rustwide/cargo-home:ro,Z" "-v" "/var/lib/crater-agent-workspace/rustup-home:/opt/rustwide/rustup-home:ro,Z" "-e" "SOURCE_DIR=/opt/rustwide/workdir" "-e" "CARGO_TARGET_DIR=/opt/rustwide/target" "-e" "CARGO_HOME=/opt/rustwide/cargo-home" "-e" "RUSTUP_HOME=/opt/rustwide/rustup-home" "-w" "/opt/rustwide/workdir" "-m" "1610612736" "--user" "0:0" "--network" "none" "ghcr.io/rust-lang/crates-build-env/linux@sha256:2788e3201cd34a07e3172128adcd8b3090168a8e3bcc40d7c032b9dda1df7d1c" "/opt/rustwide/cargo-home/bin/cargo" "+1.75.0" "metadata" "--no-deps" "--format-version=1", kill_on_drop: false }`
[INFO] [stdout] c2662f412e5248c1c28a014ee0c43276e3b7ed2e1d203130712f5c10a06e0fe2
[INFO] running `Command { std: "docker" "start" "-a" "c2662f412e5248c1c28a014ee0c43276e3b7ed2e1d203130712f5c10a06e0fe2", kill_on_drop: false }`
[INFO] running `Command { std: "docker" "inspect" "c2662f412e5248c1c28a014ee0c43276e3b7ed2e1d203130712f5c10a06e0fe2", kill_on_drop: false }`
[INFO] running `Command { std: "docker" "rm" "-f" "c2662f412e5248c1c28a014ee0c43276e3b7ed2e1d203130712f5c10a06e0fe2", kill_on_drop: false }`
[INFO] [stdout] c2662f412e5248c1c28a014ee0c43276e3b7ed2e1d203130712f5c10a06e0fe2
[INFO] running `Command { std: "docker" "create" "-v" "/var/lib/crater-agent-workspace/builds/worker-3-tc1/target:/opt/rustwide/target:rw,Z" "-v" "/var/lib/crater-agent-workspace/builds/worker-3-tc1/source:/opt/rustwide/workdir:ro,Z" "-v" "/var/lib/crater-agent-workspace/cargo-home:/opt/rustwide/cargo-home:ro,Z" "-v" "/var/lib/crater-agent-workspace/rustup-home:/opt/rustwide/rustup-home:ro,Z" "-e" "SOURCE_DIR=/opt/rustwide/workdir" "-e" "CARGO_TARGET_DIR=/opt/rustwide/target" "-e" "CARGO_INCREMENTAL=0" "-e" "RUST_BACKTRACE=full" "-e" "RUSTFLAGS=--cap-lints=warn" "-e" "RUSTDOCFLAGS=--cap-lints=warn" "-e" "CARGO_HOME=/opt/rustwide/cargo-home" "-e" "RUSTUP_HOME=/opt/rustwide/rustup-home" "-w" "/opt/rustwide/workdir" "-m" "1610612736" "--user" "0:0" "--network" "none" "ghcr.io/rust-lang/crates-build-env/linux@sha256:2788e3201cd34a07e3172128adcd8b3090168a8e3bcc40d7c032b9dda1df7d1c" "/opt/rustwide/cargo-home/bin/cargo" "+1.75.0" "build" "--frozen" "--message-format=json", kill_on_drop: false }`
[INFO] [stdout] 1dea8593272b4c8a10b6af553772f1773c8905d1ed56f8573da5ff079107098d
[INFO] running `Command { std: "docker" "start" "-a" "1dea8593272b4c8a10b6af553772f1773c8905d1ed56f8573da5ff079107098d", kill_on_drop: false }`
[INFO] [stderr]    Compiling proc-macro2 v1.0.59
[INFO] [stderr]    Compiling unicode-ident v1.0.9
[INFO] [stderr]    Compiling quote v1.0.28
[INFO] [stderr]    Compiling serde v1.0.163
[INFO] [stderr]    Compiling serde_json v1.0.96
[INFO] [stderr]    Compiling ryu v1.0.13
[INFO] [stderr]    Compiling itoa v1.0.6
[INFO] [stderr]    Compiling syn v2.0.18
[INFO] [stderr]    Compiling serde_derive v1.0.163
[INFO] [stderr]    Compiling jsonerr2array v0.0.2 (/opt/rustwide/workdir)
[INFO] [stderr]     Finished dev [unoptimized + debuginfo] target(s) in 10.88s
[INFO] running `Command { std: "docker" "inspect" "1dea8593272b4c8a10b6af553772f1773c8905d1ed56f8573da5ff079107098d", kill_on_drop: false }`
[INFO] running `Command { std: "docker" "rm" "-f" "1dea8593272b4c8a10b6af553772f1773c8905d1ed56f8573da5ff079107098d", kill_on_drop: false }`
[INFO] [stdout] 1dea8593272b4c8a10b6af553772f1773c8905d1ed56f8573da5ff079107098d
[INFO] running `Command { std: "docker" "create" "-v" "/var/lib/crater-agent-workspace/builds/worker-3-tc1/target:/opt/rustwide/target:rw,Z" "-v" "/var/lib/crater-agent-workspace/builds/worker-3-tc1/source:/opt/rustwide/workdir:ro,Z" "-v" "/var/lib/crater-agent-workspace/cargo-home:/opt/rustwide/cargo-home:ro,Z" "-v" "/var/lib/crater-agent-workspace/rustup-home:/opt/rustwide/rustup-home:ro,Z" "-e" "SOURCE_DIR=/opt/rustwide/workdir" "-e" "CARGO_TARGET_DIR=/opt/rustwide/target" "-e" "CARGO_INCREMENTAL=0" "-e" "RUST_BACKTRACE=full" "-e" "RUSTFLAGS=--cap-lints=warn" "-e" "RUSTDOCFLAGS=--cap-lints=warn" "-e" "CARGO_HOME=/opt/rustwide/cargo-home" "-e" "RUSTUP_HOME=/opt/rustwide/rustup-home" "-w" "/opt/rustwide/workdir" "-m" "1610612736" "--user" "0:0" "--network" "none" "ghcr.io/rust-lang/crates-build-env/linux@sha256:2788e3201cd34a07e3172128adcd8b3090168a8e3bcc40d7c032b9dda1df7d1c" "/opt/rustwide/cargo-home/bin/cargo" "+1.75.0" "test" "--frozen" "--no-run" "--message-format=json", kill_on_drop: false }`
[INFO] [stdout] a42d324280bb17cc7a9540535c0777ed84be8e2cbe80d2be07c70c7ac6319933
[INFO] running `Command { std: "docker" "start" "-a" "a42d324280bb17cc7a9540535c0777ed84be8e2cbe80d2be07c70c7ac6319933", kill_on_drop: false }`
[INFO] [stderr]    Compiling function_name-proc-macro v0.3.0
[INFO] [stderr]    Compiling yansi v0.5.1
[INFO] [stderr]    Compiling diff v0.1.13
[INFO] [stderr]    Compiling pretty_assertions v1.3.0
[INFO] [stderr]    Compiling function_name v0.3.0
[INFO] [stderr]    Compiling jsonerr2array v0.0.2 (/opt/rustwide/workdir)
[INFO] [stderr]     Finished test [unoptimized + debuginfo] target(s) in 0.82s
[INFO] running `Command { std: "docker" "inspect" "a42d324280bb17cc7a9540535c0777ed84be8e2cbe80d2be07c70c7ac6319933", kill_on_drop: false }`
[INFO] running `Command { std: "docker" "rm" "-f" "a42d324280bb17cc7a9540535c0777ed84be8e2cbe80d2be07c70c7ac6319933", kill_on_drop: false }`
[INFO] [stdout] a42d324280bb17cc7a9540535c0777ed84be8e2cbe80d2be07c70c7ac6319933
[INFO] running `Command { std: "docker" "create" "-v" "/var/lib/crater-agent-workspace/builds/worker-3-tc1/target:/opt/rustwide/target:rw,Z" "-v" "/var/lib/crater-agent-workspace/builds/worker-3-tc1/source:/opt/rustwide/workdir:ro,Z" "-v" "/var/lib/crater-agent-workspace/cargo-home:/opt/rustwide/cargo-home:ro,Z" "-v" "/var/lib/crater-agent-workspace/rustup-home:/opt/rustwide/rustup-home:ro,Z" "-e" "SOURCE_DIR=/opt/rustwide/workdir" "-e" "CARGO_TARGET_DIR=/opt/rustwide/target" "-e" "CARGO_INCREMENTAL=0" "-e" "RUST_BACKTRACE=full" "-e" "RUSTFLAGS=--cap-lints=warn" "-e" "RUSTDOCFLAGS=--cap-lints=warn" "-e" "CARGO_HOME=/opt/rustwide/cargo-home" "-e" "RUSTUP_HOME=/opt/rustwide/rustup-home" "-w" "/opt/rustwide/workdir" "-m" "1610612736" "--user" "0:0" "--network" "none" "ghcr.io/rust-lang/crates-build-env/linux@sha256:2788e3201cd34a07e3172128adcd8b3090168a8e3bcc40d7c032b9dda1df7d1c" "/opt/rustwide/cargo-home/bin/cargo" "+1.75.0" "test" "--frozen", kill_on_drop: false }`
[INFO] [stdout] 47a25d46e754c2798d91f99f2872c0f2244b0c9c7d4ea16270e085ac85a29cf9
[INFO] running `Command { std: "docker" "start" "-a" "47a25d46e754c2798d91f99f2872c0f2244b0c9c7d4ea16270e085ac85a29cf9", kill_on_drop: false }`
[INFO] [stderr]     Finished test [unoptimized + debuginfo] target(s) in 0.02s
[INFO] [stderr]      Running unittests src/lib.rs (/opt/rustwide/target/debug/deps/jsonerr2array-3c1a743994d8d07f)
[INFO] [stdout] 
[INFO] [stdout] running 0 tests
[INFO] [stdout] 
[INFO] [stdout] test result: ok. 0 passed; 0 failed; 0 ignored; 0 measured; 0 filtered out; finished in 0.00s
[INFO] [stdout] 
[INFO] [stderr]    Doc-tests jsonerr2array
[INFO] [stdout] 
[INFO] [stdout] running 1 test
[INFO] [stdout] test src/lib.rs - (line 11) ... FAILED
[INFO] [stdout] 
[INFO] [stdout] failures:
[INFO] [stdout] 
[INFO] [stdout] ---- src/lib.rs - (line 11) stdout ----
[INFO] [stdout] error[E0425]: cannot find value `myjson` in this scope
[INFO] [stdout]   --> src/lib.rs:33:23
[INFO] [stdout]    |
[INFO] [stdout] 24 |     println!("{:#?}", myjson);
[INFO] [stdout]    |                       ^^^^^^ not found in this scope
[INFO] [stdout] 
[INFO] [stdout] error[E0061]: this function takes 3 arguments but 1 argument was supplied
[INFO] [stdout]   --> src/lib.rs:15:18
[INFO] [stdout]    |
[INFO] [stdout] 6  |       let result = jsonerr2array(&serde_json::json!({
[INFO] [stdout]    |  __________________^^^^^^^^^^^^^-
[INFO] [stdout] 7  | |         "meta": {},
[INFO] [stdout] 8  | |         "iserr": true,
[INFO] [stdout] 9  | |         "err": {
[INFO] [stdout] ...  |
[INFO] [stdout] 22 | |         }
[INFO] [stdout] 23 | |     }));
[INFO] [stdout]    | |_______- two arguments of type `bool` and `bool` are missing
[INFO] [stdout]    |
[INFO] [stdout] note: function defined here
[INFO] [stdout]   --> /opt/rustwide/workdir/src/lib.rs:3:8
[INFO] [stdout]    |
[INFO] [stdout] 3  | pub fn jsonerr2array(avalue: &serde_json::Value, reverse: bool, first: bool) -> serde_json::Value {
[INFO] [stdout]    |        ^^^^^^^^^^^^^
[INFO] [stdout] help: provide the arguments
[INFO] [stdout]    |
[INFO] [stdout] 6  ~     let result = jsonerr2array(&serde_json::json!({
[INFO] [stdout] 7  +         "meta": {},
[INFO] [stdout] 8  +         "iserr": true,
[INFO] [stdout] 9  +         "err": {
[INFO] [stdout] 10 +             "code": "ERR001",
[INFO] [stdout] 11 +             "message": "message",
[INFO] [stdout] 12 +             "payload": { "payload" : 1 },
[INFO] [stdout] 13 +             "origin": {
[INFO] [stdout] 14 +                 "meta": {},
[INFO] [stdout] 15 +                 "iserr": true,
[INFO] [stdout] 16 +                 "err": {
[INFO] [stdout] 17 +                     "code": "ERR002",
[INFO] [stdout] 18 +                     "message": "message",
[INFO] [stdout] 19 +                     "payload": { "payload" : 2 }
[INFO] [stdout] 20 +                 }
[INFO] [stdout] 21 +             }
[INFO] [stdout] 22 +         }
[INFO] [stdout] 23 ~     }), /* bool */, /* bool */);
[INFO] [stdout]    |
[INFO] [stdout] 
[INFO] [stdout] error: aborting due to 2 previous errors
[INFO] [stdout] 
[INFO] [stdout] Some errors have detailed explanations: E0061, E0425.
[INFO] [stdout] For more information about an error, try `rustc --explain E0061`.
[INFO] [stdout] Couldn't compile the test.
[INFO] [stdout] 
[INFO] [stdout] failures:
[INFO] [stdout]     src/lib.rs - (line 11)
[INFO] [stdout] 
[INFO] [stdout] test result: FAILED. 0 passed; 1 failed; 0 ignored; 0 measured; 0 filtered out; finished in 0.09s
[INFO] [stdout] 
[INFO] [stderr] error: doctest failed, to rerun pass `--doc`
[INFO] running `Command { std: "docker" "inspect" "47a25d46e754c2798d91f99f2872c0f2244b0c9c7d4ea16270e085ac85a29cf9", kill_on_drop: false }`
[INFO] running `Command { std: "docker" "rm" "-f" "47a25d46e754c2798d91f99f2872c0f2244b0c9c7d4ea16270e085ac85a29cf9", kill_on_drop: false }`
[INFO] [stdout] 47a25d46e754c2798d91f99f2872c0f2244b0c9c7d4ea16270e085ac85a29cf9
[INFO] testing jsonerr2array-0.0.2 against beta-2023-12-22 for beta-1.76-1
[INFO] extracting crate jsonerr2array 0.0.2 into /workspace/builds/worker-3-tc2/source
[INFO] validating manifest of crates.io crate jsonerr2array 0.0.2 on toolchain beta-2023-12-22
[INFO] running `Command { std: CARGO_HOME="/workspace/cargo-home" RUSTUP_HOME="/workspace/rustup-home" "/workspace/cargo-home/bin/cargo" "+beta-2023-12-22" "metadata" "--manifest-path" "Cargo.toml" "--no-deps", kill_on_drop: false }`
[INFO] started tweaking crates.io crate jsonerr2array 0.0.2
[INFO] finished tweaking crates.io crate jsonerr2array 0.0.2
[INFO] tweaked toml for crates.io crate jsonerr2array 0.0.2 written to /workspace/builds/worker-3-tc2/source/Cargo.toml
[INFO] crate crates.io crate jsonerr2array 0.0.2 already has a lockfile, it will not be regenerated
[INFO] running `Command { std: CARGO_HOME="/workspace/cargo-home" RUSTUP_HOME="/workspace/rustup-home" "/workspace/cargo-home/bin/cargo" "+beta-2023-12-22" "fetch" "--manifest-path" "Cargo.toml", kill_on_drop: false }`
[INFO] running `Command { std: "docker" "create" "-v" "/var/lib/crater-agent-workspace/builds/worker-3-tc2/target:/opt/rustwide/target:rw,Z" "-v" "/var/lib/crater-agent-workspace/builds/worker-3-tc2/source:/opt/rustwide/workdir:ro,Z" "-v" "/var/lib/crater-agent-workspace/cargo-home:/opt/rustwide/cargo-home:ro,Z" "-v" "/var/lib/crater-agent-workspace/rustup-home:/opt/rustwide/rustup-home:ro,Z" "-e" "SOURCE_DIR=/opt/rustwide/workdir" "-e" "CARGO_TARGET_DIR=/opt/rustwide/target" "-e" "CARGO_HOME=/opt/rustwide/cargo-home" "-e" "RUSTUP_HOME=/opt/rustwide/rustup-home" "-w" "/opt/rustwide/workdir" "-m" "1610612736" "--user" "0:0" "--network" "none" "ghcr.io/rust-lang/crates-build-env/linux@sha256:2788e3201cd34a07e3172128adcd8b3090168a8e3bcc40d7c032b9dda1df7d1c" "/opt/rustwide/cargo-home/bin/cargo" "+beta-2023-12-22" "metadata" "--no-deps" "--format-version=1", kill_on_drop: false }`
[INFO] [stdout] f3101e8becf4d088ff9af4febd84cf0b814cf5c8a5591ce017cb188cc1799308
[INFO] running `Command { std: "docker" "start" "-a" "f3101e8becf4d088ff9af4febd84cf0b814cf5c8a5591ce017cb188cc1799308", kill_on_drop: false }`
[INFO] running `Command { std: "docker" "inspect" "f3101e8becf4d088ff9af4febd84cf0b814cf5c8a5591ce017cb188cc1799308", kill_on_drop: false }`
[INFO] running `Command { std: "docker" "rm" "-f" "f3101e8becf4d088ff9af4febd84cf0b814cf5c8a5591ce017cb188cc1799308", kill_on_drop: false }`
[INFO] [stdout] f3101e8becf4d088ff9af4febd84cf0b814cf5c8a5591ce017cb188cc1799308
[INFO] running `Command { std: "docker" "create" "-v" "/var/lib/crater-agent-workspace/builds/worker-3-tc2/target:/opt/rustwide/target:rw,Z" "-v" "/var/lib/crater-agent-workspace/builds/worker-3-tc2/source:/opt/rustwide/workdir:ro,Z" "-v" "/var/lib/crater-agent-workspace/cargo-home:/opt/rustwide/cargo-home:ro,Z" "-v" "/var/lib/crater-agent-workspace/rustup-home:/opt/rustwide/rustup-home:ro,Z" "-e" "SOURCE_DIR=/opt/rustwide/workdir" "-e" "CARGO_TARGET_DIR=/opt/rustwide/target" "-e" "CARGO_INCREMENTAL=0" "-e" "RUST_BACKTRACE=full" "-e" "RUSTFLAGS=--cap-lints=warn" "-e" "RUSTDOCFLAGS=--cap-lints=warn" "-e" "CARGO_HOME=/opt/rustwide/cargo-home" "-e" "RUSTUP_HOME=/opt/rustwide/rustup-home" "-w" "/opt/rustwide/workdir" "-m" "1610612736" "--user" "0:0" "--network" "none" "ghcr.io/rust-lang/crates-build-env/linux@sha256:2788e3201cd34a07e3172128adcd8b3090168a8e3bcc40d7c032b9dda1df7d1c" "/opt/rustwide/cargo-home/bin/cargo" "+beta-2023-12-22" "build" "--frozen" "--message-format=json", kill_on_drop: false }`
[INFO] [stdout] 54c605bb1aa1cd4ffb35ac3cbfafbc5d7a9ca96c329ab0469668d32269e724f4
[INFO] running `Command { std: "docker" "start" "-a" "54c605bb1aa1cd4ffb35ac3cbfafbc5d7a9ca96c329ab0469668d32269e724f4", kill_on_drop: false }`
[INFO] [stderr]    Compiling proc-macro2 v1.0.59
[INFO] [stderr]    Compiling unicode-ident v1.0.9
[INFO] [stderr]    Compiling quote v1.0.28
[INFO] [stderr]    Compiling serde v1.0.163
[INFO] [stderr]    Compiling serde_json v1.0.96
[INFO] [stderr]    Compiling itoa v1.0.6
[INFO] [stderr]    Compiling ryu v1.0.13
[INFO] [stderr]    Compiling syn v2.0.18
[INFO] [stderr]    Compiling serde_derive v1.0.163
[INFO] [stderr]    Compiling jsonerr2array v0.0.2 (/opt/rustwide/workdir)
[INFO] [stderr]     Finished dev [unoptimized + debuginfo] target(s) in 11.41s
[INFO] running `Command { std: "docker" "inspect" "54c605bb1aa1cd4ffb35ac3cbfafbc5d7a9ca96c329ab0469668d32269e724f4", kill_on_drop: false }`
[INFO] running `Command { std: "docker" "rm" "-f" "54c605bb1aa1cd4ffb35ac3cbfafbc5d7a9ca96c329ab0469668d32269e724f4", kill_on_drop: false }`
[INFO] [stdout] 54c605bb1aa1cd4ffb35ac3cbfafbc5d7a9ca96c329ab0469668d32269e724f4
[INFO] running `Command { std: "docker" "create" "-v" "/var/lib/crater-agent-workspace/builds/worker-3-tc2/target:/opt/rustwide/target:rw,Z" "-v" "/var/lib/crater-agent-workspace/builds/worker-3-tc2/source:/opt/rustwide/workdir:ro,Z" "-v" "/var/lib/crater-agent-workspace/cargo-home:/opt/rustwide/cargo-home:ro,Z" "-v" "/var/lib/crater-agent-workspace/rustup-home:/opt/rustwide/rustup-home:ro,Z" "-e" "SOURCE_DIR=/opt/rustwide/workdir" "-e" "CARGO_TARGET_DIR=/opt/rustwide/target" "-e" "CARGO_INCREMENTAL=0" "-e" "RUST_BACKTRACE=full" "-e" "RUSTFLAGS=--cap-lints=warn" "-e" "RUSTDOCFLAGS=--cap-lints=warn" "-e" "CARGO_HOME=/opt/rustwide/cargo-home" "-e" "RUSTUP_HOME=/opt/rustwide/rustup-home" "-w" "/opt/rustwide/workdir" "-m" "1610612736" "--user" "0:0" "--network" "none" "ghcr.io/rust-lang/crates-build-env/linux@sha256:2788e3201cd34a07e3172128adcd8b3090168a8e3bcc40d7c032b9dda1df7d1c" "/opt/rustwide/cargo-home/bin/cargo" "+beta-2023-12-22" "test" "--frozen" "--no-run" "--message-format=json", kill_on_drop: false }`
[INFO] [stdout] 81da3fee1a5a5596066caa51cace7115655fa0f6b3ccb3379420d52041e52204
[INFO] running `Command { std: "docker" "start" "-a" "81da3fee1a5a5596066caa51cace7115655fa0f6b3ccb3379420d52041e52204", kill_on_drop: false }`
[INFO] [stderr]    Compiling yansi v0.5.1
[INFO] [stderr]    Compiling diff v0.1.13
[INFO] [stderr]    Compiling function_name-proc-macro v0.3.0
[INFO] [stderr]    Compiling pretty_assertions v1.3.0
[INFO] [stderr]    Compiling function_name v0.3.0
[INFO] [stderr]    Compiling jsonerr2array v0.0.2 (/opt/rustwide/workdir)
[INFO] [stderr]     Finished test [unoptimized + debuginfo] target(s) in 0.96s
[INFO] running `Command { std: "docker" "inspect" "81da3fee1a5a5596066caa51cace7115655fa0f6b3ccb3379420d52041e52204", kill_on_drop: false }`
[INFO] running `Command { std: "docker" "rm" "-f" "81da3fee1a5a5596066caa51cace7115655fa0f6b3ccb3379420d52041e52204", kill_on_drop: false }`
[INFO] [stdout] 81da3fee1a5a5596066caa51cace7115655fa0f6b3ccb3379420d52041e52204
[INFO] running `Command { std: "docker" "create" "-v" "/var/lib/crater-agent-workspace/builds/worker-3-tc2/target:/opt/rustwide/target:rw,Z" "-v" "/var/lib/crater-agent-workspace/builds/worker-3-tc2/source:/opt/rustwide/workdir:ro,Z" "-v" "/var/lib/crater-agent-workspace/cargo-home:/opt/rustwide/cargo-home:ro,Z" "-v" "/var/lib/crater-agent-workspace/rustup-home:/opt/rustwide/rustup-home:ro,Z" "-e" "SOURCE_DIR=/opt/rustwide/workdir" "-e" "CARGO_TARGET_DIR=/opt/rustwide/target" "-e" "CARGO_INCREMENTAL=0" "-e" "RUST_BACKTRACE=full" "-e" "RUSTFLAGS=--cap-lints=warn" "-e" "RUSTDOCFLAGS=--cap-lints=warn" "-e" "CARGO_HOME=/opt/rustwide/cargo-home" "-e" "RUSTUP_HOME=/opt/rustwide/rustup-home" "-w" "/opt/rustwide/workdir" "-m" "1610612736" "--user" "0:0" "--network" "none" "ghcr.io/rust-lang/crates-build-env/linux@sha256:2788e3201cd34a07e3172128adcd8b3090168a8e3bcc40d7c032b9dda1df7d1c" "/opt/rustwide/cargo-home/bin/cargo" "+beta-2023-12-22" "test" "--frozen", kill_on_drop: false }`
[INFO] [stdout] ce965138facabbe2360408dc06375508f196d7a7047f40274e0ca0a14e5fb820
[INFO] running `Command { std: "docker" "start" "-a" "ce965138facabbe2360408dc06375508f196d7a7047f40274e0ca0a14e5fb820", kill_on_drop: false }`
[INFO] [stderr]     Finished test [unoptimized + debuginfo] target(s) in 0.02s
[INFO] [stderr]      Running unittests src/lib.rs (/opt/rustwide/target/debug/deps/jsonerr2array-bdd1875b27f28c0d)
[INFO] [stderr]    Doc-tests jsonerr2array
[INFO] [stdout] 
[INFO] [stdout] running 0 tests
[INFO] [stdout] 
[INFO] [stdout] test result: ok. 0 passed; 0 failed; 0 ignored; 0 measured; 0 filtered out; finished in 0.00s
[INFO] [stdout] 
[INFO] [stdout] 
[INFO] [stdout] running 1 test
[INFO] [stdout] test src/lib.rs - (line 11) ... FAILED
[INFO] [stdout] 
[INFO] [stdout] failures:
[INFO] [stdout] 
[INFO] [stdout] ---- src/lib.rs - (line 11) stdout ----
[INFO] [stdout] error[E0425]: cannot find value `myjson` in this scope
[INFO] [stdout]   --> src/lib.rs:33:23
[INFO] [stdout]    |
[INFO] [stdout] 24 |     println!("{:#?}", myjson);
[INFO] [stdout]    |                       ^^^^^^ not found in this scope
[INFO] [stdout] 
[INFO] [stdout] error[E0061]: this function takes 3 arguments but 1 argument was supplied
[INFO] [stdout]   --> src/lib.rs:15:18
[INFO] [stdout]    |
[INFO] [stdout] 6  |       let result = jsonerr2array(&serde_json::json!({
[INFO] [stdout]    |  __________________^^^^^^^^^^^^^-
[INFO] [stdout] 7  | |         "meta": {},
[INFO] [stdout] 8  | |         "iserr": true,
[INFO] [stdout] 9  | |         "err": {
[INFO] [stdout] ...  |
[INFO] [stdout] 22 | |         }
[INFO] [stdout] 23 | |     }));
[INFO] [stdout]    | |_______- two arguments of type `bool` and `bool` are missing
[INFO] [stdout]    |
[INFO] [stdout] note: function defined here
[INFO] [stdout]   --> /opt/rustwide/workdir/src/lib.rs:3:8
[INFO] [stdout]    |
[INFO] [stdout] 3  | pub fn jsonerr2array(avalue: &serde_json::Value, reverse: bool, first: bool) -> serde_json::Value {
[INFO] [stdout]    |        ^^^^^^^^^^^^^
[INFO] [stdout] help: provide the arguments
[INFO] [stdout]    |
[INFO] [stdout] 6  ~     let result = jsonerr2array(&serde_json::json!({
[INFO] [stdout] 7  +         "meta": {},
[INFO] [stdout] 8  +         "iserr": true,
[INFO] [stdout] 9  +         "err": {
[INFO] [stdout] 10 +             "code": "ERR001",
[INFO] [stdout] 11 +             "message": "message",
[INFO] [stdout] 12 +             "payload": { "payload" : 1 },
[INFO] [stdout] 13 +             "origin": {
[INFO] [stdout] 14 +                 "meta": {},
[INFO] [stdout] 15 +                 "iserr": true,
[INFO] [stdout] 16 +                 "err": {
[INFO] [stdout] 17 +                     "code": "ERR002",
[INFO] [stdout] 18 +                     "message": "message",
[INFO] [stdout] 19 +                     "payload": { "payload" : 2 }
[INFO] [stdout] 20 +                 }
[INFO] [stdout] 21 +             }
[INFO] [stdout] 22 +         }
[INFO] [stdout] 23 ~     }), /* bool */, /* bool */);
[INFO] [stdout]    |
[INFO] [stdout] 
[INFO] [stdout] error: aborting due to 2 previous errors
[INFO] [stdout] 
[INFO] [stdout] Some errors have detailed explanations: E0061, E0425.
[INFO] [stdout] For more information about an error, try `rustc --explain E0061`.
[INFO] [stdout] Couldn't compile the test.
[INFO] [stdout] 
[INFO] [stdout] failures:
[INFO] [stdout]     src/lib.rs - (line 11)
[INFO] [stdout] 
[INFO] [stdout] test result: FAILED. 0 passed; 1 failed; 0 ignored; 0 measured; 0 filtered out; finished in 0.06s
[INFO] [stdout] 
[INFO] [stderr] error: doctest failed, to rerun pass `--doc`
[INFO] running `Command { std: "docker" "inspect" "ce965138facabbe2360408dc06375508f196d7a7047f40274e0ca0a14e5fb820", kill_on_drop: false }`
[INFO] running `Command { std: "docker" "rm" "-f" "ce965138facabbe2360408dc06375508f196d7a7047f40274e0ca0a14e5fb820", kill_on_drop: false }`
[INFO] [stdout] ce965138facabbe2360408dc06375508f196d7a7047f40274e0ca0a14e5fb820
