[INFO] fetching crate jsonapi 0.7.0...
[INFO] testing jsonapi-0.7.0 against 1.75.0 for beta-1.76-1
[INFO] extracting crate jsonapi 0.7.0 into /workspace/builds/worker-4-tc1/source
[INFO] validating manifest of crates.io crate jsonapi 0.7.0 on toolchain 1.75.0
[INFO] running `Command { std: CARGO_HOME="/workspace/cargo-home" RUSTUP_HOME="/workspace/rustup-home" "/workspace/cargo-home/bin/cargo" "+1.75.0" "metadata" "--manifest-path" "Cargo.toml" "--no-deps", kill_on_drop: false }`
[INFO] started tweaking crates.io crate jsonapi 0.7.0
[INFO] finished tweaking crates.io crate jsonapi 0.7.0
[INFO] tweaked toml for crates.io crate jsonapi 0.7.0 written to /workspace/builds/worker-4-tc1/source/Cargo.toml
[INFO] running `Command { std: CARGO_HOME="/workspace/cargo-home" RUSTUP_HOME="/workspace/rustup-home" "/workspace/cargo-home/bin/cargo" "+1.75.0" "generate-lockfile" "--manifest-path" "Cargo.toml", kill_on_drop: false }`
[INFO] [stderr]     Updating crates.io index
[INFO] running `Command { std: CARGO_HOME="/workspace/cargo-home" RUSTUP_HOME="/workspace/rustup-home" "/workspace/cargo-home/bin/cargo" "+1.75.0" "fetch" "--manifest-path" "Cargo.toml", kill_on_drop: false }`
[INFO] [stderr]  Downloading crates ...
[INFO] [stderr]   Downloaded queryst v2.1.0
[INFO] running `Command { std: "docker" "create" "-v" "/var/lib/crater-agent-workspace/builds/worker-4-tc1/target:/opt/rustwide/target:rw,Z" "-v" "/var/lib/crater-agent-workspace/builds/worker-4-tc1/source:/opt/rustwide/workdir:ro,Z" "-v" "/var/lib/crater-agent-workspace/cargo-home:/opt/rustwide/cargo-home:ro,Z" "-v" "/var/lib/crater-agent-workspace/rustup-home:/opt/rustwide/rustup-home:ro,Z" "-e" "SOURCE_DIR=/opt/rustwide/workdir" "-e" "CARGO_TARGET_DIR=/opt/rustwide/target" "-e" "CARGO_HOME=/opt/rustwide/cargo-home" "-e" "RUSTUP_HOME=/opt/rustwide/rustup-home" "-w" "/opt/rustwide/workdir" "-m" "1610612736" "--user" "0:0" "--network" "none" "ghcr.io/rust-lang/crates-build-env/linux@sha256:2788e3201cd34a07e3172128adcd8b3090168a8e3bcc40d7c032b9dda1df7d1c" "/opt/rustwide/cargo-home/bin/cargo" "+1.75.0" "metadata" "--no-deps" "--format-version=1", kill_on_drop: false }`
[INFO] [stdout] 8d0582de307c5cc4dce9baa6c65320408491b06d06c6e3cc7481fdd824bbeaf8
[INFO] running `Command { std: "docker" "start" "-a" "8d0582de307c5cc4dce9baa6c65320408491b06d06c6e3cc7481fdd824bbeaf8", kill_on_drop: false }`
[INFO] running `Command { std: "docker" "inspect" "8d0582de307c5cc4dce9baa6c65320408491b06d06c6e3cc7481fdd824bbeaf8", kill_on_drop: false }`
[INFO] running `Command { std: "docker" "rm" "-f" "8d0582de307c5cc4dce9baa6c65320408491b06d06c6e3cc7481fdd824bbeaf8", kill_on_drop: false }`
[INFO] [stdout] 8d0582de307c5cc4dce9baa6c65320408491b06d06c6e3cc7481fdd824bbeaf8
[INFO] running `Command { std: "docker" "create" "-v" "/var/lib/crater-agent-workspace/builds/worker-4-tc1/target:/opt/rustwide/target:rw,Z" "-v" "/var/lib/crater-agent-workspace/builds/worker-4-tc1/source:/opt/rustwide/workdir:ro,Z" "-v" "/var/lib/crater-agent-workspace/cargo-home:/opt/rustwide/cargo-home:ro,Z" "-v" "/var/lib/crater-agent-workspace/rustup-home:/opt/rustwide/rustup-home:ro,Z" "-e" "SOURCE_DIR=/opt/rustwide/workdir" "-e" "CARGO_TARGET_DIR=/opt/rustwide/target" "-e" "CARGO_INCREMENTAL=0" "-e" "RUST_BACKTRACE=full" "-e" "RUSTFLAGS=--cap-lints=warn" "-e" "RUSTDOCFLAGS=--cap-lints=warn" "-e" "CARGO_HOME=/opt/rustwide/cargo-home" "-e" "RUSTUP_HOME=/opt/rustwide/rustup-home" "-w" "/opt/rustwide/workdir" "-m" "1610612736" "--user" "0:0" "--network" "none" "ghcr.io/rust-lang/crates-build-env/linux@sha256:2788e3201cd34a07e3172128adcd8b3090168a8e3bcc40d7c032b9dda1df7d1c" "/opt/rustwide/cargo-home/bin/cargo" "+1.75.0" "build" "--frozen" "--message-format=json", kill_on_drop: false }`
[INFO] [stdout] 702848799fa2f38eaae3a6bdbac8af120407d790c52e90b5ece1c535bc1b1c35
[INFO] running `Command { std: "docker" "start" "-a" "702848799fa2f38eaae3a6bdbac8af120407d790c52e90b5ece1c535bc1b1c35", kill_on_drop: false }`
[INFO] [stderr]    Compiling libc v0.2.151
[INFO] [stderr]    Compiling tinyvec_macros v0.1.1
[INFO] [stderr]    Compiling gimli v0.28.1
[INFO] [stderr]    Compiling regex v0.2.11
[INFO] [stderr]    Compiling matches v0.1.10
[INFO] [stderr]    Compiling unicode-bidi v0.3.14
[INFO] [stderr]    Compiling ucd-util v0.1.10
[INFO] [stderr]    Compiling aho-corasick v0.6.10
[INFO] [stderr]    Compiling object v0.32.2
[INFO] [stderr]    Compiling error-chain v0.12.4
[INFO] [stderr]    Compiling miniz_oxide v0.7.1
[INFO] [stderr]    Compiling thread_local v0.3.6
[INFO] [stderr]    Compiling utf8-ranges v1.0.5
[INFO] [stderr]    Compiling rustc-demangle v0.1.23
[INFO] [stderr]    Compiling percent-encoding v1.0.1
[INFO] [stderr]    Compiling syn v2.0.48
[INFO] [stderr]    Compiling tinyvec v1.6.0
[INFO] [stderr]    Compiling log v0.4.20
[INFO] [stderr]    Compiling regex-syntax v0.5.6
[INFO] [stderr]    Compiling unicode-normalization v0.1.22
[INFO] [stderr]    Compiling cc v1.0.83
[INFO] [stderr]    Compiling idna v0.1.5
[INFO] [stderr]    Compiling url v1.7.2
[INFO] [stderr]    Compiling backtrace v0.3.69
[INFO] [stderr]    Compiling serde_derive v1.0.194
[INFO] [stderr]    Compiling addr2line v0.21.0
[INFO] [stderr]    Compiling queryst v2.1.0
[INFO] [stderr]    Compiling jsonapi v0.7.0 (/opt/rustwide/workdir)
[INFO] [stdout] warning: panic message is not a string literal
[INFO] [stdout]   --> src/model.rs:82:20
[INFO] [stdout]    |
[INFO] [stdout] 82 |             panic!(format!("{} is not a Value::Object", self.jsonapi_type()))
[INFO] [stdout]    |                    ^^^^^^^^^^^^^^^^^^^^^^^^^^^^^^^^^^^^^^^^^^^^^^^^^^^^^^^^^
[INFO] [stdout]    |
[INFO] [stdout]    = note: this usage of `panic!()` is deprecated; it will be a hard error in Rust 2021
[INFO] [stdout]    = note: for more information, see <https://doc.rust-lang.org/nightly/edition-guide/rust-2021/panic-macro-consistency.html>
[INFO] [stdout]    = note: the `panic!()` macro supports formatting, so there's no need for the `format!()` macro here
[INFO] [stdout]    = note: `#[warn(non_fmt_panics)]` on by default
[INFO] [stdout] help: remove the `format!(..)` macro call
[INFO] [stdout]    |
[INFO] [stdout] 82 -             panic!(format!("{} is not a Value::Object", self.jsonapi_type()))
[INFO] [stdout] 82 +             panic!("{} is not a Value::Object", self.jsonapi_type())
[INFO] [stdout]    |
[INFO] [stdout] 
[INFO] [stdout] 
[INFO] [stdout] warning: 1 warning emitted
[INFO] [stdout] 
[INFO] [stdout] 
[INFO] [stderr]     Finished dev [unoptimized + debuginfo] target(s) in 5.12s
[INFO] running `Command { std: "docker" "inspect" "702848799fa2f38eaae3a6bdbac8af120407d790c52e90b5ece1c535bc1b1c35", kill_on_drop: false }`
[INFO] running `Command { std: "docker" "rm" "-f" "702848799fa2f38eaae3a6bdbac8af120407d790c52e90b5ece1c535bc1b1c35", kill_on_drop: false }`
[INFO] [stdout] 702848799fa2f38eaae3a6bdbac8af120407d790c52e90b5ece1c535bc1b1c35
[INFO] running `Command { std: "docker" "create" "-v" "/var/lib/crater-agent-workspace/builds/worker-4-tc1/target:/opt/rustwide/target:rw,Z" "-v" "/var/lib/crater-agent-workspace/builds/worker-4-tc1/source:/opt/rustwide/workdir:ro,Z" "-v" "/var/lib/crater-agent-workspace/cargo-home:/opt/rustwide/cargo-home:ro,Z" "-v" "/var/lib/crater-agent-workspace/rustup-home:/opt/rustwide/rustup-home:ro,Z" "-e" "SOURCE_DIR=/opt/rustwide/workdir" "-e" "CARGO_TARGET_DIR=/opt/rustwide/target" "-e" "CARGO_INCREMENTAL=0" "-e" "RUST_BACKTRACE=full" "-e" "RUSTFLAGS=--cap-lints=warn" "-e" "RUSTDOCFLAGS=--cap-lints=warn" "-e" "CARGO_HOME=/opt/rustwide/cargo-home" "-e" "RUSTUP_HOME=/opt/rustwide/rustup-home" "-w" "/opt/rustwide/workdir" "-m" "1610612736" "--user" "0:0" "--network" "none" "ghcr.io/rust-lang/crates-build-env/linux@sha256:2788e3201cd34a07e3172128adcd8b3090168a8e3bcc40d7c032b9dda1df7d1c" "/opt/rustwide/cargo-home/bin/cargo" "+1.75.0" "test" "--frozen" "--no-run" "--message-format=json", kill_on_drop: false }`
[INFO] [stdout] b8c56e3630a4d4effc9bdf657f0b1c60957765a958c51c3ec30cc184e2aa5d73
[INFO] running `Command { std: "docker" "start" "-a" "b8c56e3630a4d4effc9bdf657f0b1c60957765a958c51c3ec30cc184e2aa5d73", kill_on_drop: false }`
[INFO] [stderr]    Compiling aho-corasick v1.1.2
[INFO] [stderr]    Compiling atty v0.2.14
[INFO] [stderr]    Compiling termcolor v1.4.0
[INFO] [stderr]    Compiling humantime v1.3.0
[INFO] [stdout] warning: panic message is not a string literal
[INFO] [stdout]   --> src/model.rs:82:20
[INFO] [stdout]    |
[INFO] [stdout] 82 |             panic!(format!("{} is not a Value::Object", self.jsonapi_type()))
[INFO] [stdout]    |                    ^^^^^^^^^^^^^^^^^^^^^^^^^^^^^^^^^^^^^^^^^^^^^^^^^^^^^^^^^
[INFO] [stdout]    |
[INFO] [stdout]    = note: this usage of `panic!()` is deprecated; it will be a hard error in Rust 2021
[INFO] [stdout]    = note: for more information, see <https://doc.rust-lang.org/nightly/edition-guide/rust-2021/panic-macro-consistency.html>
[INFO] [stdout]    = note: the `panic!()` macro supports formatting, so there's no need for the `format!()` macro here
[INFO] [stdout]    = note: `#[warn(non_fmt_panics)]` on by default
[INFO] [stdout] help: remove the `format!(..)` macro call
[INFO] [stdout]    |
[INFO] [stdout] 82 -             panic!(format!("{} is not a Value::Object", self.jsonapi_type()))
[INFO] [stdout] 82 +             panic!("{} is not a Value::Object", self.jsonapi_type())
[INFO] [stdout]    |
[INFO] [stdout] 
[INFO] [stdout] 
[INFO] [stdout] warning: 1 warning emitted
[INFO] [stdout] 
[INFO] [stdout] 
[INFO] [stderr]    Compiling regex-automata v0.4.3
[INFO] [stderr]    Compiling regex v1.10.2
[INFO] [stderr]    Compiling env_logger v0.7.1
[INFO] [stderr]    Compiling jsonapi v0.7.0 (/opt/rustwide/workdir)
[INFO] [stdout] warning: use of deprecated method `std::error::Error::description`: use the Display impl or to_string()
[INFO] [stdout]   --> tests/helper.rs:11:68
[INFO] [stdout]    |
[INFO] [stdout] 11 |         Err(why) => panic!("couldn't open {}: {}", display, Error::description(&why)),
[INFO] [stdout]    |                                                                    ^^^^^^^^^^^
[INFO] [stdout]    |
[INFO] [stdout]    = note: `#[warn(deprecated)]` on by default
[INFO] [stdout] 
[INFO] [stdout] 
[INFO] [stdout] warning: use of deprecated method `std::error::Error::description`: use the Display impl or to_string()
[INFO] [stdout]   --> tests/helper.rs:18:56
[INFO] [stdout]    |
[INFO] [stdout] 18 |         panic!("couldn't read {}: {}", display, Error::description(&why));
[INFO] [stdout]    |                                                        ^^^^^^^^^^^
[INFO] [stdout] 
[INFO] [stdout] 
[INFO] [stdout] warning: use of deprecated method `std::error::Error::description`: use the Display impl or to_string()
[INFO] [stdout]   --> tests/helper.rs:11:68
[INFO] [stdout]    |
[INFO] [stdout] 11 |         Err(why) => panic!("couldn't open {}: {}", display, Error::description(&why)),
[INFO] [stdout]    |                                                                    ^^^^^^^^^^^
[INFO] [stdout]    |
[INFO] [stdout]    = note: `#[warn(deprecated)]` on by default
[INFO] [stdout] 
[INFO] [stdout] 
[INFO] [stdout] warning: use of deprecated method `std::error::Error::description`: use the Display impl or to_string()
[INFO] [stdout]   --> tests/helper.rs:18:56
[INFO] [stdout]    |
[INFO] [stdout] 18 |         panic!("couldn't read {}: {}", display, Error::description(&why));
[INFO] [stdout]    |                                                        ^^^^^^^^^^^
[INFO] [stdout] 
[INFO] [stdout] 
[INFO] [stdout] warning: use of deprecated method `std::error::Error::description`: use the Display impl or to_string()
[INFO] [stdout]   --> tests/helper.rs:11:68
[INFO] [stdout]    |
[INFO] [stdout] 11 |         Err(why) => panic!("couldn't open {}: {}", display, Error::description(&why)),
[INFO] [stdout]    |                                                                    ^^^^^^^^^^^
[INFO] [stdout]    |
[INFO] [stdout]    = note: `#[warn(deprecated)]` on by default
[INFO] [stdout] 
[INFO] [stdout] 
[INFO] [stdout] warning: use of deprecated method `std::error::Error::description`: use the Display impl or to_string()
[INFO] [stdout]   --> tests/helper.rs:18:56
[INFO] [stdout]    |
[INFO] [stdout] 18 |         panic!("couldn't read {}: {}", display, Error::description(&why));
[INFO] [stdout]    |                                                        ^^^^^^^^^^^
[INFO] [stdout] 
[INFO] [stdout] 
[INFO] [stdout] warning: 2 warnings emitted
[INFO] [stdout] 
[INFO] [stdout] 
[INFO] [stdout] warning: panic message is not a string literal
[INFO] [stdout]   --> src/model.rs:82:20
[INFO] [stdout]    |
[INFO] [stdout] 82 |             panic!(format!("{} is not a Value::Object", self.jsonapi_type()))
[INFO] [stdout]    |                    ^^^^^^^^^^^^^^^^^^^^^^^^^^^^^^^^^^^^^^^^^^^^^^^^^^^^^^^^^
[INFO] [stdout]    |
[INFO] [stdout]    = note: this usage of `panic!()` is deprecated; it will be a hard error in Rust 2021
[INFO] [stdout]    = note: for more information, see <https://doc.rust-lang.org/nightly/edition-guide/rust-2021/panic-macro-consistency.html>
[INFO] [stdout]    = note: the `panic!()` macro supports formatting, so there's no need for the `format!()` macro here
[INFO] [stdout]    = note: `#[warn(non_fmt_panics)]` on by default
[INFO] [stdout] help: remove the `format!(..)` macro call
[INFO] [stdout]    |
[INFO] [stdout] 82 -             panic!(format!("{} is not a Value::Object", self.jsonapi_type()))
[INFO] [stdout] 82 +             panic!("{} is not a Value::Object", self.jsonapi_type())
[INFO] [stdout]    |
[INFO] [stdout] 
[INFO] [stdout] 
[INFO] [stdout] warning: 1 warning emitted
[INFO] [stdout] 
[INFO] [stdout] 
[INFO] [stdout] warning: 2 warnings emitted
[INFO] [stdout] 
[INFO] [stdout] 
[INFO] [stdout] warning: 2 warnings emitted
[INFO] [stdout] 
[INFO] [stdout] 
[INFO] [stderr]     Finished test [unoptimized + debuginfo] target(s) in 5.70s
[INFO] running `Command { std: "docker" "inspect" "b8c56e3630a4d4effc9bdf657f0b1c60957765a958c51c3ec30cc184e2aa5d73", kill_on_drop: false }`
[INFO] running `Command { std: "docker" "rm" "-f" "b8c56e3630a4d4effc9bdf657f0b1c60957765a958c51c3ec30cc184e2aa5d73", kill_on_drop: false }`
[INFO] [stdout] b8c56e3630a4d4effc9bdf657f0b1c60957765a958c51c3ec30cc184e2aa5d73
[INFO] running `Command { std: "docker" "create" "-v" "/var/lib/crater-agent-workspace/builds/worker-4-tc1/target:/opt/rustwide/target:rw,Z" "-v" "/var/lib/crater-agent-workspace/builds/worker-4-tc1/source:/opt/rustwide/workdir:ro,Z" "-v" "/var/lib/crater-agent-workspace/cargo-home:/opt/rustwide/cargo-home:ro,Z" "-v" "/var/lib/crater-agent-workspace/rustup-home:/opt/rustwide/rustup-home:ro,Z" "-e" "SOURCE_DIR=/opt/rustwide/workdir" "-e" "CARGO_TARGET_DIR=/opt/rustwide/target" "-e" "CARGO_INCREMENTAL=0" "-e" "RUST_BACKTRACE=full" "-e" "RUSTFLAGS=--cap-lints=warn" "-e" "RUSTDOCFLAGS=--cap-lints=warn" "-e" "CARGO_HOME=/opt/rustwide/cargo-home" "-e" "RUSTUP_HOME=/opt/rustwide/rustup-home" "-w" "/opt/rustwide/workdir" "-m" "1610612736" "--user" "0:0" "--network" "none" "ghcr.io/rust-lang/crates-build-env/linux@sha256:2788e3201cd34a07e3172128adcd8b3090168a8e3bcc40d7c032b9dda1df7d1c" "/opt/rustwide/cargo-home/bin/cargo" "+1.75.0" "test" "--frozen", kill_on_drop: false }`
[INFO] [stdout] 4bf9d48db87ca1dea1af54874654b080b0c54cacaf2ef3359208b25e1d32b02f
[INFO] running `Command { std: "docker" "start" "-a" "4bf9d48db87ca1dea1af54874654b080b0c54cacaf2ef3359208b25e1d32b02f", kill_on_drop: false }`
[INFO] [stderr] warning: panic message is not a string literal
[INFO] [stderr]   --> src/model.rs:82:20
[INFO] [stderr]    |
[INFO] [stderr] 82 |             panic!(format!("{} is not a Value::Object", self.jsonapi_type()))
[INFO] [stderr]    |                    ^^^^^^^^^^^^^^^^^^^^^^^^^^^^^^^^^^^^^^^^^^^^^^^^^^^^^^^^^
[INFO] [stderr]    |
[INFO] [stderr]    = note: this usage of `panic!()` is deprecated; it will be a hard error in Rust 2021
[INFO] [stderr]    = note: for more information, see <https://doc.rust-lang.org/nightly/edition-guide/rust-2021/panic-macro-consistency.html>
[INFO] [stderr]    = note: the `panic!()` macro supports formatting, so there's no need for the `format!()` macro here
[INFO] [stderr]    = note: `#[warn(non_fmt_panics)]` on by default
[INFO] [stderr] help: remove the `format!(..)` macro call
[INFO] [stderr]    |
[INFO] [stderr] 82 -             panic!(format!("{} is not a Value::Object", self.jsonapi_type()))
[INFO] [stderr] 82 +             panic!("{} is not a Value::Object", self.jsonapi_type())
[INFO] [stderr]    |
[INFO] [stderr] 
[INFO] [stderr] warning: `jsonapi` (lib) generated 1 warning (run `cargo fix --lib -p jsonapi` to apply 1 suggestion)
[INFO] [stderr] warning: `jsonapi` (lib test) generated 1 warning (1 duplicate)
[INFO] [stderr] warning: use of deprecated method `std::error::Error::description`: use the Display impl or to_string()
[INFO] [stderr]   --> tests/helper.rs:11:68
[INFO] [stderr]    |
[INFO] [stderr] 11 |         Err(why) => panic!("couldn't open {}: {}", display, Error::description(&why)),
[INFO] [stderr]    |                                                                    ^^^^^^^^^^^
[INFO] [stderr]    |
[INFO] [stderr]    = note: `#[warn(deprecated)]` on by default
[INFO] [stderr] 
[INFO] [stderr] warning: use of deprecated method `std::error::Error::description`: use the Display impl or to_string()
[INFO] [stderr]   --> tests/helper.rs:18:56
[INFO] [stderr]    |
[INFO] [stderr] 18 |         panic!("couldn't read {}: {}", display, Error::description(&why));
[INFO] [stderr]    |                                                        ^^^^^^^^^^^
[INFO] [stderr] 
[INFO] [stderr] warning: `jsonapi` (test "helper") generated 2 warnings
[INFO] [stderr] warning: `jsonapi` (test "model_test") generated 2 warnings (2 duplicates)
[INFO] [stderr] warning: `jsonapi` (test "api_test") generated 2 warnings (2 duplicates)
[INFO] [stderr]     Finished test [unoptimized + debuginfo] target(s) in 0.03s
[INFO] [stderr]      Running unittests src/lib.rs (/opt/rustwide/target/debug/deps/jsonapi-78efefa2262ca3c7)
[INFO] [stdout] 
[INFO] [stdout] running 0 tests
[INFO] [stdout] 
[INFO] [stdout] test result: ok. 0 passed; 0 failed; 0 ignored; 0 measured; 0 filtered out; finished in 0.00s
[INFO] [stdout] 
[INFO] [stderr]      Running tests/api_test.rs (/opt/rustwide/target/debug/deps/api_test-304a9be12cf13d9a)
[INFO] [stdout] 
[INFO] [stdout] running 26 tests
[INFO] [stdout] test can_deserialize_jsonapi_example_jsonapi_info ... ok
[INFO] [stdout] test api_document_collection_from_json_file ... ok
[INFO] [stdout] test api_document_from_json_file ... ok
[INFO] [stdout] test can_deserialize_jsonapi_example_links_001 ... ok
[INFO] [stdout] test can_deserialize_jsonapi_example_compound_document ... ok
[INFO] [stdout] test can_deserialize_jsonapi_example_resource_001 ... ok
[INFO] [stdout] test can_deserialize_jsonapi_example_resource_002 ... ok
[INFO] [stdout] test can_deserialize_jsonapi_example_resource_003 ... ok
[INFO] [stdout] test can_deserialize_jsonapi_example_links_002 ... ok
[INFO] [stdout] test can_deserialize_jsonapi_example_resource_004 ... ok
[INFO] [stdout] test can_get_attribute ... ok
[INFO] [stdout] test can_diff_resource ... ok
[INFO] [stdout] test error_from_json_string ... ok
[INFO] [stdout] test it_allows_for_optional_attributes ... ok
[INFO] [stdout] test it_does_not_omit_an_empty_primary_data ... ok
[INFO] [stdout] test it_omits_empty_error_keys ... ok
[INFO] [stdout] test it_omits_empty_document_and_primary_data_keys ... ok
[INFO] [stdout] test it_works ... ok
[INFO] [stdout] test jsonapi_document_invalid_errors ... ok
[INFO] [stdout] test multiple_data_document_from_json_string ... ok
[INFO] [stdout] test jsonapi_document_can_be_valid ... ok
[INFO] [stdout] test single_resource_from_json_string ... ok
[INFO] [stdout] test no_data_document_from_json_string ... ok
[INFO] [stdout] test it_validates_partialeq_when_compariing_documents ... ok
[INFO] [stdout] test multiple_resource_from_json_string ... ok
[INFO] [stdout] test single_data_document_from_json_string ... ok
[INFO] [stdout] 
[INFO] [stdout] test result: ok. 26 passed; 0 failed; 0 ignored; 0 measured; 0 filtered out; finished in 0.00s
[INFO] [stdout] 
[INFO] [stderr]      Running tests/helper.rs (/opt/rustwide/target/debug/deps/helper-ef1702509ccd6e97)
[INFO] [stdout] 
[INFO] [stdout] running 0 tests
[INFO] [stdout] 
[INFO] [stdout] test result: ok. 0 passed; 0 failed; 0 ignored; 0 measured; 0 filtered out; finished in 0.00s
[INFO] [stdout] 
[INFO] [stderr]      Running tests/model_test.rs (/opt/rustwide/target/debug/deps/model_test-12e9a26aad9e310e)
[INFO] [stdout] 
[INFO] [stdout] running 4 tests
[INFO] [stdout] test test_vec_to_jsonapi_document ... ok
[INFO] [stdout] test numeric_id ... ok
[INFO] [stdout] test to_jsonapi_document_and_back ... ok
[INFO] [stdout] test from_jsonapi_document ... ok
[INFO] [stdout] 
[INFO] [stdout] test result: ok. 4 passed; 0 failed; 0 ignored; 0 measured; 0 filtered out; finished in 0.00s
[INFO] [stdout] 
[INFO] [stderr]      Running tests/query_test.rs (/opt/rustwide/target/debug/deps/query_test-36e3e9ce13ebfa5d)
[INFO] [stdout] 
[INFO] [stdout] running 20 tests
[INFO] [stdout] test can_generate_string_empty ... ok
[INFO] [stdout] test can_generate_string_filter ... ok
[INFO] [stdout] test can_generate_string_fields ... ok
[INFO] [stdout] test can_generate_page_fields ... ok
[INFO] [stdout] test can_generate_string_fields_multiple_key_and_values ... ok
[INFO] [stdout] test can_generate_string_filter_multiple_key_and_values ... ok
[INFO] [stdout] test can_generate_string_fields_multiple_values ... ok
[INFO] [stdout] test can_generate_string_filter_multiple_values ... ok
[INFO] [stdout] test can_generate_string_include ... ok
[INFO] [stdout] test can_generate_string_include_multiple ... ok
[INFO] [stdout] test can_generate_string_sort ... ok
[INFO] [stdout] test can_generate_string_sort_multiple ... ok
[INFO] [stdout] test can_parse_and_provide_defaults_for_partial_fields ... ok
[INFO] [stdout] test can_provide_and_empty_struct ... ok
[INFO] [stdout] test can_parse_and_use_defaults_for_invalid_values ... ok
[INFO] [stdout] test can_parse_and_handle_missing_fields_values ... ok
[INFO] [stdout] test can_parse ... ok
[INFO] [stdout] test can_parse_and_handle_missing_page_values ... ok
[INFO] [stdout] test can_parse_and_handle_missing_filter_values ... ok
[INFO] [stdout] test can_print ... ok
[INFO] [stdout] 
[INFO] [stdout] test result: ok. 20 passed; 0 failed; 0 ignored; 0 measured; 0 filtered out; finished in 0.00s
[INFO] [stdout] 
[INFO] [stderr]    Doc-tests jsonapi
[INFO] [stdout] 
[INFO] [stdout] running 10 tests
[INFO] [stdout] test src/lib.rs - (line 98) ... FAILED
[INFO] [stdout] test src/lib.rs - (line 65) ... FAILED
[INFO] [stdout] test src/api.rs - api::Resource::from_str (line 437) ... ok
[INFO] [stdout] test src/api.rs - api::JsonApiDocument::validate (line 224) ... ok
[INFO] [stdout] test src/query.rs - query::Query::to_params (line 226) ... ok
[INFO] [stdout] test src/api.rs - api::JsonApiDocument::from_str (line 288) ... ok
[INFO] [stdout] test src/lib.rs - (line 33) ... ok
[INFO] [stdout] test src/query.rs - query::Query::from_params (line 194) ... ok
[INFO] [stdout] test src/model.rs - model::vec_to_jsonapi_document (line 279) ... ok
[INFO] [stdout] test src/api.rs - api::Resource::get_attribute (line 322) ... ok
[INFO] [stdout] 
[INFO] [stdout] failures:
[INFO] [stdout] 
[INFO] [stdout] ---- src/lib.rs - (line 98) stdout ----
[INFO] [stdout] error[E0425]: cannot find value `serialized` in this scope
[INFO] [stdout]  --> src/lib.rs:99:32
[INFO] [stdout]   |
[INFO] [stdout] 3 | let data = Resource::from_str(&serialized);
[INFO] [stdout]   |                                ^^^^^^^^^^ not found in this scope
[INFO] [stdout] 
[INFO] [stdout] error[E0433]: failed to resolve: use of undeclared type `Resource`
[INFO] [stdout]  --> src/lib.rs:99:12
[INFO] [stdout]   |
[INFO] [stdout] 3 | let data = Resource::from_str(&serialized);
[INFO] [stdout]   |            ^^^^^^^^ use of undeclared type `Resource`
[INFO] [stdout] 
[INFO] [stdout] error: aborting due to 2 previous errors
[INFO] [stdout] 
[INFO] [stdout] Some errors have detailed explanations: E0425, E0433.
[INFO] [stdout] For more information about an error, try `rustc --explain E0425`.
[INFO] [stdout] Couldn't compile the test.
[INFO] [stdout] ---- src/lib.rs - (line 65) stdout ----
[INFO] [stdout] error[E0412]: cannot find type `Resource` in this scope
[INFO] [stdout]   --> src/lib.rs:91:18
[INFO] [stdout]    |
[INFO] [stdout] 28 | let data: Result<Resource, serde_json::Error> = serde_json::from_str(&serialized);
[INFO] [stdout]    |                  ^^^^^^^^ not found in this scope
[INFO] [stdout]    |
[INFO] [stdout] help: you might be missing a type parameter
[INFO] [stdout]    |
[INFO] [stdout] 2  | fn main() { #[allow(non_snake_case)] fn _doctest_main_src_lib_rs_65_0<Resource>() {
[INFO] [stdout]    |                                                                      ++++++++++
[INFO] [stdout] 
[INFO] [stdout] error: aborting due to previous error
[INFO] [stdout] 
[INFO] [stdout] For more information about this error, try `rustc --explain E0412`.
[INFO] [stdout] Couldn't compile the test.
[INFO] [stdout] 
[INFO] [stdout] failures:
[INFO] [stdout]     src/lib.rs - (line 65)
[INFO] [stdout]     src/lib.rs - (line 98)
[INFO] [stdout] 
[INFO] [stdout] test result: FAILED. 8 passed; 2 failed; 0 ignored; 0 measured; 0 filtered out; finished in 1.20s
[INFO] [stdout] 
[INFO] [stderr] error: doctest failed, to rerun pass `--doc`
[INFO] running `Command { std: "docker" "inspect" "4bf9d48db87ca1dea1af54874654b080b0c54cacaf2ef3359208b25e1d32b02f", kill_on_drop: false }`
[INFO] running `Command { std: "docker" "rm" "-f" "4bf9d48db87ca1dea1af54874654b080b0c54cacaf2ef3359208b25e1d32b02f", kill_on_drop: false }`
[INFO] [stdout] 4bf9d48db87ca1dea1af54874654b080b0c54cacaf2ef3359208b25e1d32b02f
