[INFO] fetching crate josekit 0.8.4...
[INFO] testing josekit-0.8.4 against 1.75.0 for beta-1.76-1
[INFO] extracting crate josekit 0.8.4 into /workspace/builds/worker-3-tc1/source
[INFO] validating manifest of crates.io crate josekit 0.8.4 on toolchain 1.75.0
[INFO] running `Command { std: CARGO_HOME="/workspace/cargo-home" RUSTUP_HOME="/workspace/rustup-home" "/workspace/cargo-home/bin/cargo" "+1.75.0" "metadata" "--manifest-path" "Cargo.toml" "--no-deps", kill_on_drop: false }`
[INFO] started tweaking crates.io crate josekit 0.8.4
[INFO] finished tweaking crates.io crate josekit 0.8.4
[INFO] tweaked toml for crates.io crate josekit 0.8.4 written to /workspace/builds/worker-3-tc1/source/Cargo.toml
[INFO] running `Command { std: CARGO_HOME="/workspace/cargo-home" RUSTUP_HOME="/workspace/rustup-home" "/workspace/cargo-home/bin/cargo" "+1.75.0" "generate-lockfile" "--manifest-path" "Cargo.toml", kill_on_drop: false }`
[INFO] [stderr]     Updating crates.io index
[INFO] running `Command { std: CARGO_HOME="/workspace/cargo-home" RUSTUP_HOME="/workspace/rustup-home" "/workspace/cargo-home/bin/cargo" "+1.75.0" "fetch" "--manifest-path" "Cargo.toml", kill_on_drop: false }`
[INFO] running `Command { std: "docker" "create" "-v" "/var/lib/crater-agent-workspace/builds/worker-3-tc1/target:/opt/rustwide/target:rw,Z" "-v" "/var/lib/crater-agent-workspace/builds/worker-3-tc1/source:/opt/rustwide/workdir:ro,Z" "-v" "/var/lib/crater-agent-workspace/cargo-home:/opt/rustwide/cargo-home:ro,Z" "-v" "/var/lib/crater-agent-workspace/rustup-home:/opt/rustwide/rustup-home:ro,Z" "-e" "SOURCE_DIR=/opt/rustwide/workdir" "-e" "CARGO_TARGET_DIR=/opt/rustwide/target" "-e" "CARGO_HOME=/opt/rustwide/cargo-home" "-e" "RUSTUP_HOME=/opt/rustwide/rustup-home" "-w" "/opt/rustwide/workdir" "-m" "1610612736" "--user" "0:0" "--network" "none" "ghcr.io/rust-lang/crates-build-env/linux@sha256:2788e3201cd34a07e3172128adcd8b3090168a8e3bcc40d7c032b9dda1df7d1c" "/opt/rustwide/cargo-home/bin/cargo" "+1.75.0" "metadata" "--no-deps" "--format-version=1", kill_on_drop: false }`
[INFO] [stdout] 572e299d6ead9a9e85cefb768f108eab6863b8213ffff1c2f72f177c9857f729
[INFO] running `Command { std: "docker" "start" "-a" "572e299d6ead9a9e85cefb768f108eab6863b8213ffff1c2f72f177c9857f729", kill_on_drop: false }`
[INFO] running `Command { std: "docker" "inspect" "572e299d6ead9a9e85cefb768f108eab6863b8213ffff1c2f72f177c9857f729", kill_on_drop: false }`
[INFO] running `Command { std: "docker" "rm" "-f" "572e299d6ead9a9e85cefb768f108eab6863b8213ffff1c2f72f177c9857f729", kill_on_drop: false }`
[INFO] [stdout] 572e299d6ead9a9e85cefb768f108eab6863b8213ffff1c2f72f177c9857f729
[INFO] running `Command { std: "docker" "create" "-v" "/var/lib/crater-agent-workspace/builds/worker-3-tc1/target:/opt/rustwide/target:rw,Z" "-v" "/var/lib/crater-agent-workspace/builds/worker-3-tc1/source:/opt/rustwide/workdir:ro,Z" "-v" "/var/lib/crater-agent-workspace/cargo-home:/opt/rustwide/cargo-home:ro,Z" "-v" "/var/lib/crater-agent-workspace/rustup-home:/opt/rustwide/rustup-home:ro,Z" "-e" "SOURCE_DIR=/opt/rustwide/workdir" "-e" "CARGO_TARGET_DIR=/opt/rustwide/target" "-e" "CARGO_INCREMENTAL=0" "-e" "RUST_BACKTRACE=full" "-e" "RUSTFLAGS=--cap-lints=warn" "-e" "RUSTDOCFLAGS=--cap-lints=warn" "-e" "CARGO_HOME=/opt/rustwide/cargo-home" "-e" "RUSTUP_HOME=/opt/rustwide/rustup-home" "-w" "/opt/rustwide/workdir" "-m" "1610612736" "--user" "0:0" "--network" "none" "ghcr.io/rust-lang/crates-build-env/linux@sha256:2788e3201cd34a07e3172128adcd8b3090168a8e3bcc40d7c032b9dda1df7d1c" "/opt/rustwide/cargo-home/bin/cargo" "+1.75.0" "build" "--frozen" "--message-format=json", kill_on_drop: false }`
[INFO] [stdout] 6e2bfbd74098e78c5d79c05adbd65dfcba93b7f51cac6847d06a7c39b9dcfea7
[INFO] running `Command { std: "docker" "start" "-a" "6e2bfbd74098e78c5d79c05adbd65dfcba93b7f51cac6847d06a7c39b9dcfea7", kill_on_drop: false }`
[INFO] [stderr]    Compiling proc-macro2 v1.0.75
[INFO] [stderr]    Compiling unicode-ident v1.0.12
[INFO] [stderr]    Compiling libc v0.2.151
[INFO] [stderr]    Compiling pkg-config v0.3.28
[INFO] [stderr]    Compiling vcpkg v0.2.15
[INFO] [stderr]    Compiling crc32fast v1.3.2
[INFO] [stderr]    Compiling cfg-if v1.0.0
[INFO] [stderr]    Compiling serde v1.0.194
[INFO] [stderr]    Compiling memchr v2.7.1
[INFO] [stderr]    Compiling equivalent v1.0.1
[INFO] [stderr]    Compiling powerfmt v0.2.0
[INFO] [stderr]    Compiling serde_json v1.0.111
[INFO] [stderr]    Compiling anyhow v1.0.79
[INFO] [stderr]    Compiling regex-syntax v0.8.2
[INFO] [stderr]    Compiling foreign-types-shared v0.1.1
[INFO] [stderr]    Compiling openssl v0.10.62
[INFO] [stderr]    Compiling adler v1.0.2
[INFO] [stderr]    Compiling thiserror v1.0.56
[INFO] [stderr]    Compiling hashbrown v0.14.3
[INFO] [stderr]    Compiling miniz_oxide v0.7.1
[INFO] [stderr]    Compiling deranged v0.3.11
[INFO] [stderr]    Compiling foreign-types v0.3.2
[INFO] [stderr]    Compiling once_cell v1.19.0
[INFO] [stderr]    Compiling bitflags v2.4.1
[INFO] [stderr]    Compiling time-core v0.1.2
[INFO] [stderr]    Compiling ryu v1.0.16
[INFO] [stderr]    Compiling itoa v1.0.10
[INFO] [stderr]    Compiling aho-corasick v1.1.2
[INFO] [stderr]    Compiling base64 v0.21.5
[INFO] [stderr]    Compiling flate2 v1.0.28
[INFO] [stderr]    Compiling indexmap v2.1.0
[INFO] [stderr]    Compiling quote v1.0.35
[INFO] [stderr]    Compiling syn v2.0.48
[INFO] [stderr]    Compiling cc v1.0.83
[INFO] [stderr]    Compiling time v0.3.31
[INFO] [stderr]    Compiling openssl-sys v0.9.98
[INFO] [stderr]    Compiling regex-automata v0.4.3
[INFO] [stderr]    Compiling serde_derive v1.0.194
[INFO] [stderr]    Compiling openssl-macros v0.1.1
[INFO] [stderr]    Compiling thiserror-impl v1.0.56
[INFO] [stderr]    Compiling regex v1.10.2
[INFO] [stderr]    Compiling josekit v0.8.4 (/opt/rustwide/workdir)
[INFO] [stderr]     Finished dev [unoptimized + debuginfo] target(s) in 15.87s
[INFO] running `Command { std: "docker" "inspect" "6e2bfbd74098e78c5d79c05adbd65dfcba93b7f51cac6847d06a7c39b9dcfea7", kill_on_drop: false }`
[INFO] running `Command { std: "docker" "rm" "-f" "6e2bfbd74098e78c5d79c05adbd65dfcba93b7f51cac6847d06a7c39b9dcfea7", kill_on_drop: false }`
[INFO] [stdout] 6e2bfbd74098e78c5d79c05adbd65dfcba93b7f51cac6847d06a7c39b9dcfea7
[INFO] running `Command { std: "docker" "create" "-v" "/var/lib/crater-agent-workspace/builds/worker-3-tc1/target:/opt/rustwide/target:rw,Z" "-v" "/var/lib/crater-agent-workspace/builds/worker-3-tc1/source:/opt/rustwide/workdir:ro,Z" "-v" "/var/lib/crater-agent-workspace/cargo-home:/opt/rustwide/cargo-home:ro,Z" "-v" "/var/lib/crater-agent-workspace/rustup-home:/opt/rustwide/rustup-home:ro,Z" "-e" "SOURCE_DIR=/opt/rustwide/workdir" "-e" "CARGO_TARGET_DIR=/opt/rustwide/target" "-e" "CARGO_INCREMENTAL=0" "-e" "RUST_BACKTRACE=full" "-e" "RUSTFLAGS=--cap-lints=warn" "-e" "RUSTDOCFLAGS=--cap-lints=warn" "-e" "CARGO_HOME=/opt/rustwide/cargo-home" "-e" "RUSTUP_HOME=/opt/rustwide/rustup-home" "-w" "/opt/rustwide/workdir" "-m" "1610612736" "--user" "0:0" "--network" "none" "ghcr.io/rust-lang/crates-build-env/linux@sha256:2788e3201cd34a07e3172128adcd8b3090168a8e3bcc40d7c032b9dda1df7d1c" "/opt/rustwide/cargo-home/bin/cargo" "+1.75.0" "test" "--frozen" "--no-run" "--message-format=json", kill_on_drop: false }`
[INFO] [stdout] dc20b7f6ff32740a0cb41e0225d3f6c99208fd514162d41ba0dbedd8813b4a48
[INFO] running `Command { std: "docker" "start" "-a" "dc20b7f6ff32740a0cb41e0225d3f6c99208fd514162d41ba0dbedd8813b4a48", kill_on_drop: false }`
[INFO] [stderr]    Compiling doc-comment v0.3.3
[INFO] [stderr]    Compiling josekit v0.8.4 (/opt/rustwide/workdir)
[INFO] [stderr]     Finished test [unoptimized + debuginfo] target(s) in 7.04s
[INFO] running `Command { std: "docker" "inspect" "dc20b7f6ff32740a0cb41e0225d3f6c99208fd514162d41ba0dbedd8813b4a48", kill_on_drop: false }`
[INFO] running `Command { std: "docker" "rm" "-f" "dc20b7f6ff32740a0cb41e0225d3f6c99208fd514162d41ba0dbedd8813b4a48", kill_on_drop: false }`
[INFO] [stdout] dc20b7f6ff32740a0cb41e0225d3f6c99208fd514162d41ba0dbedd8813b4a48
[INFO] running `Command { std: "docker" "create" "-v" "/var/lib/crater-agent-workspace/builds/worker-3-tc1/target:/opt/rustwide/target:rw,Z" "-v" "/var/lib/crater-agent-workspace/builds/worker-3-tc1/source:/opt/rustwide/workdir:ro,Z" "-v" "/var/lib/crater-agent-workspace/cargo-home:/opt/rustwide/cargo-home:ro,Z" "-v" "/var/lib/crater-agent-workspace/rustup-home:/opt/rustwide/rustup-home:ro,Z" "-e" "SOURCE_DIR=/opt/rustwide/workdir" "-e" "CARGO_TARGET_DIR=/opt/rustwide/target" "-e" "CARGO_INCREMENTAL=0" "-e" "RUST_BACKTRACE=full" "-e" "RUSTFLAGS=--cap-lints=warn" "-e" "RUSTDOCFLAGS=--cap-lints=warn" "-e" "CARGO_HOME=/opt/rustwide/cargo-home" "-e" "RUSTUP_HOME=/opt/rustwide/rustup-home" "-w" "/opt/rustwide/workdir" "-m" "1610612736" "--user" "0:0" "--network" "none" "ghcr.io/rust-lang/crates-build-env/linux@sha256:2788e3201cd34a07e3172128adcd8b3090168a8e3bcc40d7c032b9dda1df7d1c" "/opt/rustwide/cargo-home/bin/cargo" "+1.75.0" "test" "--frozen", kill_on_drop: false }`
[INFO] [stdout] ddfa7af25be69702b2be3b4dc723d1fc510a79bafcefd7e2796f9a07b5d02eaa
[INFO] running `Command { std: "docker" "start" "-a" "ddfa7af25be69702b2be3b4dc723d1fc510a79bafcefd7e2796f9a07b5d02eaa", kill_on_drop: false }`
[INFO] [stderr]     Finished test [unoptimized + debuginfo] target(s) in 0.04s
[INFO] [stderr]      Running unittests src/lib.rs (/opt/rustwide/target/debug/deps/josekit-6dcb57de2d8d7f68)
[INFO] [stdout] 
[INFO] [stdout] running 141 tests
[INFO] [stdout] test jwe::alg::direct::tests::encrypt_and_decrypt_direct ... ok
[INFO] [stdout] test jwe::jwe_header_set::tests::test_new_jwe_header ... ok
[INFO] [stdout] test jwe::jwe_header::tests::test_new_jwe_header ... ok
[INFO] [stdout] test jwe::enc::aesgcm::tests::encrypt_and_decrypt_aes_gcm ... ok
[INFO] [stdout] test jwe::alg::aesgcmkw::tests::encrypt_and_decrypt_aes_gcm ... ok
[INFO] [stdout] test jwe::alg::aeskw::tests::encrypt_and_decrypt_aes ... ok
[INFO] [stdout] test jwe::alg::pbes2_hmac_aeskw::tests::encrypt_and_decrypt_pbes2_hmac ... ok
[INFO] [stdout] test jwe::tests::test_jwe_json_serialization ... ok
[INFO] [stdout] test jwe::jwe_context::tests::flattened_json_dir ... ok
[INFO] [stdout] test jwe::tests::test_jwe_compact_serialization ... ok
[INFO] [stdout] test jwk::jwk::tests::test_new_jws_header ... ok
[INFO] [stdout] test jwe::jwe_context::tests::compact_dir ... ok
[INFO] [stdout] test jwe::jwe_context::tests::general_json_dir ... ok
[INFO] [stdout] test jwk::key_info::tests::test_detect_ec_der_private_key ... ok
[INFO] [stdout] test jwk::key_info::tests::test_detect_ec_jwk_private_key ... ok
[INFO] [stdout] test jwk::jwk_set::tests::test_load_jwt_set ... ok
[INFO] [stdout] test jwk::key_info::tests::test_detect_ec_pem_private_key ... ok
[INFO] [stdout] test jwk::key_info::tests::test_detect_ec_der_public_key ... ok
[INFO] [stdout] test jwk::key_info::tests::test_detect_ec_raw_private_key ... ok
[INFO] [stdout] test jwk::key_info::tests::test_detect_ec_jwk_public_key ... ok
[INFO] [stdout] test jwk::key_info::tests::test_detect_ecx_der_private_key ... ok
[INFO] [stdout] test jwe::enc::aescbc_hmac::tests::encrypt_and_decrypt_aes_cbc_hmac ... ok
[INFO] [stdout] test jwk::key_info::tests::test_detect_ecx_jwk_private_key ... ok
[INFO] [stdout] test jwk::key_info::tests::test_detect_ec_traditional_pem_private_key ... ok
[INFO] [stdout] test jwk::key_info::tests::test_detect_ecx_der_public_key ... ok
[INFO] [stdout] test jwk::key_info::tests::test_detect_ecx_jwk_public_key ... ok
[INFO] [stdout] test jwk::key_info::tests::test_detect_ecx_pem_public_key ... ok
[INFO] [stdout] test jwk::key_info::tests::test_detect_ecx_traditional_pem_private_key ... ok
[INFO] [stdout] test jwe::alg::rsaes::tests::encrypt_and_decrypt_rsaes ... ok
[INFO] [stdout] test jwk::key_info::tests::test_detect_ed_der_private_key ... ok
[INFO] [stdout] test jwk::key_info::tests::test_detect_ecx_pem_private_key ... ok
[INFO] [stdout] test jwk::key_info::tests::test_detect_ec_pem_public_key ... ok
[INFO] [stdout] test jwk::key_info::tests::test_detect_ed_jwk_private_key ... ok
[INFO] [stdout] test jwk::key_info::tests::test_detect_ed_pem_public_key ... ok
[INFO] [stdout] test jwk::key_info::tests::test_detect_ed_pem_private_key ... ok
[INFO] [stdout] test jwk::key_info::tests::test_detect_rsa_der_private_key ... ok
[INFO] [stdout] test jwk::key_info::tests::test_detect_rsa_jwk_private_key ... ok
[INFO] [stdout] test jwk::key_info::tests::test_detect_ed_der_public_key ... ok
[INFO] [stdout] test jwk::key_info::tests::test_detect_ed_jwk_public_key ... ok
[INFO] [stdout] test jwk::key_info::tests::test_detect_ed_traditional_pem_private_key ... ok
[INFO] [stdout] test jwk::key_info::tests::test_detect_rsa_der_public_key ... ok
[INFO] [stdout] test jwk::key_info::tests::test_detect_rsa_pss_der_private_key ... ok
[INFO] [stdout] test jwe::tests::test_jwe_general_json_serialization ... ok
[INFO] [stdout] test jwk::key_info::tests::test_detect_rsa_jwk_public_key ... ok
[INFO] [stdout] test jwk::key_info::tests::test_detect_rsa_pem_public_key ... ok
[INFO] [stdout] test jwk::key_info::tests::test_detect_rsa_pem_private_key ... ok
[INFO] [stdout] test jwk::key_info::tests::test_detect_rsa_pss_public_key ... ok
[INFO] [stdout] test jwk::key_info::tests::test_detect_rsa_raw_private_key ... ok
[INFO] [stdout] test jwk::key_info::tests::test_detect_rsa_traditional_pem_public_key ... ok
[INFO] [stdout] test jwk::key_info::tests::test_detect_rsa_raw_public_key ... ok
[INFO] [stdout] test jwk::key_info::tests::test_detect_rsa_pss_pem_private_key ... ok
[INFO] [stdout] test jwk::key_info::tests::test_detect_rsa_traditional_pem_private_key ... ok
[INFO] [stdout] test jwk::key_info::tests::test_detect_rsa_pss_traditional_pem_private_key ... ok
[INFO] [stdout] test jwk::key_info::tests::test_detect_rsa_pss_pem_public_key ... ok
[INFO] [stdout] test jwk::alg::ec::tests::test_ec_jwt ... ok
[INFO] [stdout] test jwk::alg::ed::tests::test_ed_jwt ... ok
[INFO] [stdout] test jws::alg::ecdsa::tests::sign_and_verify_ecdsa_generated_pem ... ok
[INFO] [stdout] test jws::alg::ecdsa::tests::sign_and_verify_ecdsa_generated_raw ... ok
[INFO] [stdout] test jwk::alg::ecx::tests::test_generate_ecx ... ok
[INFO] [stdout] test jws::alg::ecdsa::tests::sign_and_verify_ecdsa_jwt ... ok
[INFO] [stdout] test jws::alg::ecdsa::tests::sign_and_verify_ecdsa_generated_jwk ... ok
[INFO] [stdout] test jwk::alg::ecx::tests::test_ecx_key_pair ... ok
[INFO] [stdout] test jws::alg::ecdsa::tests::sign_and_verify_ecdsa_generated_traditional_pem ... ok
[INFO] [stdout] test jws::alg::eddsa::tests::sign_and_verify_eddsa_generated_jwk ... ok
[INFO] [stdout] test jws::alg::ecdsa::tests::sign_and_verify_ecdsa_pkcs8_der ... ok
[INFO] [stdout] test jws::alg::eddsa::tests::sign_and_verify_eddsa_generated_traditional_pem ... ok
[INFO] [stdout] test jws::alg::hmac::tests::sign_and_verify_hmac_bytes ... ok
[INFO] [stdout] test jws::alg::hmac::tests::sign_and_verify_hmac_generated_jwk ... ok
[INFO] [stdout] test jws::alg::eddsa::tests::sign_and_verify_eddsa_jwt ... ok
[INFO] [stdout] test jws::alg::hmac::tests::sign_and_verify_hmac_jwk ... ok
[INFO] [stdout] test jws::alg::ecdsa::tests::sign_and_verify_ecdsa_pkcs8_pem ... ok
[INFO] [stdout] test jws::alg::eddsa::tests::sign_and_verify_eddsa_generated_pem ... ok
[INFO] [stdout] test jws::alg::eddsa::tests::sign_and_verify_eddsa_pkcs8_der ... ok
[INFO] [stdout] test jws::alg::eddsa::tests::sign_and_verify_eddsa_pkcs8_pem ... ok
[INFO] [stdout] test jws::alg::ecdsa::tests::sign_and_verify_ecdsa_generated_der ... ok
[INFO] [stdout] test jws::alg::eddsa::tests::sign_and_verify_eddsa_mismatch ... ok
[INFO] [stdout] test jws::alg::ecdsa::tests::sign_and_verify_ecdsa_mismatch ... ok
[INFO] [stdout] test jws::alg::eddsa::tests::sign_and_verify_eddsa_generated_der ... ok
[INFO] [stdout] test jws::alg::rsassa::tests::sign_and_verify_rsassa_pkcs1_pem ... ok
[INFO] [stdout] test jws::alg::rsassa::tests::sign_and_verify_rsassa_jwt ... ok
[INFO] [stdout] test jws::alg::rsassa::tests::sign_and_verify_rsassa_pkcs8_der ... ok
[INFO] [stdout] test jwe::alg::ecdh_es::tests::encrypt_and_decrypt_ecdh_es_with_pkcs8_der ... ok
[INFO] [stdout] test jws::alg::rsassa::tests::sign_and_verify_rsassa_pkcs8_pem ... ok
[INFO] [stdout] test jws::alg::rsassa::tests::sign_and_verify_rsassa_pkcs1_der ... ok
[INFO] [stdout] test jwe::alg::ecdh_es::tests::encrypt_and_decrypt_ecdh_es_with_jwk ... ok
[INFO] [stdout] test jwe::alg::ecdh_es::tests::encrypt_and_decrypt_ecdh_es_with_pem ... ok
[INFO] [stdout] test jws::alg::rsassa_pss::tests::sign_and_verify_rsassa_pss_jwt ... ok
[INFO] [stdout] test jwe::alg::ecdh_es::tests::encrypt_and_decrypt_ecdh_es_with_traditional_pem ... ok
[INFO] [stdout] test jws::alg::rsassa_pss::tests::sign_and_verify_rsassa_pss_pkcs8_der ... ok
[INFO] [stdout] test jws::alg::rsassa_pss::tests::sign_and_verify_rsassa_pss_pkcs8_pem ... ok
[INFO] [stdout] test jws::jws_header::tests::test_new_jws_header ... ok
[INFO] [stdout] test jws::jws_header_set::tests::test_new_jws_header ... ok
[INFO] [stdout] test jws::tests::test_jws_compact_serialization ... ok
[INFO] [stdout] test jws::tests::test_jws_compact_serialization_with_selector ... ok
[INFO] [stdout] test jws::tests::test_jws_general_json_serialization ... ok
[INFO] [stdout] test jws::tests::test_jws_json_serialization ... ok
[INFO] [stdout] test jwt::jwt_payload::tests::test_new_payload ... ok
[INFO] [stdout] test jwt::jwt_payload_validator::tests::test_jwt_payload_validate ... ok
[INFO] [stdout] test jwt::tests::test_decode_header ... ok
[INFO] [stdout] test jwt::tests::test_external_jwt_decrypt_with_aesgcmkw ... ok
[INFO] [stdout] test jwt::tests::test_external_jwt_decrypt_with_aeskw ... ok
[INFO] [stdout] test jwt::tests::test_external_jwt_decrypt_with_dir ... ok
[INFO] [stdout] test jwk::alg::rsa::tests::test_rsa_jwt ... ok
[INFO] [stdout] test jwt::tests::test_external_jwt_decrypt_with_pbes2_hmac_aeskw ... ok
[INFO] [stdout] test jws::alg::rsassa::tests::sign_and_verify_rsassa_generated_der ... ok
[INFO] [stdout] test jws::alg::rsassa_pss::tests::sign_and_verify_rsassa_pss_generated_rsa_der ... ok
[INFO] [stdout] test jwt::tests::test_external_jwt_verify_with_eddsa ... ok
[INFO] [stdout] test jwt::tests::test_external_jwt_verify_with_hmac ... ok
[INFO] [stdout] test jws::alg::rsassa::tests::sign_and_verify_rsassa_generated_raw ... ok
[INFO] [stdout] test jwt::tests::test_external_jwt_verify_with_ecdsa ... ok
[INFO] [stdout] test jwt::tests::test_jwt_none ... ok
[INFO] [stdout] test jwt::tests::test_jwt_unsecured ... ok
[INFO] [stdout] test jwt::tests::test_external_jwt_decrypt_with_rsaes ... ok
[INFO] [stdout] test jwt::tests::test_external_jwt_verify_with_rsapss ... ok
[INFO] [stdout] test jwt::tests::test_jwt_with_hmac ... ok
[INFO] [stdout] test jwt::tests::test_external_jwt_verify_with_rsa ... ok
[INFO] [stdout] test jwt::tests::test_jwt_with_ecdsa_pem ... ok
[INFO] [stdout] test jwt::tests::test_jwt_with_ecdsa_der ... ok
[INFO] [stdout] test util::der::der_builder::tests::write_integer ... ok
[INFO] [stdout] test util::der::der_builder::tests::write_sequence_of_integer ... ok
[INFO] [stdout] test jwt::tests::test_jwt_with_rsa_pem ... ok
[INFO] [stdout] test util::der::der_builder::tests::write_sequence_of_rsa_public_key ... ok
[INFO] [stdout] test util::der::der_reader::tests::parse_der_2 ... ok
[INFO] [stdout] test util::der::der_reader::tests::parse_der ... ok
[INFO] [stdout] test util::tests::test_is_base64_standard ... ok
[INFO] [stdout] test jwt::tests::test_jwt_with_rsapss_pem ... ok
[INFO] [stdout] test util::tests::test_is_base64_url_safe_nopad ... ok
[INFO] [stdout] test jwt::tests::test_jwt_with_rsa_der ... ok
[INFO] [stdout] test util::der::der_reader::tests::parse_der_3 ... ok
[INFO] [stdout] test jwt::tests::test_external_jwt_decrypt_with_ecdh_es ... ok
[INFO] [stdout] test jws::alg::rsassa::tests::sign_and_verify_rsassa_generated_jwk ... ok
[INFO] [stdout] test jws::alg::rsassa::tests::sign_and_verify_rsassa_generated_pem ... ok
[INFO] [stdout] test jws::alg::rsassa_pss::tests::sign_and_verify_rsassa_pss_generated_raw ... ok
[INFO] [stdout] test jws::alg::rsassa_pss::tests::sign_and_verify_rsassa_pss_generated_jwk ... ok
[INFO] [stdout] test jws::alg::rsassa_pss::tests::sign_and_verify_rsassa_pss_generated_pem ... ok
[INFO] [stdout] test jws::alg::rsassa_pss::tests::sign_and_verify_rsassa_pss_generated_traditional_pem ... ok
[INFO] [stdout] test jws::alg::rsassa_pss::tests::sign_and_verify_rsassa_pss_generated_der ... ok
[INFO] [stdout] test jws::alg::rsassa::tests::sign_and_verify_rsassa_mismatch ... ok
[INFO] [stdout] test jws::alg::rsassa::tests::sign_and_verify_rsassa_generated_traditional_pem ... ok
[INFO] [stdout] test jws::alg::rsassa_pss::tests::sign_and_verify_rsassa_pss_mismatch ... ok
[INFO] [stdout] test jwk::alg::rsapss::tests::test_rsa_jwt ... ok
[INFO] [stdout] 
[INFO] [stdout] test result: ok. 141 passed; 0 failed; 0 ignored; 0 measured; 0 filtered out; finished in 8.57s
[INFO] [stdout] 
[INFO] [stderr]    Doc-tests josekit
[INFO] [stdout] 
[INFO] [stdout] running 13 tests
[INFO] [stdout] test src/lib.rs - (line 387) ... FAILED
[INFO] [stdout] test src/lib.rs - (line 683) ... FAILED
[INFO] [stdout] test src/lib.rs - (line 857) ... FAILED
[INFO] [stdout] test src/lib.rs - (line 480) ... FAILED
[INFO] [stdout] test src/lib.rs - (line 875) ... ok
[INFO] [stdout] test src/lib.rs - (line 721) ... ok
[INFO] [stdout] test src/lib.rs - (line 753) ... ok
[INFO] [stdout] test src/lib.rs - (line 585) ... ok
[INFO] [stdout] test src/lib.rs - (line 621) ... ok
[INFO] [stdout] test src/lib.rs - (line 786) ... ok
[INFO] [stdout] test src/lib.rs - (line 826) ... ok
[INFO] [stdout] test src/lib.rs - (line 426) ... ok
[INFO] [stdout] test src/lib.rs - (line 535) ... ok
[INFO] [stdout] 
[INFO] [stdout] failures:
[INFO] [stdout] 
[INFO] [stdout] ---- src/lib.rs - (line 387) stdout ----
[INFO] [stdout] error: linking with `cc` failed: exit status: 1
[INFO] [stdout]   |
[INFO] [stdout]   = note: LC_ALL="C" PATH="/opt/rustwide/rustup-home/toolchains/1.75.0-x86_64-unknown-linux-gnu/lib/rustlib/x86_64-unknown-linux-gnu/bin:/opt/rustwide/cargo-home/bin:/usr/local/sbin:/usr/local/bin:/usr/sbin:/usr/bin:/sbin:/bin" VSLANG="1033" "cc" "-m64" "/tmp/rustc42cDie/symbols.o" "/tmp/rustdoctestvi22k4/rust_out.rust_out.263fb70ac1c95110-cgu.0.rcgu.o" "/tmp/rustdoctestvi22k4/rust_out.2uel00cfmdh5ufit.rcgu.o" "-Wl,--as-needed" "-L" "/opt/rustwide/target/debug/deps" "-L" "/opt/rustwide/target/debug/deps" "-L" "/opt/rustwide/rustup-home/toolchains/1.75.0-x86_64-unknown-linux-gnu/lib/rustlib/x86_64-unknown-linux-gnu/lib" "-Wl,-Bstatic" "/opt/rustwide/target/debug/deps/libjosekit-18799a3123cf1085.rlib" "/opt/rustwide/target/debug/deps/libtime-48fbbfcab50297ad.rlib" "/opt/rustwide/target/debug/deps/libtime_core-7af5d6eb87ec9652.rlib" "/opt/rustwide/target/debug/deps/libderanged-b91eb2e9a304f3c1.rlib" "/opt/rustwide/target/debug/deps/libpowerfmt-e8908707a005dea9.rlib" "/opt/rustwide/target/debug/deps/libserde_json-a7dc4725a2e69c0b.rlib" "/opt/rustwide/target/debug/deps/libryu-5f304b1b6393964f.rlib" "/opt/rustwide/target/debug/deps/libitoa-5f181af53b99b92c.rlib" "/opt/rustwide/target/debug/deps/libindexmap-8fc97cbaa956011a.rlib" "/opt/rustwide/target/debug/deps/libequivalent-daf5c71f5fc642dd.rlib" "/opt/rustwide/target/debug/deps/libhashbrown-3d9e58c92093ae49.rlib" "/opt/rustwide/target/debug/deps/libregex-3fdc9a8f6eaf81cf.rlib" "/opt/rustwide/target/debug/deps/libregex_automata-7e239e4b359aa58c.rlib" "/opt/rustwide/target/debug/deps/libaho_corasick-c461b2416345444e.rlib" "/opt/rustwide/target/debug/deps/libmemchr-94009dd89ebb9d8d.rlib" "/opt/rustwide/target/debug/deps/libregex_syntax-e4dd3c3a3cb10e1d.rlib" "/opt/rustwide/target/debug/deps/libbase64-c757f6e1d18850a5.rlib" "/opt/rustwide/target/debug/deps/libthiserror-a0040babb48b5333.rlib" "/opt/rustwide/target/debug/deps/libserde-de74a60ae7075efe.rlib" "/opt/rustwide/target/debug/deps/libflate2-1347a47922d98cc4.rlib" "/opt/rustwide/target/debug/deps/libminiz_oxide-f272f5814aa49507.rlib" "/opt/rustwide/target/debug/deps/libadler-c8f2240c56a0abca.rlib" "/opt/rustwide/target/debug/deps/libcrc32fast-664446237529ebff.rlib" "/opt/rustwide/target/debug/deps/libopenssl-50ae89cce4413d8a.rlib" "/opt/rustwide/target/debug/deps/libonce_cell-63be820ac0ed0954.rlib" "/opt/rustwide/target/debug/deps/libbitflags-0065cf305c229aa5.rlib" "/opt/rustwide/target/debug/deps/libforeign_types-c05743815e5b8a9d.rlib" "/opt/rustwide/target/debug/deps/libforeign_types_shared-d149f5491fde2862.rlib" "/opt/rustwide/target/debug/deps/libcfg_if-61dc7a6799e72b18.rlib" "/opt/rustwide/target/debug/deps/libopenssl_sys-c1221a102e8e425d.rlib" "/opt/rustwide/target/debug/deps/liblibc-f01c1240f7c859d0.rlib" "/opt/rustwide/target/debug/deps/libanyhow-309ab2c875f40ec7.rlib" "/opt/rustwide/rustup-home/toolchains/1.75.0-x86_64-unknown-linux-gnu/lib/rustlib/x86_64-unknown-linux-gnu/lib/libstd-90f6ddbf82de36ec.rlib" "/opt/rustwide/rustup-home/toolchains/1.75.0-x86_64-unknown-linux-gnu/lib/rustlib/x86_64-unknown-linux-gnu/lib/libpanic_unwind-480c41e9d4e1f677.rlib" "/opt/rustwide/rustup-home/toolchains/1.75.0-x86_64-unknown-linux-gnu/lib/rustlib/x86_64-unknown-linux-gnu/lib/libobject-db744c0ca03eed1d.rlib" "/opt/rustwide/rustup-home/toolchains/1.75.0-x86_64-unknown-linux-gnu/lib/rustlib/x86_64-unknown-linux-gnu/lib/libmemchr-8ba652dc7d4b285a.rlib" "/opt/rustwide/rustup-home/toolchains/1.75.0-x86_64-unknown-linux-gnu/lib/rustlib/x86_64-unknown-linux-gnu/lib/libaddr2line-d5f4520a9ebc0d58.rlib" "/opt/rustwide/rustup-home/toolchains/1.75.0-x86_64-unknown-linux-gnu/lib/rustlib/x86_64-unknown-linux-gnu/lib/libgimli-4ad84de58f0cb463.rlib" "/opt/rustwide/rustup-home/toolchains/1.75.0-x86_64-unknown-linux-gnu/lib/rustlib/x86_64-unknown-linux-gnu/lib/librustc_demangle-0d10aae2e0f38735.rlib" "/opt/rustwide/rustup-home/toolchains/1.75.0-x86_64-unknown-linux-gnu/lib/rustlib/x86_64-unknown-linux-gnu/lib/libstd_detect-0c17cff739e6745b.rlib" "/opt/rustwide/rustup-home/toolchains/1.75.0-x86_64-unknown-linux-gnu/lib/rustlib/x86_64-unknown-linux-gnu/lib/libhashbrown-b29e17139dde1aa8.rlib" "/opt/rustwide/rustup-home/toolchains/1.75.0-x86_64-unknown-linux-gnu/lib/rustlib/x86_64-unknown-linux-gnu/lib/librustc_std_workspace_alloc-1f975299829cc7bd.rlib" "/opt/rustwide/rustup-home/toolchains/1.75.0-x86_64-unknown-linux-gnu/lib/rustlib/x86_64-unknown-linux-gnu/lib/libminiz_oxide-86bae3bc3079f89b.rlib" "/opt/rustwide/rustup-home/toolchains/1.75.0-x86_64-unknown-linux-gnu/lib/rustlib/x86_64-unknown-linux-gnu/lib/libadler-321b82c30dffdf5f.rlib" "/opt/rustwide/rustup-home/toolchains/1.75.0-x86_64-unknown-linux-gnu/lib/rustlib/x86_64-unknown-linux-gnu/lib/libunwind-3dd8a6810a0bdfef.rlib" "/opt/rustwide/rustup-home/toolchains/1.75.0-x86_64-unknown-linux-gnu/lib/rustlib/x86_64-unknown-linux-gnu/lib/libcfg_if-eb39a61c0c879984.rlib" "/opt/rustwide/rustup-home/toolchains/1.75.0-x86_64-unknown-linux-gnu/lib/rustlib/x86_64-unknown-linux-gnu/lib/liblibc-aa769569f91c3548.rlib" "/opt/rustwide/rustup-home/toolchains/1.75.0-x86_64-unknown-linux-gnu/lib/rustlib/x86_64-unknown-linux-gnu/lib/liballoc-510a192a50a983ed.rlib" "/opt/rustwide/rustup-home/toolchains/1.75.0-x86_64-unknown-linux-gnu/lib/rustlib/x86_64-unknown-linux-gnu/lib/librustc_std_workspace_core-0577018320f99037.rlib" "/opt/rustwide/rustup-home/toolchains/1.75.0-x86_64-unknown-linux-gnu/lib/rustlib/x86_64-unknown-linux-gnu/lib/libcore-193cf992125ccd4c.rlib" "/opt/rustwide/rustup-home/toolchains/1.75.0-x86_64-unknown-linux-gnu/lib/rustlib/x86_64-unknown-linux-gnu/lib/libcompiler_builtins-8e138eaf26ebb4a8.rlib" "-Wl,-Bdynamic" "-lssl" "-lcrypto" "-lgcc_s" "-lutil" "-lrt" "-lpthread" "-lm" "-ldl" "-lc" "-Wl,--eh-frame-hdr" "-Wl,-z,noexecstack" "-L" "/opt/rustwide/rustup-home/toolchains/1.75.0-x86_64-unknown-linux-gnu/lib/rustlib/x86_64-unknown-linux-gnu/lib" "-o" "/tmp/rustdoctestvi22k4/rust_out" "-Wl,--gc-sections" "-pie" "-Wl,-z,relro,-z,now" "-nodefaultlibs"
[INFO] [stdout]   = note: collect2: fatal error: ld terminated with signal 9 [Killed]
[INFO] [stdout]           compilation terminated.
[INFO] [stdout]           
[INFO] [stdout] 
[INFO] [stdout] error: aborting due to previous error
[INFO] [stdout] 
[INFO] [stdout] Couldn't compile the test.
[INFO] [stdout] ---- src/lib.rs - (line 683) stdout ----
[INFO] [stdout] error: linking with `cc` failed: exit status: 1
[INFO] [stdout]   |
[INFO] [stdout]   = note: LC_ALL="C" PATH="/opt/rustwide/rustup-home/toolchains/1.75.0-x86_64-unknown-linux-gnu/lib/rustlib/x86_64-unknown-linux-gnu/bin:/opt/rustwide/cargo-home/bin:/usr/local/sbin:/usr/local/bin:/usr/sbin:/usr/bin:/sbin:/bin" VSLANG="1033" "cc" "-m64" "/tmp/rustcGwOHVa/symbols.o" "/tmp/rustdoctestBWWmOS/rust_out.rust_out.263fb70ac1c95110-cgu.0.rcgu.o" "/tmp/rustdoctestBWWmOS/rust_out.2uel00cfmdh5ufit.rcgu.o" "-Wl,--as-needed" "-L" "/opt/rustwide/target/debug/deps" "-L" "/opt/rustwide/target/debug/deps" "-L" "/opt/rustwide/rustup-home/toolchains/1.75.0-x86_64-unknown-linux-gnu/lib/rustlib/x86_64-unknown-linux-gnu/lib" "-Wl,-Bstatic" "/opt/rustwide/target/debug/deps/libjosekit-18799a3123cf1085.rlib" "/opt/rustwide/target/debug/deps/libtime-48fbbfcab50297ad.rlib" "/opt/rustwide/target/debug/deps/libtime_core-7af5d6eb87ec9652.rlib" "/opt/rustwide/target/debug/deps/libderanged-b91eb2e9a304f3c1.rlib" "/opt/rustwide/target/debug/deps/libpowerfmt-e8908707a005dea9.rlib" "/opt/rustwide/target/debug/deps/libserde_json-a7dc4725a2e69c0b.rlib" "/opt/rustwide/target/debug/deps/libryu-5f304b1b6393964f.rlib" "/opt/rustwide/target/debug/deps/libitoa-5f181af53b99b92c.rlib" "/opt/rustwide/target/debug/deps/libindexmap-8fc97cbaa956011a.rlib" "/opt/rustwide/target/debug/deps/libequivalent-daf5c71f5fc642dd.rlib" "/opt/rustwide/target/debug/deps/libhashbrown-3d9e58c92093ae49.rlib" "/opt/rustwide/target/debug/deps/libregex-3fdc9a8f6eaf81cf.rlib" "/opt/rustwide/target/debug/deps/libregex_automata-7e239e4b359aa58c.rlib" "/opt/rustwide/target/debug/deps/libaho_corasick-c461b2416345444e.rlib" "/opt/rustwide/target/debug/deps/libmemchr-94009dd89ebb9d8d.rlib" "/opt/rustwide/target/debug/deps/libregex_syntax-e4dd3c3a3cb10e1d.rlib" "/opt/rustwide/target/debug/deps/libbase64-c757f6e1d18850a5.rlib" "/opt/rustwide/target/debug/deps/libthiserror-a0040babb48b5333.rlib" "/opt/rustwide/target/debug/deps/libserde-de74a60ae7075efe.rlib" "/opt/rustwide/target/debug/deps/libflate2-1347a47922d98cc4.rlib" "/opt/rustwide/target/debug/deps/libminiz_oxide-f272f5814aa49507.rlib" "/opt/rustwide/target/debug/deps/libadler-c8f2240c56a0abca.rlib" "/opt/rustwide/target/debug/deps/libcrc32fast-664446237529ebff.rlib" "/opt/rustwide/target/debug/deps/libopenssl-50ae89cce4413d8a.rlib" "/opt/rustwide/target/debug/deps/libonce_cell-63be820ac0ed0954.rlib" "/opt/rustwide/target/debug/deps/libbitflags-0065cf305c229aa5.rlib" "/opt/rustwide/target/debug/deps/libforeign_types-c05743815e5b8a9d.rlib" "/opt/rustwide/target/debug/deps/libforeign_types_shared-d149f5491fde2862.rlib" "/opt/rustwide/target/debug/deps/libcfg_if-61dc7a6799e72b18.rlib" "/opt/rustwide/target/debug/deps/libopenssl_sys-c1221a102e8e425d.rlib" "/opt/rustwide/target/debug/deps/liblibc-f01c1240f7c859d0.rlib" "/opt/rustwide/target/debug/deps/libanyhow-309ab2c875f40ec7.rlib" "/opt/rustwide/rustup-home/toolchains/1.75.0-x86_64-unknown-linux-gnu/lib/rustlib/x86_64-unknown-linux-gnu/lib/libstd-90f6ddbf82de36ec.rlib" "/opt/rustwide/rustup-home/toolchains/1.75.0-x86_64-unknown-linux-gnu/lib/rustlib/x86_64-unknown-linux-gnu/lib/libpanic_unwind-480c41e9d4e1f677.rlib" "/opt/rustwide/rustup-home/toolchains/1.75.0-x86_64-unknown-linux-gnu/lib/rustlib/x86_64-unknown-linux-gnu/lib/libobject-db744c0ca03eed1d.rlib" "/opt/rustwide/rustup-home/toolchains/1.75.0-x86_64-unknown-linux-gnu/lib/rustlib/x86_64-unknown-linux-gnu/lib/libmemchr-8ba652dc7d4b285a.rlib" "/opt/rustwide/rustup-home/toolchains/1.75.0-x86_64-unknown-linux-gnu/lib/rustlib/x86_64-unknown-linux-gnu/lib/libaddr2line-d5f4520a9ebc0d58.rlib" "/opt/rustwide/rustup-home/toolchains/1.75.0-x86_64-unknown-linux-gnu/lib/rustlib/x86_64-unknown-linux-gnu/lib/libgimli-4ad84de58f0cb463.rlib" "/opt/rustwide/rustup-home/toolchains/1.75.0-x86_64-unknown-linux-gnu/lib/rustlib/x86_64-unknown-linux-gnu/lib/librustc_demangle-0d10aae2e0f38735.rlib" "/opt/rustwide/rustup-home/toolchains/1.75.0-x86_64-unknown-linux-gnu/lib/rustlib/x86_64-unknown-linux-gnu/lib/libstd_detect-0c17cff739e6745b.rlib" "/opt/rustwide/rustup-home/toolchains/1.75.0-x86_64-unknown-linux-gnu/lib/rustlib/x86_64-unknown-linux-gnu/lib/libhashbrown-b29e17139dde1aa8.rlib" "/opt/rustwide/rustup-home/toolchains/1.75.0-x86_64-unknown-linux-gnu/lib/rustlib/x86_64-unknown-linux-gnu/lib/librustc_std_workspace_alloc-1f975299829cc7bd.rlib" "/opt/rustwide/rustup-home/toolchains/1.75.0-x86_64-unknown-linux-gnu/lib/rustlib/x86_64-unknown-linux-gnu/lib/libminiz_oxide-86bae3bc3079f89b.rlib" "/opt/rustwide/rustup-home/toolchains/1.75.0-x86_64-unknown-linux-gnu/lib/rustlib/x86_64-unknown-linux-gnu/lib/libadler-321b82c30dffdf5f.rlib" "/opt/rustwide/rustup-home/toolchains/1.75.0-x86_64-unknown-linux-gnu/lib/rustlib/x86_64-unknown-linux-gnu/lib/libunwind-3dd8a6810a0bdfef.rlib" "/opt/rustwide/rustup-home/toolchains/1.75.0-x86_64-unknown-linux-gnu/lib/rustlib/x86_64-unknown-linux-gnu/lib/libcfg_if-eb39a61c0c879984.rlib" "/opt/rustwide/rustup-home/toolchains/1.75.0-x86_64-unknown-linux-gnu/lib/rustlib/x86_64-unknown-linux-gnu/lib/liblibc-aa769569f91c3548.rlib" "/opt/rustwide/rustup-home/toolchains/1.75.0-x86_64-unknown-linux-gnu/lib/rustlib/x86_64-unknown-linux-gnu/lib/liballoc-510a192a50a983ed.rlib" "/opt/rustwide/rustup-home/toolchains/1.75.0-x86_64-unknown-linux-gnu/lib/rustlib/x86_64-unknown-linux-gnu/lib/librustc_std_workspace_core-0577018320f99037.rlib" "/opt/rustwide/rustup-home/toolchains/1.75.0-x86_64-unknown-linux-gnu/lib/rustlib/x86_64-unknown-linux-gnu/lib/libcore-193cf992125ccd4c.rlib" "/opt/rustwide/rustup-home/toolchains/1.75.0-x86_64-unknown-linux-gnu/lib/rustlib/x86_64-unknown-linux-gnu/lib/libcompiler_builtins-8e138eaf26ebb4a8.rlib" "-Wl,-Bdynamic" "-lssl" "-lcrypto" "-lgcc_s" "-lutil" "-lrt" "-lpthread" "-lm" "-ldl" "-lc" "-Wl,--eh-frame-hdr" "-Wl,-z,noexecstack" "-L" "/opt/rustwide/rustup-home/toolchains/1.75.0-x86_64-unknown-linux-gnu/lib/rustlib/x86_64-unknown-linux-gnu/lib" "-o" "/tmp/rustdoctestBWWmOS/rust_out" "-Wl,--gc-sections" "-pie" "-Wl,-z,relro,-z,now" "-nodefaultlibs"
[INFO] [stdout]   = note: collect2: fatal error: ld terminated with signal 9 [Killed]
[INFO] [stdout]           compilation terminated.
[INFO] [stdout]           
[INFO] [stdout] 
[INFO] [stdout] error: aborting due to previous error
[INFO] [stdout] 
[INFO] [stdout] Couldn't compile the test.
[INFO] [stdout] ---- src/lib.rs - (line 857) stdout ----
[INFO] [stdout] error: linking with `cc` failed: exit status: 1
[INFO] [stdout]   |
[INFO] [stdout]   = note: LC_ALL="C" PATH="/opt/rustwide/rustup-home/toolchains/1.75.0-x86_64-unknown-linux-gnu/lib/rustlib/x86_64-unknown-linux-gnu/bin:/opt/rustwide/cargo-home/bin:/usr/local/sbin:/usr/local/bin:/usr/sbin:/usr/bin:/sbin:/bin" VSLANG="1033" "cc" "-m64" "/tmp/rustcXXNk4Q/symbols.o" "/tmp/rustdoctest3g9xcc/rust_out.rust_out.263fb70ac1c95110-cgu.0.rcgu.o" "/tmp/rustdoctest3g9xcc/rust_out.2uel00cfmdh5ufit.rcgu.o" "-Wl,--as-needed" "-L" "/opt/rustwide/target/debug/deps" "-L" "/opt/rustwide/target/debug/deps" "-L" "/opt/rustwide/rustup-home/toolchains/1.75.0-x86_64-unknown-linux-gnu/lib/rustlib/x86_64-unknown-linux-gnu/lib" "-Wl,-Bstatic" "/opt/rustwide/target/debug/deps/libjosekit-18799a3123cf1085.rlib" "/opt/rustwide/target/debug/deps/libtime-48fbbfcab50297ad.rlib" "/opt/rustwide/target/debug/deps/libtime_core-7af5d6eb87ec9652.rlib" "/opt/rustwide/target/debug/deps/libderanged-b91eb2e9a304f3c1.rlib" "/opt/rustwide/target/debug/deps/libpowerfmt-e8908707a005dea9.rlib" "/opt/rustwide/target/debug/deps/libserde_json-a7dc4725a2e69c0b.rlib" "/opt/rustwide/target/debug/deps/libryu-5f304b1b6393964f.rlib" "/opt/rustwide/target/debug/deps/libitoa-5f181af53b99b92c.rlib" "/opt/rustwide/target/debug/deps/libindexmap-8fc97cbaa956011a.rlib" "/opt/rustwide/target/debug/deps/libequivalent-daf5c71f5fc642dd.rlib" "/opt/rustwide/target/debug/deps/libhashbrown-3d9e58c92093ae49.rlib" "/opt/rustwide/target/debug/deps/libregex-3fdc9a8f6eaf81cf.rlib" "/opt/rustwide/target/debug/deps/libregex_automata-7e239e4b359aa58c.rlib" "/opt/rustwide/target/debug/deps/libaho_corasick-c461b2416345444e.rlib" "/opt/rustwide/target/debug/deps/libmemchr-94009dd89ebb9d8d.rlib" "/opt/rustwide/target/debug/deps/libregex_syntax-e4dd3c3a3cb10e1d.rlib" "/opt/rustwide/target/debug/deps/libbase64-c757f6e1d18850a5.rlib" "/opt/rustwide/target/debug/deps/libthiserror-a0040babb48b5333.rlib" "/opt/rustwide/target/debug/deps/libserde-de74a60ae7075efe.rlib" "/opt/rustwide/target/debug/deps/libflate2-1347a47922d98cc4.rlib" "/opt/rustwide/target/debug/deps/libminiz_oxide-f272f5814aa49507.rlib" "/opt/rustwide/target/debug/deps/libadler-c8f2240c56a0abca.rlib" "/opt/rustwide/target/debug/deps/libcrc32fast-664446237529ebff.rlib" "/opt/rustwide/target/debug/deps/libopenssl-50ae89cce4413d8a.rlib" "/opt/rustwide/target/debug/deps/libonce_cell-63be820ac0ed0954.rlib" "/opt/rustwide/target/debug/deps/libbitflags-0065cf305c229aa5.rlib" "/opt/rustwide/target/debug/deps/libforeign_types-c05743815e5b8a9d.rlib" "/opt/rustwide/target/debug/deps/libforeign_types_shared-d149f5491fde2862.rlib" "/opt/rustwide/target/debug/deps/libcfg_if-61dc7a6799e72b18.rlib" "/opt/rustwide/target/debug/deps/libopenssl_sys-c1221a102e8e425d.rlib" "/opt/rustwide/target/debug/deps/liblibc-f01c1240f7c859d0.rlib" "/opt/rustwide/target/debug/deps/libanyhow-309ab2c875f40ec7.rlib" "/opt/rustwide/rustup-home/toolchains/1.75.0-x86_64-unknown-linux-gnu/lib/rustlib/x86_64-unknown-linux-gnu/lib/libstd-90f6ddbf82de36ec.rlib" "/opt/rustwide/rustup-home/toolchains/1.75.0-x86_64-unknown-linux-gnu/lib/rustlib/x86_64-unknown-linux-gnu/lib/libpanic_unwind-480c41e9d4e1f677.rlib" "/opt/rustwide/rustup-home/toolchains/1.75.0-x86_64-unknown-linux-gnu/lib/rustlib/x86_64-unknown-linux-gnu/lib/libobject-db744c0ca03eed1d.rlib" "/opt/rustwide/rustup-home/toolchains/1.75.0-x86_64-unknown-linux-gnu/lib/rustlib/x86_64-unknown-linux-gnu/lib/libmemchr-8ba652dc7d4b285a.rlib" "/opt/rustwide/rustup-home/toolchains/1.75.0-x86_64-unknown-linux-gnu/lib/rustlib/x86_64-unknown-linux-gnu/lib/libaddr2line-d5f4520a9ebc0d58.rlib" "/opt/rustwide/rustup-home/toolchains/1.75.0-x86_64-unknown-linux-gnu/lib/rustlib/x86_64-unknown-linux-gnu/lib/libgimli-4ad84de58f0cb463.rlib" "/opt/rustwide/rustup-home/toolchains/1.75.0-x86_64-unknown-linux-gnu/lib/rustlib/x86_64-unknown-linux-gnu/lib/librustc_demangle-0d10aae2e0f38735.rlib" "/opt/rustwide/rustup-home/toolchains/1.75.0-x86_64-unknown-linux-gnu/lib/rustlib/x86_64-unknown-linux-gnu/lib/libstd_detect-0c17cff739e6745b.rlib" "/opt/rustwide/rustup-home/toolchains/1.75.0-x86_64-unknown-linux-gnu/lib/rustlib/x86_64-unknown-linux-gnu/lib/libhashbrown-b29e17139dde1aa8.rlib" "/opt/rustwide/rustup-home/toolchains/1.75.0-x86_64-unknown-linux-gnu/lib/rustlib/x86_64-unknown-linux-gnu/lib/librustc_std_workspace_alloc-1f975299829cc7bd.rlib" "/opt/rustwide/rustup-home/toolchains/1.75.0-x86_64-unknown-linux-gnu/lib/rustlib/x86_64-unknown-linux-gnu/lib/libminiz_oxide-86bae3bc3079f89b.rlib" "/opt/rustwide/rustup-home/toolchains/1.75.0-x86_64-unknown-linux-gnu/lib/rustlib/x86_64-unknown-linux-gnu/lib/libadler-321b82c30dffdf5f.rlib" "/opt/rustwide/rustup-home/toolchains/1.75.0-x86_64-unknown-linux-gnu/lib/rustlib/x86_64-unknown-linux-gnu/lib/libunwind-3dd8a6810a0bdfef.rlib" "/opt/rustwide/rustup-home/toolchains/1.75.0-x86_64-unknown-linux-gnu/lib/rustlib/x86_64-unknown-linux-gnu/lib/libcfg_if-eb39a61c0c879984.rlib" "/opt/rustwide/rustup-home/toolchains/1.75.0-x86_64-unknown-linux-gnu/lib/rustlib/x86_64-unknown-linux-gnu/lib/liblibc-aa769569f91c3548.rlib" "/opt/rustwide/rustup-home/toolchains/1.75.0-x86_64-unknown-linux-gnu/lib/rustlib/x86_64-unknown-linux-gnu/lib/liballoc-510a192a50a983ed.rlib" "/opt/rustwide/rustup-home/toolchains/1.75.0-x86_64-unknown-linux-gnu/lib/rustlib/x86_64-unknown-linux-gnu/lib/librustc_std_workspace_core-0577018320f99037.rlib" "/opt/rustwide/rustup-home/toolchains/1.75.0-x86_64-unknown-linux-gnu/lib/rustlib/x86_64-unknown-linux-gnu/lib/libcore-193cf992125ccd4c.rlib" "/opt/rustwide/rustup-home/toolchains/1.75.0-x86_64-unknown-linux-gnu/lib/rustlib/x86_64-unknown-linux-gnu/lib/libcompiler_builtins-8e138eaf26ebb4a8.rlib" "-Wl,-Bdynamic" "-lssl" "-lcrypto" "-lgcc_s" "-lutil" "-lrt" "-lpthread" "-lm" "-ldl" "-lc" "-Wl,--eh-frame-hdr" "-Wl,-z,noexecstack" "-L" "/opt/rustwide/rustup-home/toolchains/1.75.0-x86_64-unknown-linux-gnu/lib/rustlib/x86_64-unknown-linux-gnu/lib" "-o" "/tmp/rustdoctest3g9xcc/rust_out" "-Wl,--gc-sections" "-pie" "-Wl,-z,relro,-z,now" "-nodefaultlibs"
[INFO] [stdout]   = note: collect2: fatal error: ld terminated with signal 9 [Killed]
[INFO] [stdout]           compilation terminated.
[INFO] [stdout]           
[INFO] [stdout] 
[INFO] [stdout] error: aborting due to previous error
[INFO] [stdout] 
[INFO] [stdout] Couldn't compile the test.
[INFO] [stdout] ---- src/lib.rs - (line 480) stdout ----
[INFO] [stdout] error: linking with `cc` failed: exit status: 1
[INFO] [stdout]   |
[INFO] [stdout]   = note: LC_ALL="C" PATH="/opt/rustwide/rustup-home/toolchains/1.75.0-x86_64-unknown-linux-gnu/lib/rustlib/x86_64-unknown-linux-gnu/bin:/opt/rustwide/cargo-home/bin:/usr/local/sbin:/usr/local/bin:/usr/sbin:/usr/bin:/sbin:/bin" VSLANG="1033" "cc" "-m64" "/tmp/rustcdd97HH/symbols.o" "/tmp/rustdoctest2aTitY/rust_out.rust_out.263fb70ac1c95110-cgu.0.rcgu.o" "/tmp/rustdoctest2aTitY/rust_out.2uel00cfmdh5ufit.rcgu.o" "-Wl,--as-needed" "-L" "/opt/rustwide/target/debug/deps" "-L" "/opt/rustwide/target/debug/deps" "-L" "/opt/rustwide/rustup-home/toolchains/1.75.0-x86_64-unknown-linux-gnu/lib/rustlib/x86_64-unknown-linux-gnu/lib" "-Wl,-Bstatic" "/opt/rustwide/target/debug/deps/libjosekit-18799a3123cf1085.rlib" "/opt/rustwide/target/debug/deps/libtime-48fbbfcab50297ad.rlib" "/opt/rustwide/target/debug/deps/libtime_core-7af5d6eb87ec9652.rlib" "/opt/rustwide/target/debug/deps/libderanged-b91eb2e9a304f3c1.rlib" "/opt/rustwide/target/debug/deps/libpowerfmt-e8908707a005dea9.rlib" "/opt/rustwide/target/debug/deps/libserde_json-a7dc4725a2e69c0b.rlib" "/opt/rustwide/target/debug/deps/libryu-5f304b1b6393964f.rlib" "/opt/rustwide/target/debug/deps/libitoa-5f181af53b99b92c.rlib" "/opt/rustwide/target/debug/deps/libindexmap-8fc97cbaa956011a.rlib" "/opt/rustwide/target/debug/deps/libequivalent-daf5c71f5fc642dd.rlib" "/opt/rustwide/target/debug/deps/libhashbrown-3d9e58c92093ae49.rlib" "/opt/rustwide/target/debug/deps/libregex-3fdc9a8f6eaf81cf.rlib" "/opt/rustwide/target/debug/deps/libregex_automata-7e239e4b359aa58c.rlib" "/opt/rustwide/target/debug/deps/libaho_corasick-c461b2416345444e.rlib" "/opt/rustwide/target/debug/deps/libmemchr-94009dd89ebb9d8d.rlib" "/opt/rustwide/target/debug/deps/libregex_syntax-e4dd3c3a3cb10e1d.rlib" "/opt/rustwide/target/debug/deps/libbase64-c757f6e1d18850a5.rlib" "/opt/rustwide/target/debug/deps/libthiserror-a0040babb48b5333.rlib" "/opt/rustwide/target/debug/deps/libserde-de74a60ae7075efe.rlib" "/opt/rustwide/target/debug/deps/libflate2-1347a47922d98cc4.rlib" "/opt/rustwide/target/debug/deps/libminiz_oxide-f272f5814aa49507.rlib" "/opt/rustwide/target/debug/deps/libadler-c8f2240c56a0abca.rlib" "/opt/rustwide/target/debug/deps/libcrc32fast-664446237529ebff.rlib" "/opt/rustwide/target/debug/deps/libopenssl-50ae89cce4413d8a.rlib" "/opt/rustwide/target/debug/deps/libonce_cell-63be820ac0ed0954.rlib" "/opt/rustwide/target/debug/deps/libbitflags-0065cf305c229aa5.rlib" "/opt/rustwide/target/debug/deps/libforeign_types-c05743815e5b8a9d.rlib" "/opt/rustwide/target/debug/deps/libforeign_types_shared-d149f5491fde2862.rlib" "/opt/rustwide/target/debug/deps/libcfg_if-61dc7a6799e72b18.rlib" "/opt/rustwide/target/debug/deps/libopenssl_sys-c1221a102e8e425d.rlib" "/opt/rustwide/target/debug/deps/liblibc-f01c1240f7c859d0.rlib" "/opt/rustwide/target/debug/deps/libanyhow-309ab2c875f40ec7.rlib" "/opt/rustwide/rustup-home/toolchains/1.75.0-x86_64-unknown-linux-gnu/lib/rustlib/x86_64-unknown-linux-gnu/lib/libstd-90f6ddbf82de36ec.rlib" "/opt/rustwide/rustup-home/toolchains/1.75.0-x86_64-unknown-linux-gnu/lib/rustlib/x86_64-unknown-linux-gnu/lib/libpanic_unwind-480c41e9d4e1f677.rlib" "/opt/rustwide/rustup-home/toolchains/1.75.0-x86_64-unknown-linux-gnu/lib/rustlib/x86_64-unknown-linux-gnu/lib/libobject-db744c0ca03eed1d.rlib" "/opt/rustwide/rustup-home/toolchains/1.75.0-x86_64-unknown-linux-gnu/lib/rustlib/x86_64-unknown-linux-gnu/lib/libmemchr-8ba652dc7d4b285a.rlib" "/opt/rustwide/rustup-home/toolchains/1.75.0-x86_64-unknown-linux-gnu/lib/rustlib/x86_64-unknown-linux-gnu/lib/libaddr2line-d5f4520a9ebc0d58.rlib" "/opt/rustwide/rustup-home/toolchains/1.75.0-x86_64-unknown-linux-gnu/lib/rustlib/x86_64-unknown-linux-gnu/lib/libgimli-4ad84de58f0cb463.rlib" "/opt/rustwide/rustup-home/toolchains/1.75.0-x86_64-unknown-linux-gnu/lib/rustlib/x86_64-unknown-linux-gnu/lib/librustc_demangle-0d10aae2e0f38735.rlib" "/opt/rustwide/rustup-home/toolchains/1.75.0-x86_64-unknown-linux-gnu/lib/rustlib/x86_64-unknown-linux-gnu/lib/libstd_detect-0c17cff739e6745b.rlib" "/opt/rustwide/rustup-home/toolchains/1.75.0-x86_64-unknown-linux-gnu/lib/rustlib/x86_64-unknown-linux-gnu/lib/libhashbrown-b29e17139dde1aa8.rlib" "/opt/rustwide/rustup-home/toolchains/1.75.0-x86_64-unknown-linux-gnu/lib/rustlib/x86_64-unknown-linux-gnu/lib/librustc_std_workspace_alloc-1f975299829cc7bd.rlib" "/opt/rustwide/rustup-home/toolchains/1.75.0-x86_64-unknown-linux-gnu/lib/rustlib/x86_64-unknown-linux-gnu/lib/libminiz_oxide-86bae3bc3079f89b.rlib" "/opt/rustwide/rustup-home/toolchains/1.75.0-x86_64-unknown-linux-gnu/lib/rustlib/x86_64-unknown-linux-gnu/lib/libadler-321b82c30dffdf5f.rlib" "/opt/rustwide/rustup-home/toolchains/1.75.0-x86_64-unknown-linux-gnu/lib/rustlib/x86_64-unknown-linux-gnu/lib/libunwind-3dd8a6810a0bdfef.rlib" "/opt/rustwide/rustup-home/toolchains/1.75.0-x86_64-unknown-linux-gnu/lib/rustlib/x86_64-unknown-linux-gnu/lib/libcfg_if-eb39a61c0c879984.rlib" "/opt/rustwide/rustup-home/toolchains/1.75.0-x86_64-unknown-linux-gnu/lib/rustlib/x86_64-unknown-linux-gnu/lib/liblibc-aa769569f91c3548.rlib" "/opt/rustwide/rustup-home/toolchains/1.75.0-x86_64-unknown-linux-gnu/lib/rustlib/x86_64-unknown-linux-gnu/lib/liballoc-510a192a50a983ed.rlib" "/opt/rustwide/rustup-home/toolchains/1.75.0-x86_64-unknown-linux-gnu/lib/rustlib/x86_64-unknown-linux-gnu/lib/librustc_std_workspace_core-0577018320f99037.rlib" "/opt/rustwide/rustup-home/toolchains/1.75.0-x86_64-unknown-linux-gnu/lib/rustlib/x86_64-unknown-linux-gnu/lib/libcore-193cf992125ccd4c.rlib" "/opt/rustwide/rustup-home/toolchains/1.75.0-x86_64-unknown-linux-gnu/lib/rustlib/x86_64-unknown-linux-gnu/lib/libcompiler_builtins-8e138eaf26ebb4a8.rlib" "-Wl,-Bdynamic" "-lssl" "-lcrypto" "-lgcc_s" "-lutil" "-lrt" "-lpthread" "-lm" "-ldl" "-lc" "-Wl,--eh-frame-hdr" "-Wl,-z,noexecstack" "-L" "/opt/rustwide/rustup-home/toolchains/1.75.0-x86_64-unknown-linux-gnu/lib/rustlib/x86_64-unknown-linux-gnu/lib" "-o" "/tmp/rustdoctest2aTitY/rust_out" "-Wl,--gc-sections" "-pie" "-Wl,-z,relro,-z,now" "-nodefaultlibs"
[INFO] [stdout]   = note: collect2: fatal error: ld terminated with signal 9 [Killed]
[INFO] [stdout]           compilation terminated.
[INFO] [stdout]           
[INFO] [stdout] 
[INFO] [stdout] error: aborting due to previous error
[INFO] [stdout] 
[INFO] [stdout] Couldn't compile the test.
[INFO] [stdout] 
[INFO] [stdout] failures:
[INFO] [stdout]     src/lib.rs - (line 387)
[INFO] [stdout]     src/lib.rs - (line 480)
[INFO] [stdout]     src/lib.rs - (line 683)
[INFO] [stdout]     src/lib.rs - (line 857)
[INFO] [stdout] 
[INFO] [stdout] test result: FAILED. 9 passed; 4 failed; 0 ignored; 0 measured; 0 filtered out; finished in 5.55s
[INFO] [stdout] 
[INFO] [stderr] error: doctest failed, to rerun pass `--doc`
[INFO] running `Command { std: "docker" "inspect" "ddfa7af25be69702b2be3b4dc723d1fc510a79bafcefd7e2796f9a07b5d02eaa", kill_on_drop: false }`
[INFO] running `Command { std: "docker" "rm" "-f" "ddfa7af25be69702b2be3b4dc723d1fc510a79bafcefd7e2796f9a07b5d02eaa", kill_on_drop: false }`
[INFO] [stdout] ddfa7af25be69702b2be3b4dc723d1fc510a79bafcefd7e2796f9a07b5d02eaa
