[INFO] fetching crate janetrs_macros 0.6.0...
[INFO] testing janetrs_macros-0.6.0 against 1.75.0 for beta-1.76-1
[INFO] extracting crate janetrs_macros 0.6.0 into /workspace/builds/worker-6-tc1/source
[INFO] validating manifest of crates.io crate janetrs_macros 0.6.0 on toolchain 1.75.0
[INFO] running `Command { std: CARGO_HOME="/workspace/cargo-home" RUSTUP_HOME="/workspace/rustup-home" "/workspace/cargo-home/bin/cargo" "+1.75.0" "metadata" "--manifest-path" "Cargo.toml" "--no-deps", kill_on_drop: false }`
[INFO] started tweaking crates.io crate janetrs_macros 0.6.0
[INFO] removed 0 missing tests
[INFO] finished tweaking crates.io crate janetrs_macros 0.6.0
[INFO] tweaked toml for crates.io crate janetrs_macros 0.6.0 written to /workspace/builds/worker-6-tc1/source/Cargo.toml
[INFO] running `Command { std: CARGO_HOME="/workspace/cargo-home" RUSTUP_HOME="/workspace/rustup-home" "/workspace/cargo-home/bin/cargo" "+1.75.0" "generate-lockfile" "--manifest-path" "Cargo.toml", kill_on_drop: false }`
[INFO] [stderr]     Updating crates.io index
[INFO] running `Command { std: CARGO_HOME="/workspace/cargo-home" RUSTUP_HOME="/workspace/rustup-home" "/workspace/cargo-home/bin/cargo" "+1.75.0" "fetch" "--manifest-path" "Cargo.toml", kill_on_drop: false }`
[INFO] [stderr]     Blocking waiting for file lock on package cache
[INFO] [stderr]     Blocking waiting for file lock on package cache
[INFO] [stderr]  Downloading crates ...
[INFO] [stderr]   Downloaded evil-janet v1.32.1
[INFO] running `Command { std: "docker" "create" "-v" "/var/lib/crater-agent-workspace/builds/worker-6-tc1/target:/opt/rustwide/target:rw,Z" "-v" "/var/lib/crater-agent-workspace/builds/worker-6-tc1/source:/opt/rustwide/workdir:ro,Z" "-v" "/var/lib/crater-agent-workspace/cargo-home:/opt/rustwide/cargo-home:ro,Z" "-v" "/var/lib/crater-agent-workspace/rustup-home:/opt/rustwide/rustup-home:ro,Z" "-e" "SOURCE_DIR=/opt/rustwide/workdir" "-e" "CARGO_TARGET_DIR=/opt/rustwide/target" "-e" "CARGO_HOME=/opt/rustwide/cargo-home" "-e" "RUSTUP_HOME=/opt/rustwide/rustup-home" "-w" "/opt/rustwide/workdir" "-m" "1610612736" "--user" "0:0" "--network" "none" "ghcr.io/rust-lang/crates-build-env/linux@sha256:2788e3201cd34a07e3172128adcd8b3090168a8e3bcc40d7c032b9dda1df7d1c" "/opt/rustwide/cargo-home/bin/cargo" "+1.75.0" "metadata" "--no-deps" "--format-version=1", kill_on_drop: false }`
[INFO] [stdout] b93f03577dd0d4c3e351869ffe8ab11b48b97eb695cb041a71e94d488c215554
[INFO] running `Command { std: "docker" "start" "-a" "b93f03577dd0d4c3e351869ffe8ab11b48b97eb695cb041a71e94d488c215554", kill_on_drop: false }`
[INFO] running `Command { std: "docker" "inspect" "b93f03577dd0d4c3e351869ffe8ab11b48b97eb695cb041a71e94d488c215554", kill_on_drop: false }`
[INFO] running `Command { std: "docker" "rm" "-f" "b93f03577dd0d4c3e351869ffe8ab11b48b97eb695cb041a71e94d488c215554", kill_on_drop: false }`
[INFO] [stdout] b93f03577dd0d4c3e351869ffe8ab11b48b97eb695cb041a71e94d488c215554
[INFO] running `Command { std: "docker" "create" "-v" "/var/lib/crater-agent-workspace/builds/worker-6-tc1/target:/opt/rustwide/target:rw,Z" "-v" "/var/lib/crater-agent-workspace/builds/worker-6-tc1/source:/opt/rustwide/workdir:ro,Z" "-v" "/var/lib/crater-agent-workspace/cargo-home:/opt/rustwide/cargo-home:ro,Z" "-v" "/var/lib/crater-agent-workspace/rustup-home:/opt/rustwide/rustup-home:ro,Z" "-e" "SOURCE_DIR=/opt/rustwide/workdir" "-e" "CARGO_TARGET_DIR=/opt/rustwide/target" "-e" "CARGO_INCREMENTAL=0" "-e" "RUST_BACKTRACE=full" "-e" "RUSTFLAGS=--cap-lints=warn" "-e" "RUSTDOCFLAGS=--cap-lints=warn" "-e" "CARGO_HOME=/opt/rustwide/cargo-home" "-e" "RUSTUP_HOME=/opt/rustwide/rustup-home" "-w" "/opt/rustwide/workdir" "-m" "1610612736" "--user" "0:0" "--network" "none" "ghcr.io/rust-lang/crates-build-env/linux@sha256:2788e3201cd34a07e3172128adcd8b3090168a8e3bcc40d7c032b9dda1df7d1c" "/opt/rustwide/cargo-home/bin/cargo" "+1.75.0" "build" "--frozen" "--message-format=json", kill_on_drop: false }`
[INFO] [stdout] d4a93937f80763148f836b61d5a4dbabf1cd52b7831249b9746fb53121585cc5
[INFO] running `Command { std: "docker" "start" "-a" "d4a93937f80763148f836b61d5a4dbabf1cd52b7831249b9746fb53121585cc5", kill_on_drop: false }`
[INFO] [stderr]    Compiling libc v0.2.151
[INFO] [stderr]    Compiling glob v0.3.1
[INFO] [stderr]    Compiling prettyplease v0.2.16
[INFO] [stderr]    Compiling rustix v0.38.28
[INFO] [stderr]    Compiling memchr v2.7.1
[INFO] [stderr]    Compiling regex-syntax v0.8.2
[INFO] [stderr]    Compiling cfg-if v1.0.0
[INFO] [stderr]    Compiling linux-raw-sys v0.4.12
[INFO] [stderr]    Compiling bitflags v2.4.1
[INFO] [stderr]    Compiling minimal-lexical v0.2.1
[INFO] [stderr]    Compiling libloading v0.8.1
[INFO] [stderr]    Compiling syn v2.0.48
[INFO] [stderr]    Compiling bindgen v0.69.1
[INFO] [stderr]    Compiling home v0.5.9
[INFO] [stderr]    Compiling clang-sys v1.7.0
[INFO] [stderr]    Compiling either v1.9.0
[INFO] [stderr]    Compiling nom v7.1.3
[INFO] [stderr]    Compiling shlex v1.2.0
[INFO] [stderr]    Compiling log v0.4.20
[INFO] [stderr]    Compiling rustc-hash v1.1.0
[INFO] [stderr]    Compiling peeking_take_while v0.1.2
[INFO] [stderr]    Compiling lazycell v1.3.0
[INFO] [stderr]    Compiling cc v1.0.83
[INFO] [stderr]    Compiling const_fn v0.4.9
[INFO] [stderr]    Compiling syn v1.0.109
[INFO] [stderr]    Compiling regex-automata v0.4.3
[INFO] [stderr]    Compiling which v4.4.2
[INFO] [stderr]    Compiling cexpr v0.6.0
[INFO] [stderr]    Compiling regex v1.10.2
[INFO] [stderr]    Compiling evil-janet v1.32.1
[INFO] [stderr]    Compiling janetrs_version v0.1.0
[INFO] [stderr]    Compiling janetrs_macros v0.6.0 (/opt/rustwide/workdir)
[INFO] [stderr]     Finished dev [unoptimized + debuginfo] target(s) in 29.89s
[INFO] running `Command { std: "docker" "inspect" "d4a93937f80763148f836b61d5a4dbabf1cd52b7831249b9746fb53121585cc5", kill_on_drop: false }`
[INFO] running `Command { std: "docker" "rm" "-f" "d4a93937f80763148f836b61d5a4dbabf1cd52b7831249b9746fb53121585cc5", kill_on_drop: false }`
[INFO] [stdout] d4a93937f80763148f836b61d5a4dbabf1cd52b7831249b9746fb53121585cc5
[INFO] running `Command { std: "docker" "create" "-v" "/var/lib/crater-agent-workspace/builds/worker-6-tc1/target:/opt/rustwide/target:rw,Z" "-v" "/var/lib/crater-agent-workspace/builds/worker-6-tc1/source:/opt/rustwide/workdir:ro,Z" "-v" "/var/lib/crater-agent-workspace/cargo-home:/opt/rustwide/cargo-home:ro,Z" "-v" "/var/lib/crater-agent-workspace/rustup-home:/opt/rustwide/rustup-home:ro,Z" "-e" "SOURCE_DIR=/opt/rustwide/workdir" "-e" "CARGO_TARGET_DIR=/opt/rustwide/target" "-e" "CARGO_INCREMENTAL=0" "-e" "RUST_BACKTRACE=full" "-e" "RUSTFLAGS=--cap-lints=warn" "-e" "RUSTDOCFLAGS=--cap-lints=warn" "-e" "CARGO_HOME=/opt/rustwide/cargo-home" "-e" "RUSTUP_HOME=/opt/rustwide/rustup-home" "-w" "/opt/rustwide/workdir" "-m" "1610612736" "--user" "0:0" "--network" "none" "ghcr.io/rust-lang/crates-build-env/linux@sha256:2788e3201cd34a07e3172128adcd8b3090168a8e3bcc40d7c032b9dda1df7d1c" "/opt/rustwide/cargo-home/bin/cargo" "+1.75.0" "test" "--frozen" "--no-run" "--message-format=json", kill_on_drop: false }`
[INFO] [stdout] 02ee0d21ccce957224462cae347aef8f447682d1d565c1a45e0d1f56eaa8a8a8
[INFO] running `Command { std: "docker" "start" "-a" "02ee0d21ccce957224462cae347aef8f447682d1d565c1a45e0d1f56eaa8a8a8", kill_on_drop: false }`
[INFO] [stderr]    Compiling proc-macro2 v1.0.75
[INFO] [stderr]    Compiling glob v0.3.1
[INFO] [stderr]    Compiling libc v0.2.151
[INFO] [stderr]    Compiling serde v1.0.194
[INFO] [stderr]    Compiling serde_json v1.0.111
[INFO] [stderr]    Compiling itoa v1.0.10
[INFO] [stderr]    Compiling syn v1.0.109
[INFO] [stderr]    Compiling trybuild v1.0.87
[INFO] [stderr]    Compiling ryu v1.0.16
[INFO] [stderr]    Compiling termcolor v1.4.0
[INFO] [stderr]    Compiling dissimilar v1.0.7
[INFO] [stderr]    Compiling once_cell v1.19.0
[INFO] [stderr]    Compiling quote v1.0.35
[INFO] [stderr]    Compiling clang-sys v1.7.0
[INFO] [stderr]    Compiling syn v2.0.48
[INFO] [stderr]    Compiling cc v1.0.83
[INFO] [stderr]    Compiling bindgen v0.69.1
[INFO] [stderr]    Compiling basic-toml v0.1.8
[INFO] [stderr]    Compiling prettyplease v0.2.16
[INFO] [stderr]    Compiling serde_derive v1.0.194
[INFO] [stderr]    Compiling evil-janet v1.32.1
[INFO] [stderr]    Compiling janetrs_version v0.1.0
[INFO] [stderr]    Compiling janetrs_macros v0.6.0 (/opt/rustwide/workdir)
[INFO] [stderr]     Finished test [unoptimized + debuginfo] target(s) in 17.84s
[INFO] running `Command { std: "docker" "inspect" "02ee0d21ccce957224462cae347aef8f447682d1d565c1a45e0d1f56eaa8a8a8", kill_on_drop: false }`
[INFO] running `Command { std: "docker" "rm" "-f" "02ee0d21ccce957224462cae347aef8f447682d1d565c1a45e0d1f56eaa8a8a8", kill_on_drop: false }`
[INFO] [stdout] 02ee0d21ccce957224462cae347aef8f447682d1d565c1a45e0d1f56eaa8a8a8
[INFO] running `Command { std: "docker" "create" "-v" "/var/lib/crater-agent-workspace/builds/worker-6-tc1/target:/opt/rustwide/target:rw,Z" "-v" "/var/lib/crater-agent-workspace/builds/worker-6-tc1/source:/opt/rustwide/workdir:ro,Z" "-v" "/var/lib/crater-agent-workspace/cargo-home:/opt/rustwide/cargo-home:ro,Z" "-v" "/var/lib/crater-agent-workspace/rustup-home:/opt/rustwide/rustup-home:ro,Z" "-e" "SOURCE_DIR=/opt/rustwide/workdir" "-e" "CARGO_TARGET_DIR=/opt/rustwide/target" "-e" "CARGO_INCREMENTAL=0" "-e" "RUST_BACKTRACE=full" "-e" "RUSTFLAGS=--cap-lints=warn" "-e" "RUSTDOCFLAGS=--cap-lints=warn" "-e" "CARGO_HOME=/opt/rustwide/cargo-home" "-e" "RUSTUP_HOME=/opt/rustwide/rustup-home" "-w" "/opt/rustwide/workdir" "-m" "1610612736" "--user" "0:0" "--network" "none" "ghcr.io/rust-lang/crates-build-env/linux@sha256:2788e3201cd34a07e3172128adcd8b3090168a8e3bcc40d7c032b9dda1df7d1c" "/opt/rustwide/cargo-home/bin/cargo" "+1.75.0" "test" "--frozen", kill_on_drop: false }`
[INFO] [stdout] d015677020a9c4f5be4d222cb5c84602685cb0122d7190a9e81ab87a8c76e807
[INFO] running `Command { std: "docker" "start" "-a" "d015677020a9c4f5be4d222cb5c84602685cb0122d7190a9e81ab87a8c76e807", kill_on_drop: false }`
[INFO] [stderr]     Finished test [unoptimized + debuginfo] target(s) in 0.05s
[INFO] [stderr]      Running unittests src/lib.rs (/opt/rustwide/target/debug/deps/janetrs_macros-2196f2423743fca0)
[INFO] [stdout] 
[INFO] [stdout] running 0 tests
[INFO] [stdout] 
[INFO] [stdout] test result: ok. 0 passed; 0 failed; 0 ignored; 0 measured; 0 filtered out; finished in 0.00s
[INFO] [stdout] 
[INFO] [stderr]      Running tests/progress.rs (/opt/rustwide/target/debug/deps/tests-3f5110f0914e5901)
[INFO] [stdout] 
[INFO] [stdout] running 1 test
[INFO] [stderr]    Compiling proc-macro2 v1.0.75
[INFO] [stderr]    Compiling libc v0.2.151
[INFO] [stderr]    Compiling unicode-ident v1.0.12
[INFO] [stderr]    Compiling glob v0.3.1
[INFO] [stderr]    Compiling rustix v0.38.28
[INFO] [stderr]    Compiling prettyplease v0.2.16
[INFO] [stderr]    Compiling linux-raw-sys v0.4.12
[INFO] [stderr]    Compiling regex-syntax v0.8.2
[INFO] [stderr]    Compiling bitflags v2.4.1
[INFO] [stderr]    Compiling cfg-if v1.0.0
[INFO] [stderr]    Compiling minimal-lexical v0.2.1
[INFO] [stderr]    Compiling memchr v2.7.1
[INFO] [stderr]    Compiling libloading v0.8.1
[INFO] [stderr]    Compiling bindgen v0.69.1
[INFO] [stderr]    Compiling clang-sys v1.7.0
[INFO] [stderr]    Compiling nom v7.1.3
[INFO] [stderr]    Compiling quote v1.0.35
[INFO] [stderr]    Compiling syn v2.0.48
[INFO] [stderr]    Compiling home v0.5.9
[INFO] [stderr]    Compiling either v1.9.0
[INFO] [stderr]    Compiling lazy_static v1.4.0
[INFO] [stderr]    Compiling shlex v1.2.0
[INFO] [stderr]    Compiling rustc-hash v1.1.0
[INFO] [stderr]    Compiling log v0.4.20
[INFO] [stderr]    Compiling lazycell v1.3.0
[INFO] [stderr]    Compiling peeking_take_while v0.1.2
[INFO] [stderr]    Compiling cc v1.0.83
[INFO] [stderr]    Compiling syn v1.0.109
[INFO] [stderr]    Compiling const_fn v0.4.9
[INFO] [stderr]    Compiling regex-automata v0.4.3
[INFO] [stderr]    Compiling which v4.4.2
[INFO] [stderr]    Compiling cexpr v0.6.0
[INFO] [stderr]    Compiling regex v1.10.2
[INFO] [stderr]    Compiling evil-janet v1.32.1
[INFO] [stderr]    Compiling janetrs_version v0.1.0
[INFO] [stderr]    Compiling janetrs_macros v0.6.0 (/opt/rustwide/workdir)
[INFO] [stderr]    Compiling janetrs_macros-tests v0.0.0 (/opt/rustwide/target/tests/trybuild/janetrs_macros)
[INFO] [stderr]     Finished dev [unoptimized + debuginfo] target(s) in 24.37s
[INFO] [stderr] 
[INFO] [stderr] 
[INFO] [stderr] test tests/00-test [should pass] ... error
[INFO] [stderr] ┈┈┈┈┈┈┈┈┈┈┈┈┈┈┈┈┈┈┈┈┈┈┈┈┈┈┈┈┈┈┈┈┈┈┈┈┈┈┈┈┈┈┈┈┈┈┈┈┈┈┈┈┈┈┈┈┈┈┈┈
[INFO] [stderr] error[E0432]: unresolved import `janetrs`
[INFO] [stderr]  --> tests/00-test:2:15
[INFO] [stderr]   |
[INFO] [stderr] 2 | use janetrs::{self, Janet};
[INFO] [stderr]   |               ^^^^ no external crate `janetrs`
[INFO] [stderr] 
[INFO] [stderr] error[E0433]: failed to resolve: could not find `janetrs` in the list of imported crates
[INFO] [stderr]   --> tests/00-test:34:1
[INFO] [stderr]    |
[INFO] [stderr] 34 | #[janet_fn(check_mut_ref)]
[INFO] [stderr]    | ^^^^^^^^^^^^^^^^^^^^^^^^^^ could not find `janetrs` in the list of imported crates
[INFO] [stderr]    |
[INFO] [stderr]    = note: this error originates in the attribute macro `janet_fn` (in Nightly builds, run with -Z macro-backtrace for more info)
[INFO] [stderr] 
[INFO] [stderr] error[E0433]: failed to resolve: could not find `janetrs` in the list of imported crates
[INFO] [stderr]   --> tests/00-test:29:1
[INFO] [stderr]    |
[INFO] [stderr] 29 | #[janet_fn(arity(range(0, 10)), check_mut_ref)]
[INFO] [stderr]    | ^^^^^^^^^^^^^^^^^^^^^^^^^^^^^^^^^^^^^^^^^^^^^^^ could not find `janetrs` in the list of imported crates
[INFO] [stderr]    |
[INFO] [stderr]    = note: this error originates in the attribute macro `janet_fn` (in Nightly builds, run with -Z macro-backtrace for more info)
[INFO] [stderr] 
[INFO] [stderr] error[E0433]: failed to resolve: could not find `janetrs` in the list of imported crates
[INFO] [stderr]  --> tests/00-test:4:1
[INFO] [stderr]   |
[INFO] [stderr] 4 | #[janet_fn]
[INFO] [stderr]   | ^^^^^^^^^^^ could not find `janetrs` in the list of imported crates
[INFO] [stderr]   |
[INFO] [stderr]   = note: this error originates in the attribute macro `janet_fn` (in Nightly builds, run with -Z macro-backtrace for more info)
[INFO] [stderr] 
[INFO] [stderr] error[E0433]: failed to resolve: could not find `janetrs` in the list of imported crates
[INFO] [stderr]  --> tests/00-test:9:1
[INFO] [stderr]   |
[INFO] [stderr] 9 | #[janet_fn]
[INFO] [stderr]   | ^^^^^^^^^^^ could not find `janetrs` in the list of imported crates
[INFO] [stderr]   |
[INFO] [stderr]   = note: this error originates in the attribute macro `janet_fn` (in Nightly builds, run with -Z macro-backtrace for more info)
[INFO] [stderr] 
[INFO] [stderr] error[E0433]: failed to resolve: could not find `janetrs` in the list of imported crates
[INFO] [stderr]   --> tests/00-test:14:1
[INFO] [stderr]    |
[INFO] [stderr] 14 | #[janet_fn(arity(fix(0)))]
[INFO] [stderr]    | ^^^^^^^^^^^^^^^^^^^^^^^^^^ could not find `janetrs` in the list of imported crates
[INFO] [stderr]    |
[INFO] [stderr]    = note: this error originates in the attribute macro `janet_fn` (in Nightly builds, run with -Z macro-backtrace for more info)
[INFO] [stderr] 
[INFO] [stderr] error[E0433]: failed to resolve: could not find `janetrs` in the list of imported crates
[INFO] [stderr]   --> tests/00-test:19:1
[INFO] [stderr]    |
[INFO] [stderr] 19 | #[janet_fn(arity(range(0)))]
[INFO] [stderr]    | ^^^^^^^^^^^^^^^^^^^^^^^^^^^^ could not find `janetrs` in the list of imported crates
[INFO] [stderr]    |
[INFO] [stderr]    = note: this error originates in the attribute macro `janet_fn` (in Nightly builds, run with -Z macro-backtrace for more info)
[INFO] [stderr] 
[INFO] [stderr] error[E0433]: failed to resolve: could not find `janetrs` in the list of imported crates
[INFO] [stderr]   --> tests/00-test:24:1
[INFO] [stderr]    |
[INFO] [stderr] 24 | #[janet_fn(arity(range(0, 10)))]
[INFO] [stderr]    | ^^^^^^^^^^^^^^^^^^^^^^^^^^^^^^^^ could not find `janetrs` in the list of imported crates
[INFO] [stderr]    |
[INFO] [stderr]    = note: this error originates in the attribute macro `janet_fn` (in Nightly builds, run with -Z macro-backtrace for more info)
[INFO] [stderr] 
[INFO] [stderr] error[E0433]: failed to resolve: could not find `janetrs` in the list of imported crates
[INFO] [stderr]   --> tests/00-test:35:33
[INFO] [stderr]    |
[INFO] [stderr] 35 | pub fn function7(_args: &mut [::janetrs::Janet]) -> ::janetrs::Janet {
[INFO] [stderr]    |                                 ^^^^^^^ could not find `janetrs` in the list of imported crates
[INFO] [stderr] 
[INFO] [stderr] error[E0433]: failed to resolve: could not find `janetrs` in the list of imported crates
[INFO] [stderr]   --> tests/00-test:35:55
[INFO] [stderr]    |
[INFO] [stderr] 35 | pub fn function7(_args: &mut [::janetrs::Janet]) -> ::janetrs::Janet {
[INFO] [stderr]    |                                                       ^^^^^^^ could not find `janetrs` in the list of imported crates
[INFO] [stderr] ┈┈┈┈┈┈┈┈┈┈┈┈┈┈┈┈┈┈┈┈┈┈┈┈┈┈┈┈┈┈┈┈┈┈┈┈┈┈┈┈┈┈┈┈┈┈┈┈┈┈┈┈┈┈┈┈┈┈┈┈
[INFO] [stderr] 
[INFO] [stderr] test tests/01-paths [should fail to compile] ... mismatch
[INFO] [stderr] 
[INFO] [stderr] EXPECTED:
[INFO] [stderr] ┈┈┈┈┈┈┈┈┈┈┈┈┈┈┈┈┈┈┈┈┈┈┈┈┈┈┈┈┈┈┈┈┈┈┈┈┈┈┈┈┈┈┈┈┈┈┈┈┈┈┈┈┈┈┈┈┈┈┈┈
[INFO] [stderr] error: expected return type to be `janetrs::Janet`
[INFO] [stderr]  --> $DIR/01-paths:7:41
[INFO] [stderr]   |
[INFO] [stderr] 7 | pub fn function(_args: &mut [Janet]) -> Janets {
[INFO] [stderr]   |                                         ^^^^^^
[INFO] [stderr] 
[INFO] [stderr] error: expected to be a `janetrs::Janet`
[INFO] [stderr]   --> $DIR/01-paths:12:31
[INFO] [stderr]    |
[INFO] [stderr] 12 | pub fn function2(_args: &mut [tips::Janet]) -> types::Janet {
[INFO] [stderr]    |                               ^^^^^^^^^^^
[INFO] [stderr] 
[INFO] [stderr] error: expected to be a `janetrs::Janet`
[INFO] [stderr]   --> $DIR/01-paths:17:31
[INFO] [stderr]    |
[INFO] [stderr] 17 | pub fn function3(_args: &mut [types::Janet]) {}
[INFO] [stderr]    |                               ^^^^^^^^^^^^
[INFO] [stderr] ┈┈┈┈┈┈┈┈┈┈┈┈┈┈┈┈┈┈┈┈┈┈┈┈┈┈┈┈┈┈┈┈┈┈┈┈┈┈┈┈┈┈┈┈┈┈┈┈┈┈┈┈┈┈┈┈┈┈┈┈
[INFO] [stderr] 
[INFO] [stderr] ACTUAL OUTPUT:
[INFO] [stderr] ┈┈┈┈┈┈┈┈┈┈┈┈┈┈┈┈┈┈┈┈┈┈┈┈┈┈┈┈┈┈┈┈┈┈┈┈┈┈┈┈┈┈┈┈┈┈┈┈┈┈┈┈┈┈┈┈┈┈┈┈
[INFO] [stderr] error: expected return type to be `janetrs::Janet`
[INFO] [stderr]  --> tests/01-paths:7:41
[INFO] [stderr]   |
[INFO] [stderr] 7 | pub fn function(_args: &mut [Janet]) -> Janets {
[INFO] [stderr]   |                                         ^^^^^^
[INFO] [stderr] 
[INFO] [stderr] error: expected to be a `janetrs::Janet`
[INFO] [stderr]   --> tests/01-paths:12:31
[INFO] [stderr]    |
[INFO] [stderr] 12 | pub fn function2(_args: &mut [tips::Janet]) -> types::Janet {
[INFO] [stderr]    |                               ^^^^
[INFO] [stderr] 
[INFO] [stderr] error: expected to be a `janetrs::Janet`
[INFO] [stderr]   --> tests/01-paths:17:31
[INFO] [stderr]    |
[INFO] [stderr] 17 | pub fn function3(_args: &mut [types::Janet]) {}
[INFO] [stderr]    |                               ^^^^^
[INFO] [stderr] 
[INFO] [stderr] error[E0432]: unresolved import `janetrs`
[INFO] [stderr]  --> tests/01-paths:4:15
[INFO] [stderr]   |
[INFO] [stderr] 4 | use janetrs::{self, Janet};
[INFO] [stderr]   |               ^^^^ no external crate `janetrs`
[INFO] [stderr] ┈┈┈┈┈┈┈┈┈┈┈┈┈┈┈┈┈┈┈┈┈┈┈┈┈┈┈┈┈┈┈┈┈┈┈┈┈┈┈┈┈┈┈┈┈┈┈┈┈┈┈┈┈┈┈┈┈┈┈┈
[INFO] [stderr] note: If the actual output is the correct output you can bless it by rerunning
[INFO] [stderr]       your test with the environment variable TRYBUILD=overwrite
[INFO] [stderr] 
[INFO] [stderr] test tests/02-not-function [should fail to compile] ... mismatch
[INFO] [stderr] 
[INFO] [stderr] EXPECTED:
[INFO] [stderr] ┈┈┈┈┈┈┈┈┈┈┈┈┈┈┈┈┈┈┈┈┈┈┈┈┈┈┈┈┈┈┈┈┈┈┈┈┈┈┈┈┈┈┈┈┈┈┈┈┈┈┈┈┈┈┈┈┈┈┈┈
[INFO] [stderr] error: expected fn item
[INFO] [stderr]  --> $DIR/02-not-function:4:1
[INFO] [stderr]   |
[INFO] [stderr] 4 | struct A(i32);
[INFO] [stderr]   | ^^^^^^^^^^^^^^
[INFO] [stderr] ┈┈┈┈┈┈┈┈┈┈┈┈┈┈┈┈┈┈┈┈┈┈┈┈┈┈┈┈┈┈┈┈┈┈┈┈┈┈┈┈┈┈┈┈┈┈┈┈┈┈┈┈┈┈┈┈┈┈┈┈
[INFO] [stderr] 
[INFO] [stderr] ACTUAL OUTPUT:
[INFO] [stderr] ┈┈┈┈┈┈┈┈┈┈┈┈┈┈┈┈┈┈┈┈┈┈┈┈┈┈┈┈┈┈┈┈┈┈┈┈┈┈┈┈┈┈┈┈┈┈┈┈┈┈┈┈┈┈┈┈┈┈┈┈
[INFO] [stderr] error: expected fn item
[INFO] [stderr]  --> tests/02-not-function:4:1
[INFO] [stderr]   |
[INFO] [stderr] 4 | struct A(i32);
[INFO] [stderr]   | ^^^^^^
[INFO] [stderr] ┈┈┈┈┈┈┈┈┈┈┈┈┈┈┈┈┈┈┈┈┈┈┈┈┈┈┈┈┈┈┈┈┈┈┈┈┈┈┈┈┈┈┈┈┈┈┈┈┈┈┈┈┈┈┈┈┈┈┈┈
[INFO] [stderr] note: If the actual output is the correct output you can bless it by rerunning
[INFO] [stderr]       your test with the environment variable TRYBUILD=overwrite
[INFO] [stderr] 
[INFO] [stderr] test tests/03-not-mut [should fail to compile] ... mismatch
[INFO] [stderr] 
[INFO] [stderr] EXPECTED:
[INFO] [stderr] ┈┈┈┈┈┈┈┈┈┈┈┈┈┈┈┈┈┈┈┈┈┈┈┈┈┈┈┈┈┈┈┈┈┈┈┈┈┈┈┈┈┈┈┈┈┈┈┈┈┈┈┈┈┈┈┈┈┈┈┈
[INFO] [stderr] error: expected argument to be a mutable reference and found a immutable reference
[INFO] [stderr]  --> $DIR/03-not-mut:7:24
[INFO] [stderr]   |
[INFO] [stderr] 7 | pub fn function(_args: &[Janet]) -> Janet {
[INFO] [stderr]   |                        ^^^^^^^^
[INFO] [stderr] ┈┈┈┈┈┈┈┈┈┈┈┈┈┈┈┈┈┈┈┈┈┈┈┈┈┈┈┈┈┈┈┈┈┈┈┈┈┈┈┈┈┈┈┈┈┈┈┈┈┈┈┈┈┈┈┈┈┈┈┈
[INFO] [stderr] 
[INFO] [stderr] ACTUAL OUTPUT:
[INFO] [stderr] ┈┈┈┈┈┈┈┈┈┈┈┈┈┈┈┈┈┈┈┈┈┈┈┈┈┈┈┈┈┈┈┈┈┈┈┈┈┈┈┈┈┈┈┈┈┈┈┈┈┈┈┈┈┈┈┈┈┈┈┈
[INFO] [stderr] error: expected argument to be a mutable reference and found a immutable reference
[INFO] [stderr]  --> tests/03-not-mut:7:24
[INFO] [stderr]   |
[INFO] [stderr] 7 | pub fn function(_args: &[Janet]) -> Janet {
[INFO] [stderr]   |                        ^
[INFO] [stderr] 
[INFO] [stderr] error[E0432]: unresolved import `janetrs`
[INFO] [stderr]  --> tests/03-not-mut:4:5
[INFO] [stderr]   |
[INFO] [stderr] 4 | use janetrs::Janet;
[INFO] [stderr]   |     ^^^^^^^ use of undeclared crate or module `janetrs`
[INFO] [stderr] ┈┈┈┈┈┈┈┈┈┈┈┈┈┈┈┈┈┈┈┈┈┈┈┈┈┈┈┈┈┈┈┈┈┈┈┈┈┈┈┈┈┈┈┈┈┈┈┈┈┈┈┈┈┈┈┈┈┈┈┈
[INFO] [stderr] note: If the actual output is the correct output you can bless it by rerunning
[INFO] [stderr]       your test with the environment variable TRYBUILD=overwrite
[INFO] [stderr] 
[INFO] [stderr] test tests/04-not-ref [should fail to compile] ... mismatch
[INFO] [stderr] 
[INFO] [stderr] EXPECTED:
[INFO] [stderr] ┈┈┈┈┈┈┈┈┈┈┈┈┈┈┈┈┈┈┈┈┈┈┈┈┈┈┈┈┈┈┈┈┈┈┈┈┈┈┈┈┈┈┈┈┈┈┈┈┈┈┈┈┈┈┈┈┈┈┈┈
[INFO] [stderr] error: expected argument to be a mutable reference and found something that is not a reference at all
[INFO] [stderr]  --> $DIR/04-not-ref:7:24
[INFO] [stderr]   |
[INFO] [stderr] 7 | pub fn function(_args: Janet) -> Janet {
[INFO] [stderr]   |                        ^^^^^
[INFO] [stderr] ┈┈┈┈┈┈┈┈┈┈┈┈┈┈┈┈┈┈┈┈┈┈┈┈┈┈┈┈┈┈┈┈┈┈┈┈┈┈┈┈┈┈┈┈┈┈┈┈┈┈┈┈┈┈┈┈┈┈┈┈
[INFO] [stderr] 
[INFO] [stderr] ACTUAL OUTPUT:
[INFO] [stderr] ┈┈┈┈┈┈┈┈┈┈┈┈┈┈┈┈┈┈┈┈┈┈┈┈┈┈┈┈┈┈┈┈┈┈┈┈┈┈┈┈┈┈┈┈┈┈┈┈┈┈┈┈┈┈┈┈┈┈┈┈
[INFO] [stderr] error: expected argument to be a mutable reference and found something that is not a reference at all
[INFO] [stderr]  --> tests/04-not-ref:7:24
[INFO] [stderr]   |
[INFO] [stderr] 7 | pub fn function(_args: Janet) -> Janet {
[INFO] [stderr]   |                        ^^^^^
[INFO] [stderr] 
[INFO] [stderr] error[E0432]: unresolved import `janetrs`
[INFO] [stderr]  --> tests/04-not-ref:4:5
[INFO] [stderr]   |
[INFO] [stderr] 4 | use janetrs::Janet;
[INFO] [stderr]   |     ^^^^^^^ use of undeclared crate or module `janetrs`
[INFO] [stderr] ┈┈┈┈┈┈┈┈┈┈┈┈┈┈┈┈┈┈┈┈┈┈┈┈┈┈┈┈┈┈┈┈┈┈┈┈┈┈┈┈┈┈┈┈┈┈┈┈┈┈┈┈┈┈┈┈┈┈┈┈
[INFO] [stderr] note: If the actual output is the correct output you can bless it by rerunning
[INFO] [stderr]       your test with the environment variable TRYBUILD=overwrite
[INFO] [stderr] 
[INFO] [stderr] test tests/05-wrong-args [should fail to compile] ... mismatch
[INFO] [stderr] 
[INFO] [stderr] EXPECTED:
[INFO] [stderr] ┈┈┈┈┈┈┈┈┈┈┈┈┈┈┈┈┈┈┈┈┈┈┈┈┈┈┈┈┈┈┈┈┈┈┈┈┈┈┈┈┈┈┈┈┈┈┈┈┈┈┈┈┈┈┈┈┈┈┈┈
[INFO] [stderr] error: expected exactly one argument of type `&mut [janetrs::Janet]`
[INFO] [stderr]  --> $DIR/05-wrong-args:7:17
[INFO] [stderr]   |
[INFO] [stderr] 7 | pub fn function(_args: &mut [Janet], _wrong: Janet) -> Janet {
[INFO] [stderr]   |                 ^^^^^^^^^^^^^^^^^^^^^^^^^^^^^^^^^^
[INFO] [stderr] ┈┈┈┈┈┈┈┈┈┈┈┈┈┈┈┈┈┈┈┈┈┈┈┈┈┈┈┈┈┈┈┈┈┈┈┈┈┈┈┈┈┈┈┈┈┈┈┈┈┈┈┈┈┈┈┈┈┈┈┈
[INFO] [stderr] 
[INFO] [stderr] ACTUAL OUTPUT:
[INFO] [stderr] ┈┈┈┈┈┈┈┈┈┈┈┈┈┈┈┈┈┈┈┈┈┈┈┈┈┈┈┈┈┈┈┈┈┈┈┈┈┈┈┈┈┈┈┈┈┈┈┈┈┈┈┈┈┈┈┈┈┈┈┈
[INFO] [stderr] error: expected exactly one argument of type `&mut [janetrs::Janet]`
[INFO] [stderr]  --> tests/05-wrong-args:7:17
[INFO] [stderr]   |
[INFO] [stderr] 7 | pub fn function(_args: &mut [Janet], _wrong: Janet) -> Janet {
[INFO] [stderr]   |                 ^^^^^
[INFO] [stderr] 
[INFO] [stderr] error[E0432]: unresolved import `janetrs`
[INFO] [stderr]  --> tests/05-wrong-args:4:5
[INFO] [stderr]   |
[INFO] [stderr] 4 | use janetrs::Janet;
[INFO] [stderr]   |     ^^^^^^^ use of undeclared crate or module `janetrs`
[INFO] [stderr] ┈┈┈┈┈┈┈┈┈┈┈┈┈┈┈┈┈┈┈┈┈┈┈┈┈┈┈┈┈┈┈┈┈┈┈┈┈┈┈┈┈┈┈┈┈┈┈┈┈┈┈┈┈┈┈┈┈┈┈┈
[INFO] [stderr] note: If the actual output is the correct output you can bless it by rerunning
[INFO] [stderr]       your test with the environment variable TRYBUILD=overwrite
[INFO] [stderr] 
[INFO] [stderr] test tests/06-not-slice [should fail to compile] ... mismatch
[INFO] [stderr] 
[INFO] [stderr] EXPECTED:
[INFO] [stderr] ┈┈┈┈┈┈┈┈┈┈┈┈┈┈┈┈┈┈┈┈┈┈┈┈┈┈┈┈┈┈┈┈┈┈┈┈┈┈┈┈┈┈┈┈┈┈┈┈┈┈┈┈┈┈┈┈┈┈┈┈
[INFO] [stderr] error: expected to be a slice of `janetrs::Janet`
[INFO] [stderr]  --> $DIR/06-not-slice:7:29
[INFO] [stderr]   |
[INFO] [stderr] 7 | pub fn function(_args: &mut Janet) -> Janet {
[INFO] [stderr]   |                             ^^^^^
[INFO] [stderr] ┈┈┈┈┈┈┈┈┈┈┈┈┈┈┈┈┈┈┈┈┈┈┈┈┈┈┈┈┈┈┈┈┈┈┈┈┈┈┈┈┈┈┈┈┈┈┈┈┈┈┈┈┈┈┈┈┈┈┈┈
[INFO] [stderr] 
[INFO] [stderr] ACTUAL OUTPUT:
[INFO] [stderr] ┈┈┈┈┈┈┈┈┈┈┈┈┈┈┈┈┈┈┈┈┈┈┈┈┈┈┈┈┈┈┈┈┈┈┈┈┈┈┈┈┈┈┈┈┈┈┈┈┈┈┈┈┈┈┈┈┈┈┈┈
[INFO] [stderr] error: expected to be a slice of `janetrs::Janet`
[INFO] [stderr]  --> tests/06-not-slice:7:29
[INFO] [stderr]   |
[INFO] [stderr] 7 | pub fn function(_args: &mut Janet) -> Janet {
[INFO] [stderr]   |                             ^^^^^
[INFO] [stderr] 
[INFO] [stderr] error[E0432]: unresolved import `janetrs`
[INFO] [stderr]  --> tests/06-not-slice:4:15
[INFO] [stderr]   |
[INFO] [stderr] 4 | use janetrs::{self, Janet};
[INFO] [stderr]   |               ^^^^ no external crate `janetrs`
[INFO] [stderr] ┈┈┈┈┈┈┈┈┈┈┈┈┈┈┈┈┈┈┈┈┈┈┈┈┈┈┈┈┈┈┈┈┈┈┈┈┈┈┈┈┈┈┈┈┈┈┈┈┈┈┈┈┈┈┈┈┈┈┈┈
[INFO] [stderr] note: If the actual output is the correct output you can bless it by rerunning
[INFO] [stderr]       your test with the environment variable TRYBUILD=overwrite
[INFO] [stderr] 
[INFO] [stderr] test tests/07-mod [should pass] ... error
[INFO] [stderr] ┈┈┈┈┈┈┈┈┈┈┈┈┈┈┈┈┈┈┈┈┈┈┈┈┈┈┈┈┈┈┈┈┈┈┈┈┈┈┈┈┈┈┈┈┈┈┈┈┈┈┈┈┈┈┈┈┈┈┈┈
[INFO] [stderr] error[E0432]: unresolved import `janetrs`
[INFO] [stderr]  --> tests/07-mod:3:5
[INFO] [stderr]   |
[INFO] [stderr] 3 | use janetrs::{janet_mod, lowlevel, *};
[INFO] [stderr]   |     ^^^^^^^ use of undeclared crate or module `janetrs`
[INFO] [stderr] 
[INFO] [stderr] error: cannot determine resolution for the macro `janet_mod`
[INFO] [stderr]   --> tests/07-mod:17:1
[INFO] [stderr]    |
[INFO] [stderr] 17 | janet_mod!("rust";
[INFO] [stderr]    | ^^^^^^^^^
[INFO] [stderr]    |
[INFO] [stderr]    = note: import resolution is stuck, try simplifying macro imports
[INFO] [stderr] 
[INFO] [stderr] error[E0433]: failed to resolve: could not find `janetrs` in the list of imported crates
[INFO] [stderr]  --> tests/07-mod:6:1
[INFO] [stderr]   |
[INFO] [stderr] 6 | #[janet_fn]
[INFO] [stderr]   | ^^^^^^^^^^^ could not find `janetrs` in the list of imported crates
[INFO] [stderr]   |
[INFO] [stderr]   = note: this error originates in the attribute macro `janet_fn` (in Nightly builds, run with -Z macro-backtrace for more info)
[INFO] [stderr] 
[INFO] [stderr] error[E0433]: failed to resolve: could not find `janetrs` in the list of imported crates
[INFO] [stderr]   --> tests/07-mod:12:1
[INFO] [stderr]    |
[INFO] [stderr] 12 | #[janet_fn]
[INFO] [stderr]    | ^^^^^^^^^^^ could not find `janetrs` in the list of imported crates
[INFO] [stderr]    |
[INFO] [stderr]    = note: this error originates in the attribute macro `janet_fn` (in Nightly builds, run with -Z macro-backtrace for more info)
[INFO] [stderr] 
[INFO] [stderr] error[E0412]: cannot find type `Janet` in this scope
[INFO] [stderr]  --> tests/07-mod:7:32
[INFO] [stderr]   |
[INFO] [stderr] 7 | pub fn rust_hello(_args: &mut [Janet]) -> Janet {
[INFO] [stderr]   |                                ^^^^^ not found in this scope
[INFO] [stderr] 
[INFO] [stderr] error[E0412]: cannot find type `Janet` in this scope
[INFO] [stderr]  --> tests/07-mod:7:43
[INFO] [stderr]   |
[INFO] [stderr] 7 | pub fn rust_hello(_args: &mut [Janet]) -> Janet {
[INFO] [stderr]   |                                           ^^^^^ not found in this scope
[INFO] [stderr] 
[INFO] [stderr] error[E0412]: cannot find type `Janet` in this scope
[INFO] [stderr]   --> tests/07-mod:13:28
[INFO] [stderr]    |
[INFO] [stderr] 13 | pub fn string(_args: &mut [Janet]) -> Janet {
[INFO] [stderr]    |                            ^^^^^ not found in this scope
[INFO] [stderr] 
[INFO] [stderr] error[E0412]: cannot find type `Janet` in this scope
[INFO] [stderr]   --> tests/07-mod:13:39
[INFO] [stderr]    |
[INFO] [stderr] 13 | pub fn string(_args: &mut [Janet]) -> Janet {
[INFO] [stderr]    |                                       ^^^^^ not found in this scope
[INFO] [stderr] 
[INFO] [stderr] error[E0433]: failed to resolve: use of undeclared type `Janet`
[INFO] [stderr]  --> tests/07-mod:9:5
[INFO] [stderr]   |
[INFO] [stderr] 9 |     Janet::nil()
[INFO] [stderr]   |     ^^^^^ use of undeclared type `Janet`
[INFO] [stderr] 
[INFO] [stderr] error[E0433]: failed to resolve: use of undeclared type `Janet`
[INFO] [stderr]   --> tests/07-mod:14:5
[INFO] [stderr]    |
[INFO] [stderr] 14 |     Janet::from("I'm a returned string! =)")
[INFO] [stderr]    |     ^^^^^ use of undeclared type `Janet`
[INFO] [stderr] ┈┈┈┈┈┈┈┈┈┈┈┈┈┈┈┈┈┈┈┈┈┈┈┈┈┈┈┈┈┈┈┈┈┈┈┈┈┈┈┈┈┈┈┈┈┈┈┈┈┈┈┈┈┈┈┈┈┈┈┈
[INFO] [stderr] 
[INFO] [stderr] test tests/08-wrong-args [should fail to compile] ... mismatch
[INFO] [stderr] 
[INFO] [stderr] EXPECTED:
[INFO] [stderr] ┈┈┈┈┈┈┈┈┈┈┈┈┈┈┈┈┈┈┈┈┈┈┈┈┈┈┈┈┈┈┈┈┈┈┈┈┈┈┈┈┈┈┈┈┈┈┈┈┈┈┈┈┈┈┈┈┈┈┈┈
[INFO] [stderr] error: invalid argument for the macro. Expected `arity` or `check_mut_ref`
[INFO] [stderr]  --> $DIR/08-wrong-args:4:12
[INFO] [stderr]   |
[INFO] [stderr] 4 | #[janet_fn(a)]
[INFO] [stderr]   |            ^
[INFO] [stderr] 
[INFO] [stderr] error: expected integer literal
[INFO] [stderr]   --> $DIR/08-wrong-args:10:22
[INFO] [stderr]    |
[INFO] [stderr] 10 | #[janet_fn(arity(fix("")))]
[INFO] [stderr]    |                      ^^
[INFO] [stderr] 
[INFO] [stderr] error: unexpected end of input, expected parentheses
[INFO] [stderr]   --> $DIR/08-wrong-args:15:21
[INFO] [stderr]    |
[INFO] [stderr] 15 | #[janet_fn(arity(fix))]
[INFO] [stderr]    |                     ^
[INFO] [stderr] 
[INFO] [stderr] error: unexpected end of input, expected integer literal
[INFO] [stderr]   --> $DIR/08-wrong-args:20:22
[INFO] [stderr]    |
[INFO] [stderr] 20 | #[janet_fn(arity(fix()))]
[INFO] [stderr]    |                      ^
[INFO] [stderr] 
[INFO] [stderr] error: invalid number of arguments for `range`: Expected at least 1, with max of 2 arguments, got 0
[INFO] [stderr]   --> $DIR/08-wrong-args:25:23
[INFO] [stderr]    |
[INFO] [stderr] 25 | #[janet_fn(arity(range()))]
[INFO] [stderr]    |                       ^^
[INFO] [stderr] 
[INFO] [stderr] error: repeated argument kind: There must be only one argument of each kind, that is, only one of `arity` or `check_mut_ref`
[INFO] [stderr]   --> $DIR/08-wrong-args:30:12
[INFO] [stderr]    |
[INFO] [stderr] 30 | #[janet_fn(check_mut_ref, check_mut_ref)]
[INFO] [stderr]    |            ^^^^^^^^^^^^^^^^^^^^^^^^^^^^
[INFO] [stderr] 
[INFO] [stderr] error: expected a maximum of two arguments to the janet_fn proc-macro
[INFO] [stderr]   --> $DIR/08-wrong-args:35:12
[INFO] [stderr]    |
[INFO] [stderr] 35 | #[janet_fn(arity(fix(1)), check_mut_ref, arity(fix(2)))]
[INFO] [stderr]    |            ^^^^^^^^^^^^^^^^^^^^^^^^^^^^^^^^^^^^^^^^^^^
[INFO] [stderr] ┈┈┈┈┈┈┈┈┈┈┈┈┈┈┈┈┈┈┈┈┈┈┈┈┈┈┈┈┈┈┈┈┈┈┈┈┈┈┈┈┈┈┈┈┈┈┈┈┈┈┈┈┈┈┈┈┈┈┈┈
[INFO] [stderr] 
[INFO] [stderr] ACTUAL OUTPUT:
[INFO] [stderr] ┈┈┈┈┈┈┈┈┈┈┈┈┈┈┈┈┈┈┈┈┈┈┈┈┈┈┈┈┈┈┈┈┈┈┈┈┈┈┈┈┈┈┈┈┈┈┈┈┈┈┈┈┈┈┈┈┈┈┈┈
[INFO] [stderr] error: invalid argument for the macro. Expected `arity` or `check_mut_ref`
[INFO] [stderr]  --> tests/08-wrong-args:4:12
[INFO] [stderr]   |
[INFO] [stderr] 4 | #[janet_fn(a)]
[INFO] [stderr]   |            ^
[INFO] [stderr] 
[INFO] [stderr] error: expected integer literal
[INFO] [stderr]   --> tests/08-wrong-args:10:22
[INFO] [stderr]    |
[INFO] [stderr] 10 | #[janet_fn(arity(fix("")))]
[INFO] [stderr]    |                      ^^
[INFO] [stderr] 
[INFO] [stderr] error: unexpected end of input, expected parentheses
[INFO] [stderr]   --> tests/08-wrong-args:15:21
[INFO] [stderr]    |
[INFO] [stderr] 15 | #[janet_fn(arity(fix))]
[INFO] [stderr]    |                     ^
[INFO] [stderr] 
[INFO] [stderr] error: unexpected end of input, expected integer literal
[INFO] [stderr]   --> tests/08-wrong-args:20:22
[INFO] [stderr]    |
[INFO] [stderr] 20 | #[janet_fn(arity(fix()))]
[INFO] [stderr]    |                      ^
[INFO] [stderr] 
[INFO] [stderr] error: invalid number of arguments for `range`: Expected at least 1, with max of 2 arguments, got 0
[INFO] [stderr]   --> tests/08-wrong-args:25:23
[INFO] [stderr]    |
[INFO] [stderr] 25 | #[janet_fn(arity(range()))]
[INFO] [stderr]    |                       ^^
[INFO] [stderr] 
[INFO] [stderr] error: repeated argument kind: There must be only one argument of each kind, that is, only one of `arity` or `check_mut_ref`
[INFO] [stderr]   --> tests/08-wrong-args:30:12
[INFO] [stderr]    |
[INFO] [stderr] 30 | #[janet_fn(check_mut_ref, check_mut_ref)]
[INFO] [stderr]    |            ^^^^^^^^^^^^^
[INFO] [stderr] 
[INFO] [stderr] error: expected a maximum of two arguments to the janet_fn proc-macro
[INFO] [stderr]   --> tests/08-wrong-args:35:12
[INFO] [stderr]    |
[INFO] [stderr] 35 | #[janet_fn(arity(fix(1)), check_mut_ref, arity(fix(2)))]
[INFO] [stderr]    |            ^^^^^
[INFO] [stderr] ┈┈┈┈┈┈┈┈┈┈┈┈┈┈┈┈┈┈┈┈┈┈┈┈┈┈┈┈┈┈┈┈┈┈┈┈┈┈┈┈┈┈┈┈┈┈┈┈┈┈┈┈┈┈┈┈┈┈┈┈
[INFO] [stderr] note: If the actual output is the correct output you can bless it by rerunning
[INFO] [stderr]       your test with the environment variable TRYBUILD=overwrite
[INFO] [stderr] 
[INFO] [stderr] test tests/09-version-wrong [should fail to compile] ... mismatch
[INFO] [stderr] 
[INFO] [stderr] EXPECTED:
[INFO] [stderr] ┈┈┈┈┈┈┈┈┈┈┈┈┈┈┈┈┈┈┈┈┈┈┈┈┈┈┈┈┈┈┈┈┈┈┈┈┈┈┈┈┈┈┈┈┈┈┈┈┈┈┈┈┈┈┈┈┈┈┈┈
[INFO] [stderr] error: the argument must be a string literal
[INFO] [stderr]  --> $DIR/09-version-wrong:3:17
[INFO] [stderr]   |
[INFO] [stderr] 3 | #[janet_version(wrong)]
[INFO] [stderr]   |                 ^^^^^
[INFO] [stderr] 
[INFO] [stderr] error: invalid string literal: invalid digit found in string
[INFO] [stderr]  --> $DIR/09-version-wrong:8:17
[INFO] [stderr]   |
[INFO] [stderr] 8 | #[janet_version("1,12,10")]
[INFO] [stderr]   |                 ^^^^^^^^^
[INFO] [stderr] 
[INFO] [stderr] error: invalid string literal: invalid digit found in string
[INFO] [stderr]   --> $DIR/09-version-wrong:13:17
[INFO] [stderr]    |
[INFO] [stderr] 13 | #[janet_version("aaaaaa")]
[INFO] [stderr]    |                 ^^^^^^^^
[INFO] [stderr] 
[INFO] [stderr] error: expected at least one argument to the janet_version proc-macro
[INFO] [stderr]   --> $DIR/09-version-wrong:18:1
[INFO] [stderr]    |
[INFO] [stderr] 18 | #[janet_version()]
[INFO] [stderr]    | ^^^^^^^^^^^^^^^^^^
[INFO] [stderr]    |
[INFO] [stderr]    = note: this error originates in the attribute macro `janet_version` (in Nightly builds, run with -Z macro-backtrace for more info)
[INFO] [stderr] 
[INFO] [stderr] error: invalid string literal: invalid digit found in string
[INFO] [stderr]   --> $DIR/09-version-wrong:23:22
[INFO] [stderr]    |
[INFO] [stderr] 23 | #[janet_version("1", "aaa")]
[INFO] [stderr]    |                      ^^^^^
[INFO] [stderr] 
[INFO] [stderr] error: expected at max two argument to the janet_version proc-macro
[INFO] [stderr]   --> $DIR/09-version-wrong:28:17
[INFO] [stderr]    |
[INFO] [stderr] 28 | #[janet_version("1", "2", "3")]
[INFO] [stderr]    |                 ^^^^^^^^^^^^^
[INFO] [stderr] ┈┈┈┈┈┈┈┈┈┈┈┈┈┈┈┈┈┈┈┈┈┈┈┈┈┈┈┈┈┈┈┈┈┈┈┈┈┈┈┈┈┈┈┈┈┈┈┈┈┈┈┈┈┈┈┈┈┈┈┈
[INFO] [stderr] 
[INFO] [stderr] ACTUAL OUTPUT:
[INFO] [stderr] ┈┈┈┈┈┈┈┈┈┈┈┈┈┈┈┈┈┈┈┈┈┈┈┈┈┈┈┈┈┈┈┈┈┈┈┈┈┈┈┈┈┈┈┈┈┈┈┈┈┈┈┈┈┈┈┈┈┈┈┈
[INFO] [stderr] error: the argument must be a string literal
[INFO] [stderr]  --> tests/09-version-wrong:3:17
[INFO] [stderr]   |
[INFO] [stderr] 3 | #[janet_version(wrong)]
[INFO] [stderr]   |                 ^^^^^
[INFO] [stderr] 
[INFO] [stderr] error: invalid string literal: invalid digit found in string
[INFO] [stderr]  --> tests/09-version-wrong:8:17
[INFO] [stderr]   |
[INFO] [stderr] 8 | #[janet_version("1,12,10")]
[INFO] [stderr]   |                 ^^^^^^^^^
[INFO] [stderr] 
[INFO] [stderr] error: invalid string literal: invalid digit found in string
[INFO] [stderr]   --> tests/09-version-wrong:13:17
[INFO] [stderr]    |
[INFO] [stderr] 13 | #[janet_version("aaaaaa")]
[INFO] [stderr]    |                 ^^^^^^^^
[INFO] [stderr] 
[INFO] [stderr] error: expected at least one argument to the janet_version proc-macro
[INFO] [stderr]   --> tests/09-version-wrong:18:1
[INFO] [stderr]    |
[INFO] [stderr] 18 | #[janet_version()]
[INFO] [stderr]    | ^^^^^^^^^^^^^^^^^^
[INFO] [stderr]    |
[INFO] [stderr]    = note: this error originates in the attribute macro `janet_version` (in Nightly builds, run with -Z macro-backtrace for more info)
[INFO] [stderr] 
[INFO] [stderr] error: invalid string literal: invalid digit found in string
[INFO] [stderr]   --> tests/09-version-wrong:23:22
[INFO] [stderr]    |
[INFO] [stderr] 23 | #[janet_version("1", "aaa")]
[INFO] [stderr]    |                      ^^^^^
[INFO] [stderr] 
[INFO] [stderr] error: expected at max two argument to the janet_version proc-macro
[INFO] [stderr]   --> tests/09-version-wrong:28:17
[INFO] [stderr]    |
[INFO] [stderr] 28 | #[janet_version("1", "2", "3")]
[INFO] [stderr]    |                 ^^^
[INFO] [stderr] ┈┈┈┈┈┈┈┈┈┈┈┈┈┈┈┈┈┈┈┈┈┈┈┈┈┈┈┈┈┈┈┈┈┈┈┈┈┈┈┈┈┈┈┈┈┈┈┈┈┈┈┈┈┈┈┈┈┈┈┈
[INFO] [stderr] note: If the actual output is the correct output you can bless it by rerunning
[INFO] [stderr]       your test with the environment variable TRYBUILD=overwrite
[INFO] [stderr] 
[INFO] [stderr] test tests/10-declare-janet-module [should pass] ... error
[INFO] [stderr] ┈┈┈┈┈┈┈┈┈┈┈┈┈┈┈┈┈┈┈┈┈┈┈┈┈┈┈┈┈┈┈┈┈┈┈┈┈┈┈┈┈┈┈┈┈┈┈┈┈┈┈┈┈┈┈┈┈┈┈┈
[INFO] [stderr] error[E0428]: the name `_janet_init` is defined multiple times
[INFO] [stderr]   --> tests/10-declare-janet-module:19:1
[INFO] [stderr]    |
[INFO] [stderr] 19 | declare_janet_mod!("test";
[INFO] [stderr]    | ^^^^^^^^^^^^^^^^^^^^^^^^^^
[INFO] [stderr]    | |
[INFO] [stderr]    | `_janet_init` redefined here
[INFO] [stderr]    | previous definition of the value `_janet_init` here
[INFO] [stderr]    |
[INFO] [stderr]    = note: `_janet_init` must be defined only once in the value namespace of this module
[INFO] [stderr]    = note: this error originates in the macro `declare_janet_mod` (in Nightly builds, run with -Z macro-backtrace for more info)
[INFO] [stderr] 
[INFO] [stderr] error[E0432]: unresolved import `janetrs`
[INFO] [stderr]  --> tests/10-declare-janet-module:2:15
[INFO] [stderr]   |
[INFO] [stderr] 2 | use janetrs::{self, Janet};
[INFO] [stderr]   |               ^^^^ no external crate `janetrs`
[INFO] [stderr] 
[INFO] [stderr] error[E0433]: failed to resolve: could not find `janetrs` in the list of imported crates
[INFO] [stderr]   --> tests/10-declare-janet-module:19:1
[INFO] [stderr]    |
[INFO] [stderr] 19 | / declare_janet_mod!("test";
[INFO] [stderr] 20 | |     {"function1", function},
[INFO] [stderr] 21 | |     {"function2", function2, "My doc string here"},
[INFO] [stderr] 22 | |     {"function3", function3,}
[INFO] [stderr] 23 | | );
[INFO] [stderr]    | |_^ could not find `janetrs` in the list of imported crates
[INFO] [stderr]    |
[INFO] [stderr]    = note: this error originates in the macro `declare_janet_mod` (in Nightly builds, run with -Z macro-backtrace for more info)
[INFO] [stderr] 
[INFO] [stderr] error[E0433]: failed to resolve: could not find `janetrs` in the list of imported crates
[INFO] [stderr]  --> tests/10-declare-janet-module:4:1
[INFO] [stderr]   |
[INFO] [stderr] 4 | #[janet_fn]
[INFO] [stderr]   | ^^^^^^^^^^^ could not find `janetrs` in the list of imported crates
[INFO] [stderr]   |
[INFO] [stderr]   = note: this error originates in the attribute macro `janet_fn` (in Nightly builds, run with -Z macro-backtrace for more info)
[INFO] [stderr] 
[INFO] [stderr] error[E0433]: failed to resolve: could not find `janetrs` in the list of imported crates
[INFO] [stderr]  --> tests/10-declare-janet-module:9:1
[INFO] [stderr]   |
[INFO] [stderr] 9 | #[janet_fn]
[INFO] [stderr]   | ^^^^^^^^^^^ could not find `janetrs` in the list of imported crates
[INFO] [stderr]   |
[INFO] [stderr]   = note: this error originates in the attribute macro `janet_fn` (in Nightly builds, run with -Z macro-backtrace for more info)
[INFO] [stderr] 
[INFO] [stderr] error[E0433]: failed to resolve: could not find `janetrs` in the list of imported crates
[INFO] [stderr]   --> tests/10-declare-janet-module:14:1
[INFO] [stderr]    |
[INFO] [stderr] 14 | #[janet_fn]
[INFO] [stderr]    | ^^^^^^^^^^^ could not find `janetrs` in the list of imported crates
[INFO] [stderr]    |
[INFO] [stderr]    = note: this error originates in the attribute macro `janet_fn` (in Nightly builds, run with -Z macro-backtrace for more info)
[INFO] [stderr] ┈┈┈┈┈┈┈┈┈┈┈┈┈┈┈┈┈┈┈┈┈┈┈┈┈┈┈┈┈┈┈┈┈┈┈┈┈┈┈┈┈┈┈┈┈┈┈┈┈┈┈┈┈┈┈┈┈┈┈┈
[INFO] [stderr] 
[INFO] [stderr] test tests/11-declare_mod_errors [should fail to compile] ... mismatch
[INFO] [stderr] 
[INFO] [stderr] EXPECTED:
[INFO] [stderr] ┈┈┈┈┈┈┈┈┈┈┈┈┈┈┈┈┈┈┈┈┈┈┈┈┈┈┈┈┈┈┈┈┈┈┈┈┈┈┈┈┈┈┈┈┈┈┈┈┈┈┈┈┈┈┈┈┈┈┈┈
[INFO] [stderr] error: expected string literal
[INFO] [stderr]   --> $DIR/11-declare_mod_errors:14:20
[INFO] [stderr]    |
[INFO] [stderr] 14 | declare_janet_mod!(10;
[INFO] [stderr]    |                    ^^
[INFO] [stderr] 
[INFO] [stderr] error: expected string literal
[INFO] [stderr]   --> $DIR/11-declare_mod_errors:20:6
[INFO] [stderr]    |
[INFO] [stderr] 20 |     {10, function},
[INFO] [stderr]    |      ^^
[INFO] [stderr] 
[INFO] [stderr] error: expected identifier
[INFO] [stderr]   --> $DIR/11-declare_mod_errors:25:19
[INFO] [stderr]    |
[INFO] [stderr] 25 |     {"function1", 10},
[INFO] [stderr]    |                   ^^
[INFO] [stderr] 
[INFO] [stderr] error: expected identifier
[INFO] [stderr]   --> $DIR/11-declare_mod_errors:31:19
[INFO] [stderr]    |
[INFO] [stderr] 31 |     {"function2", "function2"},
[INFO] [stderr]    |                   ^^^^^^^^^^^
[INFO] [stderr] 
[INFO] [stderr] error: expected string literal
[INFO] [stderr]   --> $DIR/11-declare_mod_errors:36:30
[INFO] [stderr]    |
[INFO] [stderr] 36 |     {"function2", function2, 10},
[INFO] [stderr]    |                              ^^
[INFO] [stderr] ┈┈┈┈┈┈┈┈┈┈┈┈┈┈┈┈┈┈┈┈┈┈┈┈┈┈┈┈┈┈┈┈┈┈┈┈┈┈┈┈┈┈┈┈┈┈┈┈┈┈┈┈┈┈┈┈┈┈┈┈
[INFO] [stderr] 
[INFO] [stderr] ACTUAL OUTPUT:
[INFO] [stderr] ┈┈┈┈┈┈┈┈┈┈┈┈┈┈┈┈┈┈┈┈┈┈┈┈┈┈┈┈┈┈┈┈┈┈┈┈┈┈┈┈┈┈┈┈┈┈┈┈┈┈┈┈┈┈┈┈┈┈┈┈
[INFO] [stderr] error: expected string literal
[INFO] [stderr]   --> tests/11-declare_mod_errors:14:20
[INFO] [stderr]    |
[INFO] [stderr] 14 | declare_janet_mod!(10;
[INFO] [stderr]    |                    ^^
[INFO] [stderr] 
[INFO] [stderr] error: expected string literal
[INFO] [stderr]   --> tests/11-declare_mod_errors:20:6
[INFO] [stderr]    |
[INFO] [stderr] 20 |     {10, function},
[INFO] [stderr]    |      ^^
[INFO] [stderr] 
[INFO] [stderr] error: expected identifier
[INFO] [stderr]   --> tests/11-declare_mod_errors:25:19
[INFO] [stderr]    |
[INFO] [stderr] 25 |     {"function1", 10},
[INFO] [stderr]    |                   ^^
[INFO] [stderr] 
[INFO] [stderr] error: expected identifier
[INFO] [stderr]   --> tests/11-declare_mod_errors:31:19
[INFO] [stderr]    |
[INFO] [stderr] 31 |     {"function2", "function2"},
[INFO] [stderr]    |                   ^^^^^^^^^^^
[INFO] [stderr] 
[INFO] [stderr] error: expected string literal
[INFO] [stderr]   --> tests/11-declare_mod_errors:36:30
[INFO] [stderr]    |
[INFO] [stderr] 36 |     {"function2", function2, 10},
[INFO] [stderr]    |                              ^^
[INFO] [stderr] 
[INFO] [stderr] error[E0432]: unresolved import `janetrs`
[INFO] [stderr]  --> tests/11-declare_mod_errors:2:15
[INFO] [stderr]   |
[INFO] [stderr] 2 | use janetrs::{self, Janet};
[INFO] [stderr]   |               ^^^^ no external crate `janetrs`
[INFO] [stderr] 
[INFO] [stderr] error[E0433]: failed to resolve: could not find `janetrs` in the list of imported crates
[INFO] [stderr]  --> tests/11-declare_mod_errors:4:1
[INFO] [stderr]   |
[INFO] [stderr] 4 | #[janet_fn]
[INFO] [stderr]   | ^^^^^^^^^^^ could not find `janetrs` in the list of imported crates
[INFO] [stderr]   |
[INFO] [stderr]   = note: this error originates in the attribute macro `janet_fn` (in Nightly builds, run with -Z macro-backtrace for more info)
[INFO] [stderr] 
[INFO] [stderr] error[E0433]: failed to resolve: could not find `janetrs` in the list of imported crates
[INFO] [stderr]  --> tests/11-declare_mod_errors:9:1
[INFO] [stderr]   |
[INFO] [stderr] 9 | #[janet_fn]
[INFO] [stderr]   | ^^^^^^^^^^^ could not find `janetrs` in the list of imported crates
[INFO] [stderr]   |
[INFO] [stderr]   = note: this error originates in the attribute macro `janet_fn` (in Nightly builds, run with -Z macro-backtrace for more info)
[INFO] [stderr] ┈┈┈┈┈┈┈┈┈┈┈┈┈┈┈┈┈┈┈┈┈┈┈┈┈┈┈┈┈┈┈┈┈┈┈┈┈┈┈┈┈┈┈┈┈┈┈┈┈┈┈┈┈┈┈┈┈┈┈┈
[INFO] [stderr] note: If the actual output is the correct output you can bless it by rerunning
[INFO] [stderr]       your test with the environment variable TRYBUILD=overwrite
[INFO] [stderr] 
[INFO] [stderr] 
[INFO] [stderr] 
[INFO] [stdout] test tests ... FAILED
[INFO] [stdout] 
[INFO] [stdout] failures:
[INFO] [stdout] 
[INFO] [stdout] ---- tests stdout ----
[INFO] [stdout] thread 'tests' panicked at /opt/rustwide/cargo-home/registry/src/index.crates.io-6f17d22bba15001f/trybuild-1.0.87/src/run.rs:101:13:
[INFO] [stdout] 12 of 12 tests failed
[INFO] [stdout] stack backtrace:
[INFO] [stdout]    0:     0x562ac0768fec - std::backtrace_rs::backtrace::libunwind::trace::ha637c64ce894333a
[INFO] [stdout]                                at /rustc/82e1608dfa6e0b5569232559e3d385fea5a93112/library/std/src/../../backtrace/src/backtrace/libunwind.rs:104:5
[INFO] [stdout]    1:     0x562ac0768fec - std::backtrace_rs::backtrace::trace_unsynchronized::h47f62dea28e0c88d
[INFO] [stdout]                                at /rustc/82e1608dfa6e0b5569232559e3d385fea5a93112/library/std/src/../../backtrace/src/backtrace/mod.rs:66:5
[INFO] [stdout]    2:     0x562ac0768fec - std::sys_common::backtrace::_print_fmt::h9eef0abe20ede486
[INFO] [stdout]                                at /rustc/82e1608dfa6e0b5569232559e3d385fea5a93112/library/std/src/sys_common/backtrace.rs:67:5
[INFO] [stdout]    3:     0x562ac0768fec - <std::sys_common::backtrace::_print::DisplayBacktrace as core::fmt::Display>::fmt::hed7f999df88cc644
[INFO] [stdout]                                at /rustc/82e1608dfa6e0b5569232559e3d385fea5a93112/library/std/src/sys_common/backtrace.rs:44:22
[INFO] [stdout]    4:     0x562ac0795420 - core::fmt::rt::Argument::fmt::h1539a9308b8d058d
[INFO] [stdout]                                at /rustc/82e1608dfa6e0b5569232559e3d385fea5a93112/library/core/src/fmt/rt.rs:142:9
[INFO] [stdout]    5:     0x562ac0795420 - core::fmt::write::h3a39390d8560d9c9
[INFO] [stdout]                                at /rustc/82e1608dfa6e0b5569232559e3d385fea5a93112/library/core/src/fmt/mod.rs:1120:17
[INFO] [stdout]    6:     0x562ac0765e9f - std::io::Write::write_fmt::h040b369f3a0f9cbc
[INFO] [stdout]                                at /rustc/82e1608dfa6e0b5569232559e3d385fea5a93112/library/std/src/io/mod.rs:1762:15
[INFO] [stdout]    7:     0x562ac0768dd4 - std::sys_common::backtrace::_print::h894006fb5c6f3d45
[INFO] [stdout]                                at /rustc/82e1608dfa6e0b5569232559e3d385fea5a93112/library/std/src/sys_common/backtrace.rs:47:5
[INFO] [stdout]    8:     0x562ac0768dd4 - std::sys_common::backtrace::print::h23a2d212c6fff936
[INFO] [stdout]                                at /rustc/82e1608dfa6e0b5569232559e3d385fea5a93112/library/std/src/sys_common/backtrace.rs:34:9
[INFO] [stdout]    9:     0x562ac076aa97 - std::panicking::default_hook::{{closure}}::h8a1d2ee00185001a
[INFO] [stdout]   10:     0x562ac076a783 - std::panicking::default_hook::h6038f2eba384e475
[INFO] [stdout]                                at /rustc/82e1608dfa6e0b5569232559e3d385fea5a93112/library/std/src/panicking.rs:289:9
[INFO] [stdout]   11:     0x562ac0739287 - <alloc::boxed::Box<F,A> as core::ops::function::Fn<Args>>::call::h0ad024c9bdc6d768
[INFO] [stdout]                                at /rustc/82e1608dfa6e0b5569232559e3d385fea5a93112/library/alloc/src/boxed.rs:2021:9
[INFO] [stdout]   12:     0x562ac0739287 - test::test_main::{{closure}}::h7500b54257359db6
[INFO] [stdout]                                at /rustc/82e1608dfa6e0b5569232559e3d385fea5a93112/library/test/src/lib.rs:138:21
[INFO] [stdout]   13:     0x562ac076b0a8 - <alloc::boxed::Box<F,A> as core::ops::function::Fn<Args>>::call::h1f8f335eaa9cfaee
[INFO] [stdout]                                at /rustc/82e1608dfa6e0b5569232559e3d385fea5a93112/library/alloc/src/boxed.rs:2021:9
[INFO] [stdout]   14:     0x562ac076b0a8 - std::panicking::rust_panic_with_hook::h2b5517d590cab22e
[INFO] [stdout]                                at /rustc/82e1608dfa6e0b5569232559e3d385fea5a93112/library/std/src/panicking.rs:783:13
[INFO] [stdout]   15:     0x562ac076adfe - std::panicking::begin_panic_handler::{{closure}}::h233112c06e0ef43e
[INFO] [stdout]                                at /rustc/82e1608dfa6e0b5569232559e3d385fea5a93112/library/std/src/panicking.rs:657:13
[INFO] [stdout]   16:     0x562ac07694b6 - std::sys_common::backtrace::__rust_end_short_backtrace::h6e893f24d7ebbff8
[INFO] [stdout]                                at /rustc/82e1608dfa6e0b5569232559e3d385fea5a93112/library/std/src/sys_common/backtrace.rs:170:18
[INFO] [stdout]   17:     0x562ac076ab62 - rust_begin_unwind
[INFO] [stdout]                                at /rustc/82e1608dfa6e0b5569232559e3d385fea5a93112/library/std/src/panicking.rs:645:5
[INFO] [stdout]   18:     0x562ac04fcfc5 - core::panicking::panic_fmt::hbf0e066aabfa482c
[INFO] [stdout]                                at /rustc/82e1608dfa6e0b5569232559e3d385fea5a93112/library/core/src/panicking.rs:72:14
[INFO] [stdout]   19:     0x562ac051a5b3 - trybuild::run::<impl trybuild::Runner>::run::h324d03d21f23d389
[INFO] [stdout]                                at /opt/rustwide/cargo-home/registry/src/index.crates.io-6f17d22bba15001f/trybuild-1.0.87/src/run.rs:101:13
[INFO] [stdout]   20:     0x562ac051fd68 - <trybuild::TestCases as core::ops::drop::Drop>::drop::hb7b30bdfa0aa3e57
[INFO] [stdout]                                at /opt/rustwide/cargo-home/registry/src/index.crates.io-6f17d22bba15001f/trybuild-1.0.87/src/lib.rs:317:13
[INFO] [stdout]   21:     0x562ac04fdbc7 - core::ptr::drop_in_place<trybuild::TestCases>::h23375f5916711351
[INFO] [stdout]                                at /rustc/82e1608dfa6e0b5569232559e3d385fea5a93112/library/core/src/ptr/mod.rs:498:1
[INFO] [stdout]   22:     0x562ac04fed9e - tests::tests::h4d3026423ed1fc97
[INFO] [stdout]                                at /opt/rustwide/workdir/tests/progress.rs:16:1
[INFO] [stdout]   23:     0x562ac04fec27 - tests::tests::{{closure}}::h7b810210b69381ce
[INFO] [stdout]                                at /opt/rustwide/workdir/tests/progress.rs:2:11
[INFO] [stdout]   24:     0x562ac04fdb76 - core::ops::function::FnOnce::call_once::hacf095c44c0ee684
[INFO] [stdout]                                at /rustc/82e1608dfa6e0b5569232559e3d385fea5a93112/library/core/src/ops/function.rs:250:5
[INFO] [stdout]   25:     0x562ac073e8df - core::ops::function::FnOnce::call_once::h2b5d431d5046312d
[INFO] [stdout]                                at /rustc/82e1608dfa6e0b5569232559e3d385fea5a93112/library/core/src/ops/function.rs:250:5
[INFO] [stdout]   26:     0x562ac073e8df - test::__rust_begin_short_backtrace::h7714669af176e207
[INFO] [stdout]                                at /rustc/82e1608dfa6e0b5569232559e3d385fea5a93112/library/test/src/lib.rs:628:18
[INFO] [stdout]   27:     0x562ac073d8f5 - test::run_test_in_process::{{closure}}::h85218797dcbcec12
[INFO] [stdout]                                at /rustc/82e1608dfa6e0b5569232559e3d385fea5a93112/library/test/src/lib.rs:651:60
[INFO] [stdout]   28:     0x562ac073d8f5 - <core::panic::unwind_safe::AssertUnwindSafe<F> as core::ops::function::FnOnce<()>>::call_once::h76c106ea31c14d7b
[INFO] [stdout]                                at /rustc/82e1608dfa6e0b5569232559e3d385fea5a93112/library/core/src/panic/unwind_safe.rs:272:9
[INFO] [stdout]   29:     0x562ac073d8f5 - std::panicking::try::do_call::h3bd5d0f6620ee946
[INFO] [stdout]                                at /rustc/82e1608dfa6e0b5569232559e3d385fea5a93112/library/std/src/panicking.rs:552:40
[INFO] [stdout]   30:     0x562ac073d8f5 - std::panicking::try::h232e535e4744fe31
[INFO] [stdout]                                at /rustc/82e1608dfa6e0b5569232559e3d385fea5a93112/library/std/src/panicking.rs:516:19
[INFO] [stdout]   31:     0x562ac073d8f5 - std::panic::catch_unwind::h3ce3bd6ca8dbac68
[INFO] [stdout]                                at /rustc/82e1608dfa6e0b5569232559e3d385fea5a93112/library/std/src/panic.rs:142:14
[INFO] [stdout]   32:     0x562ac073d8f5 - test::run_test_in_process::hc97b257c9621286a
[INFO] [stdout]                                at /rustc/82e1608dfa6e0b5569232559e3d385fea5a93112/library/test/src/lib.rs:651:27
[INFO] [stdout]   33:     0x562ac073d8f5 - test::run_test::{{closure}}::h2aa798823a438d38
[INFO] [stdout]                                at /rustc/82e1608dfa6e0b5569232559e3d385fea5a93112/library/test/src/lib.rs:574:43
[INFO] [stdout]   34:     0x562ac0705bb6 - test::run_test::{{closure}}::h87d231c78fb59832
[INFO] [stdout]                                at /rustc/82e1608dfa6e0b5569232559e3d385fea5a93112/library/test/src/lib.rs:602:41
[INFO] [stdout]   35:     0x562ac0705bb6 - std::sys_common::backtrace::__rust_begin_short_backtrace::he6df152596625789
[INFO] [stdout]                                at /rustc/82e1608dfa6e0b5569232559e3d385fea5a93112/library/std/src/sys_common/backtrace.rs:154:18
[INFO] [stdout]   36:     0x562ac070ac67 - std::thread::Builder::spawn_unchecked_::{{closure}}::{{closure}}::ha94be15d1e0acf36
[INFO] [stdout]                                at /rustc/82e1608dfa6e0b5569232559e3d385fea5a93112/library/std/src/thread/mod.rs:529:17
[INFO] [stdout]   37:     0x562ac070ac67 - <core::panic::unwind_safe::AssertUnwindSafe<F> as core::ops::function::FnOnce<()>>::call_once::h9dc6bd6372f16606
[INFO] [stdout]                                at /rustc/82e1608dfa6e0b5569232559e3d385fea5a93112/library/core/src/panic/unwind_safe.rs:272:9
[INFO] [stdout]   38:     0x562ac070ac67 - std::panicking::try::do_call::h9057517f80303cd4
[INFO] [stdout]                                at /rustc/82e1608dfa6e0b5569232559e3d385fea5a93112/library/std/src/panicking.rs:552:40
[INFO] [stdout]   39:     0x562ac070ac67 - std::panicking::try::he3a30b11ee45340c
[INFO] [stdout]                                at /rustc/82e1608dfa6e0b5569232559e3d385fea5a93112/library/std/src/panicking.rs:516:19
[INFO] [stdout]   40:     0x562ac070ac67 - std::panic::catch_unwind::h410458cfd3528b8b
[INFO] [stdout]                                at /rustc/82e1608dfa6e0b5569232559e3d385fea5a93112/library/std/src/panic.rs:142:14
[INFO] [stdout]   41:     0x562ac070ac67 - std::thread::Builder::spawn_unchecked_::{{closure}}::h72ac3bdb567b737b
[INFO] [stdout]                                at /rustc/82e1608dfa6e0b5569232559e3d385fea5a93112/library/std/src/thread/mod.rs:528:30
[INFO] [stdout]   42:     0x562ac070ac67 - core::ops::function::FnOnce::call_once{{vtable.shim}}::h38f34da3654a8344
[INFO] [stdout]                                at /rustc/82e1608dfa6e0b5569232559e3d385fea5a93112/library/core/src/ops/function.rs:250:5
[INFO] [stdout]   43:     0x562ac0770c85 - <alloc::boxed::Box<F,A> as core::ops::function::FnOnce<Args>>::call_once::hc7eafaff61e32df9
[INFO] [stdout]                                at /rustc/82e1608dfa6e0b5569232559e3d385fea5a93112/library/alloc/src/boxed.rs:2007:9
[INFO] [stdout]   44:     0x562ac0770c85 - <alloc::boxed::Box<F,A> as core::ops::function::FnOnce<Args>>::call_once::h6ba4a5de48dd2304
[INFO] [stdout]                                at /rustc/82e1608dfa6e0b5569232559e3d385fea5a93112/library/alloc/src/boxed.rs:2007:9
[INFO] [stdout]   45:     0x562ac0770c85 - std::sys::unix::thread::Thread::new::thread_start::he469335aef763e45
[INFO] [stdout]                                at /rustc/82e1608dfa6e0b5569232559e3d385fea5a93112/library/std/src/sys/unix/thread.rs:108:17
[INFO] [stdout]   46:     0x7f98bf647ac3 - <unknown>
[INFO] [stdout]   47:     0x7f98bf6d8bf4 - __clone
[INFO] [stdout]   48:                0x0 - <unknown>
[INFO] [stdout] 
[INFO] [stdout] 
[INFO] [stdout] failures:
[INFO] [stdout]     tests
[INFO] [stdout] 
[INFO] [stdout] test result: FAILED. 0 passed; 1 failed; 0 ignored; 0 measured; 0 filtered out; finished in 27.32s
[INFO] [stdout] 
[INFO] [stderr] error: test failed, to rerun pass `--test tests`
[INFO] running `Command { std: "docker" "inspect" "d015677020a9c4f5be4d222cb5c84602685cb0122d7190a9e81ab87a8c76e807", kill_on_drop: false }`
[INFO] running `Command { std: "docker" "rm" "-f" "d015677020a9c4f5be4d222cb5c84602685cb0122d7190a9e81ab87a8c76e807", kill_on_drop: false }`
[INFO] [stdout] d015677020a9c4f5be4d222cb5c84602685cb0122d7190a9e81ab87a8c76e807
